/var/log/apache2/domlogs/fortodpl
Edit: /var/log/apache2/domlogs/fortodpl/thehairstyleinspo.com.forthewardrobe.com (35557B)
159.198.65.41 - - [03/Sep/2026:12:30:05 +0000] "POST /wp-cron.php?doing_wp_cron=1788438605.7676761150360107421875 HTTP/1.1" 200 - "-" "WordPress/7.1; https://thehairstyleinspo.com"
129.226.195.146 - - [03/Sep/2026:12:30:04 +0000] "GET / HTTP/1.1" 301 - "-" "Mozilla/5.0 (iPhone; CPU iPhone OS 13_2_3 like Mac OS X) AppleWebKit/605.1.15 (KHTML, like Gecko) Version/13.0.3 Mobile/15E148 Safari/604.1"
129.226.195.146 - - [03/Sep/2026:12:30:07 +0000] "GET / HTTP/1.1" 200 12162 "http://www.thehairstyleinspo.com" "Mozilla/5.0 (iPhone; CPU iPhone OS 13_2_3 like Mac OS X) AppleWebKit/605.1.15 (KHTML, like Gecko) Version/13.0.3 Mobile/15E148 Safari/604.1"
159.198.65.41 - - [03/Sep/2026:15:20:19 +0000] "GET /.well-known/acme-challenge/4D3ICL12E9G2AMC5D033Q1246WZNIDSC HTTP/1.1" 200 64 "-" "Cpanel-HTTP-Client/1.0"
159.198.65.41 - - [03/Sep/2026:15:20:19 +0000] "GET /.well-known/acme-challenge/93TZEW5PQT0-V75GYK7DVLOJHFXN9_FP HTTP/1.1" 200 64 "-" "Cpanel-HTTP-Client/1.0"
159.198.65.41 - - [03/Sep/2026:15:20:19 +0000] "GET /.well-known/acme-challenge/HIB6NGOTTX9Z5EJ0P8O-T9ENZ84ZPQEV HTTP/1.1" 200 64 "-" "Cpanel-HTTP-Client/1.0"
159.198.65.41 - - [03/Sep/2026:15:20:19 +0000] "GET /.well-known/acme-challenge/7ZKMGPNU9IELRVOWSKKWJ1PZDOPY5SCU HTTP/1.1" 200 64 "-" "Cpanel-HTTP-Client/1.0"
159.198.65.41 - - [03/Sep/2026:15:20:19 +0000] "GET /.well-known/acme-challenge/AGY60BUX57OHUCQM531HHNZDWXTKFKZ6 HTTP/1.1" 200 64 "-" "Cpanel-HTTP-Client/1.0"
159.198.65.41 - - [03/Sep/2026:15:20:19 +0000] "GET /.well-known/acme-challenge/IHRJHYL9W52_8D1IKYUOJ0WDKUGW0-UC HTTP/1.1" 200 64 "-" "Cpanel-HTTP-Client/1.0"
159.198.65.41 - - [03/Sep/2026:15:20:19 +0000] "GET /.well-known/acme-challenge/VHRL2JDXDPY3JA2H3MLOA4DVZ4OQRUT5 HTTP/1.1" 200 64 "-" "Cpanel-HTTP-Client/1.0"
159.198.65.41 - - [03/Sep/2026:15:20:19 +0000] "GET /.well-known/acme-challenge/T5D-CM4HPVUK53LBN6I04STGFY37ZD4Z HTTP/1.1" 200 64 "-" "Cpanel-HTTP-Client/1.0"
159.198.65.41 - - [03/Sep/2026:15:20:19 +0000] "GET /.well-known/acme-challenge/-G9J167SK_-OZ8E0U52CYY7ZOVG-ECFK HTTP/1.1" 200 64 "-" "Cpanel-HTTP-Client/1.0"
159.198.65.41 - - [03/Sep/2026:15:20:19 +0000] "GET /.well-known/acme-challenge/-ZFOTTX-OLPK9BGQ2EUEQ9H3J806Z1VG HTTP/1.1" 200 64 "-" "Cpanel-HTTP-Client/1.0"
23.178.112.212 - - [03/Sep/2026:15:20:52 +0000] "GET /.well-known/acme-challenge/jrZgzAp1jTraODk8Z9S8cOcxIteaIKlBC9GXP3ny2RY HTTP/1.1" 200 107 "-" "Mozilla/5.0 (compatible; Let's Encrypt validation server; +https://www.letsencrypt.org)"
23.178.112.212 - - [03/Sep/2026:15:20:52 +0000] "GET /.well-known/acme-challenge/ymoj-lViUCP3r74Qn0r7wX2lhLxbSeCdhbLbwDUERVI HTTP/1.1" 200 107 "-" "Mozilla/5.0 (compatible; Let's Encrypt validation server; +https://www.letsencrypt.org)"
13.58.43.69 - - [03/Sep/2026:15:20:52 +0000] "GET /.well-known/acme-challenge/jrZgzAp1jTraODk8Z9S8cOcxIteaIKlBC9GXP3ny2RY HTTP/1.1" 200 107 "-" "Mozilla/5.0 (compatible; Let's Encrypt validation server; +https://www.letsencrypt.org)"
44.245.204.234 - - [03/Sep/2026:15:20:52 +0000] "GET /.well-known/acme-challenge/jrZgzAp1jTraODk8Z9S8cOcxIteaIKlBC9GXP3ny2RY HTTP/1.1" 200 107 "-" "Mozilla/5.0 (compatible; Let's Encrypt validation server; +https://www.letsencrypt.org)"
18.191.68.229 - - [03/Sep/2026:15:20:52 +0000] "GET /.well-known/acme-challenge/ymoj-lViUCP3r74Qn0r7wX2lhLxbSeCdhbLbwDUERVI HTTP/1.1" 200 107 "-" "Mozilla/5.0 (compatible; Let's Encrypt validation server; +https://www.letsencrypt.org)"
16.145.232.106 - - [03/Sep/2026:15:20:52 +0000] "GET /.well-known/acme-challenge/ymoj-lViUCP3r74Qn0r7wX2lhLxbSeCdhbLbwDUERVI HTTP/1.1" 200 107 "-" "Mozilla/5.0 (compatible; Let's Encrypt validation server; +https://www.letsencrypt.org)"
13.60.63.7 - - [03/Sep/2026:15:20:52 +0000] "GET /.well-known/acme-challenge/jrZgzAp1jTraODk8Z9S8cOcxIteaIKlBC9GXP3ny2RY HTTP/1.1" 200 107 "-" "Mozilla/5.0 (compatible; Let's Encrypt validation server; +https://www.letsencrypt.org)"
18.142.146.180 - - [03/Sep/2026:15:20:52 +0000] "GET /.well-known/acme-challenge/jrZgzAp1jTraODk8Z9S8cOcxIteaIKlBC9GXP3ny2RY HTTP/1.1" 200 107 "-" "Mozilla/5.0 (compatible; Let's Encrypt validation server; +https://www.letsencrypt.org)"
13.61.189.134 - - [03/Sep/2026:15:20:53 +0000] "GET /.well-known/acme-challenge/ymoj-lViUCP3r74Qn0r7wX2lhLxbSeCdhbLbwDUERVI HTTP/1.1" 200 107 "-" "Mozilla/5.0 (compatible; Let's Encrypt validation server; +https://www.letsencrypt.org)"
54.179.128.12 - - [03/Sep/2026:15:20:53 +0000] "GET /.well-known/acme-challenge/ymoj-lViUCP3r74Qn0r7wX2lhLxbSeCdhbLbwDUERVI HTTP/1.1" 200 107 "-" "Mozilla/5.0 (compatible; Let's Encrypt validation server; +https://www.letsencrypt.org)"
130.12.180.117 - - [03/Sep/2026:15:21:07 +0000] "GET /.env HTTP/1.1" 301 - "-" "Mozilla/5.0 (Macintosh; Intel Mac OS X 10_15_7) AppleWebKit/537.36 (KHTML, like Gecko, Yokohama Institute of Information Security https://www.iisec.ac.jp) Chrome/124.0.0.0 Safari/537.36"
130.12.180.117 - - [03/Sep/2026:15:21:08 +0000] "GET /.env HTTP/1.1" 404 69579 "http://www.thehairstyleinspo.com.forthewardrobe.com:80/.env" "Mozilla/5.0 (Macintosh; Intel Mac OS X 10_15_7) AppleWebKit/537.36 (KHTML, like Gecko, Yokohama Institute of Information Security https://www.iisec.ac.jp) Chrome/124.0.0.0 Safari/537.36"
130.12.180.117 - - [03/Sep/2026:15:21:08 +0000] "GET /.git/HEAD HTTP/1.1" 301 - "-" "Mozilla/5.0 (Macintosh; Intel Mac OS X 10_15_7) AppleWebKit/537.36 (KHTML, like Gecko, Yokohama Institute of Information Security https://www.iisec.ac.jp) Chrome/124.0.0.0 Safari/537.36"
130.12.180.117 - - [03/Sep/2026:15:21:09 +0000] "GET /.git/HEAD HTTP/1.1" 404 69579 "http://www.thehairstyleinspo.com.forthewardrobe.com:80/.git/HEAD" "Mozilla/5.0 (Macintosh; Intel Mac OS X 10_15_7) AppleWebKit/537.36 (KHTML, like Gecko, Yokohama Institute of Information Security https://www.iisec.ac.jp) Chrome/124.0.0.0 Safari/537.36"
130.12.180.117 - - [03/Sep/2026:15:21:10 +0000] "GET /.env.backup HTTP/1.1" 301 - "-" "Mozilla/5.0 (Macintosh; Intel Mac OS X 10_15_7) AppleWebKit/537.36 (KHTML, like Gecko, Yokohama Institute of Information Security https://www.iisec.ac.jp) Chrome/124.0.0.0 Safari/537.36"
130.12.180.117 - - [03/Sep/2026:15:21:10 +0000] "GET /.env.backup HTTP/1.1" 404 69579 "http://www.thehairstyleinspo.com.forthewardrobe.com:80/.env.backup" "Mozilla/5.0 (Macintosh; Intel Mac OS X 10_15_7) AppleWebKit/537.36 (KHTML, like Gecko, Yokohama Institute of Information Security https://www.iisec.ac.jp) Chrome/124.0.0.0 Safari/537.36"
130.12.180.117 - - [03/Sep/2026:15:21:10 +0000] "GET /.env.old HTTP/1.1" 301 - "-" "Mozilla/5.0 (Macintosh; Intel Mac OS X 10_15_7) AppleWebKit/537.36 (KHTML, like Gecko, Yokohama Institute of Information Security https://www.iisec.ac.jp) Chrome/124.0.0.0 Safari/537.36"
130.12.180.117 - - [03/Sep/2026:15:21:11 +0000] "GET /.env.old HTTP/1.1" 404 69579 "http://www.thehairstyleinspo.com.forthewardrobe.com:80/.env.old" "Mozilla/5.0 (Macintosh; Intel Mac OS X 10_15_7) AppleWebKit/537.36 (KHTML, like Gecko, Yokohama Institute of Information Security https://www.iisec.ac.jp) Chrome/124.0.0.0 Safari/537.36"
130.12.180.117 - - [03/Sep/2026:15:21:11 +0000] "GET /.env.save HTTP/1.1" 301 - "-" "Mozilla/5.0 (Macintosh; Intel Mac OS X 10_15_7) AppleWebKit/537.36 (KHTML, like Gecko, Yokohama Institute of Information Security https://www.iisec.ac.jp) Chrome/124.0.0.0 Safari/537.36"
130.12.180.117 - - [03/Sep/2026:15:21:12 +0000] "GET /.env.save HTTP/1.1" 404 69579 "http://www.thehairstyleinspo.com.forthewardrobe.com:80/.env.save" "Mozilla/5.0 (Macintosh; Intel Mac OS X 10_15_7) AppleWebKit/537.36 (KHTML, like Gecko, Yokohama Institute of Information Security https://www.iisec.ac.jp) Chrome/124.0.0.0 Safari/537.36"
130.12.180.117 - - [03/Sep/2026:15:21:13 +0000] "GET /.env.bak HTTP/1.1" 301 - "-" "Mozilla/5.0 (Macintosh; Intel Mac OS X 10_15_7) AppleWebKit/537.36 (KHTML, like Gecko, Yokohama Institute of Information Security https://www.iisec.ac.jp) Chrome/124.0.0.0 Safari/537.36"
130.12.180.117 - - [03/Sep/2026:15:21:13 +0000] "GET /.env.bak HTTP/1.1" 404 69579 "http://www.thehairstyleinspo.com.forthewardrobe.com:80/.env.bak" "Mozilla/5.0 (Macintosh; Intel Mac OS X 10_15_7) AppleWebKit/537.36 (KHTML, like Gecko, Yokohama Institute of Information Security https://www.iisec.ac.jp) Chrome/124.0.0.0 Safari/537.36"
159.89.127.165 - - [03/Sep/2026:15:21:14 +0000] "GET / HTTP/1.1" 200 73644 "-" "Mozilla/5.0 (l9scan/2.0.1343e25363e2839313e2935313; +https://leakix.net)"
130.12.180.117 - - [03/Sep/2026:15:21:18 +0000] "GET /.env.prod HTTP/1.1" 301 - "-" "Mozilla/5.0 (Macintosh; Intel Mac OS X 10_15_7) AppleWebKit/537.36 (KHTML, like Gecko, Yokohama Institute of Information Security https://www.iisec.ac.jp) Chrome/124.0.0.0 Safari/537.36"
159.89.127.165 - - [03/Sep/2026:15:21:18 +0000] "GET /console/ HTTP/1.1" 404 11672 "-" "Mozilla/5.0 (l9scan/2.0.1343e25363e2839313e2935313; +https://leakix.net)"
159.89.127.165 - - [03/Sep/2026:15:21:18 +0000] "GET /server HTTP/1.1" 404 11672 "-" "Mozilla/5.0 (l9scan/2.0.1343e25363e2839313e2935313; +https://leakix.net)"
130.12.180.117 - - [03/Sep/2026:15:21:18 +0000] "GET /.env.prod HTTP/1.1" 404 69579 "http://www.thehairstyleinspo.com.forthewardrobe.com:80/.env.prod" "Mozilla/5.0 (Macintosh; Intel Mac OS X 10_15_7) AppleWebKit/537.36 (KHTML, like Gecko, Yokohama Institute of Information Security https://www.iisec.ac.jp) Chrome/124.0.0.0 Safari/537.36"
159.89.127.165 - - [03/Sep/2026:15:21:19 +0000] "GET /server-status HTTP/1.1" 404 11672 "-" "Mozilla/5.0 (l9scan/2.0.1343e25363e2839313e2935313; +https://leakix.net)"
130.12.180.117 - - [03/Sep/2026:15:21:19 +0000] "GET /.env.production HTTP/1.1" 301 - "-" "Mozilla/5.0 (Macintosh; Intel Mac OS X 10_15_7) AppleWebKit/537.36 (KHTML, like Gecko, Yokohama Institute of Information Security https://www.iisec.ac.jp) Chrome/124.0.0.0 Safari/537.36"
130.12.180.117 - - [03/Sep/2026:15:21:19 +0000] "GET /.env.production HTTP/1.1" 404 69579 "http://www.thehairstyleinspo.com.forthewardrobe.com:80/.env.production" "Mozilla/5.0 (Macintosh; Intel Mac OS X 10_15_7) AppleWebKit/537.36 (KHTML, like Gecko, Yokohama Institute of Information Security https://www.iisec.ac.jp) Chrome/124.0.0.0 Safari/537.36"
209.38.208.202 - - [03/Sep/2026:15:21:20 +0000] "GET / HTTP/1.1" 200 73585 "-" "Mozilla/5.0 (l9scan/2.0.1343e25363e2839313e2935313; +https://leakix.net)"
130.12.180.117 - - [03/Sep/2026:15:21:20 +0000] "GET /.env.staging HTTP/1.1" 301 - "-" "Mozilla/5.0 (Macintosh; Intel Mac OS X 10_15_7) AppleWebKit/537.36 (KHTML, like Gecko, Yokohama Institute of Information Security https://www.iisec.ac.jp) Chrome/124.0.0.0 Safari/537.36"
130.12.180.117 - - [03/Sep/2026:15:21:20 +0000] "GET /.env.staging HTTP/1.1" 404 69579 "http://www.thehairstyleinspo.com.forthewardrobe.com:80/.env.staging" "Mozilla/5.0 (Macintosh; Intel Mac OS X 10_15_7) AppleWebKit/537.36 (KHTML, like Gecko, Yokohama Institute of Information Security https://www.iisec.ac.jp) Chrome/124.0.0.0 Safari/537.36"
209.38.208.202 - - [03/Sep/2026:15:21:21 +0000] "GET /console/ HTTP/1.1" 404 11656 "-" "Mozilla/5.0 (l9scan/2.0.1343e25363e2839313e2935313; +https://leakix.net)"
159.89.127.165 - - [03/Sep/2026:15:21:21 +0000] "GET /about HTTP/1.1" 404 11671 "-" "Mozilla/5.0 (l9scan/2.0.1343e25363e2839313e2935313; +https://leakix.net)"
130.12.180.117 - - [03/Sep/2026:15:21:21 +0000] "GET /.env.local HTTP/1.1" 301 - "-" "Mozilla/5.0 (Macintosh; Intel Mac OS X 10_15_7) AppleWebKit/537.36 (KHTML, like Gecko, Yokohama Institute of Information Security https://www.iisec.ac.jp) Chrome/124.0.0.0 Safari/537.36"
209.38.208.202 - - [03/Sep/2026:15:21:22 +0000] "GET /server HTTP/1.1" 404 11657 "-" "Mozilla/5.0 (l9scan/2.0.1343e25363e2839313e2935313; +https://leakix.net)"
130.12.180.117 - - [03/Sep/2026:15:21:22 +0000] "GET /.env.local HTTP/1.1" 404 69579 "http://www.thehairstyleinspo.com.forthewardrobe.com:80/.env.local" "Mozilla/5.0 (Macintosh; Intel Mac OS X 10_15_7) AppleWebKit/537.36 (KHTML, like Gecko, Yokohama Institute of Information Security https://www.iisec.ac.jp) Chrome/124.0.0.0 Safari/537.36"
159.89.127.165 - - [03/Sep/2026:15:21:22 +0000] "GET /login.action HTTP/1.1" 404 11672 "-" "Mozilla/5.0 (l9scan/2.0.1343e25363e2839313e2935313; +https://leakix.net)"
130.12.180.117 - - [03/Sep/2026:15:21:23 +0000] "GET /.env.live HTTP/1.1" 301 - "-" "Mozilla/5.0 (Macintosh; Intel Mac OS X 10_15_7) AppleWebKit/537.36 (KHTML, like Gecko, Yokohama Institute of Information Security https://www.iisec.ac.jp) Chrome/124.0.0.0 Safari/537.36"
209.38.208.202 - - [03/Sep/2026:15:21:23 +0000] "GET /server-status HTTP/1.1" 404 11657 "-" "Mozilla/5.0 (l9scan/2.0.1343e25363e2839313e2935313; +https://leakix.net)"
159.89.127.165 - - [03/Sep/2026:15:21:23 +0000] "GET / HTTP/1.1" 200 12179 "-" "Mozilla/5.0 (l9scan/2.0.1343e25363e2839313e2935313; +https://leakix.net)"
130.12.180.117 - - [03/Sep/2026:15:21:23 +0000] "GET /.env.live HTTP/1.1" 404 69579 "http://www.thehairstyleinspo.com.forthewardrobe.com:80/.env.live" "Mozilla/5.0 (Macintosh; Intel Mac OS X 10_15_7) AppleWebKit/537.36 (KHTML, like Gecko, Yokohama Institute of Information Security https://www.iisec.ac.jp) Chrome/124.0.0.0 Safari/537.36"
159.89.127.165 - - [03/Sep/2026:15:21:23 +0000] "GET /___proxy_subdomain_whm/login HTTP/1.1" 404 11672 "-" "Mozilla/5.0 (l9scan/2.0.1343e25363e2839313e2935313; +https://leakix.net)"
159.89.127.165 - - [03/Sep/2026:15:21:23 +0000] "GET /___proxy_subdomain_cpanel HTTP/1.1" 404 11672 "-" "Mozilla/5.0 (l9scan/2.0.1343e25363e2839313e2935313; +https://leakix.net)"
159.89.127.165 - - [03/Sep/2026:15:21:23 +0000] "GET /v2/_catalog HTTP/1.1" 404 11672 "-" "Mozilla/5.0 (l9scan/2.0.1343e25363e2839313e2935313; +https://leakix.net)"
130.12.180.117 - - [03/Sep/2026:15:21:24 +0000] "GET /.env.dev HTTP/1.1" 301 - "-" "Mozilla/5.0 (Macintosh; Intel Mac OS X 10_15_7) AppleWebKit/537.36 (KHTML, like Gecko, Yokohama Institute of Information Security https://www.iisec.ac.jp) Chrome/124.0.0.0 Safari/537.36"
130.12.180.117 - - [03/Sep/2026:15:21:24 +0000] "GET /.env.dev HTTP/1.1" 404 69579 "http://www.thehairstyleinspo.com.forthewardrobe.com:80/.env.dev" "Mozilla/5.0 (Macintosh; Intel Mac OS X 10_15_7) AppleWebKit/537.36 (KHTML, like Gecko, Yokohama Institute of Information Security https://www.iisec.ac.jp) Chrome/124.0.0.0 Safari/537.36"
159.89.127.165 - - [03/Sep/2026:15:21:24 +0000] "GET /.DS_Store HTTP/1.1" 404 11672 "-" "Mozilla/5.0 (l9scan/2.0.1343e25363e2839313e2935313; +https://leakix.net)"
209.38.208.202 - - [03/Sep/2026:15:21:25 +0000] "GET /about HTTP/1.1" 404 11657 "-" "Mozilla/5.0 (l9scan/2.0.1343e25363e2839313e2935313; +https://leakix.net)"
130.12.180.117 - - [03/Sep/2026:15:21:25 +0000] "GET /.env.stage HTTP/1.1" 301 - "-" "Mozilla/5.0 (Macintosh; Intel Mac OS X 10_15_7) AppleWebKit/537.36 (KHTML, like Gecko, Yokohama Institute of Information Security https://www.iisec.ac.jp) Chrome/124.0.0.0 Safari/537.36"
130.12.180.117 - - [03/Sep/2026:15:21:25 +0000] "GET /.env.stage HTTP/1.1" 404 69579 "http://www.thehairstyleinspo.com.forthewardrobe.com:80/.env.stage" "Mozilla/5.0 (Macintosh; Intel Mac OS X 10_15_7) AppleWebKit/537.36 (KHTML, like Gecko, Yokohama Institute of Information Security https://www.iisec.ac.jp) Chrome/124.0.0.0 Safari/537.36"
159.89.127.165 - - [03/Sep/2026:15:21:25 +0000] "GET /.env HTTP/1.1" 404 11672 "-" "Mozilla/5.0 (l9scan/2.0.1343e25363e2839313e2935313; +https://leakix.net)"
209.38.208.202 - - [03/Sep/2026:15:21:26 +0000] "GET /login.action HTTP/1.1" 404 11657 "-" "Mozilla/5.0 (l9scan/2.0.1343e25363e2839313e2935313; +https://leakix.net)"
130.12.180.117 - - [03/Sep/2026:15:21:26 +0000] "GET /%2e%2e%2f%2eenv HTTP/1.1" 301 - "-" "Mozilla/5.0 (Macintosh; Intel Mac OS X 10_15_7) AppleWebKit/537.36 (KHTML, like Gecko, Yokohama Institute of Information Security https://www.iisec.ac.jp) Chrome/124.0.0.0 Safari/537.36"
130.12.180.117 - - [03/Sep/2026:15:21:27 +0000] "GET /%2e%2e%2f%2eenv HTTP/1.1" 404 69579 "http://www.thehairstyleinspo.com.forthewardrobe.com:80/%2e%2e%2f%2eenv" "Mozilla/5.0 (Macintosh; Intel Mac OS X 10_15_7) AppleWebKit/537.36 (KHTML, like Gecko, Yokohama Institute of Information Security https://www.iisec.ac.jp) Chrome/124.0.0.0 Safari/537.36"
209.38.208.202 - - [03/Sep/2026:15:21:27 +0000] "GET / HTTP/1.1" 200 12162 "-" "Mozilla/5.0 (l9scan/2.0.1343e25363e2839313e2935313; +https://leakix.net)"
209.38.208.202 - - [03/Sep/2026:15:21:27 +0000] "GET /___proxy_subdomain_whm/login HTTP/1.1" 404 11657 "-" "Mozilla/5.0 (l9scan/2.0.1343e25363e2839313e2935313; +https://leakix.net)"
130.12.180.117 - - [03/Sep/2026:15:21:27 +0000] "GET /env HTTP/1.1" 301 - "-" "Mozilla/5.0 (Macintosh; Intel Mac OS X 10_15_7) AppleWebKit/537.36 (KHTML, like Gecko, Yokohama Institute of Information Security https://www.iisec.ac.jp) Chrome/124.0.0.0 Safari/537.36"
209.38.208.202 - - [03/Sep/2026:15:21:27 +0000] "GET /___proxy_subdomain_cpanel HTTP/1.1" 404 11657 "-" "Mozilla/5.0 (l9scan/2.0.1343e25363e2839313e2935313; +https://leakix.net)"
159.89.127.165 - - [03/Sep/2026:15:21:27 +0000] "GET /ecp/Current/exporttool/microsoft.exchange.ediscovery.exporttool.application HTTP/1.1" 404 11672 "-" "Mozilla/5.0 (l9scan/2.0.1343e25363e2839313e2935313; +https://leakix.net)"
130.12.180.117 - - [03/Sep/2026:15:21:28 +0000] "GET /env HTTP/1.1" 404 69579 "http://www.thehairstyleinspo.com.forthewardrobe.com:80/env" "Mozilla/5.0 (Macintosh; Intel Mac OS X 10_15_7) AppleWebKit/537.36 (KHTML, like Gecko, Yokohama Institute of Information Security https://www.iisec.ac.jp) Chrome/124.0.0.0 Safari/537.36"
209.38.208.202 - - [03/Sep/2026:15:21:28 +0000] "GET /v2/_catalog HTTP/1.1" 404 11657 "-" "Mozilla/5.0 (l9scan/2.0.1343e25363e2839313e2935313; +https://leakix.net)"
130.12.180.117 - - [03/Sep/2026:15:21:28 +0000] "GET /config/.env HTTP/1.1" 301 - "-" "Mozilla/5.0 (Macintosh; Intel Mac OS X 10_15_7) AppleWebKit/537.36 (KHTML, like Gecko, Yokohama Institute of Information Security https://www.iisec.ac.jp) Chrome/124.0.0.0 Safari/537.36"
130.12.180.117 - - [03/Sep/2026:15:21:29 +0000] "GET /config/.env HTTP/1.1" 404 69579 "http://www.thehairstyleinspo.com.forthewardrobe.com:80/config/.env" "Mozilla/5.0 (Macintosh; Intel Mac OS X 10_15_7) AppleWebKit/537.36 (KHTML, like Gecko, Yokohama Institute of Information Security https://www.iisec.ac.jp) Chrome/124.0.0.0 Safari/537.36"
209.38.208.202 - - [03/Sep/2026:15:21:29 +0000] "GET /.DS_Store HTTP/1.1" 404 11657 "-" "Mozilla/5.0 (l9scan/2.0.1343e25363e2839313e2935313; +https://leakix.net)"
130.12.180.117 - - [03/Sep/2026:15:21:29 +0000] "GET /app/.env HTTP/1.1" 301 - "-" "Mozilla/5.0 (Macintosh; Intel Mac OS X 10_15_7) AppleWebKit/537.36 (KHTML, like Gecko, Yokohama Institute of Information Security https://www.iisec.ac.jp) Chrome/124.0.0.0 Safari/537.36"
159.89.127.165 - - [03/Sep/2026:15:21:29 +0000] "GET /.git/config HTTP/1.1" 404 11672 "-" "Mozilla/5.0 (l9scan/2.0.1343e25363e2839313e2935313; +https://leakix.net)"
130.12.180.117 - - [03/Sep/2026:15:21:30 +0000] "GET /app/.env HTTP/1.1" 404 69579 "http://www.thehairstyleinspo.com.forthewardrobe.com:80/app/.env" "Mozilla/5.0 (Macintosh; Intel Mac OS X 10_15_7) AppleWebKit/537.36 (KHTML, like Gecko, Yokohama Institute of Information Security https://www.iisec.ac.jp) Chrome/124.0.0.0 Safari/537.36"
209.38.208.202 - - [03/Sep/2026:15:21:30 +0000] "GET /.env HTTP/1.1" 404 11657 "-" "Mozilla/5.0 (l9scan/2.0.1343e25363e2839313e2935313; +https://leakix.net)"
159.89.127.165 - - [03/Sep/2026:15:21:30 +0000] "POST /graphql HTTP/1.1" 404 11617 "-" "Mozilla/5.0 (l9scan/2.0.1343e25363e2839313e2935313; +https://leakix.net)"
130.12.180.117 - - [03/Sep/2026:15:21:31 +0000] "GET /../.env HTTP/1.1" 301 - "-" "Mozilla/5.0 (Macintosh; Intel Mac OS X 10_15_7) AppleWebKit/537.36 (KHTML, like Gecko, Yokohama Institute of Information Security https://www.iisec.ac.jp) Chrome/124.0.0.0 Safari/537.36"
159.89.127.165 - - [03/Sep/2026:15:21:31 +0000] "POST /api HTTP/1.1" 404 11617 "-" "Mozilla/5.0 (l9scan/2.0.1343e25363e2839313e2935313; +https://leakix.net)"
130.12.180.117 - - [03/Sep/2026:15:21:31 +0000] "GET /backend/.env HTTP/1.1" 301 - "-" "Mozilla/5.0 (Macintosh; Intel Mac OS X 10_15_7) AppleWebKit/537.36 (KHTML, like Gecko, Yokohama Institute of Information Security https://www.iisec.ac.jp) Chrome/124.0.0.0 Safari/537.36"
159.89.127.165 - - [03/Sep/2026:15:21:31 +0000] "POST /api/graphql HTTP/1.1" 404 11617 "-" "Mozilla/5.0 (l9scan/2.0.1343e25363e2839313e2935313; +https://leakix.net)"
130.12.180.117 - - [03/Sep/2026:15:21:31 +0000] "GET /backend/.env HTTP/1.1" 404 69579 "http://www.thehairstyleinspo.com.forthewardrobe.com:80/backend/.env" "Mozilla/5.0 (Macintosh; Intel Mac OS X 10_15_7) AppleWebKit/537.36 (KHTML, like Gecko, Yokohama Institute of Information Security https://www.iisec.ac.jp) Chrome/124.0.0.0 Safari/537.36"
159.89.127.165 - - [03/Sep/2026:15:21:31 +0000] "POST /graphql/api HTTP/1.1" 404 11617 "-" "Mozilla/5.0 (l9scan/2.0.1343e25363e2839313e2935313; +https://leakix.net)"
159.89.127.165 - - [03/Sep/2026:15:21:32 +0000] "POST /api/gql HTTP/1.1" 404 11617 "-" "Mozilla/5.0 (l9scan/2.0.1343e25363e2839313e2935313; +https://leakix.net)"
159.89.127.165 - - [03/Sep/2026:15:21:32 +0000] "GET /s/1343e25363e2839313e2935313/_/;/META-INF/maven/com.atlassian.jira/jira-webapp-dist/pom.properties HTTP/1.1" 404 11672 "-" "Mozilla/5.0 (l9scan/2.0.1343e25363e2839313e2935313; +https://leakix.net)"
130.12.180.117 - - [03/Sep/2026:15:21:32 +0000] "GET /api/.env HTTP/1.1" 301 - "-" "Mozilla/5.0 (Macintosh; Intel Mac OS X 10_15_7) AppleWebKit/537.36 (KHTML, like Gecko, Yokohama Institute of Information Security https://www.iisec.ac.jp) Chrome/124.0.0.0 Safari/537.36"
209.38.208.202 - - [03/Sep/2026:15:21:32 +0000] "GET /ecp/Current/exporttool/microsoft.exchange.ediscovery.exporttool.application HTTP/1.1" 404 11657 "-" "Mozilla/5.0 (l9scan/2.0.1343e25363e2839313e2935313; +https://leakix.net)"
130.12.180.117 - - [03/Sep/2026:15:21:32 +0000] "GET /api/.env HTTP/1.1" 404 69579 "http://www.thehairstyleinspo.com.forthewardrobe.com:80/api/.env" "Mozilla/5.0 (Macintosh; Intel Mac OS X 10_15_7) AppleWebKit/537.36 (KHTML, like Gecko, Yokohama Institute of Information Security https://www.iisec.ac.jp) Chrome/124.0.0.0 Safari/537.36"
159.89.127.165 - - [03/Sep/2026:15:21:33 +0000] "GET /config.json HTTP/1.1" 404 11672 "-" "Mozilla/5.0 (l9scan/2.0.1343e25363e2839313e2935313; +https://leakix.net)"
130.12.180.117 - - [03/Sep/2026:15:21:33 +0000] "GET /application/.env HTTP/1.1" 301 - "-" "Mozilla/5.0 (Macintosh; Intel Mac OS X 10_15_7) AppleWebKit/537.36 (KHTML, like Gecko, Yokohama Institute of Information Security https://www.iisec.ac.jp) Chrome/124.0.0.0 Safari/537.36"
130.12.180.117 - - [03/Sep/2026:15:21:33 +0000] "GET /application/.env HTTP/1.1" 404 69579 "http://www.thehairstyleinspo.com.forthewardrobe.com:80/application/.env" "Mozilla/5.0 (Macintosh; Intel Mac OS X 10_15_7) AppleWebKit/537.36 (KHTML, like Gecko, Yokohama Institute of Information Security https://www.iisec.ac.jp) Chrome/124.0.0.0 Safari/537.36"
209.38.208.202 - - [03/Sep/2026:15:21:34 +0000] "GET /.git/config HTTP/1.1" 404 11657 "-" "Mozilla/5.0 (l9scan/2.0.1343e25363e2839313e2935313; +https://leakix.net)"
130.12.180.117 - - [03/Sep/2026:15:21:34 +0000] "GET /functions/.env HTTP/1.1" 301 - "-" "Mozilla/5.0 (Macintosh; Intel Mac OS X 10_15_7) AppleWebKit/537.36 (KHTML, like Gecko, Yokohama Institute of Information Security https://www.iisec.ac.jp) Chrome/124.0.0.0 Safari/537.36"
130.12.180.117 - - [03/Sep/2026:15:21:34 +0000] "GET /functions/.env HTTP/1.1" 404 69579 "http://www.thehairstyleinspo.com.forthewardrobe.com:80/functions/.env" "Mozilla/5.0 (Macintosh; Intel Mac OS X 10_15_7) AppleWebKit/537.36 (KHTML, like Gecko, Yokohama Institute of Information Security https://www.iisec.ac.jp) Chrome/124.0.0.0 Safari/537.36"
159.89.127.165 - - [03/Sep/2026:15:21:35 +0000] "GET /telescope/requests HTTP/1.1" 404 11672 "-" "Mozilla/5.0 (l9scan/2.0.1343e25363e2839313e2935313; +https://leakix.net)"
209.38.208.202 - - [03/Sep/2026:15:21:35 +0000] "POST /graphql HTTP/1.1" 404 11603 "-" "Mozilla/5.0 (l9scan/2.0.1343e25363e2839313e2935313; +https://leakix.net)"
159.89.127.165 - - [03/Sep/2026:15:21:35 +0000] "GET /info.php HTTP/1.1" 404 11672 "-" "Mozilla/5.0 (l9scan/2.0.1343e25363e2839313e2935313; +https://leakix.net)"
209.38.208.202 - - [03/Sep/2026:15:21:35 +0000] "POST /api HTTP/1.1" 404 11603 "-" "Mozilla/5.0 (l9scan/2.0.1343e25363e2839313e2935313; +https://leakix.net)"
209.38.208.202 - - [03/Sep/2026:15:21:36 +0000] "POST /api/graphql HTTP/1.1" 404 11603 "-" "Mozilla/5.0 (l9scan/2.0.1343e25363e2839313e2935313; +https://leakix.net)"
159.89.127.165 - - [03/Sep/2026:15:21:36 +0000] "GET /.well-known/security.txt HTTP/1.1" 404 11672 "-" "Mozilla/5.0 (l9scan/2.0.1343e25363e2839313e2935313; +https://leakix.net)"
209.38.208.202 - - [03/Sep/2026:15:21:36 +0000] "POST /graphql/api HTTP/1.1" 404 11603 "-" "Mozilla/5.0 (l9scan/2.0.1343e25363e2839313e2935313; +https://leakix.net)"
209.38.208.202 - - [03/Sep/2026:15:21:37 +0000] "POST /api/gql HTTP/1.1" 404 11603 "-" "Mozilla/5.0 (l9scan/2.0.1343e25363e2839313e2935313; +https://leakix.net)"
209.38.208.202 - - [03/Sep/2026:15:21:37 +0000] "GET /s/1343e25363e2839313e2935313/_/;/META-INF/maven/com.atlassian.jira/jira-webapp-dist/pom.properties HTTP/1.1" 404 11657 "-" "Mozilla/5.0 (l9scan/2.0.1343e25363e2839313e2935313; +https://leakix.net)"
159.89.127.165 - - [03/Sep/2026:15:21:37 +0000] "GET /actuator/env HTTP/1.1" 404 11672 "-" "Mozilla/5.0 (l9scan/2.0.1343e25363e2839313e2935313; +https://leakix.net)"
209.38.208.202 - - [03/Sep/2026:15:21:38 +0000] "GET /config.json HTTP/1.1" 404 11657 "-" "Mozilla/5.0 (l9scan/2.0.1343e25363e2839313e2935313; +https://leakix.net)"
159.89.127.165 - - [03/Sep/2026:15:21:38 +0000] "GET /trace.axd HTTP/1.1" 404 11672 "-" "Mozilla/5.0 (l9scan/2.0.1343e25363e2839313e2935313; +https://leakix.net)"
159.89.127.165 - - [03/Sep/2026:15:21:39 +0000] "GET /@vite/env HTTP/1.1" 404 11672 "-" "Mozilla/5.0 (l9scan/2.0.1343e25363e2839313e2935313; +https://leakix.net)"
209.38.208.202 - - [03/Sep/2026:15:21:40 +0000] "GET /telescope/requests HTTP/1.1" 404 11657 "-" "Mozilla/5.0 (l9scan/2.0.1343e25363e2839313e2935313; +https://leakix.net)"
159.89.127.165 - - [03/Sep/2026:15:21:40 +0000] "GET /.vscode/sftp.json HTTP/1.1" 404 11672 "-" "Mozilla/5.0 (l9scan/2.0.1343e25363e2839313e2935313; +https://leakix.net)"
209.38.208.202 - - [03/Sep/2026:15:21:40 +0000] "GET /info.php HTTP/1.1" 404 11657 "-" "Mozilla/5.0 (l9scan/2.0.1343e25363e2839313e2935313; +https://leakix.net)"
159.89.127.165 - - [03/Sep/2026:15:21:41 +0000] "OPTIONS / HTTP/1.1" 200 12124 "-" "Mozilla/5.0 (l9scan/2.0.1343e25363e2839313e2935313; +https://leakix.net)"
209.38.208.202 - - [03/Sep/2026:15:21:41 +0000] "GET /actuator/env HTTP/1.1" 404 11657 "-" "Mozilla/5.0 (l9scan/2.0.1343e25363e2839313e2935313; +https://leakix.net)"
159.89.127.165 - - [03/Sep/2026:15:21:43 +0000] "POST /?rest_route=/batch/v1 HTTP/1.1" 207 299 "-" "Mozilla/5.0 (l9scan/2.0.1343e25363e2839313e2935313; +https://leakix.net)"
209.38.208.202 - - [03/Sep/2026:15:21:43 +0000] "GET /trace.axd HTTP/1.1" 404 11657 "-" "Mozilla/5.0 (l9scan/2.0.1343e25363e2839313e2935313; +https://leakix.net)"
209.38.208.202 - - [03/Sep/2026:15:21:44 +0000] "GET /@vite/env HTTP/1.1" 404 11657 "-" "Mozilla/5.0 (l9scan/2.0.1343e25363e2839313e2935313; +https://leakix.net)"
159.89.127.165 - - [03/Sep/2026:15:21:44 +0000] "POST /?rest_route=/batch/v1 HTTP/1.1" 207 299 "-" "Mozilla/5.0 (l9scan/2.0.1343e25363e2839313e2935313; +https://leakix.net)"
209.38.208.202 - - [03/Sep/2026:15:21:45 +0000] "GET /.vscode/sftp.json HTTP/1.1" 404 11657 "-" "Mozilla/5.0 (l9scan/2.0.1343e25363e2839313e2935313; +https://leakix.net)"
159.89.127.165 - - [03/Sep/2026:15:21:45 +0000] "POST /wp-json/batch/v1 HTTP/1.1" 207 299 "-" "Mozilla/5.0 (l9scan/2.0.1343e25363e2839313e2935313; +https://leakix.net)"
209.38.208.202 - - [03/Sep/2026:15:21:46 +0000] "OPTIONS / HTTP/1.1" 200 12107 "-" "Mozilla/5.0 (l9scan/2.0.1343e25363e2839313e2935313; +https://leakix.net)"
159.89.127.165 - - [03/Sep/2026:15:21:46 +0000] "POST /wp-json/batch/v1 HTTP/1.1" 207 299 "-" "Mozilla/5.0 (l9scan/2.0.1343e25363e2839313e2935313; +https://leakix.net)"
159.89.127.165 - - [03/Sep/2026:15:21:47 +0000] "GET /?rest_route=/wp/v2/users/ HTTP/1.1" 200 1692 "-" "Mozilla/5.0 (l9scan/2.0.1343e25363e2839313e2935313; +https://leakix.net)"
209.38.208.202 - - [03/Sep/2026:15:21:48 +0000] "POST /?rest_route=/batch/v1 HTTP/1.1" 207 299 "-" "Mozilla/5.0 (l9scan/2.0.1343e25363e2839313e2935313; +https://leakix.net)"
159.89.127.165 - - [03/Sep/2026:15:21:48 +0000] "GET /debug/default/view?panel=config HTTP/1.1" 404 11672 "-" "Mozilla/5.0 (l9scan/2.0.1343e25363e2839313e2935313; +https://leakix.net)"
209.38.208.202 - - [03/Sep/2026:15:21:49 +0000] "POST /?rest_route=/batch/v1 HTTP/1.1" 207 299 "-" "Mozilla/5.0 (l9scan/2.0.1343e25363e2839313e2935313; +https://leakix.net)"
209.38.208.202 - - [03/Sep/2026:15:21:50 +0000] "POST /wp-json/batch/v1 HTTP/1.1" 207 299 "-" "Mozilla/5.0 (l9scan/2.0.1343e25363e2839313e2935313; +https://leakix.net)"
209.38.208.202 - - [03/Sep/2026:15:21:51 +0000] "POST /wp-json/batch/v1 HTTP/1.1" 207 299 "-" "Mozilla/5.0 (l9scan/2.0.1343e25363e2839313e2935313; +https://leakix.net)"
209.38.208.202 - - [03/Sep/2026:15:21:52 +0000] "GET /?rest_route=/wp/v2/users/ HTTP/1.1" 200 1692 "-" "Mozilla/5.0 (l9scan/2.0.1343e25363e2839313e2935313; +https://leakix.net)"
209.38.208.202 - - [03/Sep/2026:15:21:53 +0000] "GET /debug/default/view?panel=config HTTP/1.1" 404 11657 "-" "Mozilla/5.0 (l9scan/2.0.1343e25363e2839313e2935313; +https://leakix.net)"
166.0.51.119 - - [03/Sep/2026:15:23:50 +0000] "GET / HTTP/1.1" 200 12179 "-" "Mozilla/5.0 (Windows NT 10.0; Win64; x64) AppleWebKit/537.36 (KHTML, like Gecko) Chrome/130.0.0.0 Safari/537.36"
82.23.125.81 - - [03/Sep/2026:15:23:50 +0000] "GET / HTTP/1.1" 200 12179 "-" "Mozilla/5.0 (Macintosh; Intel Mac OS X 10_15_7) AppleWebKit/537.36 (KHTML, like Gecko) Chrome/116.0.0.0 Safari/537.36"
136.0.38.227 - - [03/Sep/2026:15:23:50 +0000] "GET / HTTP/1.1" 200 12179 "-" "Mozilla/5.0 (Macintosh; Intel Mac OS X 10_15_7) AppleWebKit/605.1.15 (KHTML, like Gecko) Version/17.6 Safari/605.1.15"
82.23.167.50 - - [03/Sep/2026:15:23:50 +0000] "GET /xhsurvbj HTTP/1.1" 404 11672 "-" "Mozilla/5.0 (X11; Linux x86_64) AppleWebKit/537.36 (KHTML, like Gecko) Chrome/124.0.0.0 Safari/537.36"
31.98.21.229 - - [03/Sep/2026:15:23:50 +0000] "GET /xhsurvbj HTTP/1.1" 404 11672 "-" "Mozilla/5.0 (Macintosh; Intel Mac OS X 10_15_7) AppleWebKit/537.36 (KHTML, like Gecko) obsidian/1.6.5 Chrome/124.0.6367.243 Electron/30.1.2 Safari/537.36"
109.174.238.173 - - [03/Sep/2026:15:23:50 +0000] "GET / HTTP/1.1" 200 12179 "-" "Mozilla/5.0 (Windows NT 10.0; Win64; x64) AppleWebKit/537.36 (KHTML, like Gecko) Chrome/129.0.0.0 Safari/537.36 Edg/129.0.0.0"
23.230.243.5 - - [03/Sep/2026:15:23:51 +0000] "GET /ntfzvsur HTTP/1.1" 404 11657 "-" "Mozilla/5.0 (Windows NT 10.0; Win64; x64) AppleWebKit/537.36 (KHTML, like Gecko) Chrome/122.0.0.0 Safari/537.36"
104.253.206.170 - - [03/Sep/2026:15:23:51 +0000] "GET /xhsurvbj HTTP/1.1" 404 11672 "-" "Mozilla/5.0 (Windows NT 10.0; Win64; x64) AppleWebKit/537.36 (KHTML, like Gecko) Chrome/134.0.0.0 Safari/537.36 Edg/134.0.0.0"
104.249.51.238 - - [03/Sep/2026:15:23:51 +0000] "GET /ntfzvsur HTTP/1.1" 404 11657 "-" "Mozilla/5.0 (X11; Linux x86_64) AppleWebKit/537.36 (KHTML, like Gecko) Chrome/131.0.0.0 Safari/537.36"
31.98.23.109 - - [03/Sep/2026:15:23:51 +0000] "GET / HTTP/1.1" 200 12162 "-" "Mozilla/5.0 (Macintosh; Intel Mac OS X 10_15_7) AppleWebKit/537.36 (KHTML, like Gecko) Chrome/116.0.0.0 Safari/537.36"
92.112.14.150 - - [03/Sep/2026:15:23:51 +0000] "GET / HTTP/1.1" 200 12162 "-" "Mozilla/5.0 (Macintosh; Intel Mac OS X 10_15_7) AppleWebKit/605.1.15 (KHTML, like Gecko) Version/18.3 Safari/605.1.15"
82.23.118.7 - - [03/Sep/2026:15:23:51 +0000] "GET /ntfzvsur HTTP/1.1" 404 11657 "-" "Mozilla/5.0 (Macintosh; Intel Mac OS X 10_15_7) AppleWebKit/605.1.15 (KHTML, like Gecko) Version/18.1 Safari/605.1.15"
108.165.182.114 - - [03/Sep/2026:15:23:51 +0000] "GET / HTTP/1.1" 200 12162 "-" "Mozilla/5.0 (X11; Linux x86_64; rv:137.0) Gecko/20100101 Firefox/137.0"
104.252.201.28 - - [03/Sep/2026:15:23:51 +0000] "GET / HTTP/1.1" 200 12162 "-" "Mozilla/5.0 (Windows NT 10.0; Win64; x64) AppleWebKit/537.36 (KHTML, like Gecko) Chrome/108.0.0.0 Safari/537.36"
159.198.65.41 - - [03/Sep/2026:15:25:23 +0000] "POST /wp-cron.php?doing_wp_cron=1788449123.1940119266510009765625 HTTP/1.1" 200 - "-" "WordPress/7.1; https://thehairstyleinspo.com"
192.241.134.160 - - [03/Sep/2026:15:25:21 +0000] "GET / HTTP/1.1" 200 12161 "-" "Go-http-client/1.1"
91.196.152.218 - - [03/Sep/2026:15:31:34 +0000] "GET / HTTP/1.1" 200 73644 "-" "Mozilla/5.0 (X11; Ubuntu; Linux x86_64; rv:134.0) Gecko/20100101 Firefox/134.0"
91.196.152.189 - - [03/Sep/2026:15:31:57 +0000] "GET / HTTP/1.1" 200 73585 "-" "Mozilla/5.0 (X11; Ubuntu; Linux x86_64; rv:134.0) Gecko/20100101 Firefox/134.0"
159.198.65.41 - - [03/Sep/2026:16:07:06 +0000] "POST /wp-cron.php?doing_wp_cron=1788451626.8398060798645019531250 HTTP/1.1" 200 - "-" "WordPress/7.1; https://thehairstyleinspo.com"
49.51.183.75 - - [03/Sep/2026:16:07:05 +0000] "GET / HTTP/1.1" 200 12162 "-" "Mozilla/5.0 (iPhone; CPU iPhone OS 13_2_3 like Mac OS X) AppleWebKit/605.1.15 (KHTML, like Gecko) Version/13.0.3 Mobile/15E148 Safari/604.1"
195.123.244.84 - - [03/Sep/2026:16:22:35 +0000] "HEAD / HTTP/1.1" 200 - "-" "Mozilla/5.0 (Windows NT 10.0; Win64; x64) AppleWebKit/537.36 (KHTML, like Gecko) Chrome/123.0.0.0 Safari/537.36 Edg/123.0.0.0"
195.123.244.84 - - [03/Sep/2026:16:22:37 +0000] "GET / HTTP/1.1" 200 12162 "-" "Mozilla/5.0 (Windows NT 10.0; Win64; x64; rv:120.0) Gecko/20100101 Firefox/120.0"
54.219.96.70 - - [03/Sep/2026:16:31:58 +0000] "GET / HTTP/1.1" 200 12162 "-" "Mozilla/5.0 (Windows NT 10.0; Win64; x64) AppleWebKit/537.36 (KHTML, like Gecko) Chrome/120.0.0.0 Safari/537.36"
54.219.96.70 - - [03/Sep/2026:16:31:59 +0000] "GET /wp-login.php HTTP/1.1" 302 - "-" "Mozilla/5.0 (Windows NT 10.0; Win64; x64) AppleWebKit/537.36 (KHTML, like Gecko) Chrome/120.0.0.0 Safari/537.36"
54.219.96.70 - - [03/Sep/2026:16:31:59 +0000] "GET /wp-admin/ HTTP/1.1" 302 - "-" "Mozilla/5.0 (Windows NT 10.0; Win64; x64) AppleWebKit/537.36 (KHTML, like Gecko) Chrome/120.0.0.0 Safari/537.36"
82.156.34.74 - - [03/Sep/2026:16:43:41 +0000] "GET / HTTP/1.1" 200 12162 "-" "Mozilla/5.0 (iPhone; CPU iPhone OS 13_2_3 like Mac OS X) AppleWebKit/605.1.15 (KHTML, like Gecko) Version/13.0.3 Mobile/15E148 Safari/604.1"
159.198.65.41 - - [03/Sep/2026:17:22:43 +0000] "POST /wp-cron.php?doing_wp_cron=1788456163.5761260986328125000000 HTTP/1.1" 200 - "-" "WordPress/7.1; https://thehairstyleinspo.com"
43.134.78.217 - - [03/Sep/2026:17:22:42 +0000] "GET / HTTP/1.1" 301 - "-" "Mozilla/5.0 (iPhone; CPU iPhone OS 13_2_3 like Mac OS X) AppleWebKit/605.1.15 (KHTML, like Gecko) Version/13.0.3 Mobile/15E148 Safari/604.1"
43.134.78.217 - - [03/Sep/2026:17:22:45 +0000] "GET / HTTP/1.1" 200 12162 "http://www.thehairstyleinspo.com" "Mozilla/5.0 (iPhone; CPU iPhone OS 13_2_3 like Mac OS X) AppleWebKit/605.1.15 (KHTML, like Gecko) Version/13.0.3 Mobile/15E148 Safari/604.1"
45.135.194.47 - - [03/Sep/2026:18:13:25 +0000] "GET /wp-json/gravitysmtp/v1/tests/mock-data?page=gravitysmtp-settings HTTP/1.1" 404 117 "-" "Mozilla/5.0 (compatible; SecurityResearch/1.0; )"
45.135.194.47 - - [03/Sep/2026:18:13:27 +0000] "GET /wp-json/gravitysmtp/v1/tests/mock-data?page=gravitysmtp-settings HTTP/1.1" 404 117 "-" "Mozilla/5.0 (compatible; SecurityResearch/1.0; )"