57.129.16.41 - - [03/Sep/2026:15:21:30 +0000] "HEAD /wp-content/themes/twentytwentyfive/assets/fonts/fira-sans/FiraSans-Medium.woff2 HTTP/1.1" 200 - "-" "Go-http-client/1.1"
171.22.217.182 - - [03/Sep/2026:15:21:30 +0000] "GET /wp-content/ HTTP/1.1" 200 385 "-" "Mozilla/5.0 (Windows NT 10.0; Win64; x64) AppleWebKit/537.36 (KHTML, like Gecko) Chrome/130.0.0.0 Safari/537.36"
57.129.16.41 - - [03/Sep/2026:15:21:30 +0000] "GET /wp-content/themes/twentytwentyfive/assets/fonts/fira-sans/FiraSans-Medium.woff2 HTTP/1.1" 200 159543 "-" "Go-http-client/1.1"
147.182.149.75 - - [03/Sep/2026:15:21:30 +0000] "GET /.DS_Store HTTP/1.1" 404 - "-" "Mozilla/5.0 (l9scan/2.0.1343e25363e2839313e2935313; +https://leakix.net)"
57.129.16.41 - - [03/Sep/2026:15:21:30 +0000] "HEAD /wp-content/themes/twentytwentyfive/assets/fonts/fira-sans/FiraSans-ExtraBoldItalic.woff2 HTTP/1.1" 200 - "-" "Go-http-client/1.1"
171.22.217.182 - - [03/Sep/2026:15:21:30 +0000] "GET /?C=N;O=D HTTP/1.1" 200 472 "-" "Mozilla/5.0 (Windows NT 10.0; Win64; x64) AppleWebKit/537.36 (KHTML, like Gecko) Chrome/130.0.0.0 Safari/537.36"
171.22.217.182 - - [03/Sep/2026:15:21:30 +0000] "GET /?C=D;O=D HTTP/1.1" 200 472 "-" "Mozilla/5.0 (Windows NT 10.0; Win64; x64) AppleWebKit/537.36 (KHTML, like Gecko) Chrome/130.0.0.0 Safari/537.36"
171.22.217.182 - - [03/Sep/2026:15:21:30 +0000] "GET /?C=S;O=D HTTP/1.1" 200 469 "-" "Mozilla/5.0 (Windows NT 10.0; Win64; x64) AppleWebKit/537.36 (KHTML, like Gecko) Chrome/130.0.0.0 Safari/537.36"
171.22.217.182 - - [03/Sep/2026:15:21:30 +0000] "GET /wp-cron-veig.php HTTP/1.1" 500 - "-" "Mozilla/5.0 (Windows NT 10.0; Win64; x64) AppleWebKit/537.36 (KHTML, like Gecko) Chrome/130.0.0.0 Safari/537.36"
171.22.217.182 - - [03/Sep/2026:15:21:30 +0000] "GET /?C=N;O=A HTTP/1.1" 200 473 "-" "Mozilla/5.0 (Windows NT 10.0; Win64; x64) AppleWebKit/537.36 (KHTML, like Gecko) Chrome/130.0.0.0 Safari/537.36"
171.22.217.182 - - [03/Sep/2026:15:21:30 +0000] "GET /?C=M;O=A HTTP/1.1" 200 471 "-" "Mozilla/5.0 (Windows NT 10.0; Win64; x64) AppleWebKit/537.36 (KHTML, like Gecko) Chrome/130.0.0.0 Safari/537.36"
57.129.16.41 - - [03/Sep/2026:15:21:30 +0000] "HEAD /wp-content/themes/twentytwentyfive/assets/fonts/fira-sans/FiraSans-MediumItalic.woff2 HTTP/1.1" 200 - "-" "Go-http-client/1.1"
57.129.16.41 - - [03/Sep/2026:15:21:30 +0000] "GET /wp-content/themes/twentytwentyfive/assets/fonts/fira-sans/FiraSans-ExtraBoldItalic.woff2 HTTP/1.1" 200 180258 "-" "Go-http-client/1.1"
57.129.16.41 - - [03/Sep/2026:15:21:30 +0000] "GET /wp-content/themes/twentytwentyfive/assets/fonts/fira-sans/FiraSans-MediumItalic.woff2 HTTP/1.1" 200 166946 "-" "Go-http-client/1.1"
57.129.16.41 - - [03/Sep/2026:15:21:31 +0000] "HEAD /wp-content/themes/twentytwentyfive/assets/fonts/fira-sans/FiraSans-Regular.woff2 HTTP/1.1" 200 - "-" "Go-http-client/1.1"
57.129.16.41 - - [03/Sep/2026:15:21:31 +0000] "HEAD /wp-content/themes/twentytwentyfive/assets/fonts/fira-sans/FiraSans-ExtraLight.woff2 HTTP/1.1" 200 - "-" "Go-http-client/1.1"
57.129.16.41 - - [03/Sep/2026:15:21:31 +0000] "GET /wp-content/themes/twentytwentyfive/assets/fonts/fira-sans/FiraSans-Regular.woff2 HTTP/1.1" 200 155939 "-" "Go-http-client/1.1"
57.129.16.41 - - [03/Sep/2026:15:21:31 +0000] "GET /wp-content/themes/twentytwentyfive/assets/fonts/fira-sans/FiraSans-ExtraLight.woff2 HTTP/1.1" 200 155195 "-" "Go-http-client/1.1"
147.182.149.75 - - [03/Sep/2026:15:21:31 +0000] "GET /.env HTTP/1.1" 404 - "-" "Mozilla/5.0 (l9scan/2.0.1343e25363e2839313e2935313; +https://leakix.net)"
57.129.16.41 - - [03/Sep/2026:15:21:31 +0000] "HEAD /wp-content/themes/twentytwentyfive/assets/fonts/fira-sans/FiraSans-SemiBold.woff2 HTTP/1.1" 200 - "-" "Go-http-client/1.1"
57.129.16.41 - - [03/Sep/2026:15:21:31 +0000] "HEAD /wp-content/themes/twentytwentyfive/assets/fonts/fira-sans/FiraSans-ExtraLightItalic.woff2 HTTP/1.1" 200 - "-" "Go-http-client/1.1"
57.129.16.41 - - [03/Sep/2026:15:21:31 +0000] "GET /wp-content/themes/twentytwentyfive/assets/fonts/fira-sans/FiraSans-SemiBold.woff2 HTTP/1.1" 200 166938 "-" "Go-http-client/1.1"
57.129.16.41 - - [03/Sep/2026:15:21:31 +0000] "GET /wp-content/themes/twentytwentyfive/assets/fonts/fira-sans/FiraSans-ExtraLightItalic.woff2 HTTP/1.1" 200 161910 "-" "Go-http-client/1.1"
171.22.217.182 - - [03/Sep/2026:15:21:31 +0000] "GET /wp-content/themes/ HTTP/1.1" 200 415 "-" "Mozilla/5.0 (Windows NT 10.0; Win64; x64) AppleWebKit/537.36 (KHTML, like Gecko) Chrome/130.0.0.0 Safari/537.36"
171.22.217.182 - - [03/Sep/2026:15:21:32 +0000] "GET /wp-content/plugins/ HTTP/1.1" 200 413 "-" "Mozilla/5.0 (Windows NT 10.0; Win64; x64) AppleWebKit/537.36 (KHTML, like Gecko) Chrome/130.0.0.0 Safari/537.36"
171.22.217.182 - - [03/Sep/2026:15:21:32 +0000] "GET /wp-content/?C=D;O=A HTTP/1.1" 200 385 "-" "Mozilla/5.0 (Windows NT 10.0; Win64; x64) AppleWebKit/537.36 (KHTML, like Gecko) Chrome/130.0.0.0 Safari/537.36"
171.22.217.182 - - [03/Sep/2026:15:21:32 +0000] "GET /wp-content/?C=M;O=A HTTP/1.1" 200 384 "-" "Mozilla/5.0 (Windows NT 10.0; Win64; x64) AppleWebKit/537.36 (KHTML, like Gecko) Chrome/130.0.0.0 Safari/537.36"
171.22.217.182 - - [03/Sep/2026:15:21:32 +0000] "GET /wp-content/?C=S;O=A HTTP/1.1" 200 385 "-" "Mozilla/5.0 (Windows NT 10.0; Win64; x64) AppleWebKit/537.36 (KHTML, like Gecko) Chrome/130.0.0.0 Safari/537.36"
171.22.217.182 - - [03/Sep/2026:15:21:32 +0000] "GET /wp-content/?C=N;O=D HTTP/1.1" 200 382 "-" "Mozilla/5.0 (Windows NT 10.0; Win64; x64) AppleWebKit/537.36 (KHTML, like Gecko) Chrome/130.0.0.0 Safari/537.36"
171.22.217.182 - - [03/Sep/2026:15:21:32 +0000] "GET / HTTP/1.1" 200 473 "-" "Mozilla/5.0 (Windows NT 10.0; Win64; x64) AppleWebKit/537.36 (KHTML, like Gecko) Chrome/130.0.0.0 Safari/537.36"
57.129.16.41 - - [03/Sep/2026:15:21:32 +0000] "HEAD /wp-content/themes/twentytwentyfive/assets/fonts/fira-sans/FiraSans-SemiBoldItalic.woff2 HTTP/1.1" 200 - "-" "Go-http-client/1.1"
57.129.16.41 - - [03/Sep/2026:15:21:32 +0000] "GET /wp-content/themes/twentytwentyfive/assets/fonts/fira-sans/FiraSans-SemiBoldItalic.woff2 HTTP/1.1" 200 174292 "-" "Go-http-client/1.1"
206.81.24.227 - - [03/Sep/2026:15:21:32 +0000] "GET /v2/_catalog HTTP/1.1" 404 - "-" "Mozilla/5.0 (l9scan/2.0.1343e25363e2839313e2935313; +https://leakix.net)"
57.129.16.41 - - [03/Sep/2026:15:21:32 +0000] "HEAD /wp-content/themes/twentytwentyfive/assets/fonts/fira-sans/FiraSans-Italic.woff2 HTTP/1.1" 200 - "-" "Go-http-client/1.1"
57.129.16.41 - - [03/Sep/2026:15:21:32 +0000] "GET /wp-content/themes/twentytwentyfive/assets/fonts/fira-sans/FiraSans-Italic.woff2 HTTP/1.1" 200 162712 "-" "Go-http-client/1.1"
57.129.16.41 - - [03/Sep/2026:15:21:32 +0000] "HEAD /wp-content/themes/twentytwentyfive/assets/fonts/fira-sans/FiraSans-Thin.woff2 HTTP/1.1" 200 - "-" "Go-http-client/1.1"
171.22.217.182 - - [03/Sep/2026:15:21:32 +0000] "GET /?C=M;O=D HTTP/1.1" 200 469 "-" "Mozilla/5.0 (Windows NT 10.0; Win64; x64) AppleWebKit/537.36 (KHTML, like Gecko) Chrome/130.0.0.0 Safari/537.36"
57.129.16.41 - - [03/Sep/2026:15:21:32 +0000] "GET /wp-content/themes/twentytwentyfive/assets/fonts/fira-sans/FiraSans-Thin.woff2 HTTP/1.1" 200 150356 "-" "Go-http-client/1.1"
57.129.16.41 - - [03/Sep/2026:15:21:32 +0000] "HEAD /wp-content/themes/twentytwentyfive/assets/fonts/fira-sans/FiraSans-Light.woff2 HTTP/1.1" 200 - "-" "Go-http-client/1.1"
57.129.16.41 - - [03/Sep/2026:15:21:32 +0000] "GET /wp-content/themes/twentytwentyfive/assets/fonts/fira-sans/FiraSans-Light.woff2 HTTP/1.1" 200 155815 "-" "Go-http-client/1.1"
57.129.16.41 - - [03/Sep/2026:15:21:33 +0000] "HEAD /wp-content/themes/twentytwentyfive/assets/fonts/fira-sans/FiraSans-ThinItalic.woff2 HTTP/1.1" 200 - "-" "Go-http-client/1.1"
57.129.16.41 - - [03/Sep/2026:15:21:33 +0000] "GET /wp-content/themes/twentytwentyfive/assets/fonts/literata/ HTTP/1.1" 200 588 "-" "Go-http-client/1.1"
57.129.16.41 - - [03/Sep/2026:15:21:33 +0000] "HEAD /wp-content/themes/twentytwentyfive/assets/fonts/fira-sans/FiraSans-LightItalic.woff2 HTTP/1.1" 200 - "-" "Go-http-client/1.1"
206.81.24.227 - - [03/Sep/2026:15:21:33 +0000] "GET /.DS_Store HTTP/1.1" 404 - "-" "Mozilla/5.0 (l9scan/2.0.1343e25363e2839313e2935313; +https://leakix.net)"
57.129.16.41 - - [03/Sep/2026:15:21:33 +0000] "GET /wp-content/themes/twentytwentyfive/assets/fonts/fira-sans/FiraSans-ThinItalic.woff2 HTTP/1.1" 200 156247 "-" "Go-http-client/1.1"
57.129.16.41 - - [03/Sep/2026:15:21:33 +0000] "GET /wp-content/themes/twentytwentyfive/assets/fonts/fira-sans/FiraSans-LightItalic.woff2 HTTP/1.1" 200 161462 "-" "Go-http-client/1.1"
147.182.149.75 - - [03/Sep/2026:15:21:33 +0000] "GET /ecp/Current/exporttool/microsoft.exchange.ediscovery.exporttool.application HTTP/1.1" 404 - "-" "Mozilla/5.0 (l9scan/2.0.1343e25363e2839313e2935313; +https://leakix.net)"
57.129.16.41 - - [03/Sep/2026:15:21:33 +0000] "HEAD /wp-content/themes/twentytwentyfive/assets/fonts/literata/Literata72pt-Black.woff2 HTTP/1.1" 200 - "-" "Go-http-client/1.1"
57.129.16.41 - - [03/Sep/2026:15:21:33 +0000] "HEAD /wp-content/themes/twentytwentyfive/assets/fonts/fira-sans/FiraSans-Medium.woff2 HTTP/1.1" 200 - "-" "Go-http-client/1.1"
57.129.16.41 - - [03/Sep/2026:15:21:33 +0000] "GET /wp-content/themes/twentytwentyfive/assets/fonts/literata/Literata72pt-Black.woff2 HTTP/1.1" 200 104176 "-" "Go-http-client/1.1"
57.129.16.41 - - [03/Sep/2026:15:21:33 +0000] "GET /wp-content/themes/twentytwentyfive/assets/fonts/fira-sans/FiraSans-Medium.woff2 HTTP/1.1" 200 159543 "-" "Go-http-client/1.1"
57.129.16.41 - - [03/Sep/2026:15:21:34 +0000] "HEAD /wp-content/themes/twentytwentyfive/assets/fonts/literata/Literata72pt-BlackItalic.woff2 HTTP/1.1" 200 - "-" "Go-http-client/1.1"
57.129.16.41 - - [03/Sep/2026:15:21:34 +0000] "HEAD /wp-content/themes/twentytwentyfive/assets/fonts/fira-sans/FiraSans-MediumItalic.woff2 HTTP/1.1" 200 - "-" "Go-http-client/1.1"
57.129.16.41 - - [03/Sep/2026:15:21:34 +0000] "GET /wp-content/themes/twentytwentyfive/assets/fonts/literata/Literata72pt-BlackItalic.woff2 HTTP/1.1" 200 106430 "-" "Go-http-client/1.1"
57.129.16.41 - - [03/Sep/2026:15:21:34 +0000] "GET /wp-content/themes/twentytwentyfive/assets/fonts/fira-sans/FiraSans-MediumItalic.woff2 HTTP/1.1" 200 166946 "-" "Go-http-client/1.1"
206.81.24.227 - - [03/Sep/2026:15:21:34 +0000] "GET /.env HTTP/1.1" 404 - "-" "Mozilla/5.0 (l9scan/2.0.1343e25363e2839313e2935313; +https://leakix.net)"
57.129.16.41 - - [03/Sep/2026:15:21:34 +0000] "HEAD /wp-content/themes/twentytwentyfive/assets/fonts/literata/Literata72pt-Bold.woff2 HTTP/1.1" 200 - "-" "Go-http-client/1.1"
57.129.16.41 - - [03/Sep/2026:15:21:34 +0000] "HEAD /wp-content/themes/twentytwentyfive/assets/fonts/fira-sans/FiraSans-Regular.woff2 HTTP/1.1" 200 - "-" "Go-http-client/1.1"
57.129.16.41 - - [03/Sep/2026:15:21:34 +0000] "GET /wp-content/themes/twentytwentyfive/assets/fonts/fira-sans/FiraSans-Regular.woff2 HTTP/1.1" 200 155939 "-" "Go-http-client/1.1"
57.129.16.41 - - [03/Sep/2026:15:21:34 +0000] "GET /wp-content/themes/twentytwentyfive/assets/fonts/literata/Literata72pt-Bold.woff2 HTTP/1.1" 200 106446 "-" "Go-http-client/1.1"
57.129.16.41 - - [03/Sep/2026:15:21:34 +0000] "HEAD /wp-content/themes/twentytwentyfive/assets/fonts/fira-sans/FiraSans-SemiBold.woff2 HTTP/1.1" 200 - "-" "Go-http-client/1.1"
57.129.16.41 - - [03/Sep/2026:15:21:35 +0000] "GET /wp-content/themes/twentytwentyfive/assets/fonts/fira-sans/FiraSans-SemiBold.woff2 HTTP/1.1" 200 166938 "-" "Go-http-client/1.1"
57.129.16.41 - - [03/Sep/2026:15:21:35 +0000] "HEAD /wp-content/themes/twentytwentyfive/assets/fonts/fira-sans/FiraSans-SemiBoldItalic.woff2 HTTP/1.1" 200 - "-" "Go-http-client/1.1"
57.129.16.41 - - [03/Sep/2026:15:21:35 +0000] "HEAD /wp-content/themes/twentytwentyfive/assets/fonts/literata/Literata72pt-BoldItalic.woff2 HTTP/1.1" 200 - "-" "Go-http-client/1.1"
57.129.16.41 - - [03/Sep/2026:15:21:35 +0000] "GET /wp-content/themes/twentytwentyfive/assets/fonts/fira-sans/FiraSans-SemiBoldItalic.woff2 HTTP/1.1" 200 174292 "-" "Go-http-client/1.1"
57.129.16.41 - - [03/Sep/2026:15:21:35 +0000] "GET /wp-content/themes/twentytwentyfive/assets/fonts/literata/Literata72pt-BoldItalic.woff2 HTTP/1.1" 200 108176 "-" "Go-http-client/1.1"
147.182.149.75 - - [03/Sep/2026:15:21:35 +0000] "GET /.git/config HTTP/1.1" 404 - "-" "Mozilla/5.0 (l9scan/2.0.1343e25363e2839313e2935313; +https://leakix.net)"
57.129.16.41 - - [03/Sep/2026:15:21:35 +0000] "HEAD /wp-content/themes/twentytwentyfive/assets/fonts/fira-sans/FiraSans-Thin.woff2 HTTP/1.1" 200 - "-" "Go-http-client/1.1"
57.129.16.41 - - [03/Sep/2026:15:21:35 +0000] "GET /wp-content/themes/twentytwentyfive/assets/fonts/fira-sans/FiraSans-Thin.woff2 HTTP/1.1" 200 150356 "-" "Go-http-client/1.1"
57.129.16.41 - - [03/Sep/2026:15:21:36 +0000] "HEAD /wp-content/themes/twentytwentyfive/assets/fonts/literata/Literata72pt-ExtraBold.woff2 HTTP/1.1" 200 - "-" "Go-http-client/1.1"
57.129.16.41 - - [03/Sep/2026:15:21:36 +0000] "GET /wp-content/themes/twentytwentyfive/assets/fonts/literata/Literata72pt-ExtraBold.woff2 HTTP/1.1" 200 108406 "-" "Go-http-client/1.1"
57.129.16.41 - - [03/Sep/2026:15:21:36 +0000] "HEAD /wp-content/themes/twentytwentyfive/assets/fonts/fira-sans/FiraSans-ThinItalic.woff2 HTTP/1.1" 200 - "-" "Go-http-client/1.1"
206.81.24.227 - - [03/Sep/2026:15:21:36 +0000] "GET /ecp/Current/exporttool/microsoft.exchange.ediscovery.exporttool.application HTTP/1.1" 404 - "-" "Mozilla/5.0 (l9scan/2.0.1343e25363e2839313e2935313; +https://leakix.net)"
57.129.16.41 - - [03/Sep/2026:15:21:36 +0000] "GET /wp-content/themes/twentytwentyfive/assets/fonts/literata/ HTTP/1.1" 200 588 "-" "Go-http-client/1.1"
57.129.16.41 - - [03/Sep/2026:15:21:36 +0000] "HEAD /wp-content/themes/twentytwentyfive/assets/fonts/literata/Literata72pt-ExtraBoldItalic.woff2 HTTP/1.1" 200 - "-" "Go-http-client/1.1"
171.22.217.182 - - [03/Sep/2026:15:21:36 +0000] "GET /klammcaw.php?p=/home/fortodpl/thecutediva.com&f=/home/fortodpl/thecutediva.com/wp-cron-veig.php&rm=1 HTTP/1.1" 200 1418 "-" "Mozilla/5.0 (Windows NT 10.0; Win64; x64) AppleWebKit/537.36 (KHTML, like Gecko) Chrome/130.0.0.0 Safari/537.36"
147.182.149.75 - - [03/Sep/2026:15:21:36 +0000] "POST /graphql HTTP/1.1" 404 - "-" "Mozilla/5.0 (l9scan/2.0.1343e25363e2839313e2935313; +https://leakix.net)"
171.22.217.182 - - [03/Sep/2026:15:21:36 +0000] "GET /klammcaw.php?p=/home HTTP/1.1" 200 1191 "-" "Mozilla/5.0 (Windows NT 10.0; Win64; x64) AppleWebKit/537.36 (KHTML, like Gecko) Chrome/130.0.0.0 Safari/537.36"
171.22.217.182 - - [03/Sep/2026:15:21:36 +0000] "GET /klammcaw.php? HTTP/1.1" 200 1321 "-" "Mozilla/5.0 (Windows NT 10.0; Win64; x64) AppleWebKit/537.36 (KHTML, like Gecko) Chrome/130.0.0.0 Safari/537.36"
171.22.217.182 - - [03/Sep/2026:15:21:36 +0000] "GET /klammcaw.php?p=/home/fortodpl/thecutediva.com/.well-known HTTP/1.1" 200 1061 "-" "Mozilla/5.0 (Windows NT 10.0; Win64; x64) AppleWebKit/537.36 (KHTML, like Gecko) Chrome/130.0.0.0 Safari/537.36"
171.22.217.182 - - [03/Sep/2026:15:21:36 +0000] "GET /klammcaw.php?p=/home/fortodpl/thecutediva.com/csratle HTTP/1.1" 200 1109 "-" "Mozilla/5.0 (Windows NT 10.0; Win64; x64) AppleWebKit/537.36 (KHTML, like Gecko) Chrome/130.0.0.0 Safari/537.36"
171.22.217.182 - - [03/Sep/2026:15:21:36 +0000] "GET /klammcaw.php?p=/home/fortodpl/thecutediva.com/m1ztsxf HTTP/1.1" 200 1110 "-" "Mozilla/5.0 (Windows NT 10.0; Win64; x64) AppleWebKit/537.36 (KHTML, like Gecko) Chrome/130.0.0.0 Safari/537.36"
171.22.217.182 - - [03/Sep/2026:15:21:36 +0000] "GET /klammcaw.php?p=/home/fortodpl/thecutediva.com&f=/home/fortodpl/thecutediva.com/csratle&rm=1 HTTP/1.1" 200 1419 "-" "Mozilla/5.0 (Windows NT 10.0; Win64; x64) AppleWebKit/537.36 (KHTML, like Gecko) Chrome/130.0.0.0 Safari/537.36"
171.22.217.182 - - [03/Sep/2026:15:21:36 +0000] "GET /klammcaw.php?p=/home/fortodpl/thecutediva.com&f=/home/fortodpl/thecutediva.com/.well-known&rm=1 HTTP/1.1" 200 1418 "-" "Mozilla/5.0 (Windows NT 10.0; Win64; x64) AppleWebKit/537.36 (KHTML, like Gecko) Chrome/130.0.0.0 Safari/537.36"
171.22.217.182 - - [03/Sep/2026:15:21:36 +0000] "GET /klammcaw.php?p=/home/fortodpl HTTP/1.1" 200 2232 "-" "Mozilla/5.0 (Windows NT 10.0; Win64; x64) AppleWebKit/537.36 (KHTML, like Gecko) Chrome/130.0.0.0 Safari/537.36"
171.22.217.182 - - [03/Sep/2026:15:21:36 +0000] "GET /klammcaw.php?p=/home/fortodpl/thecutediva.com HTTP/1.1" 200 1321 "-" "Mozilla/5.0 (Windows NT 10.0; Win64; x64) AppleWebKit/537.36 (KHTML, like Gecko) Chrome/130.0.0.0 Safari/537.36"
57.129.16.41 - - [03/Sep/2026:15:21:36 +0000] "GET /wp-content/themes/twentytwentyfive/assets/fonts/fira-sans/FiraSans-ThinItalic.woff2 HTTP/1.1" 200 156247 "-" "Go-http-client/1.1"
57.129.16.41 - - [03/Sep/2026:15:21:36 +0000] "GET /wp-content/themes/twentytwentyfive/assets/fonts/literata/Literata72pt-ExtraBoldItalic.woff2 HTTP/1.1" 200 108281 "-" "Go-http-client/1.1"
147.182.149.75 - - [03/Sep/2026:15:21:36 +0000] "POST /api HTTP/1.1" 404 - "-" "Mozilla/5.0 (l9scan/2.0.1343e25363e2839313e2935313; +https://leakix.net)"
171.22.217.182 - - [03/Sep/2026:15:21:36 +0000] "GET /klammcaw.php?p=/home/fortodpl/thecutediva.com&f=/home/fortodpl/thecutediva.com/m1ztsxf&rm=1 HTTP/1.1" 200 1419 "-" "Mozilla/5.0 (Windows NT 10.0; Win64; x64) AppleWebKit/537.36 (KHTML, like Gecko) Chrome/130.0.0.0 Safari/537.36"
171.22.217.182 - - [03/Sep/2026:15:21:36 +0000] "GET /klammcaw.php?p=/home/fortodpl/thecutediva.com&f=/home/fortodpl/thecutediva.com/uhfvozq&rm=1 HTTP/1.1" 200 1419 "-" "Mozilla/5.0 (Windows NT 10.0; Win64; x64) AppleWebKit/537.36 (KHTML, like Gecko) Chrome/130.0.0.0 Safari/537.36"
171.22.217.182 - - [03/Sep/2026:15:21:36 +0000] "GET /klammcaw.php?p=/home/fortodpl/thecutediva.com&f=/home/fortodpl/thecutediva.com/wp-content&rm=1 HTTP/1.1" 200 1419 "-" "Mozilla/5.0 (Windows NT 10.0; Win64; x64) AppleWebKit/537.36 (KHTML, like Gecko) Chrome/130.0.0.0 Safari/537.36"
57.129.16.41 - - [03/Sep/2026:15:21:36 +0000] "HEAD /wp-content/themes/twentytwentyfive/assets/fonts/literata/Literata72pt-Black.woff2 HTTP/1.1" 200 - "-" "Go-http-client/1.1"
57.129.16.41 - - [03/Sep/2026:15:21:36 +0000] "HEAD /wp-content/themes/twentytwentyfive/assets/fonts/literata/Literata72pt-ExtraLight.woff2 HTTP/1.1" 200 - "-" "Go-http-client/1.1"
147.182.149.75 - - [03/Sep/2026:15:21:36 +0000] "POST /api/graphql HTTP/1.1" 404 - "-" "Mozilla/5.0 (l9scan/2.0.1343e25363e2839313e2935313; +https://leakix.net)"
171.22.217.182 - - [03/Sep/2026:15:21:36 +0000] "GET /klammcaw.php?p=/home/fortodpl/thecutediva.com/uhfvozq HTTP/1.1" 200 1110 "-" "Mozilla/5.0 (Windows NT 10.0; Win64; x64) AppleWebKit/537.36 (KHTML, like Gecko) Chrome/130.0.0.0 Safari/537.36"
171.22.217.182 - - [03/Sep/2026:15:21:36 +0000] "GET /klammcaw.php?p=/home/fortodpl/thecutediva.com&f=/home/fortodpl/thecutediva.com/.htaccess HTTP/1.1" 200 1564 "-" "Mozilla/5.0 (Windows NT 10.0; Win64; x64) AppleWebKit/537.36 (KHTML, like Gecko) Chrome/130.0.0.0 Safari/537.36"
171.22.217.182 - - [03/Sep/2026:15:21:36 +0000] "GET /klammcaw.php?p=/home/fortodpl/thecutediva.com/xvkojue HTTP/1.1" 200 1110 "-" "Mozilla/5.0 (Windows NT 10.0; Win64; x64) AppleWebKit/537.36 (KHTML, like Gecko) Chrome/130.0.0.0 Safari/537.36"
171.22.217.182 - - [03/Sep/2026:15:21:36 +0000] "GET /klammcaw.php?p=/home/fortodpl/thecutediva.com&f=/home/fortodpl/thecutediva.com/xvkojue&rm=1 HTTP/1.1" 200 1419 "-" "Mozilla/5.0 (Windows NT 10.0; Win64; x64) AppleWebKit/537.36 (KHTML, like Gecko) Chrome/130.0.0.0 Safari/537.36"
171.22.217.182 - - [03/Sep/2026:15:21:36 +0000] "GET /klammcaw.php?p=/home/fortodpl/thecutediva.com&f=/home/fortodpl/thecutediva.com/.htaccess&rm=1 HTTP/1.1" 200 1420 "-" "Mozilla/5.0 (Windows NT 10.0; Win64; x64) AppleWebKit/537.36 (KHTML, like Gecko) Chrome/130.0.0.0 Safari/537.36"
171.22.217.182 - - [03/Sep/2026:15:21:36 +0000] "GET /klammcaw.php?p=/home/fortodpl/thecutediva.com&f=/home/fortodpl/thecutediva.com/.htaccess&dl=1 HTTP/1.1" 200 1535 "-" "Mozilla/5.0 (Windows NT 10.0; Win64; x64) AppleWebKit/537.36 (KHTML, like Gecko) Chrome/130.0.0.0 Safari/537.36"
171.22.217.182 - - [03/Sep/2026:15:21:37 +0000] "GET /klammcaw.php?p=/home/fortodpl/thecutediva.com/wp-content HTTP/1.1" 200 1070 "-" "Mozilla/5.0 (Windows NT 10.0; Win64; x64) AppleWebKit/537.36 (KHTML, like Gecko) Chrome/130.0.0.0 Safari/537.36"
57.129.16.41 - - [03/Sep/2026:15:21:37 +0000] "GET /wp-content/themes/twentytwentyfive/assets/fonts/literata/Literata72pt-Black.woff2 HTTP/1.1" 200 104176 "-" "Go-http-client/1.1"
147.182.149.75 - - [03/Sep/2026:15:21:37 +0000] "POST /graphql/api HTTP/1.1" 404 - "-" "Mozilla/5.0 (l9scan/2.0.1343e25363e2839313e2935313; +https://leakix.net)"
57.129.16.41 - - [03/Sep/2026:15:21:37 +0000] "GET /wp-content/themes/twentytwentyfive/assets/fonts/literata/Literata72pt-ExtraLight.woff2 HTTP/1.1" 200 103214 "-" "Go-http-client/1.1"
171.22.217.182 - - [03/Sep/2026:15:21:37 +0000] "GET /klammcaw.php?p=/home/fortodpl/thecutediva.com&f=/home/fortodpl/thecutediva.com/.htaccess.bk HTTP/1.1" 200 2222 "-" "Mozilla/5.0 (Windows NT 10.0; Win64; x64) AppleWebKit/537.36 (KHTML, like Gecko) Chrome/130.0.0.0 Safari/537.36"
171.22.217.182 - - [03/Sep/2026:15:21:37 +0000] "GET /klammcaw.php?p=/home/fortodpl/thecutediva.com&f=/home/fortodpl/thecutediva.com/.htaccess.bk&rm=1 HTTP/1.1" 200 1419 "-" "Mozilla/5.0 (Windows NT 10.0; Win64; x64) AppleWebKit/537.36 (KHTML, like Gecko) Chrome/130.0.0.0 Safari/537.36"
171.22.217.182 - - [03/Sep/2026:15:21:37 +0000] "GET /klammcaw.php?p=/home/fortodpl/thecutediva.com&f=/home/fortodpl/thecutediva.com/.htaccess.bk&dl=1 HTTP/1.1" 200 2343 "-" "Mozilla/5.0 (Windows NT 10.0; Win64; x64) AppleWebKit/537.36 (KHTML, like Gecko) Chrome/130.0.0.0 Safari/537.36"
171.22.217.182 - - [03/Sep/2026:15:21:37 +0000] "GET /klammcaw.php?p=/home/fortodpl/thecutediva.com&f=/home/fortodpl/thecutediva.com/error_log&rm=1 HTTP/1.1" 200 1419 "-" "Mozilla/5.0 (Windows NT 10.0; Win64; x64) AppleWebKit/537.36 (KHTML, like Gecko) Chrome/130.0.0.0 Safari/537.36"
171.22.217.182 - - [03/Sep/2026:15:21:37 +0000] "GET /klammcaw.php?p=/home/fortodpl/thecutediva.com&f=/home/fortodpl/thecutediva.com/error_log HTTP/1.1" 200 1751 "-" "Mozilla/5.0 (Windows NT 10.0; Win64; x64) AppleWebKit/537.36 (KHTML, like Gecko) Chrome/130.0.0.0 Safari/537.36"
171.22.217.182 - - [03/Sep/2026:15:21:37 +0000] "GET /klammcaw.php?p=/home/fortodpl/thecutediva.com&f=/home/fortodpl/thecutediva.com/error_log&dl=1 HTTP/1.1" 200 1832 "-" "Mozilla/5.0 (Windows NT 10.0; Win64; x64) AppleWebKit/537.36 (KHTML, like Gecko) Chrome/130.0.0.0 Safari/537.36"
171.22.217.182 - - [03/Sep/2026:15:21:37 +0000] "GET /klammcaw.php?p=/home/fortodpl/thecutediva.com&f=/home/fortodpl/thecutediva.com/klammcaw.php HTTP/1.1" 200 3700 "-" "Mozilla/5.0 (Windows NT 10.0; Win64; x64) AppleWebKit/537.36 (KHTML, like Gecko) Chrome/130.0.0.0 Safari/537.36"
171.22.217.182 - - [03/Sep/2026:15:21:37 +0000] "GET /klammcaw.php?p=/home/fortodpl/thecutediva.com&f=/home/fortodpl/thecutediva.com/klammcaw.php&dl=1 HTTP/1.1" 200 4622 "-" "Mozilla/5.0 (Windows NT 10.0; Win64; x64) AppleWebKit/537.36 (KHTML, like Gecko) Chrome/130.0.0.0 Safari/537.36"
171.22.217.182 - - [03/Sep/2026:15:21:37 +0000] "GET /klammcaw.php?p=/home/fortodpl/thecutediva.com&f=/home/fortodpl/thecutediva.com/klammcaw.php&rm=1 HTTP/1.1" 200 1419 "-" "Mozilla/5.0 (Windows NT 10.0; Win64; x64) AppleWebKit/537.36 (KHTML, like Gecko) Chrome/130.0.0.0 Safari/537.36"
57.129.16.41 - - [03/Sep/2026:15:21:37 +0000] "HEAD /wp-content/themes/twentytwentyfive/assets/fonts/literata/Literata72pt-BlackItalic.woff2 HTTP/1.1" 200 - "-" "Go-http-client/1.1"
147.182.149.75 - - [03/Sep/2026:15:21:37 +0000] "POST /api/gql HTTP/1.1" 404 - "-" "Mozilla/5.0 (l9scan/2.0.1343e25363e2839313e2935313; +https://leakix.net)"
171.22.217.182 - - [03/Sep/2026:15:21:37 +0000] "GET /klammcaw.php?p=/home/fortodpl/thecutediva.com&f=/home/fortodpl/thecutediva.com/wp-cron-veig.php HTTP/1.1" 200 2227 "-" "Mozilla/5.0 (Windows NT 10.0; Win64; x64) AppleWebKit/537.36 (KHTML, like Gecko) Chrome/130.0.0.0 Safari/537.36"
57.129.16.41 - - [03/Sep/2026:15:21:37 +0000] "HEAD /wp-content/themes/twentytwentyfive/assets/fonts/literata/Literata72pt-ExtraLightItalic.woff2 HTTP/1.1" 200 - "-" "Go-http-client/1.1"
57.129.16.41 - - [03/Sep/2026:15:21:37 +0000] "GET /wp-content/themes/twentytwentyfive/assets/fonts/literata/Literata72pt-BlackItalic.woff2 HTTP/1.1" 200 106430 "-" "Go-http-client/1.1"
171.22.217.182 - - [03/Sep/2026:15:21:37 +0000] "GET /klammcaw.php?p=/home/fortodpl/thecutediva.com&f=/home/fortodpl/thecutediva.com/wp-cron-veig.php&dl=1 HTTP/1.1" 200 2436 "-" "Mozilla/5.0 (Windows NT 10.0; Win64; x64) AppleWebKit/537.36 (KHTML, like Gecko) Chrome/130.0.0.0 Safari/537.36"
147.182.149.75 - - [03/Sep/2026:15:21:37 +0000] "GET /s/1343e25363e2839313e2935313/_/;/META-INF/maven/com.atlassian.jira/jira-webapp-dist/pom.properties HTTP/1.1" 404 - "-" "Mozilla/5.0 (l9scan/2.0.1343e25363e2839313e2935313; +https://leakix.net)"
57.129.16.41 - - [03/Sep/2026:15:21:37 +0000] "GET /wp-content/themes/twentytwentyfive/assets/fonts/literata/Literata72pt-ExtraLightItalic.woff2 HTTP/1.1" 200 102306 "-" "Go-http-client/1.1"
57.129.16.41 - - [03/Sep/2026:15:21:37 +0000] "HEAD /wp-content/themes/twentytwentyfive/assets/fonts/literata/Literata72pt-Bold.woff2 HTTP/1.1" 200 - "-" "Go-http-client/1.1"
57.129.16.41 - - [03/Sep/2026:15:21:37 +0000] "HEAD /wp-content/themes/twentytwentyfive/assets/fonts/literata/Literata72pt-Light.woff2 HTTP/1.1" 200 - "-" "Go-http-client/1.1"
57.129.16.41 - - [03/Sep/2026:15:21:37 +0000] "GET /wp-content/themes/twentytwentyfive/assets/fonts/literata/Literata72pt-Bold.woff2 HTTP/1.1" 200 106446 "-" "Go-http-client/1.1"
57.129.16.41 - - [03/Sep/2026:15:21:38 +0000] "GET /wp-content/themes/twentytwentyfive/assets/fonts/literata/Literata72pt-Light.woff2 HTTP/1.1" 200 106453 "-" "Go-http-client/1.1"
57.129.16.41 - - [03/Sep/2026:15:21:38 +0000] "HEAD /wp-content/themes/twentytwentyfive/assets/fonts/literata/Literata72pt-BoldItalic.woff2 HTTP/1.1" 200 - "-" "Go-http-client/1.1"
206.81.24.227 - - [03/Sep/2026:15:21:38 +0000] "GET /.git/config HTTP/1.1" 404 - "-" "Mozilla/5.0 (l9scan/2.0.1343e25363e2839313e2935313; +https://leakix.net)"
57.129.16.41 - - [03/Sep/2026:15:21:38 +0000] "GET /wp-content/themes/twentytwentyfive/assets/fonts/literata/Literata72pt-BoldItalic.woff2 HTTP/1.1" 200 108176 "-" "Go-http-client/1.1"
57.129.16.41 - - [03/Sep/2026:15:21:38 +0000] "HEAD /wp-content/themes/twentytwentyfive/assets/fonts/literata/Literata72pt-LightItalic.woff2 HTTP/1.1" 200 - "-" "Go-http-client/1.1"
57.129.16.41 - - [03/Sep/2026:15:21:38 +0000] "GET /wp-content/themes/twentytwentyfive/assets/fonts/literata/Literata72pt-LightItalic.woff2 HTTP/1.1" 200 103574 "-" "Go-http-client/1.1"
57.129.16.41 - - [03/Sep/2026:15:21:38 +0000] "HEAD /wp-content/themes/twentytwentyfive/assets/fonts/literata/Literata72pt-ExtraBold.woff2 HTTP/1.1" 200 - "-" "Go-http-client/1.1"
147.182.149.75 - - [03/Sep/2026:15:21:38 +0000] "GET /config.json HTTP/1.1" 404 - "-" "Mozilla/5.0 (l9scan/2.0.1343e25363e2839313e2935313; +https://leakix.net)"
57.129.16.41 - - [03/Sep/2026:15:21:38 +0000] "GET /wp-content/themes/twentytwentyfive/assets/fonts/literata/Literata72pt-ExtraBold.woff2 HTTP/1.1" 200 108406 "-" "Go-http-client/1.1"
57.129.16.41 - - [03/Sep/2026:15:21:38 +0000] "HEAD /wp-content/themes/twentytwentyfive/assets/fonts/literata/Literata72pt-Medium.woff2 HTTP/1.1" 200 - "-" "Go-http-client/1.1"
57.129.16.41 - - [03/Sep/2026:15:21:39 +0000] "HEAD /wp-content/themes/twentytwentyfive/assets/fonts/literata/Literata72pt-ExtraBoldItalic.woff2 HTTP/1.1" 200 - "-" "Go-http-client/1.1"
57.129.16.41 - - [03/Sep/2026:15:21:39 +0000] "GET /wp-content/themes/twentytwentyfive/assets/fonts/literata/Literata72pt-Medium.woff2 HTTP/1.1" 200 104769 "-" "Go-http-client/1.1"
57.129.16.41 - - [03/Sep/2026:15:21:39 +0000] "GET /wp-content/themes/twentytwentyfive/assets/fonts/literata/Literata72pt-ExtraBoldItalic.woff2 HTTP/1.1" 200 108281 "-" "Go-http-client/1.1"
206.81.24.227 - - [03/Sep/2026:15:21:39 +0000] "POST /graphql HTTP/1.1" 404 - "-" "Mozilla/5.0 (l9scan/2.0.1343e25363e2839313e2935313; +https://leakix.net)"
57.129.16.41 - - [03/Sep/2026:15:21:39 +0000] "HEAD /wp-content/themes/twentytwentyfive/assets/fonts/literata/Literata72pt-MediumItalic.woff2 HTTP/1.1" 200 - "-" "Go-http-client/1.1"
57.129.16.41 - - [03/Sep/2026:15:21:39 +0000] "HEAD /wp-content/themes/twentytwentyfive/assets/fonts/literata/Literata72pt-ExtraLight.woff2 HTTP/1.1" 200 - "-" "Go-http-client/1.1"
57.129.16.41 - - [03/Sep/2026:15:21:39 +0000] "GET /wp-content/themes/twentytwentyfive/assets/fonts/literata/Literata72pt-MediumItalic.woff2 HTTP/1.1" 200 106492 "-" "Go-http-client/1.1"
57.129.16.41 - - [03/Sep/2026:15:21:39 +0000] "GET /wp-content/themes/twentytwentyfive/assets/fonts/literata/Literata72pt-ExtraLight.woff2 HTTP/1.1" 200 103214 "-" "Go-http-client/1.1"
57.129.16.41 - - [03/Sep/2026:15:21:39 +0000] "HEAD /wp-content/themes/twentytwentyfive/assets/fonts/literata/Literata72pt-Regular.woff2 HTTP/1.1" 200 - "-" "Go-http-client/1.1"
57.129.16.41 - - [03/Sep/2026:15:21:39 +0000] "HEAD /wp-content/themes/twentytwentyfive/assets/fonts/literata/Literata72pt-ExtraLightItalic.woff2 HTTP/1.1" 200 - "-" "Go-http-client/1.1"
206.81.24.227 - - [03/Sep/2026:15:21:39 +0000] "POST /api HTTP/1.1" 404 - "-" "Mozilla/5.0 (l9scan/2.0.1343e25363e2839313e2935313; +https://leakix.net)"
57.129.16.41 - - [03/Sep/2026:15:21:39 +0000] "GET /wp-content/themes/twentytwentyfive/assets/fonts/literata/Literata72pt-Regular.woff2 HTTP/1.1" 200 93524 "-" "Go-http-client/1.1"
57.129.16.41 - - [03/Sep/2026:15:21:40 +0000] "GET /wp-content/themes/twentytwentyfive/assets/fonts/literata/Literata72pt-ExtraLightItalic.woff2 HTTP/1.1" 200 102306 "-" "Go-http-client/1.1"
57.129.16.41 - - [03/Sep/2026:15:21:40 +0000] "HEAD /wp-content/themes/twentytwentyfive/assets/fonts/literata/Literata72pt-RegularItalic.woff2 HTTP/1.1" 200 - "-" "Go-http-client/1.1"
57.129.16.41 - - [03/Sep/2026:15:21:40 +0000] "HEAD /wp-content/themes/twentytwentyfive/assets/fonts/literata/Literata72pt-Light.woff2 HTTP/1.1" 200 - "-" "Go-http-client/1.1"
206.81.24.227 - - [03/Sep/2026:15:21:40 +0000] "POST /api/graphql HTTP/1.1" 404 - "-" "Mozilla/5.0 (l9scan/2.0.1343e25363e2839313e2935313; +https://leakix.net)"
57.129.16.41 - - [03/Sep/2026:15:21:40 +0000] "GET /wp-content/themes/twentytwentyfive/assets/fonts/literata/Literata72pt-RegularItalic.woff2 HTTP/1.1" 200 94775 "-" "Go-http-client/1.1"
57.129.16.41 - - [03/Sep/2026:15:21:40 +0000] "GET /wp-content/themes/twentytwentyfive/assets/fonts/literata/Literata72pt-Light.woff2 HTTP/1.1" 200 106453 "-" "Go-http-client/1.1"
147.182.149.75 - - [03/Sep/2026:15:21:40 +0000] "GET /telescope/requests HTTP/1.1" 404 - "-" "Mozilla/5.0 (l9scan/2.0.1343e25363e2839313e2935313; +https://leakix.net)"
57.129.16.41 - - [03/Sep/2026:15:21:40 +0000] "HEAD /wp-content/themes/twentytwentyfive/assets/fonts/literata/Literata72pt-SemiBold.woff2 HTTP/1.1" 200 - "-" "Go-http-client/1.1"
57.129.16.41 - - [03/Sep/2026:15:21:40 +0000] "HEAD /wp-content/themes/twentytwentyfive/assets/fonts/literata/Literata72pt-LightItalic.woff2 HTTP/1.1" 200 - "-" "Go-http-client/1.1"
147.182.149.75 - - [03/Sep/2026:15:21:40 +0000] "GET /info.php HTTP/1.1" 404 - "-" "Mozilla/5.0 (l9scan/2.0.1343e25363e2839313e2935313; +https://leakix.net)"
57.129.16.41 - - [03/Sep/2026:15:21:40 +0000] "GET /wp-content/themes/twentytwentyfive/assets/fonts/literata/Literata72pt-LightItalic.woff2 HTTP/1.1" 200 103574 "-" "Go-http-client/1.1"
57.129.16.41 - - [03/Sep/2026:15:21:40 +0000] "GET /wp-content/themes/twentytwentyfive/assets/fonts/literata/Literata72pt-SemiBold.woff2 HTTP/1.1" 200 105747 "-" "Go-http-client/1.1"
206.81.24.227 - - [03/Sep/2026:15:21:40 +0000] "POST /graphql/api HTTP/1.1" 404 - "-" "Mozilla/5.0 (l9scan/2.0.1343e25363e2839313e2935313; +https://leakix.net)"
57.129.16.41 - - [03/Sep/2026:15:21:41 +0000] "HEAD /wp-content/themes/twentytwentyfive/assets/fonts/literata/Literata72pt-Medium.woff2 HTTP/1.1" 200 - "-" "Go-http-client/1.1"
57.129.16.41 - - [03/Sep/2026:15:21:41 +0000] "HEAD /wp-content/themes/twentytwentyfive/assets/fonts/literata/Literata72pt-SemiBoldItalic.woff2 HTTP/1.1" 200 - "-" "Go-http-client/1.1"
57.129.16.41 - - [03/Sep/2026:15:21:41 +0000] "GET /wp-content/themes/twentytwentyfive/assets/fonts/manrope/ HTTP/1.1" 200 428 "-" "Go-http-client/1.1"
57.129.16.41 - - [03/Sep/2026:15:21:41 +0000] "GET /wp-content/themes/twentytwentyfive/assets/fonts/literata/Literata72pt-Medium.woff2 HTTP/1.1" 200 104769 "-" "Go-http-client/1.1"
57.129.16.41 - - [03/Sep/2026:15:21:41 +0000] "GET /wp-content/themes/twentytwentyfive/assets/fonts/literata/Literata72pt-SemiBoldItalic.woff2 HTTP/1.1" 200 107660 "-" "Go-http-client/1.1"
206.81.24.227 - - [03/Sep/2026:15:21:41 +0000] "POST /api/gql HTTP/1.1" 404 - "-" "Mozilla/5.0 (l9scan/2.0.1343e25363e2839313e2935313; +https://leakix.net)"
57.129.16.41 - - [03/Sep/2026:15:21:41 +0000] "HEAD /wp-content/themes/twentytwentyfive/assets/fonts/manrope/Manrope-VariableFont_wght.woff2 HTTP/1.1" 200 - "-" "Go-http-client/1.1"
57.129.16.41 - - [03/Sep/2026:15:21:41 +0000] "GET /wp-content/themes/twentytwentyfive/assets/fonts/platypi/ HTTP/1.1" 200 445 "-" "Go-http-client/1.1"
57.129.16.41 - - [03/Sep/2026:15:21:41 +0000] "HEAD /wp-content/themes/twentytwentyfive/assets/fonts/literata/Literata72pt-MediumItalic.woff2 HTTP/1.1" 200 - "-" "Go-http-client/1.1"
147.182.149.75 - - [03/Sep/2026:15:21:41 +0000] "GET /actuator/env HTTP/1.1" 404 - "-" "Mozilla/5.0 (l9scan/2.0.1343e25363e2839313e2935313; +https://leakix.net)"
57.129.16.41 - - [03/Sep/2026:15:21:41 +0000] "GET /wp-content/themes/twentytwentyfive/assets/fonts/literata/Literata72pt-MediumItalic.woff2 HTTP/1.1" 200 106492 "-" "Go-http-client/1.1"
57.129.16.41 - - [03/Sep/2026:15:21:41 +0000] "GET /wp-content/themes/twentytwentyfive/assets/fonts/manrope/Manrope-VariableFont_wght.woff2 HTTP/1.1" 200 53577 "-" "Go-http-client/1.1"
206.81.24.227 - - [03/Sep/2026:15:21:41 +0000] "GET /s/1343e25363e2839313e2935313/_/;/META-INF/maven/com.atlassian.jira/jira-webapp-dist/pom.properties HTTP/1.1" 404 - "-" "Mozilla/5.0 (l9scan/2.0.1343e25363e2839313e2935313; +https://leakix.net)"
57.129.16.41 - - [03/Sep/2026:15:21:42 +0000] "HEAD /wp-content/themes/twentytwentyfive/assets/fonts/literata/Literata72pt-Regular.woff2 HTTP/1.1" 200 - "-" "Go-http-client/1.1"
57.129.16.41 - - [03/Sep/2026:15:21:42 +0000] "HEAD /wp-content/themes/twentytwentyfive/assets/fonts/platypi/Platypi-Italic-VariableFont_wght.woff2 HTTP/1.1" 200 - "-" "Go-http-client/1.1"
57.129.16.41 - - [03/Sep/2026:15:21:42 +0000] "GET /wp-content/themes/twentytwentyfive/assets/fonts/literata/Literata72pt-Regular.woff2 HTTP/1.1" 200 93524 "-" "Go-http-client/1.1"
57.129.16.41 - - [03/Sep/2026:15:21:42 +0000] "GET /wp-content/themes/twentytwentyfive/assets/fonts/platypi/Platypi-Italic-VariableFont_wght.woff2 HTTP/1.1" 200 71801 "-" "Go-http-client/1.1"
57.129.16.41 - - [03/Sep/2026:15:21:42 +0000] "HEAD /wp-content/themes/twentytwentyfive/assets/fonts/literata/Literata72pt-RegularItalic.woff2 HTTP/1.1" 200 - "-" "Go-http-client/1.1"
57.129.16.41 - - [03/Sep/2026:15:21:42 +0000] "GET /wp-content/themes/twentytwentyfive/assets/fonts/roboto-slab/ HTTP/1.1" 200 434 "-" "Go-http-client/1.1"
57.129.16.41 - - [03/Sep/2026:15:21:42 +0000] "HEAD /wp-content/themes/twentytwentyfive/assets/fonts/platypi/Platypi-VariableFont_wght.woff2 HTTP/1.1" 200 - "-" "Go-http-client/1.1"
57.129.16.41 - - [03/Sep/2026:15:21:42 +0000] "GET /wp-content/themes/twentytwentyfive/assets/fonts/literata/Literata72pt-RegularItalic.woff2 HTTP/1.1" 200 94775 "-" "Go-http-client/1.1"
57.129.16.41 - - [03/Sep/2026:15:21:42 +0000] "GET /wp-content/themes/twentytwentyfive/assets/fonts/platypi/Platypi-VariableFont_wght.woff2 HTTP/1.1" 200 71161 "-" "Go-http-client/1.1"
206.81.24.227 - - [03/Sep/2026:15:21:42 +0000] "GET /config.json HTTP/1.1" 404 - "-" "Mozilla/5.0 (l9scan/2.0.1343e25363e2839313e2935313; +https://leakix.net)"
57.129.16.41 - - [03/Sep/2026:15:21:42 +0000] "HEAD /wp-content/themes/twentytwentyfive/assets/fonts/literata/Literata72pt-SemiBold.woff2 HTTP/1.1" 200 - "-" "Go-http-client/1.1"
57.129.16.41 - - [03/Sep/2026:15:21:42 +0000] "HEAD /wp-content/themes/twentytwentyfive/assets/fonts/roboto-slab/RobotoSlab-VariableFont_wght.woff2 HTTP/1.1" 200 - "-" "Go-http-client/1.1"
57.129.16.41 - - [03/Sep/2026:15:21:42 +0000] "GET /wp-content/themes/twentytwentyfive/assets/fonts/vollkorn/ HTTP/1.1" 200 447 "-" "Go-http-client/1.1"
57.129.16.41 - - [03/Sep/2026:15:21:43 +0000] "GET /wp-content/themes/twentytwentyfive/assets/fonts/literata/Literata72pt-SemiBold.woff2 HTTP/1.1" 200 105747 "-" "Go-http-client/1.1"
57.129.16.41 - - [03/Sep/2026:15:21:43 +0000] "GET /wp-content/themes/twentytwentyfive/assets/fonts/roboto-slab/RobotoSlab-VariableFont_wght.woff2 HTTP/1.1" 200 115627 "-" "Go-http-client/1.1"
57.129.16.41 - - [03/Sep/2026:15:21:43 +0000] "HEAD /wp-content/themes/twentytwentyfive/assets/fonts/literata/Literata72pt-SemiBoldItalic.woff2 HTTP/1.1" 200 - "-" "Go-http-client/1.1"
57.129.16.41 - - [03/Sep/2026:15:21:43 +0000] "GET /wp-content/themes/twentytwentyfive/assets/fonts/manrope/ HTTP/1.1" 200 428 "-" "Go-http-client/1.1"
57.129.16.41 - - [03/Sep/2026:15:21:43 +0000] "HEAD /wp-content/themes/twentytwentyfive/assets/fonts/vollkorn/Vollkorn-Italic-VariableFont_wght.woff2 HTTP/1.1" 200 - "-" "Go-http-client/1.1"
57.129.16.41 - - [03/Sep/2026:15:21:43 +0000] "GET /wp-content/themes/twentytwentyfive/assets/fonts/literata/Literata72pt-SemiBoldItalic.woff2 HTTP/1.1" 200 107660 "-" "Go-http-client/1.1"
57.129.16.41 - - [03/Sep/2026:15:21:43 +0000] "GET /wp-content/themes/twentytwentyfive/assets/fonts/vollkorn/Vollkorn-Italic-VariableFont_wght.woff2 HTTP/1.1" 200 162786 "-" "Go-http-client/1.1"
147.182.149.75 - - [03/Sep/2026:15:21:43 +0000] "GET /trace.axd HTTP/1.1" 404 - "-" "Mozilla/5.0 (l9scan/2.0.1343e25363e2839313e2935313; +https://leakix.net)"
57.129.16.41 - - [03/Sep/2026:15:21:43 +0000] "HEAD /wp-content/themes/twentytwentyfive/assets/fonts/vollkorn/Vollkorn-VariableFont_wght.woff2 HTTP/1.1" 200 - "-" "Go-http-client/1.1"
57.129.16.41 - - [03/Sep/2026:15:21:43 +0000] "GET /wp-content/themes/twentytwentyfive/assets/fonts/ysabeau-office/ HTTP/1.1" 200 455 "-" "Go-http-client/1.1"
147.182.149.75 - - [03/Sep/2026:15:21:44 +0000] "GET /@vite/env HTTP/1.1" 404 - "-" "Mozilla/5.0 (l9scan/2.0.1343e25363e2839313e2935313; +https://leakix.net)"
57.129.16.41 - - [03/Sep/2026:15:21:44 +0000] "GET /wp-content/themes/twentytwentyfive/assets/fonts/vollkorn/Vollkorn-VariableFont_wght.woff2 HTTP/1.1" 200 193738 "-" "Go-http-client/1.1"
57.129.16.41 - - [03/Sep/2026:15:21:44 +0000] "HEAD /wp-content/themes/twentytwentyfive/assets/fonts/manrope/Manrope-VariableFont_wght.woff2 HTTP/1.1" 200 - "-" "Go-http-client/1.1"
57.129.16.41 - - [03/Sep/2026:15:21:44 +0000] "GET /wp-content/themes/twentytwentyfive/assets/fonts/platypi/ HTTP/1.1" 200 445 "-" "Go-http-client/1.1"
57.129.16.41 - - [03/Sep/2026:15:21:44 +0000] "HEAD /wp-content/themes/twentytwentyfive/assets/fonts/ysabeau-office/YsabeauOffice-Italic-VariableFont_wght.woff2 HTTP/1.1" 200 - "-" "Go-http-client/1.1"
57.129.16.41 - - [03/Sep/2026:15:21:44 +0000] "GET /wp-content/themes/twentytwentyfive/assets/fonts/manrope/Manrope-VariableFont_wght.woff2 HTTP/1.1" 200 53577 "-" "Go-http-client/1.1"
57.129.16.41 - - [03/Sep/2026:15:21:44 +0000] "GET /wp-content/themes/twentytwentyfive/assets/fonts/ysabeau-office/YsabeauOffice-Italic-VariableFont_wght.woff2 HTTP/1.1" 200 132635 "-" "Go-http-client/1.1"
57.129.16.41 - - [03/Sep/2026:15:21:44 +0000] "HEAD /wp-content/themes/twentytwentyfive/assets/fonts/platypi/Platypi-Italic-VariableFont_wght.woff2 HTTP/1.1" 200 - "-" "Go-http-client/1.1"
57.129.16.41 - - [03/Sep/2026:15:21:44 +0000] "HEAD /wp-content/themes/twentytwentyfive/assets/fonts/ysabeau-office/YsabeauOffice-VariableFont_wght.woff2 HTTP/1.1" 200 - "-" "Go-http-client/1.1"
57.129.16.41 - - [03/Sep/2026:15:21:44 +0000] "GET /wp-content/themes/twentytwentyfive/assets/images/ HTTP/1.1" 200 1089 "-" "Go-http-client/1.1"
57.129.16.41 - - [03/Sep/2026:15:21:44 +0000] "GET /wp-content/themes/twentytwentyfive/assets/fonts/platypi/Platypi-Italic-VariableFont_wght.woff2 HTTP/1.1" 200 71801 "-" "Go-http-client/1.1"
206.81.24.227 - - [03/Sep/2026:15:21:44 +0000] "GET /telescope/requests HTTP/1.1" 404 - "-" "Mozilla/5.0 (l9scan/2.0.1343e25363e2839313e2935313; +https://leakix.net)"
57.129.16.41 - - [03/Sep/2026:15:21:44 +0000] "GET /wp-content/themes/twentytwentyfive/assets/fonts/ysabeau-office/YsabeauOffice-VariableFont_wght.woff2 HTTP/1.1" 200 166976 "-" "Go-http-client/1.1"
147.182.149.75 - - [03/Sep/2026:15:21:45 +0000] "GET /.vscode/sftp.json HTTP/1.1" 404 - "-" "Mozilla/5.0 (l9scan/2.0.1343e25363e2839313e2935313; +https://leakix.net)"
57.129.16.41 - - [03/Sep/2026:15:21:45 +0000] "HEAD /wp-content/themes/twentytwentyfive/assets/fonts/platypi/Platypi-VariableFont_wght.woff2 HTTP/1.1" 200 - "-" "Go-http-client/1.1"
57.129.16.41 - - [03/Sep/2026:15:21:45 +0000] "GET /wp-content/themes/twentytwentyfive/assets/fonts/roboto-slab/ HTTP/1.1" 200 434 "-" "Go-http-client/1.1"
57.129.16.41 - - [03/Sep/2026:15:21:45 +0000] "HEAD /wp-content/themes/twentytwentyfive/assets/images/404-image.webp HTTP/1.1" 200 - "-" "Go-http-client/1.1"
57.129.16.41 - - [03/Sep/2026:15:21:45 +0000] "GET /wp-content/themes/twentytwentyfive/assets/fonts/platypi/Platypi-VariableFont_wght.woff2 HTTP/1.1" 200 71161 "-" "Go-http-client/1.1"
57.129.16.41 - - [03/Sep/2026:15:21:45 +0000] "GET /wp-content/themes/twentytwentyfive/assets/images/404-image.webp HTTP/1.1" 200 130008 "-" "Go-http-client/1.1"
206.81.24.227 - - [03/Sep/2026:15:21:45 +0000] "GET /info.php HTTP/1.1" 404 - "-" "Mozilla/5.0 (l9scan/2.0.1343e25363e2839313e2935313; +https://leakix.net)"
57.129.16.41 - - [03/Sep/2026:15:21:45 +0000] "HEAD /wp-content/themes/twentytwentyfive/assets/fonts/roboto-slab/RobotoSlab-VariableFont_wght.woff2 HTTP/1.1" 200 - "-" "Go-http-client/1.1"
57.129.16.41 - - [03/Sep/2026:15:21:45 +0000] "GET /wp-content/themes/twentytwentyfive/assets/fonts/vollkorn/ HTTP/1.1" 200 447 "-" "Go-http-client/1.1"
57.129.16.41 - - [03/Sep/2026:15:21:45 +0000] "GET /wp-content/themes/twentytwentyfive/assets/fonts/roboto-slab/RobotoSlab-VariableFont_wght.woff2 HTTP/1.1" 200 115627 "-" "Go-http-client/1.1"
57.129.16.41 - - [03/Sep/2026:15:21:45 +0000] "HEAD /wp-content/themes/twentytwentyfive/assets/images/agenda-img-4.webp HTTP/1.1" 200 - "-" "Go-http-client/1.1"
57.129.16.41 - - [03/Sep/2026:15:21:45 +0000] "GET /wp-content/themes/twentytwentyfive/assets/images/agenda-img-4.webp HTTP/1.1" 200 14565 "-" "Go-http-client/1.1"
57.129.16.41 - - [03/Sep/2026:15:21:45 +0000] "HEAD /wp-content/themes/twentytwentyfive/assets/fonts/vollkorn/Vollkorn-Italic-VariableFont_wght.woff2 HTTP/1.1" 200 - "-" "Go-http-client/1.1"
147.182.149.75 - - [03/Sep/2026:15:21:46 +0000] "OPTIONS / HTTP/1.1" 200 - "-" "Mozilla/5.0 (l9scan/2.0.1343e25363e2839313e2935313; +https://leakix.net)"
57.129.16.41 - - [03/Sep/2026:15:21:46 +0000] "GET /wp-content/themes/twentytwentyfive/assets/fonts/vollkorn/Vollkorn-Italic-VariableFont_wght.woff2 HTTP/1.1" 200 162786 "-" "Go-http-client/1.1"
57.129.16.41 - - [03/Sep/2026:15:21:46 +0000] "HEAD /wp-content/themes/twentytwentyfive/assets/images/akaka-falls-state-park-flora.webp HTTP/1.1" 200 - "-" "Go-http-client/1.1"
57.129.16.41 - - [03/Sep/2026:15:21:46 +0000] "GET /wp-content/themes/twentytwentyfive/assets/images/akaka-falls-state-park-flora.webp HTTP/1.1" 200 6139 "-" "Go-http-client/1.1"
57.129.16.41 - - [03/Sep/2026:15:21:46 +0000] "GET /wp-content/themes/twentytwentyfive/assets/fonts/ysabeau-office/ HTTP/1.1" 200 455 "-" "Go-http-client/1.1"
206.81.24.227 - - [03/Sep/2026:15:21:46 +0000] "GET /actuator/env HTTP/1.1" 404 - "-" "Mozilla/5.0 (l9scan/2.0.1343e25363e2839313e2935313; +https://leakix.net)"
57.129.16.41 - - [03/Sep/2026:15:21:46 +0000] "HEAD /wp-content/themes/twentytwentyfive/assets/fonts/vollkorn/Vollkorn-VariableFont_wght.woff2 HTTP/1.1" 200 - "-" "Go-http-client/1.1"
57.129.16.41 - - [03/Sep/2026:15:21:46 +0000] "GET /wp-content/themes/twentytwentyfive/assets/fonts/vollkorn/Vollkorn-VariableFont_wght.woff2 HTTP/1.1" 200 193738 "-" "Go-http-client/1.1"
57.129.16.41 - - [03/Sep/2026:15:21:46 +0000] "HEAD /wp-content/themes/twentytwentyfive/assets/images/book-image-landing.webp HTTP/1.1" 200 - "-" "Go-http-client/1.1"
57.129.16.41 - - [03/Sep/2026:15:21:46 +0000] "GET /wp-content/themes/twentytwentyfive/assets/images/book-image-landing.webp HTTP/1.1" 200 17130 "-" "Go-http-client/1.1"
57.129.16.41 - - [03/Sep/2026:15:21:47 +0000] "HEAD /wp-content/themes/twentytwentyfive/assets/fonts/ysabeau-office/YsabeauOffice-Italic-VariableFont_wght.woff2 HTTP/1.1" 200 - "-" "Go-http-client/1.1"
57.129.16.41 - - [03/Sep/2026:15:21:47 +0000] "HEAD /wp-content/themes/twentytwentyfive/assets/images/book-image.webp HTTP/1.1" 200 - "-" "Go-http-client/1.1"
57.129.16.41 - - [03/Sep/2026:15:21:47 +0000] "GET /wp-content/themes/twentytwentyfive/assets/fonts/ysabeau-office/YsabeauOffice-Italic-VariableFont_wght.woff2 HTTP/1.1" 200 132635 "-" "Go-http-client/1.1"
57.129.16.41 - - [03/Sep/2026:15:21:47 +0000] "GET /wp-content/themes/twentytwentyfive/assets/images/book-image.webp HTTP/1.1" 200 20612 "-" "Go-http-client/1.1"
57.129.16.41 - - [03/Sep/2026:15:21:47 +0000] "HEAD /wp-content/themes/twentytwentyfive/assets/fonts/ysabeau-office/YsabeauOffice-VariableFont_wght.woff2 HTTP/1.1" 200 - "-" "Go-http-client/1.1"
57.129.16.41 - - [03/Sep/2026:15:21:47 +0000] "GET /wp-content/themes/twentytwentyfive/assets/images/ HTTP/1.1" 200 1089 "-" "Go-http-client/1.1"
57.129.16.41 - - [03/Sep/2026:15:21:47 +0000] "GET /wp-content/themes/twentytwentyfive/assets/fonts/ysabeau-office/YsabeauOffice-VariableFont_wght.woff2 HTTP/1.1" 200 166976 "-" "Go-http-client/1.1"
57.129.16.41 - - [03/Sep/2026:15:21:47 +0000] "HEAD /wp-content/themes/twentytwentyfive/assets/images/botany-flowers-closeup.webp HTTP/1.1" 200 - "-" "Go-http-client/1.1"
57.129.16.41 - - [03/Sep/2026:15:21:47 +0000] "GET /wp-content/themes/twentytwentyfive/assets/images/botany-flowers-closeup.webp HTTP/1.1" 200 60204 "-" "Go-http-client/1.1"
57.129.16.41 - - [03/Sep/2026:15:21:47 +0000] "HEAD /wp-content/themes/twentytwentyfive/assets/images/404-image.webp HTTP/1.1" 200 - "-" "Go-http-client/1.1"
147.182.149.75 - - [03/Sep/2026:15:21:48 +0000] "POST /?rest_route=/batch/v1 HTTP/1.1" 404 - "-" "Mozilla/5.0 (l9scan/2.0.1343e25363e2839313e2935313; +https://leakix.net)"
57.129.16.41 - - [03/Sep/2026:15:21:48 +0000] "HEAD /wp-content/themes/twentytwentyfive/assets/images/botany-flowers.webp HTTP/1.1" 200 - "-" "Go-http-client/1.1"
57.129.16.41 - - [03/Sep/2026:15:21:48 +0000] "GET /wp-content/themes/twentytwentyfive/assets/images/404-image.webp HTTP/1.1" 200 130008 "-" "Go-http-client/1.1"
57.129.16.41 - - [03/Sep/2026:15:21:48 +0000] "GET /wp-content/themes/twentytwentyfive/assets/images/botany-flowers.webp HTTP/1.1" 200 99838 "-" "Go-http-client/1.1"
206.81.24.227 - - [03/Sep/2026:15:21:48 +0000] "GET /trace.axd HTTP/1.1" 404 - "-" "Mozilla/5.0 (l9scan/2.0.1343e25363e2839313e2935313; +https://leakix.net)"
57.129.16.41 - - [03/Sep/2026:15:21:48 +0000] "HEAD /wp-content/themes/twentytwentyfive/assets/images/agenda-img-4.webp HTTP/1.1" 200 - "-" "Go-http-client/1.1"
57.129.16.41 - - [03/Sep/2026:15:21:48 +0000] "HEAD /wp-content/themes/twentytwentyfive/assets/images/campanula-alliariifolia-flower.webp HTTP/1.1" 200 - "-" "Go-http-client/1.1"
57.129.16.41 - - [03/Sep/2026:15:21:48 +0000] "GET /wp-content/themes/twentytwentyfive/assets/images/agenda-img-4.webp HTTP/1.1" 200 14565 "-" "Go-http-client/1.1"
57.129.16.41 - - [03/Sep/2026:15:21:48 +0000] "GET /wp-content/themes/twentytwentyfive/assets/images/campanula-alliariifolia-flower.webp HTTP/1.1" 200 41918 "-" "Go-http-client/1.1"
57.129.16.41 - - [03/Sep/2026:15:21:48 +0000] "HEAD /wp-content/themes/twentytwentyfive/assets/images/akaka-falls-state-park-flora.webp HTTP/1.1" 200 - "-" "Go-http-client/1.1"
206.81.24.227 - - [03/Sep/2026:15:21:48 +0000] "GET /@vite/env HTTP/1.1" 404 - "-" "Mozilla/5.0 (l9scan/2.0.1343e25363e2839313e2935313; +https://leakix.net)"
147.182.149.75 - - [03/Sep/2026:15:21:49 +0000] "POST /?rest_route=/batch/v1 HTTP/1.1" 404 - "-" "Mozilla/5.0 (l9scan/2.0.1343e25363e2839313e2935313; +https://leakix.net)"
57.129.16.41 - - [03/Sep/2026:15:21:49 +0000] "GET /wp-content/themes/twentytwentyfive/assets/images/akaka-falls-state-park-flora.webp HTTP/1.1" 200 6139 "-" "Go-http-client/1.1"
57.129.16.41 - - [03/Sep/2026:15:21:49 +0000] "HEAD /wp-content/themes/twentytwentyfive/assets/images/category-anthuriums.webp HTTP/1.1" 200 - "-" "Go-http-client/1.1"
57.129.16.41 - - [03/Sep/2026:15:21:49 +0000] "GET /wp-content/themes/twentytwentyfive/assets/images/category-anthuriums.webp HTTP/1.1" 200 27495 "-" "Go-http-client/1.1"
57.129.16.41 - - [03/Sep/2026:15:21:49 +0000] "HEAD /wp-content/themes/twentytwentyfive/assets/images/book-image-landing.webp HTTP/1.1" 200 - "-" "Go-http-client/1.1"
57.129.16.41 - - [03/Sep/2026:15:21:49 +0000] "GET /wp-content/themes/twentytwentyfive/assets/images/book-image-landing.webp HTTP/1.1" 200 17130 "-" "Go-http-client/1.1"
57.129.16.41 - - [03/Sep/2026:15:21:49 +0000] "HEAD /wp-content/themes/twentytwentyfive/assets/images/category-cactus.webp HTTP/1.1" 200 - "-" "Go-http-client/1.1"
57.129.16.41 - - [03/Sep/2026:15:21:49 +0000] "GET /wp-content/themes/twentytwentyfive/assets/images/category-cactus.webp HTTP/1.1" 200 51906 "-" "Go-http-client/1.1"
57.129.16.41 - - [03/Sep/2026:15:21:49 +0000] "HEAD /wp-content/themes/twentytwentyfive/assets/images/book-image.webp HTTP/1.1" 200 - "-" "Go-http-client/1.1"
57.129.16.41 - - [03/Sep/2026:15:21:49 +0000] "GET /wp-content/themes/twentytwentyfive/assets/images/book-image.webp HTTP/1.1" 200 20612 "-" "Go-http-client/1.1"
206.81.24.227 - - [03/Sep/2026:15:21:49 +0000] "GET /.vscode/sftp.json HTTP/1.1" 404 - "-" "Mozilla/5.0 (l9scan/2.0.1343e25363e2839313e2935313; +https://leakix.net)"
