/var/log/apache2/domlogs/fortodpl
Edit: /var/log/apache2/domlogs/fortodpl/thecutediva.com.forthewardrobe.com-ssl_log (672536B)
160.30.213.185 - - [03/Sep/2026:12:05:46 +0000] "POST /xmlrpc.php HTTP/1.1" 404 - "-" "Jetpack by WordPress.com"
197.250.51.1 - - [03/Sep/2026:12:05:47 +0000] "POST /xmlrpc.php HTTP/1.1" 404 - "-" "Jetpack by WordPress.com"
197.250.51.1 - - [03/Sep/2026:12:05:56 +0000] "POST /xmlrpc.php HTTP/1.1" 404 - "-" "WordPress.com; https://wordpress.com"
160.30.213.185 - - [03/Sep/2026:12:05:57 +0000] "POST /xmlrpc.php HTTP/1.1" 404 - "-" "Jetpack/12.0; WordPress/6.4; http://site83561800.com"
197.250.51.1 - - [03/Sep/2026:12:06:05 +0000] "POST /xmlrpc.php HTTP/1.1" 404 - "-" "Jetpack/12.5; WordPress/6.3; http://site73913005.com"
160.30.213.185 - - [03/Sep/2026:12:06:08 +0000] "POST /xmlrpc.php HTTP/1.1" 404 - "-" "Jetpack by WordPress.com"
197.250.51.1 - - [03/Sep/2026:12:06:15 +0000] "POST /xmlrpc.php HTTP/1.1" 404 - "-" "Jetpack by WordPress.com"
160.30.213.185 - - [03/Sep/2026:12:06:18 +0000] "POST /xmlrpc.php HTTP/1.1" 404 - "-" "Jetpack by WordPress.com"
197.250.51.1 - - [03/Sep/2026:12:06:26 +0000] "POST /xmlrpc.php HTTP/1.1" 404 - "-" "Jetpack by WordPress.com"
160.30.213.185 - - [03/Sep/2026:12:06:29 +0000] "POST /xmlrpc.php HTTP/1.1" 404 - "-" "Jetpack/12.0; WordPress/6.1; http://site22208865.com"
197.250.51.1 - - [03/Sep/2026:12:06:36 +0000] "POST /xmlrpc.php HTTP/1.1" 404 - "-" "Jetpack/12.0; WordPress/6.3; http://site71153684.com"
160.30.213.185 - - [03/Sep/2026:12:06:40 +0000] "POST /xmlrpc.php HTTP/1.1" 404 - "-" "Jetpack/12.5; WordPress/6.4; http://site82197671.com"
197.250.51.1 - - [03/Sep/2026:12:06:47 +0000] "POST /xmlrpc.php HTTP/1.1" 404 - "-" "Jetpack by WordPress.com (Jetpack 12.1; WordPress 6.3)"
160.30.213.185 - - [03/Sep/2026:12:06:51 +0000] "POST /xmlrpc.php HTTP/1.1" 404 - "-" "Jetpack/12.1; WordPress/6.1; http://site72193682.com"
197.250.51.1 - - [03/Sep/2026:12:06:57 +0000] "POST /xmlrpc.php HTTP/1.1" 404 - "-" "WordPress.com; https://wordpress.com"
160.30.213.185 - - [03/Sep/2026:12:07:01 +0000] "POST /xmlrpc.php HTTP/1.1" 404 - "-" "Jetpack/12.5; WordPress/6.3; http://site89494367.com"
197.250.51.1 - - [03/Sep/2026:12:07:08 +0000] "POST /xmlrpc.php HTTP/1.1" 404 - "-" "WordPress.com; https://wordpress.com"
160.30.213.185 - - [03/Sep/2026:12:07:12 +0000] "POST /xmlrpc.php HTTP/1.1" 404 - "-" "Jetpack by WordPress.com"
197.250.51.1 - - [03/Sep/2026:12:07:18 +0000] "POST /xmlrpc.php HTTP/1.1" 404 - "-" "Jetpack/12.1; WordPress/6.1; http://site41625988.com"
160.30.213.185 - - [03/Sep/2026:12:07:23 +0000] "POST /xmlrpc.php HTTP/1.1" 404 - "-" "Jetpack by WordPress.com (Jetpack 12.5; WordPress 6.2)"
197.250.51.1 - - [03/Sep/2026:12:07:30 +0000] "POST /xmlrpc.php HTTP/1.1" 404 - "-" "Jetpack by WordPress.com"
160.30.213.185 - - [03/Sep/2026:12:07:34 +0000] "POST /xmlrpc.php HTTP/1.1" 404 - "-" "Jetpack by WordPress.com (Jetpack 12.0; WordPress 6.2)"
197.250.51.1 - - [03/Sep/2026:12:07:41 +0000] "POST /xmlrpc.php HTTP/1.1" 404 - "-" "Jetpack by WordPress.com"
160.30.213.185 - - [03/Sep/2026:12:07:44 +0000] "POST /xmlrpc.php HTTP/1.1" 404 - "-" "Jetpack/12.5; WordPress/6.2; http://site29106054.com"
197.250.51.1 - - [03/Sep/2026:12:07:54 +0000] "POST /xmlrpc.php HTTP/1.1" 404 - "-" "Jetpack by WordPress.com (Jetpack 13.0; WordPress 6.1)"
160.30.213.185 - - [03/Sep/2026:12:07:55 +0000] "POST /xmlrpc.php HTTP/1.1" 404 - "-" "Jetpack by WordPress.com"
197.250.51.1 - - [03/Sep/2026:12:08:04 +0000] "POST /xmlrpc.php HTTP/1.1" 404 - "-" "WordPress.com; https://wordpress.com"
160.30.213.185 - - [03/Sep/2026:12:08:06 +0000] "POST /xmlrpc.php HTTP/1.1" 404 - "-" "Jetpack/13.0; WordPress/6.1; http://site42719755.com"
197.250.51.1 - - [03/Sep/2026:12:08:15 +0000] "POST /xmlrpc.php HTTP/1.1" 404 - "-" "Jetpack by WordPress.com (Jetpack 12.0; WordPress 6.1)"
160.30.213.185 - - [03/Sep/2026:12:08:17 +0000] "POST /xmlrpc.php HTTP/1.1" 404 - "-" "Jetpack by WordPress.com"
197.250.51.1 - - [03/Sep/2026:12:08:26 +0000] "POST /xmlrpc.php HTTP/1.1" 404 - "-" "Jetpack by WordPress.com"
160.30.213.185 - - [03/Sep/2026:12:08:27 +0000] "POST /xmlrpc.php HTTP/1.1" 404 - "-" "WordPress.com; https://wordpress.com"
160.30.213.185 - - [03/Sep/2026:12:08:38 +0000] "POST /xmlrpc.php HTTP/1.1" 404 - "-" "Jetpack by WordPress.com (Jetpack 12.0; WordPress 6.4)"
197.250.51.1 - - [03/Sep/2026:12:08:38 +0000] "POST /xmlrpc.php HTTP/1.1" 404 - "-" "WordPress.com; https://wordpress.com"
160.30.213.185 - - [03/Sep/2026:12:08:50 +0000] "POST /xmlrpc.php HTTP/1.1" 404 - "-" "Jetpack by WordPress.com (Jetpack 12.0; WordPress 6.3)"
197.250.51.1 - - [03/Sep/2026:12:08:50 +0000] "POST /xmlrpc.php HTTP/1.1" 404 - "-" "Jetpack by WordPress.com (Jetpack 13.0; WordPress 6.3)"
197.250.51.1 - - [03/Sep/2026:12:09:01 +0000] "POST /xmlrpc.php HTTP/1.1" 404 - "-" "Jetpack by WordPress.com"
160.30.213.185 - - [03/Sep/2026:12:09:03 +0000] "POST /xmlrpc.php HTTP/1.1" 404 - "-" "WordPress.com; https://wordpress.com"
197.250.51.1 - - [03/Sep/2026:12:09:12 +0000] "POST /xmlrpc.php HTTP/1.1" 404 - "-" "Jetpack by WordPress.com (Jetpack 12.0; WordPress 6.3)"
160.30.213.185 - - [03/Sep/2026:12:09:12 +0000] "POST /xmlrpc.php HTTP/1.1" 404 - "-" "Jetpack/12.5; WordPress/6.1; http://site19957410.com"
197.250.51.1 - - [03/Sep/2026:12:09:23 +0000] "POST /xmlrpc.php HTTP/1.1" 404 - "-" "WordPress.com; https://wordpress.com"
160.30.213.185 - - [03/Sep/2026:12:09:25 +0000] "POST /xmlrpc.php HTTP/1.1" 404 - "-" "Jetpack/12.1; WordPress/6.2; http://site13914933.com"
197.250.51.1 - - [03/Sep/2026:12:09:35 +0000] "POST /xmlrpc.php HTTP/1.1" 404 - "-" "Jetpack/12.5; WordPress/6.4; http://site11833051.com"
160.30.213.185 - - [03/Sep/2026:12:09:35 +0000] "POST /xmlrpc.php HTTP/1.1" 404 - "-" "Jetpack by WordPress.com (Jetpack 12.1; WordPress 6.2)"
197.250.51.1 - - [03/Sep/2026:12:09:44 +0000] "POST /xmlrpc.php HTTP/1.1" 404 - "-" "WordPress.com; https://wordpress.com"
197.250.51.1 - - [03/Sep/2026:12:09:55 +0000] "POST /xmlrpc.php HTTP/1.1" 404 - "-" "Jetpack/12.0; WordPress/6.1; http://site96144807.com"
197.250.51.1 - - [03/Sep/2026:12:10:07 +0000] "POST /xmlrpc.php HTTP/1.1" 404 - "-" "Jetpack by WordPress.com (Jetpack 12.0; WordPress 6.2)"
197.250.51.1 - - [03/Sep/2026:12:10:16 +0000] "POST /xmlrpc.php HTTP/1.1" 404 - "-" "Jetpack/12.5; WordPress/6.1; http://site65388219.com"
197.250.51.1 - - [03/Sep/2026:12:10:27 +0000] "POST /xmlrpc.php HTTP/1.1" 404 - "-" "WordPress.com; https://wordpress.com"
197.250.51.1 - - [03/Sep/2026:12:10:38 +0000] "POST /xmlrpc.php HTTP/1.1" 404 - "-" "Jetpack by WordPress.com (Jetpack 13.0; WordPress 6.4)"
197.250.51.1 - - [03/Sep/2026:12:10:49 +0000] "POST /xmlrpc.php HTTP/1.1" 404 - "-" "Jetpack by WordPress.com (Jetpack 13.0; WordPress 6.3)"
197.250.51.1 - - [03/Sep/2026:12:11:01 +0000] "POST /xmlrpc.php HTTP/1.1" 404 - "-" "Jetpack by WordPress.com"
197.250.51.1 - - [03/Sep/2026:12:11:10 +0000] "POST /xmlrpc.php HTTP/1.1" 404 - "-" "WordPress.com; https://wordpress.com"
197.250.51.1 - - [03/Sep/2026:12:11:21 +0000] "POST /xmlrpc.php HTTP/1.1" 404 - "-" "Jetpack/12.1; WordPress/6.1; http://site68462081.com"
197.250.51.1 - - [03/Sep/2026:12:11:32 +0000] "POST /xmlrpc.php HTTP/1.1" 404 - "-" "Jetpack by WordPress.com (Jetpack 12.1; WordPress 6.4)"
197.250.51.1 - - [03/Sep/2026:12:11:43 +0000] "POST /xmlrpc.php HTTP/1.1" 404 - "-" "WordPress.com; https://wordpress.com"
197.250.51.1 - - [03/Sep/2026:12:11:53 +0000] "POST /xmlrpc.php HTTP/1.1" 404 - "-" "Jetpack by WordPress.com"
197.250.51.1 - - [03/Sep/2026:12:12:07 +0000] "POST /xmlrpc.php HTTP/1.1" 404 - "-" "Jetpack by WordPress.com"
197.250.51.1 - - [03/Sep/2026:12:12:14 +0000] "POST /xmlrpc.php HTTP/1.1" 404 - "-" "WordPress.com; https://wordpress.com"
197.250.51.1 - - [03/Sep/2026:12:12:25 +0000] "POST /xmlrpc.php HTTP/1.1" 404 - "-" "WordPress.com; https://wordpress.com"
197.250.51.1 - - [03/Sep/2026:12:12:36 +0000] "POST /xmlrpc.php HTTP/1.1" 404 - "-" "Jetpack by WordPress.com (Jetpack 12.5; WordPress 6.1)"
197.250.51.1 - - [03/Sep/2026:12:12:46 +0000] "POST /xmlrpc.php HTTP/1.1" 404 - "-" "Jetpack by WordPress.com"
197.250.51.1 - - [03/Sep/2026:12:12:57 +0000] "POST /xmlrpc.php HTTP/1.1" 404 - "-" "Jetpack/13.0; WordPress/6.4; http://site22957401.com"
197.250.51.1 - - [03/Sep/2026:12:13:09 +0000] "POST /xmlrpc.php HTTP/1.1" 404 - "-" "Jetpack by WordPress.com (Jetpack 13.0; WordPress 6.1)"
197.250.51.1 - - [03/Sep/2026:12:13:19 +0000] "POST /xmlrpc.php HTTP/1.1" 404 - "-" "Jetpack/12.5; WordPress/6.2; http://site91995960.com"
197.250.51.1 - - [03/Sep/2026:12:13:30 +0000] "POST /xmlrpc.php HTTP/1.1" 404 - "-" "WordPress.com; https://wordpress.com"
197.250.51.1 - - [03/Sep/2026:12:13:40 +0000] "POST /xmlrpc.php HTTP/1.1" 404 - "-" "Jetpack/12.0; WordPress/6.2; http://site83672298.com"
197.250.51.1 - - [03/Sep/2026:12:13:52 +0000] "POST /xmlrpc.php HTTP/1.1" 404 - "-" "WordPress.com; https://wordpress.com"
197.250.51.1 - - [03/Sep/2026:12:14:02 +0000] "POST /xmlrpc.php HTTP/1.1" 404 - "-" "Jetpack by WordPress.com"
197.250.51.1 - - [03/Sep/2026:12:14:14 +0000] "POST /xmlrpc.php HTTP/1.1" 404 - "-" "Jetpack by WordPress.com"
197.250.51.1 - - [03/Sep/2026:12:14:25 +0000] "POST /xmlrpc.php HTTP/1.1" 404 - "-" "WordPress.com; https://wordpress.com"
197.250.51.1 - - [03/Sep/2026:12:14:35 +0000] "POST /xmlrpc.php HTTP/1.1" 404 - "-" "Jetpack/12.5; WordPress/6.2; http://site98813786.com"
197.250.51.1 - - [03/Sep/2026:12:14:46 +0000] "POST /xmlrpc.php HTTP/1.1" 404 - "-" "Jetpack by WordPress.com"
197.250.51.1 - - [03/Sep/2026:12:14:57 +0000] "POST /xmlrpc.php HTTP/1.1" 404 - "-" "WordPress.com; https://wordpress.com"
197.250.51.1 - - [03/Sep/2026:12:15:08 +0000] "POST /xmlrpc.php HTTP/1.1" 404 - "-" "Jetpack by WordPress.com"
197.250.51.1 - - [03/Sep/2026:12:15:20 +0000] "POST /xmlrpc.php HTTP/1.1" 404 - "-" "WordPress.com; https://wordpress.com"
197.250.51.1 - - [03/Sep/2026:12:15:31 +0000] "POST /xmlrpc.php HTTP/1.1" 404 - "-" "Jetpack by WordPress.com (Jetpack 12.1; WordPress 6.4)"
197.250.51.1 - - [03/Sep/2026:12:15:40 +0000] "POST /xmlrpc.php HTTP/1.1" 404 - "-" "Jetpack by WordPress.com (Jetpack 12.5; WordPress 6.3)"
197.250.51.1 - - [03/Sep/2026:12:15:50 +0000] "POST /xmlrpc.php HTTP/1.1" 404 - "-" "Jetpack by WordPress.com"
197.250.51.1 - - [03/Sep/2026:12:16:03 +0000] "POST /xmlrpc.php HTTP/1.1" 404 - "-" "WordPress.com; https://wordpress.com"
197.250.51.1 - - [03/Sep/2026:12:16:11 +0000] "POST /xmlrpc.php HTTP/1.1" 404 - "-" "Jetpack/12.5; WordPress/6.4; http://site54285949.com"
197.250.51.1 - - [03/Sep/2026:12:16:22 +0000] "POST /xmlrpc.php HTTP/1.1" 404 - "-" "Jetpack by WordPress.com (Jetpack 13.0; WordPress 6.3)"
197.250.51.1 - - [03/Sep/2026:12:16:34 +0000] "POST /xmlrpc.php HTTP/1.1" 404 - "-" "Jetpack by WordPress.com (Jetpack 13.0; WordPress 6.4)"
197.250.51.1 - - [03/Sep/2026:12:16:44 +0000] "POST /xmlrpc.php HTTP/1.1" 404 - "-" "WordPress.com; https://wordpress.com"
197.250.51.1 - - [03/Sep/2026:12:16:55 +0000] "POST /xmlrpc.php HTTP/1.1" 404 - "-" "Jetpack by WordPress.com (Jetpack 12.0; WordPress 6.3)"
197.250.51.1 - - [03/Sep/2026:12:17:06 +0000] "POST /xmlrpc.php HTTP/1.1" 404 - "-" "Jetpack by WordPress.com"
197.250.51.1 - - [03/Sep/2026:12:17:16 +0000] "POST /xmlrpc.php HTTP/1.1" 404 - "-" "Jetpack by WordPress.com"
209.141.37.250 - - [03/Sep/2026:12:17:24 +0000] "GET /wp-login.php HTTP/1.1" 404 - "-" "Mozilla/5.0 (Macintosh; Intel Mac OS X 10_9_4) AppleWebKit/537.78.2 (KHTML, like Gecko) Version/7.0.6 Safari/537.78.2"
197.250.51.1 - - [03/Sep/2026:12:17:27 +0000] "POST /xmlrpc.php HTTP/1.1" 404 - "-" "WordPress.com; https://wordpress.com"
197.250.51.1 - - [03/Sep/2026:12:17:38 +0000] "POST /xmlrpc.php HTTP/1.1" 404 - "-" "Jetpack/12.1; WordPress/6.2; http://site41973931.com"
197.250.51.1 - - [03/Sep/2026:12:17:48 +0000] "POST /xmlrpc.php HTTP/1.1" 404 - "-" "Jetpack by WordPress.com (Jetpack 12.5; WordPress 6.2)"
197.250.51.1 - - [03/Sep/2026:12:18:11 +0000] "POST /xmlrpc.php HTTP/1.1" 404 - "-" "WordPress.com; https://wordpress.com"
197.250.51.1 - - [03/Sep/2026:12:18:21 +0000] "POST /xmlrpc.php HTTP/1.1" 404 - "-" "Jetpack/12.0; WordPress/6.2; http://site67339067.com"
197.250.51.1 - - [03/Sep/2026:12:18:31 +0000] "POST /xmlrpc.php HTTP/1.1" 404 - "-" "WordPress.com; https://wordpress.com"
197.250.51.1 - - [03/Sep/2026:12:18:47 +0000] "POST /xmlrpc.php HTTP/1.1" 404 - "-" "Jetpack by WordPress.com"
197.250.51.1 - - [03/Sep/2026:12:18:51 +0000] "POST /xmlrpc.php HTTP/1.1" 404 - "-" "Jetpack/12.0; WordPress/6.3; http://site37016122.com"
197.250.51.1 - - [03/Sep/2026:12:19:03 +0000] "POST /xmlrpc.php HTTP/1.1" 404 - "-" "Jetpack by WordPress.com (Jetpack 12.5; WordPress 6.3)"
197.250.51.1 - - [03/Sep/2026:12:19:14 +0000] "POST /xmlrpc.php HTTP/1.1" 404 - "-" "Jetpack/13.0; WordPress/6.3; http://site24045614.com"
197.250.51.1 - - [03/Sep/2026:12:19:25 +0000] "POST /xmlrpc.php HTTP/1.1" 404 - "-" "Jetpack by WordPress.com"
197.250.51.1 - - [03/Sep/2026:12:19:36 +0000] "POST /xmlrpc.php HTTP/1.1" 404 - "-" "WordPress.com; https://wordpress.com"
197.250.51.1 - - [03/Sep/2026:12:19:48 +0000] "POST /xmlrpc.php HTTP/1.1" 404 - "-" "Jetpack by WordPress.com"
197.250.51.1 - - [03/Sep/2026:12:19:57 +0000] "POST /xmlrpc.php HTTP/1.1" 404 - "-" "Jetpack by WordPress.com"
197.250.51.1 - - [03/Sep/2026:12:20:08 +0000] "POST /xmlrpc.php HTTP/1.1" 404 - "-" "Jetpack by WordPress.com"
197.250.51.1 - - [03/Sep/2026:12:20:19 +0000] "POST /xmlrpc.php HTTP/1.1" 404 - "-" "Jetpack/12.5; WordPress/6.4; http://site64068558.com"
45.61.187.30 - - [03/Sep/2026:12:20:28 +0000] "GET /wp-login.php HTTP/1.1" 404 - "-" "Mozilla/5.0 (Linux; Android 14; SM-G998B) AppleWebKit/537.36 (KHTML, like Gecko) Chrome/121.0.0.0 Mobile Safari/537.36"
197.250.51.1 - - [03/Sep/2026:12:20:30 +0000] "POST /xmlrpc.php HTTP/1.1" 404 - "-" "Jetpack/12.1; WordPress/6.4; http://site68757201.com"
197.250.51.1 - - [03/Sep/2026:12:20:40 +0000] "POST /xmlrpc.php HTTP/1.1" 404 - "-" "Jetpack by WordPress.com"
197.250.51.1 - - [03/Sep/2026:12:20:51 +0000] "POST /xmlrpc.php HTTP/1.1" 404 - "-" "Jetpack by WordPress.com"
197.250.51.1 - - [03/Sep/2026:12:21:02 +0000] "POST /xmlrpc.php HTTP/1.1" 404 - "-" "WordPress.com; https://wordpress.com"
197.250.51.1 - - [03/Sep/2026:12:21:13 +0000] "POST /xmlrpc.php HTTP/1.1" 404 - "-" "WordPress.com; https://wordpress.com"
197.250.51.1 - - [03/Sep/2026:12:21:23 +0000] "POST /xmlrpc.php HTTP/1.1" 404 - "-" "WordPress.com; https://wordpress.com"
197.250.51.1 - - [03/Sep/2026:12:21:35 +0000] "POST /xmlrpc.php HTTP/1.1" 404 - "-" "WordPress.com; https://wordpress.com"
197.250.51.1 - - [03/Sep/2026:12:21:44 +0000] "POST /xmlrpc.php HTTP/1.1" 404 - "-" "Jetpack by WordPress.com (Jetpack 12.1; WordPress 6.4)"
197.250.51.1 - - [03/Sep/2026:12:21:55 +0000] "POST /xmlrpc.php HTTP/1.1" 404 - "-" "Jetpack by WordPress.com"
197.250.51.1 - - [03/Sep/2026:12:22:06 +0000] "POST /xmlrpc.php HTTP/1.1" 404 - "-" "WordPress.com; https://wordpress.com"
197.250.51.1 - - [03/Sep/2026:12:22:19 +0000] "POST /xmlrpc.php HTTP/1.1" 404 - "-" "Jetpack by WordPress.com (Jetpack 13.0; WordPress 6.1)"
197.250.51.1 - - [03/Sep/2026:12:22:29 +0000] "POST /xmlrpc.php HTTP/1.1" 404 - "-" "WordPress.com; https://wordpress.com"
197.250.51.1 - - [03/Sep/2026:12:22:39 +0000] "POST /xmlrpc.php HTTP/1.1" 404 - "-" "Jetpack/12.5; WordPress/6.3; http://site76178334.com"
197.250.51.1 - - [03/Sep/2026:12:22:50 +0000] "POST /xmlrpc.php HTTP/1.1" 404 - "-" "Jetpack by WordPress.com (Jetpack 12.1; WordPress 6.1)"
197.250.51.1 - - [03/Sep/2026:12:23:01 +0000] "POST /xmlrpc.php HTTP/1.1" 404 - "-" "WordPress.com; https://wordpress.com"
197.250.51.1 - - [03/Sep/2026:12:23:11 +0000] "POST /xmlrpc.php HTTP/1.1" 404 - "-" "Jetpack by WordPress.com (Jetpack 12.1; WordPress 6.3)"
197.250.51.1 - - [03/Sep/2026:12:23:22 +0000] "POST /xmlrpc.php HTTP/1.1" 404 - "-" "Jetpack by WordPress.com"
197.250.51.1 - - [03/Sep/2026:12:23:32 +0000] "POST /xmlrpc.php HTTP/1.1" 404 - "-" "Jetpack by WordPress.com"
197.250.51.1 - - [03/Sep/2026:12:23:43 +0000] "POST /xmlrpc.php HTTP/1.1" 404 - "-" "Jetpack by WordPress.com (Jetpack 12.0; WordPress 6.4)"
197.250.51.1 - - [03/Sep/2026:12:23:54 +0000] "POST /xmlrpc.php HTTP/1.1" 404 - "-" "WordPress.com; https://wordpress.com"
197.250.51.1 - - [03/Sep/2026:12:24:05 +0000] "POST /xmlrpc.php HTTP/1.1" 404 - "-" "Jetpack by WordPress.com"
197.250.51.1 - - [03/Sep/2026:12:24:16 +0000] "POST /xmlrpc.php HTTP/1.1" 404 - "-" "Jetpack/13.0; WordPress/6.1; http://site76955859.com"
197.250.51.1 - - [03/Sep/2026:12:24:26 +0000] "POST /xmlrpc.php HTTP/1.1" 404 - "-" "WordPress.com; https://wordpress.com"
197.250.51.1 - - [03/Sep/2026:12:24:39 +0000] "POST /xmlrpc.php HTTP/1.1" 404 - "-" "Jetpack by WordPress.com"
197.250.51.1 - - [03/Sep/2026:12:24:47 +0000] "POST /xmlrpc.php HTTP/1.1" 404 - "-" "Jetpack/13.0; WordPress/6.2; http://site93076997.com"
197.250.51.1 - - [03/Sep/2026:12:24:58 +0000] "POST /xmlrpc.php HTTP/1.1" 404 - "-" "Jetpack by WordPress.com (Jetpack 12.1; WordPress 6.4)"
197.250.51.1 - - [03/Sep/2026:12:25:09 +0000] "POST /xmlrpc.php HTTP/1.1" 404 - "-" "Jetpack by WordPress.com (Jetpack 13.0; WordPress 6.2)"
197.250.51.1 - - [03/Sep/2026:12:25:19 +0000] "POST /xmlrpc.php HTTP/1.1" 404 - "-" "WordPress.com; https://wordpress.com"
197.250.51.1 - - [03/Sep/2026:12:25:30 +0000] "POST /xmlrpc.php HTTP/1.1" 404 - "-" "Jetpack by WordPress.com (Jetpack 12.0; WordPress 6.2)"
197.250.51.1 - - [03/Sep/2026:12:25:41 +0000] "POST /xmlrpc.php HTTP/1.1" 404 - "-" "Jetpack by WordPress.com (Jetpack 13.0; WordPress 6.1)"
197.250.51.1 - - [03/Sep/2026:12:25:52 +0000] "POST /xmlrpc.php HTTP/1.1" 404 - "-" "Jetpack by WordPress.com"
197.250.51.1 - - [03/Sep/2026:12:26:03 +0000] "POST /xmlrpc.php HTTP/1.1" 404 - "-" "Jetpack/12.5; WordPress/6.4; http://site54136010.com"
197.250.51.1 - - [03/Sep/2026:12:26:13 +0000] "POST /xmlrpc.php HTTP/1.1" 404 - "-" "Jetpack by WordPress.com"
197.250.51.1 - - [03/Sep/2026:12:26:27 +0000] "POST /xmlrpc.php HTTP/1.1" 404 - "-" "WordPress.com; https://wordpress.com"
197.250.51.1 - - [03/Sep/2026:12:26:35 +0000] "POST /xmlrpc.php HTTP/1.1" 404 - "-" "WordPress.com; https://wordpress.com"
24.199.101.245 - - [03/Sep/2026:12:26:38 +0000] "GET / HTTP/1.1" 401 53 "-" "Mozilla/5.0 (X11; Linux x86_64; rv:142.0) Gecko/20100101 Firefox/142.0"
24.199.101.245 - - [03/Sep/2026:12:26:38 +0000] "GET /favicon.ico HTTP/1.1" 401 53 "https://webdisk.thecutediva.com/" "Mozilla/5.0 (X11; Linux x86_64; rv:142.0) Gecko/20100101 Firefox/142.0"
197.250.51.1 - - [03/Sep/2026:12:26:45 +0000] "POST /xmlrpc.php HTTP/1.1" 404 - "-" "Jetpack by WordPress.com"
197.250.51.1 - - [03/Sep/2026:12:26:57 +0000] "POST /xmlrpc.php HTTP/1.1" 404 - "-" "Jetpack by WordPress.com"
197.250.51.1 - - [03/Sep/2026:12:27:07 +0000] "POST /xmlrpc.php HTTP/1.1" 404 - "-" "WordPress.com; https://wordpress.com"
197.250.51.1 - - [03/Sep/2026:12:27:17 +0000] "POST /xmlrpc.php HTTP/1.1" 404 - "-" "Jetpack by WordPress.com"
197.250.51.1 - - [03/Sep/2026:12:27:29 +0000] "POST /xmlrpc.php HTTP/1.1" 404 - "-" "Jetpack by WordPress.com (Jetpack 13.0; WordPress 6.1)"
197.250.51.1 - - [03/Sep/2026:12:27:41 +0000] "POST /xmlrpc.php HTTP/1.1" 404 - "-" "Jetpack by WordPress.com"
197.250.51.1 - - [03/Sep/2026:12:27:52 +0000] "POST /xmlrpc.php HTTP/1.1" 404 - "-" "Jetpack by WordPress.com"
197.250.51.1 - - [03/Sep/2026:12:28:11 +0000] "POST /xmlrpc.php HTTP/1.1" 404 - "-" "Jetpack by WordPress.com (Jetpack 12.5; WordPress 6.3)"
197.250.51.1 - - [03/Sep/2026:12:28:21 +0000] "POST /xmlrpc.php HTTP/1.1" 404 - "-" "WordPress.com; https://wordpress.com"
197.250.51.1 - - [03/Sep/2026:12:28:32 +0000] "POST /xmlrpc.php HTTP/1.1" 404 - "-" "Jetpack by WordPress.com (Jetpack 12.0; WordPress 6.1)"
197.250.51.1 - - [03/Sep/2026:12:28:43 +0000] "POST /xmlrpc.php HTTP/1.1" 404 - "-" "Jetpack/12.0; WordPress/6.4; http://site26610314.com"
197.250.51.1 - - [03/Sep/2026:12:28:53 +0000] "POST /xmlrpc.php HTTP/1.1" 404 - "-" "Jetpack/12.0; WordPress/6.2; http://site28942626.com"
197.250.51.1 - - [03/Sep/2026:12:29:04 +0000] "POST /xmlrpc.php HTTP/1.1" 404 - "-" "WordPress.com; https://wordpress.com"
197.250.51.1 - - [03/Sep/2026:12:29:16 +0000] "POST /xmlrpc.php HTTP/1.1" 404 - "-" "Jetpack by WordPress.com"
197.250.51.1 - - [03/Sep/2026:12:29:26 +0000] "POST /xmlrpc.php HTTP/1.1" 404 - "-" "Jetpack by WordPress.com"
197.250.51.1 - - [03/Sep/2026:12:29:37 +0000] "POST /xmlrpc.php HTTP/1.1" 404 - "-" "WordPress.com; https://wordpress.com"
197.250.51.1 - - [03/Sep/2026:12:29:47 +0000] "POST /xmlrpc.php HTTP/1.1" 404 - "-" "Jetpack by WordPress.com (Jetpack 12.1; WordPress 6.1)"
197.250.51.1 - - [03/Sep/2026:12:29:57 +0000] "POST /xmlrpc.php HTTP/1.1" 404 - "-" "Jetpack by WordPress.com"
197.250.51.1 - - [03/Sep/2026:12:30:08 +0000] "POST /xmlrpc.php HTTP/1.1" 404 - "-" "Jetpack by WordPress.com (Jetpack 12.5; WordPress 6.3)"
197.250.51.1 - - [03/Sep/2026:12:30:19 +0000] "POST /xmlrpc.php HTTP/1.1" 404 - "-" "Jetpack by WordPress.com (Jetpack 12.5; WordPress 6.4)"
197.250.51.1 - - [03/Sep/2026:12:30:29 +0000] "POST /xmlrpc.php HTTP/1.1" 404 - "-" "WordPress.com; https://wordpress.com"
197.250.51.1 - - [03/Sep/2026:12:30:45 +0000] "POST /xmlrpc.php HTTP/1.1" 404 - "-" "Jetpack by WordPress.com (Jetpack 12.1; WordPress 6.2)"
197.250.51.1 - - [03/Sep/2026:12:30:49 +0000] "POST /xmlrpc.php HTTP/1.1" 404 - "-" "Jetpack/12.0; WordPress/6.2; http://site25455169.com"
197.250.51.1 - - [03/Sep/2026:12:31:02 +0000] "POST /xmlrpc.php HTTP/1.1" 404 - "-" "Jetpack by WordPress.com (Jetpack 12.0; WordPress 6.2)"
197.250.51.1 - - [03/Sep/2026:12:31:12 +0000] "POST /xmlrpc.php HTTP/1.1" 404 - "-" "Jetpack by WordPress.com (Jetpack 13.0; WordPress 6.2)"
197.250.51.1 - - [03/Sep/2026:12:31:22 +0000] "POST /xmlrpc.php HTTP/1.1" 404 - "-" "Jetpack/12.1; WordPress/6.1; http://site66970051.com"
197.250.51.1 - - [03/Sep/2026:12:31:33 +0000] "POST /xmlrpc.php HTTP/1.1" 404 - "-" "Jetpack by WordPress.com"
197.250.51.1 - - [03/Sep/2026:12:31:44 +0000] "POST /xmlrpc.php HTTP/1.1" 404 - "-" "Jetpack by WordPress.com (Jetpack 13.0; WordPress 6.4)"
197.250.51.1 - - [03/Sep/2026:12:31:54 +0000] "POST /xmlrpc.php HTTP/1.1" 404 - "-" "Jetpack by WordPress.com (Jetpack 12.5; WordPress 6.1)"
197.250.51.1 - - [03/Sep/2026:12:32:05 +0000] "POST /xmlrpc.php HTTP/1.1" 404 - "-" "Jetpack/12.5; WordPress/6.2; http://site52421536.com"
164.92.75.198 - - [03/Sep/2026:12:33:46 +0000] "GET /wp-content/ HTTP/1.1" 200 385 "https://www.google.com/search?q=thecutediva" "Mozilla/5.0 (Macintosh; Intel Mac OS X 10_15_7) AppleWebKit/537.36 (KHTML, like Gecko) Chrome/144.0.0.0 Safari/537.36"
85.208.96.210 - - [03/Sep/2026:12:45:09 +0000] "GET /robots.txt HTTP/1.1" 404 - "-" "Mozilla/5.0 (compatible; SemrushBot/7~bl; +http://www.semrush.com/bot.html)"
85.208.96.210 - - [03/Sep/2026:12:45:12 +0000] "GET /wp-content/themes/twentytwentyfour/parts/ HTTP/1.1" 200 452 "-" "Mozilla/5.0 (compatible; SemrushBot/7~bl; +http://www.semrush.com/bot.html)"
205.185.121.17 - - [03/Sep/2026:12:45:26 +0000] "GET /wp-login.php HTTP/1.1" 404 - "-" "Mozilla/5.0 (iPhone; CPU iPhone OS 17_6 like Mac OS X) AppleWebKit/605.1.15 (KHTML, like Gecko) Version/17.6 Mobile/15E148 Safari/604.1"
156.59.198.136 - - [03/Sep/2026:13:01:13 +0000] "GET /wp-content/uploads/2026/05/image-286-360x480.png HTTP/1.1" 404 - "https://thecutediva.com/" "Mozilla/5.0 (Linux; Android 5.0) AppleWebKit/537.36 (KHTML, like Gecko) Mobile Safari/537.36 (compatible; Bytespider; spider-feedback@bytedance.com)"
3.227.248.201 - - [03/Sep/2026:13:02:16 +0000] "POST / HTTP/1.1" 404 - "https://www.thecutediva.com.forthewardrobe.com/" "Mozilla/5.0 (Windows NT 10.0; Win64; x64) AppleWebKit/537.36 (KHTML, like Gecko) Chrome/145.0.0.0 Safari/537.36"
185.231.100.76 - - [03/Sep/2026:13:13:17 +0000] "GET /robots.txt HTTP/1.1" 404 - "-" "Mozilla/5.0 (compatible; MJ12bot/v1.4.8; http://mj12bot.com/)"
185.231.100.76 - - [03/Sep/2026:13:13:21 +0000] "GET /klammcaw.php HTTP/1.1" 200 1321 "-" "Mozilla/5.0 (compatible; MJ12bot/v1.4.8; http://mj12bot.com/)"
209.141.37.195 - - [03/Sep/2026:13:19:10 +0000] "GET /wp-login.php HTTP/1.1" 404 - "-" "Mozilla/5.0 (X11; Ubuntu; Linux x86_64; rv:122.0) Gecko/20100101 Firefox/122.0"
185.191.171.11 - - [03/Sep/2026:13:22:03 +0000] "GET /wp-content/themes/twentytwentyfour/styles/ HTTP/1.1" 200 494 "-" "Mozilla/5.0 (compatible; SemrushBot/7~bl; +http://www.semrush.com/bot.html)"
185.191.171.1 - - [03/Sep/2026:13:28:34 +0000] "GET /xvkojue/ HTTP/1.1" 200 - "-" "Mozilla/5.0 (compatible; SemrushBot/7~bl; +http://www.semrush.com/bot.html)"
41.59.170.50 - - [03/Sep/2026:13:46:16 +0000] "POST /xmlrpc.php HTTP/1.1" 404 - "-" "Jetpack by WordPress.com (Jetpack 12.0; WordPress 6.4)"
198.98.59.181 - - [03/Sep/2026:13:51:32 +0000] "GET /wp-login.php HTTP/1.1" 404 - "-" "Mozilla/5.0 (iPhone; CPU iPhone OS 18_7 like Mac OS X) AppleWebKit/605.1.15 (KHTML, like Gecko) CriOS/146.0.0.0 Mobile/15E148 Safari/604.1"
185.191.171.14 - - [03/Sep/2026:13:56:01 +0000] "GET /robots.txt HTTP/1.1" 404 - "-" "Mozilla/5.0 (compatible; SemrushBot/7~bl; +http://www.semrush.com/bot.html)"
185.191.171.11 - - [03/Sep/2026:13:56:01 +0000] "GET /wp-content/ HTTP/1.1" 200 385 "-" "Mozilla/5.0 (compatible; SemrushBot/7~bl; +http://www.semrush.com/bot.html)"
156.59.198.135 - - [03/Sep/2026:13:58:47 +0000] "GET /wp-content/uploads/2026/05/image-286-360x480.png HTTP/1.1" 404 - "https://thecutediva.com/" "Mozilla/5.0 (Linux; Android 5.0) AppleWebKit/537.36 (KHTML, like Gecko) Mobile Safari/537.36 (compatible; Bytespider; spider-feedback@bytedance.com)"
209.141.37.250 - - [03/Sep/2026:14:14:36 +0000] "GET /wp-login.php HTTP/1.1" 404 - "-" "Mozilla/5.0 (iPhone; CPU iPhone OS 7_1 like Mac OS X) AppleWebKit/537.51.2 (KHTML, like Gecko) Version/7.0 Mobile/11D167 Safari/9537.53"
209.141.55.190 - - [03/Sep/2026:14:30:58 +0000] "GET /wp-login.php HTTP/1.1" 404 - "-" "Mozilla/5.0 (Windows NT 6.3; WOW64) AppleWebKit/537.36 (KHTML, like Gecko) Chrome/36.0.1985.143 Safari/537.36"
205.185.121.17 - - [03/Sep/2026:14:32:56 +0000] "GET /wp-login.php HTTP/1.1" 404 - "-" "Mozilla/5.0 (Windows NT 6.1; rv:24.0) Gecko/20100101 Firefox/24.0"
209.141.52.196 - - [03/Sep/2026:14:48:06 +0000] "GET /wp-login.php HTTP/1.1" 404 - "-" "Mozilla/5.0 (Android 13; Mobile; rv:121.0) Gecko/121.0 Firefox/121.0"
47.128.18.88 - - [03/Sep/2026:14:52:49 +0000] "GET /robots.txt HTTP/1.1" 404 - "-" "Mozilla/5.0 (iPhone; CPU iPhone OS 7_1_2 like Mac OS X) AppleWebKit/537.36 (KHTML, like Gecko) Version/7.0 Mobile Safari/537.36 (compatible; Bytespider; https://bytedance.sg.larkoffice.com/docx/K5bxdypulop3IIxrJb0lOjLVgFe)"
156.59.198.136 - - [03/Sep/2026:14:56:05 +0000] "GET /wp-content/uploads/2026/05/image-286-360x480.png HTTP/1.1" 404 - "https://thecutediva.com/" "Mozilla/5.0 (Linux; Android 5.0) AppleWebKit/537.36 (KHTML, like Gecko) Mobile Safari/537.36 (compatible; Bytespider; spider-feedback@bytedance.com)"
130.12.180.117 - - [03/Sep/2026:15:21:07 +0000] "GET /.env HTTP/1.1" 404 - "-" "Mozilla/5.0 (Macintosh; Intel Mac OS X 10_15_7) AppleWebKit/537.36 (KHTML, like Gecko, Yokohama Institute of Information Security https://www.iisec.ac.jp) Chrome/124.0.0.0 Safari/537.36"
130.12.180.117 - - [03/Sep/2026:15:21:07 +0000] "GET /.git/HEAD HTTP/1.1" 404 - "-" "Mozilla/5.0 (Macintosh; Intel Mac OS X 10_15_7) AppleWebKit/537.36 (KHTML, like Gecko, Yokohama Institute of Information Security https://www.iisec.ac.jp) Chrome/124.0.0.0 Safari/537.36"
130.12.180.117 - - [03/Sep/2026:15:21:07 +0000] "GET /.env.backup HTTP/1.1" 404 - "-" "Mozilla/5.0 (Macintosh; Intel Mac OS X 10_15_7) AppleWebKit/537.36 (KHTML, like Gecko, Yokohama Institute of Information Security https://www.iisec.ac.jp) Chrome/124.0.0.0 Safari/537.36"
130.12.180.117 - - [03/Sep/2026:15:21:07 +0000] "GET /.env.old HTTP/1.1" 404 - "-" "Mozilla/5.0 (Macintosh; Intel Mac OS X 10_15_7) AppleWebKit/537.36 (KHTML, like Gecko, Yokohama Institute of Information Security https://www.iisec.ac.jp) Chrome/124.0.0.0 Safari/537.36"
130.12.180.117 - - [03/Sep/2026:15:21:07 +0000] "GET /.env.save HTTP/1.1" 404 - "-" "Mozilla/5.0 (Macintosh; Intel Mac OS X 10_15_7) AppleWebKit/537.36 (KHTML, like Gecko, Yokohama Institute of Information Security https://www.iisec.ac.jp) Chrome/124.0.0.0 Safari/537.36"
130.12.180.117 - - [03/Sep/2026:15:21:07 +0000] "GET /.env.bak HTTP/1.1" 404 - "-" "Mozilla/5.0 (Macintosh; Intel Mac OS X 10_15_7) AppleWebKit/537.36 (KHTML, like Gecko, Yokohama Institute of Information Security https://www.iisec.ac.jp) Chrome/124.0.0.0 Safari/537.36"
130.12.180.117 - - [03/Sep/2026:15:21:08 +0000] "GET /.env.prod HTTP/1.1" 404 - "-" "Mozilla/5.0 (Macintosh; Intel Mac OS X 10_15_7) AppleWebKit/537.36 (KHTML, like Gecko, Yokohama Institute of Information Security https://www.iisec.ac.jp) Chrome/124.0.0.0 Safari/537.36"
130.12.180.117 - - [03/Sep/2026:15:21:08 +0000] "GET /.env.production HTTP/1.1" 404 - "-" "Mozilla/5.0 (Macintosh; Intel Mac OS X 10_15_7) AppleWebKit/537.36 (KHTML, like Gecko, Yokohama Institute of Information Security https://www.iisec.ac.jp) Chrome/124.0.0.0 Safari/537.36"
130.12.180.117 - - [03/Sep/2026:15:21:08 +0000] "GET /.env.staging HTTP/1.1" 404 - "-" "Mozilla/5.0 (Macintosh; Intel Mac OS X 10_15_7) AppleWebKit/537.36 (KHTML, like Gecko, Yokohama Institute of Information Security https://www.iisec.ac.jp) Chrome/124.0.0.0 Safari/537.36"
130.12.180.117 - - [03/Sep/2026:15:21:08 +0000] "GET /.env.local HTTP/1.1" 404 - "-" "Mozilla/5.0 (Macintosh; Intel Mac OS X 10_15_7) AppleWebKit/537.36 (KHTML, like Gecko, Yokohama Institute of Information Security https://www.iisec.ac.jp) Chrome/124.0.0.0 Safari/537.36"
130.12.180.117 - - [03/Sep/2026:15:21:08 +0000] "GET /.env.live HTTP/1.1" 404 - "-" "Mozilla/5.0 (Macintosh; Intel Mac OS X 10_15_7) AppleWebKit/537.36 (KHTML, like Gecko, Yokohama Institute of Information Security https://www.iisec.ac.jp) Chrome/124.0.0.0 Safari/537.36"
130.12.180.117 - - [03/Sep/2026:15:21:09 +0000] "GET /.env.dev HTTP/1.1" 404 - "-" "Mozilla/5.0 (Macintosh; Intel Mac OS X 10_15_7) AppleWebKit/537.36 (KHTML, like Gecko, Yokohama Institute of Information Security https://www.iisec.ac.jp) Chrome/124.0.0.0 Safari/537.36"
130.12.180.117 - - [03/Sep/2026:15:21:09 +0000] "GET /.env.stage HTTP/1.1" 404 - "-" "Mozilla/5.0 (Macintosh; Intel Mac OS X 10_15_7) AppleWebKit/537.36 (KHTML, like Gecko, Yokohama Institute of Information Security https://www.iisec.ac.jp) Chrome/124.0.0.0 Safari/537.36"
130.12.180.117 - - [03/Sep/2026:15:21:09 +0000] "GET /%2e%2e%2f%2eenv HTTP/1.1" 404 - "-" "Mozilla/5.0 (Macintosh; Intel Mac OS X 10_15_7) AppleWebKit/537.36 (KHTML, like Gecko, Yokohama Institute of Information Security https://www.iisec.ac.jp) Chrome/124.0.0.0 Safari/537.36"
130.12.180.117 - - [03/Sep/2026:15:21:09 +0000] "GET /env HTTP/1.1" 404 - "-" "Mozilla/5.0 (Macintosh; Intel Mac OS X 10_15_7) AppleWebKit/537.36 (KHTML, like Gecko, Yokohama Institute of Information Security https://www.iisec.ac.jp) Chrome/124.0.0.0 Safari/537.36"
130.12.180.117 - - [03/Sep/2026:15:21:09 +0000] "GET /config/.env HTTP/1.1" 404 - "-" "Mozilla/5.0 (Macintosh; Intel Mac OS X 10_15_7) AppleWebKit/537.36 (KHTML, like Gecko, Yokohama Institute of Information Security https://www.iisec.ac.jp) Chrome/124.0.0.0 Safari/537.36"
130.12.180.117 - - [03/Sep/2026:15:21:10 +0000] "GET /app/.env HTTP/1.1" 404 - "-" "Mozilla/5.0 (Macintosh; Intel Mac OS X 10_15_7) AppleWebKit/537.36 (KHTML, like Gecko, Yokohama Institute of Information Security https://www.iisec.ac.jp) Chrome/124.0.0.0 Safari/537.36"
130.12.180.117 - - [03/Sep/2026:15:21:10 +0000] "GET /../.env HTTP/1.1" 404 - "-" "Mozilla/5.0 (Macintosh; Intel Mac OS X 10_15_7) AppleWebKit/537.36 (KHTML, like Gecko, Yokohama Institute of Information Security https://www.iisec.ac.jp) Chrome/124.0.0.0 Safari/537.36"
130.12.180.117 - - [03/Sep/2026:15:21:10 +0000] "GET /api/.env HTTP/1.1" 404 - "-" "Mozilla/5.0 (Macintosh; Intel Mac OS X 10_15_7) AppleWebKit/537.36 (KHTML, like Gecko, Yokohama Institute of Information Security https://www.iisec.ac.jp) Chrome/124.0.0.0 Safari/537.36"
130.12.180.117 - - [03/Sep/2026:15:21:10 +0000] "GET /application/.env HTTP/1.1" 404 - "-" "Mozilla/5.0 (Macintosh; Intel Mac OS X 10_15_7) AppleWebKit/537.36 (KHTML, like Gecko, Yokohama Institute of Information Security https://www.iisec.ac.jp) Chrome/124.0.0.0 Safari/537.36"
130.12.180.117 - - [03/Sep/2026:15:21:11 +0000] "GET /functions/.env HTTP/1.1" 404 - "-" "Mozilla/5.0 (Macintosh; Intel Mac OS X 10_15_7) AppleWebKit/537.36 (KHTML, like Gecko, Yokohama Institute of Information Security https://www.iisec.ac.jp) Chrome/124.0.0.0 Safari/537.36"
171.22.217.182 - - [03/Sep/2026:15:21:11 +0000] "GET / HTTP/1.1" 200 473 "-" "Mozilla/5.0 (Macintosh; Intel Mac OS X 10_15_7) AppleWebKit/537.36 (KHTML, like Gecko) Chrome/130.0.0.0 Safari/537.36"
45.32.147.41 - - [03/Sep/2026:15:21:18 +0000] "GET / HTTP/1.1" 200 1729 "-" "Mozilla/5.0 (Windows NT 10.0; Win64; x64) AppleWebKit/537.36 (KHTML, like Gecko) Chrome/120.0.0.0 Safari/537.36"
147.182.149.75 - - [03/Sep/2026:15:21:20 +0000] "GET / HTTP/1.1" 200 1729 "-" "Mozilla/5.0 (l9scan/2.0.1343e25363e2839313e2935313; +https://leakix.net)"
206.81.24.227 - - [03/Sep/2026:15:21:20 +0000] "GET / HTTP/1.1" 200 1729 "-" "Mozilla/5.0 (l9scan/2.0.1343e25363e2839313e2935313; +https://leakix.net)"
147.182.149.75 - - [03/Sep/2026:15:21:21 +0000] "GET /console/ HTTP/1.1" 404 - "-" "Mozilla/5.0 (l9scan/2.0.1343e25363e2839313e2935313; +https://leakix.net)"
57.129.16.41 - - [03/Sep/2026:15:21:21 +0000] "GET / HTTP/1.1" 200 473 "-" "Go-http-client/1.1"
57.129.16.41 - - [03/Sep/2026:15:21:21 +0000] "GET /csratle/ HTTP/1.1" 200 - "-" "Go-http-client/1.1"
57.129.16.41 - - [03/Sep/2026:15:21:21 +0000] "GET /m1ztsxf/ HTTP/1.1" 200 - "-" "Go-http-client/1.1"
57.129.16.41 - - [03/Sep/2026:15:21:21 +0000] "GET /uhfvozq/ HTTP/1.1" 200 - "-" "Go-http-client/1.1"
206.81.24.227 - - [03/Sep/2026:15:21:21 +0000] "GET /console/ HTTP/1.1" 404 - "-" "Mozilla/5.0 (l9scan/2.0.1343e25363e2839313e2935313; +https://leakix.net)"
57.129.16.41 - - [03/Sep/2026:15:21:21 +0000] "GET /wp-content/ HTTP/1.1" 200 385 "-" "Go-http-client/1.1"
147.182.149.75 - - [03/Sep/2026:15:21:22 +0000] "GET /server HTTP/1.1" 404 - "-" "Mozilla/5.0 (l9scan/2.0.1343e25363e2839313e2935313; +https://leakix.net)"
57.129.16.41 - - [03/Sep/2026:15:21:22 +0000] "GET /wp-content/plugins/ HTTP/1.1" 200 413 "-" "Go-http-client/1.1"
57.129.16.41 - - [03/Sep/2026:15:21:22 +0000] "GET /wp-content/plugins/litespeed-cache/ HTTP/1.1" 200 746 "-" "Go-http-client/1.1"
57.129.16.41 - - [03/Sep/2026:15:21:22 +0000] "GET /wp-content/plugins/wordpress-seo/ HTTP/1.1" 200 - "-" "Go-http-client/1.1"
57.129.16.41 - - [03/Sep/2026:15:21:22 +0000] "GET /wp-content/themes/ HTTP/1.1" 200 415 "-" "Go-http-client/1.1"
57.129.16.41 - - [03/Sep/2026:15:21:22 +0000] "GET /wp-content/themes/twentytwentyfive/ HTTP/1.1" 200 612 "-" "Go-http-client/1.1"
206.81.24.227 - - [03/Sep/2026:15:21:22 +0000] "GET /server HTTP/1.1" 404 - "-" "Mozilla/5.0 (l9scan/2.0.1343e25363e2839313e2935313; +https://leakix.net)"
57.129.16.41 - - [03/Sep/2026:15:21:22 +0000] "GET /wp-content/themes/twentytwentyfive/assets/ HTTP/1.1" 200 417 "-" "Go-http-client/1.1"
147.182.149.75 - - [03/Sep/2026:15:21:23 +0000] "GET /server-status HTTP/1.1" 404 - "-" "Mozilla/5.0 (l9scan/2.0.1343e25363e2839313e2935313; +https://leakix.net)"
57.129.16.41 - - [03/Sep/2026:15:21:23 +0000] "GET /wp-content/themes/twentytwentyfive/assets/css/ HTTP/1.1" 200 401 "-" "Go-http-client/1.1"
57.129.16.41 - - [03/Sep/2026:15:21:23 +0000] "GET /wp-content/themes/twentytwentyfive/assets/fonts/ HTTP/1.1" 200 510 "-" "Go-http-client/1.1"
57.129.16.41 - - [03/Sep/2026:15:21:23 +0000] "GET / HTTP/1.1" 200 473 "-" "Go-http-client/1.1"
57.129.16.41 - - [03/Sep/2026:15:21:23 +0000] "HEAD /wp-content/themes/twentytwentyfive/assets/css/editor-style.css HTTP/1.1" 200 - "-" "Go-http-client/1.1"
172.93.100.137 - - [03/Sep/2026:15:21:23 +0000] "GET /robots.txt HTTP/1.1" 404 - "-" "TrashHound-Wildcard-Resolver/1"
57.129.16.41 - - [03/Sep/2026:15:21:23 +0000] "GET /wp-content/themes/twentytwentyfive/assets/fonts/beiruti/ HTTP/1.1" 200 428 "-" "Go-http-client/1.1"
57.129.16.41 - - [03/Sep/2026:15:21:23 +0000] "GET /csratle/ HTTP/1.1" 200 - "-" "Go-http-client/1.1"
57.129.16.41 - - [03/Sep/2026:15:21:23 +0000] "GET /wp-content/themes/twentytwentyfive/assets/css/editor-style.css HTTP/1.1" 200 152 "-" "Go-http-client/1.1"
57.129.16.41 - - [03/Sep/2026:15:21:23 +0000] "GET /m1ztsxf/ HTTP/1.1" 200 - "-" "Go-http-client/1.1"
206.81.24.227 - - [03/Sep/2026:15:21:23 +0000] "GET /server-status HTTP/1.1" 404 - "-" "Mozilla/5.0 (l9scan/2.0.1343e25363e2839313e2935313; +https://leakix.net)"
57.129.16.41 - - [03/Sep/2026:15:21:24 +0000] "GET /wp-content/themes/twentytwentyfive/assets/fonts/fira-code/ HTTP/1.1" 200 432 "-" "Go-http-client/1.1"
57.129.16.41 - - [03/Sep/2026:15:21:24 +0000] "HEAD /wp-content/themes/twentytwentyfive/assets/fonts/beiruti/Beiruti-VariableFont_wght.woff2 HTTP/1.1" 200 - "-" "Go-http-client/1.1"
57.129.16.41 - - [03/Sep/2026:15:21:24 +0000] "GET /uhfvozq/ HTTP/1.1" 200 - "-" "Go-http-client/1.1"
57.129.16.41 - - [03/Sep/2026:15:21:24 +0000] "GET /wp-content/ HTTP/1.1" 200 385 "-" "Go-http-client/1.1"
57.129.16.41 - - [03/Sep/2026:15:21:24 +0000] "GET /wp-content/plugins/ HTTP/1.1" 200 413 "-" "Go-http-client/1.1"
172.93.100.137 - - [03/Sep/2026:15:21:24 +0000] "GET /sitemap.xml HTTP/1.1" 404 - "-" "TrashHound-Wildcard-Resolver/1"
57.129.16.41 - - [03/Sep/2026:15:21:24 +0000] "GET /wp-content/themes/twentytwentyfive/assets/fonts/beiruti/Beiruti-VariableFont_wght.woff2 HTTP/1.1" 200 175881 "-" "Go-http-client/1.1"
57.129.16.41 - - [03/Sep/2026:15:21:24 +0000] "GET /wp-content/plugins/litespeed-cache/ HTTP/1.1" 200 746 "-" "Go-http-client/1.1"
57.129.16.41 - - [03/Sep/2026:15:21:24 +0000] "GET /wp-content/plugins/wordpress-seo/ HTTP/1.1" 200 - "-" "Go-http-client/1.1"
57.129.16.41 - - [03/Sep/2026:15:21:24 +0000] "GET /wp-content/themes/ HTTP/1.1" 200 415 "-" "Go-http-client/1.1"
147.182.149.75 - - [03/Sep/2026:15:21:25 +0000] "GET /about HTTP/1.1" 404 - "-" "Mozilla/5.0 (l9scan/2.0.1343e25363e2839313e2935313; +https://leakix.net)"
57.129.16.41 - - [03/Sep/2026:15:21:25 +0000] "GET /wp-content/themes/twentytwentyfive/ HTTP/1.1" 200 612 "-" "Go-http-client/1.1"
57.129.16.41 - - [03/Sep/2026:15:21:25 +0000] "HEAD /wp-content/themes/twentytwentyfive/assets/fonts/fira-code/FiraCode-VariableFont_wght.woff2 HTTP/1.1" 200 - "-" "Go-http-client/1.1"
57.129.16.41 - - [03/Sep/2026:15:21:25 +0000] "GET /wp-content/themes/twentytwentyfive/assets/fonts/fira-sans/ HTTP/1.1" 200 637 "-" "Go-http-client/1.1"
57.129.16.41 - - [03/Sep/2026:15:21:25 +0000] "GET /wp-content/themes/twentytwentyfive/assets/ HTTP/1.1" 200 417 "-" "Go-http-client/1.1"
57.129.16.41 - - [03/Sep/2026:15:21:25 +0000] "GET /wp-content/themes/twentytwentyfive/assets/fonts/fira-code/FiraCode-VariableFont_wght.woff2 HTTP/1.1" 200 106111 "-" "Go-http-client/1.1"
172.93.100.137 - - [03/Sep/2026:15:21:25 +0000] "GET / HTTP/1.1" 200 473 "-" "TrashHound-Wildcard-Resolver/1"
171.22.217.182 - - [03/Sep/2026:15:21:25 +0000] "GET / HTTP/1.1" 200 473 "-" "Mozilla/5.0 (Windows NT 10.0; Win64; x64) AppleWebKit/537.36 (KHTML, like Gecko) Chrome/130.0.0.0 Safari/537.36"
57.129.16.41 - - [03/Sep/2026:15:21:25 +0000] "GET /wp-content/themes/twentytwentyfive/assets/css/ HTTP/1.1" 200 401 "-" "Go-http-client/1.1"
57.129.16.41 - - [03/Sep/2026:15:21:25 +0000] "HEAD /wp-content/themes/twentytwentyfive/assets/fonts/fira-sans/FiraSans-Black.woff2 HTTP/1.1" 200 - "-" "Go-http-client/1.1"
57.129.16.41 - - [03/Sep/2026:15:21:25 +0000] "GET /wp-content/themes/twentytwentyfive/assets/fonts/ HTTP/1.1" 200 510 "-" "Go-http-client/1.1"
57.129.16.41 - - [03/Sep/2026:15:21:25 +0000] "GET /wp-content/themes/twentytwentyfive/assets/fonts/fira-sans/FiraSans-Black.woff2 HTTP/1.1" 200 152640 "-" "Go-http-client/1.1"
57.129.16.41 - - [03/Sep/2026:15:21:25 +0000] "HEAD /wp-content/themes/twentytwentyfive/assets/css/editor-style.css HTTP/1.1" 200 - "-" "Go-http-client/1.1"
57.129.16.41 - - [03/Sep/2026:15:21:25 +0000] "GET /wp-content/themes/twentytwentyfive/assets/fonts/beiruti/ HTTP/1.1" 200 428 "-" "Go-http-client/1.1"
57.129.16.41 - - [03/Sep/2026:15:21:25 +0000] "GET /wp-content/themes/twentytwentyfive/assets/css/editor-style.css HTTP/1.1" 200 152 "-" "Go-http-client/1.1"
57.129.16.41 - - [03/Sep/2026:15:21:25 +0000] "HEAD /wp-content/themes/twentytwentyfive/assets/fonts/fira-sans/FiraSans-BlackItalic.woff2 HTTP/1.1" 200 - "-" "Go-http-client/1.1"
206.81.24.227 - - [03/Sep/2026:15:21:25 +0000] "GET /about HTTP/1.1" 404 - "-" "Mozilla/5.0 (l9scan/2.0.1343e25363e2839313e2935313; +https://leakix.net)"
147.182.149.75 - - [03/Sep/2026:15:21:26 +0000] "GET /login.action HTTP/1.1" 404 - "-" "Mozilla/5.0 (l9scan/2.0.1343e25363e2839313e2935313; +https://leakix.net)"
57.129.16.41 - - [03/Sep/2026:15:21:26 +0000] "GET /wp-content/themes/twentytwentyfive/assets/fonts/fira-sans/FiraSans-BlackItalic.woff2 HTTP/1.1" 200 164796 "-" "Go-http-client/1.1"
57.129.16.41 - - [03/Sep/2026:15:21:26 +0000] "HEAD /wp-content/themes/twentytwentyfive/assets/fonts/beiruti/Beiruti-VariableFont_wght.woff2 HTTP/1.1" 200 - "-" "Go-http-client/1.1"
57.129.16.41 - - [03/Sep/2026:15:21:26 +0000] "GET /wp-content/themes/twentytwentyfive/assets/fonts/fira-code/ HTTP/1.1" 200 432 "-" "Go-http-client/1.1"
57.129.16.41 - - [03/Sep/2026:15:21:26 +0000] "HEAD /wp-content/themes/twentytwentyfive/assets/fonts/fira-sans/FiraSans-Bold.woff2 HTTP/1.1" 200 - "-" "Go-http-client/1.1"
57.129.16.41 - - [03/Sep/2026:15:21:26 +0000] "GET /wp-content/themes/twentytwentyfive/assets/fonts/fira-sans/FiraSans-Bold.woff2 HTTP/1.1" 200 167030 "-" "Go-http-client/1.1"
57.129.16.41 - - [03/Sep/2026:15:21:26 +0000] "GET /wp-content/themes/twentytwentyfive/assets/fonts/beiruti/Beiruti-VariableFont_wght.woff2 HTTP/1.1" 200 175881 "-" "Go-http-client/1.1"
57.129.16.41 - - [03/Sep/2026:15:21:26 +0000] "HEAD /wp-content/themes/twentytwentyfive/assets/fonts/fira-sans/FiraSans-BoldItalic.woff2 HTTP/1.1" 200 - "-" "Go-http-client/1.1"
206.81.24.227 - - [03/Sep/2026:15:21:26 +0000] "GET /login.action HTTP/1.1" 404 - "-" "Mozilla/5.0 (l9scan/2.0.1343e25363e2839313e2935313; +https://leakix.net)"
147.182.149.75 - - [03/Sep/2026:15:21:27 +0000] "GET / HTTP/1.1" 200 473 "-" "Mozilla/5.0 (l9scan/2.0.1343e25363e2839313e2935313; +https://leakix.net)"
57.129.16.41 - - [03/Sep/2026:15:21:27 +0000] "GET /wp-content/themes/twentytwentyfive/assets/fonts/fira-sans/FiraSans-BoldItalic.woff2 HTTP/1.1" 200 174164 "-" "Go-http-client/1.1"
147.182.149.75 - - [03/Sep/2026:15:21:27 +0000] "GET /___proxy_subdomain_whm/login HTTP/1.1" 404 - "-" "Mozilla/5.0 (l9scan/2.0.1343e25363e2839313e2935313; +https://leakix.net)"
57.129.16.41 - - [03/Sep/2026:15:21:27 +0000] "HEAD /wp-content/themes/twentytwentyfive/assets/fonts/fira-code/FiraCode-VariableFont_wght.woff2 HTTP/1.1" 200 - "-" "Go-http-client/1.1"
57.129.16.41 - - [03/Sep/2026:15:21:27 +0000] "GET /wp-content/themes/twentytwentyfive/assets/fonts/fira-sans/ HTTP/1.1" 200 637 "-" "Go-http-client/1.1"
57.129.16.41 - - [03/Sep/2026:15:21:27 +0000] "HEAD /wp-content/themes/twentytwentyfive/assets/fonts/fira-sans/FiraSans-ExtraBold.woff2 HTTP/1.1" 200 - "-" "Go-http-client/1.1"
171.22.217.182 - - [03/Sep/2026:15:21:27 +0000] "GET /xvkojue/ HTTP/1.1" 200 - "-" "Mozilla/5.0 (Windows NT 10.0; Win64; x64) AppleWebKit/537.36 (KHTML, like Gecko) Chrome/130.0.0.0 Safari/537.36"
57.129.16.41 - - [03/Sep/2026:15:21:27 +0000] "GET /wp-content/themes/twentytwentyfive/assets/fonts/fira-code/FiraCode-VariableFont_wght.woff2 HTTP/1.1" 200 106111 "-" "Go-http-client/1.1"
57.129.16.41 - - [03/Sep/2026:15:21:27 +0000] "GET /wp-content/themes/twentytwentyfive/assets/fonts/fira-sans/FiraSans-ExtraBold.woff2 HTTP/1.1" 200 168409 "-" "Go-http-client/1.1"
147.182.149.75 - - [03/Sep/2026:15:21:27 +0000] "GET /___proxy_subdomain_cpanel HTTP/1.1" 200 12421 "-" "Mozilla/5.0 (l9scan/2.0.1343e25363e2839313e2935313; +https://leakix.net)"
57.129.16.41 - - [03/Sep/2026:15:21:27 +0000] "HEAD /wp-content/themes/twentytwentyfive/assets/fonts/fira-sans/FiraSans-Black.woff2 HTTP/1.1" 200 - "-" "Go-http-client/1.1"
57.129.16.41 - - [03/Sep/2026:15:21:27 +0000] "HEAD /wp-content/themes/twentytwentyfive/assets/fonts/fira-sans/FiraSans-ExtraBoldItalic.woff2 HTTP/1.1" 200 - "-" "Go-http-client/1.1"
171.22.217.182 - - [03/Sep/2026:15:21:27 +0000] "GET /?C=S;O=A HTTP/1.1" 200 472 "-" "Mozilla/5.0 (Windows NT 10.0; Win64; x64) AppleWebKit/537.36 (KHTML, like Gecko) Chrome/130.0.0.0 Safari/537.36"
57.129.16.41 - - [03/Sep/2026:15:21:27 +0000] "GET /wp-content/themes/twentytwentyfive/assets/fonts/fira-sans/FiraSans-Black.woff2 HTTP/1.1" 200 152640 "-" "Go-http-client/1.1"
57.129.16.41 - - [03/Sep/2026:15:21:27 +0000] "GET /wp-content/themes/twentytwentyfive/assets/fonts/fira-sans/FiraSans-ExtraBoldItalic.woff2 HTTP/1.1" 200 180258 "-" "Go-http-client/1.1"
206.81.24.227 - - [03/Sep/2026:15:21:27 +0000] "GET / HTTP/1.1" 200 473 "-" "Mozilla/5.0 (l9scan/2.0.1343e25363e2839313e2935313; +https://leakix.net)"
171.22.217.182 - - [03/Sep/2026:15:21:28 +0000] "GET /klammcaw.php HTTP/1.1" 200 1321 "-" "Mozilla/5.0 (Windows NT 10.0; Win64; x64) AppleWebKit/537.36 (KHTML, like Gecko) Chrome/130.0.0.0 Safari/537.36"
57.129.16.41 - - [03/Sep/2026:15:21:28 +0000] "HEAD /wp-content/themes/twentytwentyfive/assets/fonts/fira-sans/FiraSans-ExtraLight.woff2 HTTP/1.1" 200 - "-" "Go-http-client/1.1"
57.129.16.41 - - [03/Sep/2026:15:21:28 +0000] "HEAD /wp-content/themes/twentytwentyfive/assets/fonts/fira-sans/FiraSans-BlackItalic.woff2 HTTP/1.1" 200 - "-" "Go-http-client/1.1"
57.129.16.41 - - [03/Sep/2026:15:21:28 +0000] "GET /wp-content/themes/twentytwentyfive/assets/fonts/fira-sans/FiraSans-ExtraLight.woff2 HTTP/1.1" 200 155195 "-" "Go-http-client/1.1"
206.81.24.227 - - [03/Sep/2026:15:21:28 +0000] "GET /___proxy_subdomain_whm/login HTTP/1.1" 404 - "-" "Mozilla/5.0 (l9scan/2.0.1343e25363e2839313e2935313; +https://leakix.net)"
57.129.16.41 - - [03/Sep/2026:15:21:28 +0000] "GET /wp-content/themes/twentytwentyfive/assets/fonts/fira-sans/FiraSans-BlackItalic.woff2 HTTP/1.1" 200 164796 "-" "Go-http-client/1.1"
171.22.217.182 - - [03/Sep/2026:15:21:28 +0000] "GET /?C=D;O=A HTTP/1.1" 200 473 "-" "Mozilla/5.0 (Windows NT 10.0; Win64; x64) AppleWebKit/537.36 (KHTML, like Gecko) Chrome/130.0.0.0 Safari/537.36"
57.129.16.41 - - [03/Sep/2026:15:21:28 +0000] "HEAD /wp-content/themes/twentytwentyfive/assets/fonts/fira-sans/FiraSans-ExtraLightItalic.woff2 HTTP/1.1" 200 - "-" "Go-http-client/1.1"
57.129.16.41 - - [03/Sep/2026:15:21:28 +0000] "GET /wp-content/themes/twentytwentyfive/assets/fonts/fira-sans/FiraSans-ExtraLightItalic.woff2 HTTP/1.1" 200 161910 "-" "Go-http-client/1.1"
57.129.16.41 - - [03/Sep/2026:15:21:28 +0000] "HEAD /wp-content/themes/twentytwentyfive/assets/fonts/fira-sans/FiraSans-Bold.woff2 HTTP/1.1" 200 - "-" "Go-http-client/1.1"
57.129.16.41 - - [03/Sep/2026:15:21:29 +0000] "HEAD /wp-content/themes/twentytwentyfive/assets/fonts/fira-sans/FiraSans-Italic.woff2 HTTP/1.1" 200 - "-" "Go-http-client/1.1"
57.129.16.41 - - [03/Sep/2026:15:21:29 +0000] "GET /wp-content/themes/twentytwentyfive/assets/fonts/fira-sans/FiraSans-Bold.woff2 HTTP/1.1" 200 167030 "-" "Go-http-client/1.1"
206.81.24.227 - - [03/Sep/2026:15:21:28 +0000] "GET /___proxy_subdomain_cpanel HTTP/1.1" 200 12425 "-" "Mozilla/5.0 (l9scan/2.0.1343e25363e2839313e2935313; +https://leakix.net)"
171.22.217.182 - - [03/Sep/2026:15:21:29 +0000] "GET /csratle/ HTTP/1.1" 200 - "-" "Mozilla/5.0 (Windows NT 10.0; Win64; x64) AppleWebKit/537.36 (KHTML, like Gecko) Chrome/130.0.0.0 Safari/537.36"
57.129.16.41 - - [03/Sep/2026:15:21:29 +0000] "GET /wp-content/themes/twentytwentyfive/assets/fonts/fira-sans/FiraSans-Italic.woff2 HTTP/1.1" 200 162712 "-" "Go-http-client/1.1"
57.129.16.41 - - [03/Sep/2026:15:21:29 +0000] "HEAD /wp-content/themes/twentytwentyfive/assets/fonts/fira-sans/FiraSans-Light.woff2 HTTP/1.1" 200 - "-" "Go-http-client/1.1"
57.129.16.41 - - [03/Sep/2026:15:21:29 +0000] "HEAD /wp-content/themes/twentytwentyfive/assets/fonts/fira-sans/FiraSans-BoldItalic.woff2 HTTP/1.1" 200 - "-" "Go-http-client/1.1"
147.182.149.75 - - [03/Sep/2026:15:21:29 +0000] "GET /v2/_catalog HTTP/1.1" 404 - "-" "Mozilla/5.0 (l9scan/2.0.1343e25363e2839313e2935313; +https://leakix.net)"
171.22.217.182 - - [03/Sep/2026:15:21:29 +0000] "GET /m1ztsxf/ HTTP/1.1" 200 - "-" "Mozilla/5.0 (Windows NT 10.0; Win64; x64) AppleWebKit/537.36 (KHTML, like Gecko) Chrome/130.0.0.0 Safari/537.36"
57.129.16.41 - - [03/Sep/2026:15:21:29 +0000] "GET /wp-content/themes/twentytwentyfive/assets/fonts/fira-sans/FiraSans-Light.woff2 HTTP/1.1" 200 155815 "-" "Go-http-client/1.1"
57.129.16.41 - - [03/Sep/2026:15:21:29 +0000] "GET /wp-content/themes/twentytwentyfive/assets/fonts/fira-sans/FiraSans-BoldItalic.woff2 HTTP/1.1" 200 174164 "-" "Go-http-client/1.1"
57.129.16.41 - - [03/Sep/2026:15:21:29 +0000] "HEAD /wp-content/themes/twentytwentyfive/assets/fonts/fira-sans/FiraSans-LightItalic.woff2 HTTP/1.1" 200 - "-" "Go-http-client/1.1"
171.22.217.182 - - [03/Sep/2026:15:21:29 +0000] "GET /uhfvozq/ HTTP/1.1" 200 - "-" "Mozilla/5.0 (Windows NT 10.0; Win64; x64) AppleWebKit/537.36 (KHTML, like Gecko) Chrome/130.0.0.0 Safari/537.36"
57.129.16.41 - - [03/Sep/2026:15:21:30 +0000] "GET /wp-content/themes/twentytwentyfive/assets/fonts/fira-sans/FiraSans-LightItalic.woff2 HTTP/1.1" 200 161462 "-" "Go-http-client/1.1"
57.129.16.41 - - [03/Sep/2026:15:21:30 +0000] "HEAD /wp-content/themes/twentytwentyfive/assets/fonts/fira-sans/FiraSans-ExtraBold.woff2 HTTP/1.1" 200 - "-" "Go-http-client/1.1"
57.129.16.41 - - [03/Sep/2026:15:21:30 +0000] "GET /wp-content/themes/twentytwentyfive/assets/fonts/fira-sans/FiraSans-ExtraBold.woff2 HTTP/1.1" 200 168409 "-" "Go-http-client/1.1"
