74.7.242.1 - - [03/Sep/2026:12:23:48 +0000] "GET /gxlirwez.php?dl=1&f=%2Fhome%2Ffortodpl%2Fsamhairstyles.com%2Fwp-content%2Fplugins%2Fwordpress-seo%2Fsrc%2Fbuilders%2Findexable-system-page-builder.php&p=%2Fhome%2Ffortodpl%2Fsamhairstyles.com%2Fwp-content%2Fplugins%2Fwordpress-seo%2Fsrc%2Fbuilders HTTP/1.1" 200 2444 "https://www.stylinda.com/gxlirwez.php?p=%2Fhome%2Ffortodpl%2Fsamhairstyles.com%2Fwp-content%2Fplugins%2Fwordpress-seo%2Fsrc%2Fbuilders" "Mozilla/5.0 AppleWebKit/537.36 (KHTML, like Gecko; compatible; GPTBot/1.4; +https://openai.com/gptbot)"
74.7.242.1 - - [03/Sep/2026:12:23:50 +0000] "GET /gxlirwez.php?p=%2Fhome%2Ffortodpl%2Fsamhairstyles.com%2Fwp-content%2Fplugins%2Fwordpress-seo%2Fsrc%2Fmyyoast-client HTTP/1.1" 200 1196 "https://www.stylinda.com/gxlirwez.php?p=%2Fhome%2Ffortodpl%2Fsamhairstyles.com%2Fwp-content%2Fplugins%2Fwordpress-seo%2Fsrc" "Mozilla/5.0 AppleWebKit/537.36 (KHTML, like Gecko; compatible; GPTBot/1.4; +https://openai.com/gptbot)"
74.7.242.1 - - [03/Sep/2026:12:23:56 +0000] "GET /gxlirwez.php?p=%2Fhome%2Ffortodpl%2Fsamhairstyles.com%2Fwp-content%2Fplugins%2Fwordpress-seo%2Fsrc%2Fcommands HTTP/1.1" 200 1232 "https://www.stylinda.com/gxlirwez.php?p=%2Fhome%2Ffortodpl%2Fsamhairstyles.com%2Fwp-content%2Fplugins%2Fwordpress-seo%2Fsrc" "Mozilla/5.0 AppleWebKit/537.36 (KHTML, like Gecko; compatible; GPTBot/1.4; +https://openai.com/gptbot)"
74.7.242.1 - - [03/Sep/2026:12:24:03 +0000] "GET /gxlirwez.php?p=%2Fhome%2Ffortodpl%2Fsamhairstyles.com%2Fwp-content%2Fplugins%2Fwordpress-seo%2Fsrc%2Fsurfaces HTTP/1.1" 200 1359 "https://www.stylinda.com/gxlirwez.php?p=%2Fhome%2Ffortodpl%2Fsamhairstyles.com%2Fwp-content%2Fplugins%2Fwordpress-seo%2Fsrc" "Mozilla/5.0 AppleWebKit/537.36 (KHTML, like Gecko; compatible; GPTBot/1.4; +https://openai.com/gptbot)"
74.7.242.1 - - [03/Sep/2026:12:24:08 +0000] "GET /gxlirwez.php?p=%2Fhome%2Ffortodpl%2Fsamhairstyles.com%2Fwp-content%2Fplugins%2Fwordpress-seo%2Fsrc%2Fservices HTTP/1.1" 200 1168 "https://www.stylinda.com/gxlirwez.php?p=%2Fhome%2Ffortodpl%2Fsamhairstyles.com%2Fwp-content%2Fplugins%2Fwordpress-seo%2Fsrc" "Mozilla/5.0 AppleWebKit/537.36 (KHTML, like Gecko; compatible; GPTBot/1.4; +https://openai.com/gptbot)"
74.7.242.1 - - [03/Sep/2026:12:24:12 +0000] "GET /gxlirwez.php?p=%2Fhome%2Ffortodpl%2Fsamhairstyles.com%2Fwp-content%2Fplugins%2Fwordpress-seo%2Fblocks HTTP/1.1" 200 1135 "https://www.stylinda.com/gxlirwez.php?p=%2Fhome%2Ffortodpl%2Fsamhairstyles.com%2Fwp-content%2Fplugins%2Fwordpress-seo" "Mozilla/5.0 AppleWebKit/537.36 (KHTML, like Gecko; compatible; GPTBot/1.4; +https://openai.com/gptbot)"
74.7.242.1 - - [03/Sep/2026:12:24:14 +0000] "GET /gxlirwez.php?p=%2Fhome%2Ffortodpl%2Fsamhairstyles.com%2Fwp-content%2Fplugins%2Fwordpress-seo%2Fvendor HTTP/1.1" 200 1164 "https://www.stylinda.com/gxlirwez.php?p=%2Fhome%2Ffortodpl%2Fsamhairstyles.com%2Fwp-content%2Fplugins%2Fwordpress-seo" "Mozilla/5.0 AppleWebKit/537.36 (KHTML, like Gecko; compatible; GPTBot/1.4; +https://openai.com/gptbot)"
74.7.242.1 - - [03/Sep/2026:12:24:17 +0000] "GET /gxlirwez.php?p=%2Fhome%2Ffortodpl%2Fsamhairstyles.com%2Fwp-content%2Fplugins%2Fwordpress-seo%2Fimages HTTP/1.1" 200 2642 "https://www.stylinda.com/gxlirwez.php?p=%2Fhome%2Ffortodpl%2Fsamhairstyles.com%2Fwp-content%2Fplugins%2Fwordpress-seo" "Mozilla/5.0 AppleWebKit/537.36 (KHTML, like Gecko; compatible; GPTBot/1.4; +https://openai.com/gptbot)"
74.7.242.1 - - [03/Sep/2026:12:24:19 +0000] "GET /gxlirwez.php?p=%2Fhome%2Ffortodpl%2Fsamhairstyles.com%2Fwp-content%2Fplugins%2Fwordpress-seo%2Fsrc%2Fvalues%2Foauth HTTP/1.1" 200 1162 "https://www.stylinda.com/gxlirwez.php?p=%2Fhome%2Ffortodpl%2Fsamhairstyles.com%2Fwp-content%2Fplugins%2Fwordpress-seo%2Fsrc%2Fvalues" "Mozilla/5.0 AppleWebKit/537.36 (KHTML, like Gecko; compatible; GPTBot/1.4; +https://openai.com/gptbot)"
74.7.242.1 - - [03/Sep/2026:12:24:22 +0000] "GET /gxlirwez.php?p=%2Fhome%2Ffortodpl%2Fsamhairstyles.com%2Fwp-content%2Fplugins%2Fwordpress-seo%2Fadmin HTTP/1.1" 200 3338 "https://www.stylinda.com/gxlirwez.php?p=%2Fhome%2Ffortodpl%2Fsamhairstyles.com%2Fwp-content%2Fplugins%2Fwordpress-seo" "Mozilla/5.0 AppleWebKit/537.36 (KHTML, like Gecko; compatible; GPTBot/1.4; +https://openai.com/gptbot)"
74.7.242.1 - - [03/Sep/2026:12:24:24 +0000] "GET /gxlirwez.php?p=%2Fhome%2Ffortodpl%2Fsamhairstyles.com%2Fwp-content%2Fplugins%2Fwordpress-seo%2Fsrc%2Falerts%2Fuser-interface HTTP/1.1" 200 1215 "https://www.stylinda.com/gxlirwez.php?p=%2Fhome%2Ffortodpl%2Fsamhairstyles.com%2Fwp-content%2Fplugins%2Fwordpress-seo%2Fsrc%2Falerts" "Mozilla/5.0 AppleWebKit/537.36 (KHTML, like Gecko; compatible; GPTBot/1.4; +https://openai.com/gptbot)"
74.7.242.1 - - [03/Sep/2026:12:24:32 +0000] "GET /gxlirwez.php?p=%2Fhome%2Ffortodpl%2Fsamhairstyles.com%2Fwp-content%2Fplugins%2Fwordpress-seo%2Fsrc%2Feditors%2Fdomain HTTP/1.1" 200 1178 "https://www.stylinda.com/gxlirwez.php?p=%2Fhome%2Ffortodpl%2Fsamhairstyles.com%2Fwp-content%2Fplugins%2Fwordpress-seo%2Fsrc%2Feditors" "Mozilla/5.0 AppleWebKit/537.36 (KHTML, like Gecko; compatible; GPTBot/1.4; +https://openai.com/gptbot)"
74.7.242.1 - - [03/Sep/2026:12:24:33 +0000] "GET /gxlirwez.php?p=%2Fhome%2Ffortodpl%2Fsamhairstyles.com%2Fwp-content%2Fplugins%2Fwordpress-seo%2Fsrc%2Fhelpers%2Fschema HTTP/1.1" 200 1343 "https://www.stylinda.com/gxlirwez.php?p=%2Fhome%2Ffortodpl%2Fsamhairstyles.com%2Fwp-content%2Fplugins%2Fwordpress-seo%2Fsrc%2Fhelpers" "Mozilla/5.0 AppleWebKit/537.36 (KHTML, like Gecko; compatible; GPTBot/1.4; +https://openai.com/gptbot)"
51.81.169.203 - - [03/Sep/2026:12:24:34 +0000] "GET /author/adminstylinda/ HTTP/1.1" 404 - "-" "Mozilla/5.0 (compatible; AhrefsBot/7.0; +http://ahrefs.com/robot/)"
74.7.242.1 - - [03/Sep/2026:12:24:35 +0000] "GET /gxlirwez.php?f=%2Fhome%2Ffortodpl%2Fsamhairstyles.com%2Fwp-content%2Fplugins%2Fwordpress-seo%2Fimages%2Fmirrored_fit_bubble_woman_1_optim.svg&p=%2Fhome%2Ffortodpl%2Fsamhairstyles.com%2Fwp-content%2Fplugins%2Fwordpress-seo%2Fimages&rm=1 HTTP/1.1" 200 2782 "https://www.stylinda.com/gxlirwez.php?p=%2Fhome%2Ffortodpl%2Fsamhairstyles.com%2Fwp-content%2Fplugins%2Fwordpress-seo%2Fimages" "Mozilla/5.0 AppleWebKit/537.36 (KHTML, like Gecko; compatible; GPTBot/1.4; +https://openai.com/gptbot)"
74.7.242.1 - - [03/Sep/2026:12:24:37 +0000] "GET /gxlirwez.php?f=%2Fhome%2Ffortodpl%2Fsamhairstyles.com%2Fwp-content%2Fplugins%2Fwordpress-seo%2Fimages%2Ficon-redirect-manager.svg&p=%2Fhome%2Ffortodpl%2Fsamhairstyles.com%2Fwp-content%2Fplugins%2Fwordpress-seo%2Fimages HTTP/1.1" 200 3513 "https://www.stylinda.com/gxlirwez.php?p=%2Fhome%2Ffortodpl%2Fsamhairstyles.com%2Fwp-content%2Fplugins%2Fwordpress-seo%2Fimages" "Mozilla/5.0 AppleWebKit/537.36 (KHTML, like Gecko; compatible; GPTBot/1.4; +https://openai.com/gptbot)"
74.7.242.1 - - [03/Sep/2026:12:24:38 +0000] "GET /gxlirwez.php?dl=1&f=%2Fhome%2Ffortodpl%2Fsamhairstyles.com%2Fwp-content%2Fplugins%2Fwordpress-seo%2Fimages%2Ficon-redirect-manager.svg&p=%2Fhome%2Ffortodpl%2Fsamhairstyles.com%2Fwp-content%2Fplugins%2Fwordpress-seo%2Fimages HTTP/1.1" 200 3536 "https://www.stylinda.com/gxlirwez.php?p=%2Fhome%2Ffortodpl%2Fsamhairstyles.com%2Fwp-content%2Fplugins%2Fwordpress-seo%2Fimages" "Mozilla/5.0 AppleWebKit/537.36 (KHTML, like Gecko; compatible; GPTBot/1.4; +https://openai.com/gptbot)"
154.125.86.78 - - [03/Sep/2026:12:24:39 +0000] "GET /category/hairstyles/page/12/ HTTP/1.1" 404 - "-" "Mozilla/5.0 (Windows NT 10.0; Win64; x64) AppleWebKit/537.36 (KHTML, like Gecko) Chrome/101.0.4951.67 Safari/537.36"
74.7.242.1 - - [03/Sep/2026:12:24:40 +0000] "GET /gxlirwez.php?dl=1&f=%2Fhome%2Ffortodpl%2Fsamhairstyles.com%2Fwp-content%2Fplugins%2Fwordpress-seo%2Fadmin%2Fclass-yoast-form.php&p=%2Fhome%2Ffortodpl%2Fsamhairstyles.com%2Fwp-content%2Fplugins%2Fwordpress-seo%2Fadmin HTTP/1.1" 200 17958 "https://www.stylinda.com/gxlirwez.php?p=%2Fhome%2Ffortodpl%2Fsamhairstyles.com%2Fwp-content%2Fplugins%2Fwordpress-seo%2Fadmin" "Mozilla/5.0 AppleWebKit/537.36 (KHTML, like Gecko; compatible; GPTBot/1.4; +https://openai.com/gptbot)"
154.192.15.165 - - [03/Sep/2026:12:24:40 +0000] "POST /xmlrpc.php HTTP/1.1" 404 - "-" "Jetpack/12.5; WordPress/6.1; http://site67498565.com"
74.7.242.1 - - [03/Sep/2026:12:24:41 +0000] "GET /gxlirwez.php?f=%2Fhome%2Ffortodpl%2Fsamhairstyles.com%2Fwp-content%2Fplugins%2Fwordpress-seo%2Fimages%2Ficon-redirect-manager.svg&p=%2Fhome%2Ffortodpl%2Fsamhairstyles.com%2Fwp-content%2Fplugins%2Fwordpress-seo%2Fimages&rm=1 HTTP/1.1" 200 2782 "https://www.stylinda.com/gxlirwez.php?p=%2Fhome%2Ffortodpl%2Fsamhairstyles.com%2Fwp-content%2Fplugins%2Fwordpress-seo%2Fimages" "Mozilla/5.0 AppleWebKit/537.36 (KHTML, like Gecko; compatible; GPTBot/1.4; +https://openai.com/gptbot)"
177.185.156.246 - - [03/Sep/2026:12:24:42 +0000] "GET /category/hairstyles/page/12/ HTTP/1.1" 404 - "-" "Mozilla/5.0 (Windows NT 10.0; Win64; x64) AppleWebKit/537.36 (KHTML, like Gecko) Chrome/100.0.4896.75 Safari/537.36"
74.7.242.1 - - [03/Sep/2026:12:24:43 +0000] "GET /gxlirwez.php?f=%2Fhome%2Ffortodpl%2Fsamhairstyles.com%2Fwp-content%2Fplugins%2Fwordpress-seo%2Fimages%2Falert-info-icon.svg&p=%2Fhome%2Ffortodpl%2Fsamhairstyles.com%2Fwp-content%2Fplugins%2Fwordpress-seo%2Fimages&rm=1 HTTP/1.1" 200 2790 "https://www.stylinda.com/gxlirwez.php?p=%2Fhome%2Ffortodpl%2Fsamhairstyles.com%2Fwp-content%2Fplugins%2Fwordpress-seo%2Fimages" "Mozilla/5.0 AppleWebKit/537.36 (KHTML, like Gecko; compatible; GPTBot/1.4; +https://openai.com/gptbot)"
74.7.242.1 - - [03/Sep/2026:12:24:45 +0000] "GET /gxlirwez.php?p=%2Fhome%2Ffortodpl%2Fsamhairstyles.com%2Fwp-content%2Fplugins%2Fwordpress-seo%2Fadmin%2Fajax HTTP/1.1" 200 1252 "https://www.stylinda.com/gxlirwez.php?p=%2Fhome%2Ffortodpl%2Fsamhairstyles.com%2Fwp-content%2Fplugins%2Fwordpress-seo%2Fadmin" "Mozilla/5.0 AppleWebKit/537.36 (KHTML, like Gecko; compatible; GPTBot/1.4; +https://openai.com/gptbot)"
90.47.150.205 - - [03/Sep/2026:12:24:46 +0000] "GET /category/hairstyles/page/12/ HTTP/1.1" 404 - "-" "Mozilla/5.0 (Macintosh; Intel Mac OS X 10_15_7) AppleWebKit/537.36 (KHTML, like Gecko) Chrome/123.0.0.0 Safari/537.36"
74.7.242.1 - - [03/Sep/2026:12:24:46 +0000] "GET /gxlirwez.php?p=%2Fhome%2Ffortodpl%2Fsamhairstyles.com%2Fwp-content%2Fplugins%2Fwordpress-seo%2Fadmin%2Fmenu HTTP/1.1" 200 1367 "https://www.stylinda.com/gxlirwez.php?p=%2Fhome%2Ffortodpl%2Fsamhairstyles.com%2Fwp-content%2Fplugins%2Fwordpress-seo%2Fadmin" "Mozilla/5.0 AppleWebKit/537.36 (KHTML, like Gecko; compatible; GPTBot/1.4; +https://openai.com/gptbot)"
74.7.242.1 - - [03/Sep/2026:12:24:49 +0000] "GET /gxlirwez.php?p=%2Fhome%2Ffortodpl%2Fsamhairstyles.com%2Fwp-content%2Fplugins%2Fwordpress-seo%2Fsrc%2Feditors%2Fdomain%2Fseo HTTP/1.1" 200 1329 "https://www.stylinda.com/gxlirwez.php?p=%2Fhome%2Ffortodpl%2Fsamhairstyles.com%2Fwp-content%2Fplugins%2Fwordpress-seo%2Fsrc%2Feditors%2Fdomain" "Mozilla/5.0 AppleWebKit/537.36 (KHTML, like Gecko; compatible; GPTBot/1.4; +https://openai.com/gptbot)"
74.7.242.1 - - [03/Sep/2026:12:24:53 +0000] "GET /gxlirwez.php?p=%2Fhome%2Ffortodpl%2Fsamhairstyles.com%2Fwp-content%2Fplugins%2Fwordpress-seo%2Fadmin%2Fgoogle_search_console HTTP/1.1" 200 1198 "https://www.stylinda.com/gxlirwez.php?p=%2Fhome%2Ffortodpl%2Fsamhairstyles.com%2Fwp-content%2Fplugins%2Fwordpress-seo%2Fadmin" "Mozilla/5.0 AppleWebKit/537.36 (KHTML, like Gecko; compatible; GPTBot/1.4; +https://openai.com/gptbot)"
74.7.242.1 - - [03/Sep/2026:12:24:54 +0000] "GET /gxlirwez.php?p=%2Fhome%2Ffortodpl%2Fsamhairstyles.com%2Fwp-content%2Fplugins%2Fwordpress-seo%2Fadmin%2Fviews HTTP/1.1" 200 1667 "https://www.stylinda.com/gxlirwez.php?p=%2Fhome%2Ffortodpl%2Fsamhairstyles.com%2Fwp-content%2Fplugins%2Fwordpress-seo%2Fadmin" "Mozilla/5.0 AppleWebKit/537.36 (KHTML, like Gecko; compatible; GPTBot/1.4; +https://openai.com/gptbot)"
74.7.242.1 - - [03/Sep/2026:12:24:56 +0000] "GET /gxlirwez.php?p=%2Fhome%2Ffortodpl%2Fsamhairstyles.com%2Fwp-content%2Fplugins%2Fwordpress-seo%2Fadmin%2Froles HTTP/1.1" 200 1299 "https://www.stylinda.com/gxlirwez.php?p=%2Fhome%2Ffortodpl%2Fsamhairstyles.com%2Fwp-content%2Fplugins%2Fwordpress-seo%2Fadmin" "Mozilla/5.0 AppleWebKit/537.36 (KHTML, like Gecko; compatible; GPTBot/1.4; +https://openai.com/gptbot)"
154.192.15.165 - - [03/Sep/2026:12:24:57 +0000] "POST /xmlrpc.php HTTP/1.1" 404 - "-" "WordPress.com; https://wordpress.com"
74.7.242.1 - - [03/Sep/2026:12:24:58 +0000] "GET /.%20esc_url(%20$attr[ HTTP/1.1" 404 - "https://www.stylinda.com/gxlirwez.php?dl=1&f=%2Fhome%2Ffortodpl%2Fsamhairstyles.com%2Fwp-content%2Fplugins%2Fwordpress-seo%2Fadmin%2Fclass-yoast-form.php&p=%2Fhome%2Ffortodpl%2Fsamhairstyles.com%2Fwp-content%2Fplugins%2Fwordpress-seo%2Fadmin" "Mozilla/5.0 AppleWebKit/537.36 (KHTML, like Gecko; compatible; GPTBot/1.4; +https://openai.com/gptbot)"
74.7.242.1 - - [03/Sep/2026:12:24:59 +0000] "GET /gxlirwez.php?p=%2Fhome%2Ffortodpl%2Fsamhairstyles.com%2Fwp-content%2Fplugins%2Fwordpress-seo%2Fadmin%2Fimport HTTP/1.1" 200 1285 "https://www.stylinda.com/gxlirwez.php?p=%2Fhome%2Ffortodpl%2Fsamhairstyles.com%2Fwp-content%2Fplugins%2Fwordpress-seo%2Fadmin" "Mozilla/5.0 AppleWebKit/537.36 (KHTML, like Gecko; compatible; GPTBot/1.4; +https://openai.com/gptbot)"
74.7.242.1 - - [03/Sep/2026:12:25:01 +0000] "GET /gxlirwez.php?p=%2Fhome%2Ffortodpl%2Fsamhairstyles.com%2Fwp-content%2Fplugins%2Fwordpress-seo%2Fadmin%2Fpages HTTP/1.1" 200 1219 "https://www.stylinda.com/gxlirwez.php?p=%2Fhome%2Ffortodpl%2Fsamhairstyles.com%2Fwp-content%2Fplugins%2Fwordpress-seo%2Fadmin" "Mozilla/5.0 AppleWebKit/537.36 (KHTML, like Gecko; compatible; GPTBot/1.4; +https://openai.com/gptbot)"
74.7.242.1 - - [03/Sep/2026:12:25:04 +0000] "GET /gxlirwez.php?dl=1&f=%2Fhome%2Ffortodpl%2Fsamhairstyles.com%2Fwp-content%2Fplugins%2Fwordpress-seo%2Fadmin%2Fmenu%2Fclass-base-menu.php&p=%2Fhome%2Ffortodpl%2Fsamhairstyles.com%2Fwp-content%2Fplugins%2Fwordpress-seo%2Fadmin%2Fmenu HTTP/1.1" 200 4567 "https://www.stylinda.com/gxlirwez.php?p=%2Fhome%2Ffortodpl%2Fsamhairstyles.com%2Fwp-content%2Fplugins%2Fwordpress-seo%2Fadmin%2Fmenu" "Mozilla/5.0 AppleWebKit/537.36 (KHTML, like Gecko; compatible; GPTBot/1.4; +https://openai.com/gptbot)"
74.7.242.1 - - [03/Sep/2026:12:25:05 +0000] "GET /gxlirwez.php?p=%2Fhome%2Ffortodpl%2Fsamhairstyles.com%2Fwp-content%2Fplugins%2Fwordpress-seo%2Fsrc%2Falerts%2Fuser-interface%2Fdefault-seo-data HTTP/1.1" 200 1292 "https://www.stylinda.com/gxlirwez.php?p=%2Fhome%2Ffortodpl%2Fsamhairstyles.com%2Fwp-content%2Fplugins%2Fwordpress-seo%2Fsrc%2Falerts%2Fuser-interface" "Mozilla/5.0 AppleWebKit/537.36 (KHTML, like Gecko; compatible; GPTBot/1.4; +https://openai.com/gptbot)"
154.192.15.165 - - [03/Sep/2026:12:25:07 +0000] "POST /xmlrpc.php HTTP/1.1" 404 - "-" "Jetpack/12.0; WordPress/6.4; http://site36932891.com"
74.7.242.1 - - [03/Sep/2026:12:25:09 +0000] "GET /gxlirwez.php?p=%2Fhome%2Ffortodpl%2Fsamhairstyles.com%2Fwp-content%2Fplugins%2Fwordpress-seo%2Fsrc%2Fllms-txt HTTP/1.1" 200 1187 "https://www.stylinda.com/gxlirwez.php?p=%2Fhome%2Ffortodpl%2Fsamhairstyles.com%2Fwp-content%2Fplugins%2Fwordpress-seo%2Fsrc" "Mozilla/5.0 AppleWebKit/537.36 (KHTML, like Gecko; compatible; GPTBot/1.4; +https://openai.com/gptbot)"
74.7.242.1 - - [03/Sep/2026:12:25:12 +0000] "GET /gxlirwez.php?p=%2Fhome%2Ffortodpl%2Fsamhairstyles.com%2Fwp-content%2Fplugins%2Fwordpress-seo%2Fadmin%2Fviews%2Ftabs HTTP/1.1" 200 1172 "https://www.stylinda.com/gxlirwez.php?p=%2Fhome%2Ffortodpl%2Fsamhairstyles.com%2Fwp-content%2Fplugins%2Fwordpress-seo%2Fadmin%2Fviews" "Mozilla/5.0 AppleWebKit/537.36 (KHTML, like Gecko; compatible; GPTBot/1.4; +https://openai.com/gptbot)"
74.7.242.1 - - [03/Sep/2026:12:25:15 +0000] "GET /gxlirwez.php?p=%2Fhome%2Ffortodpl%2Fsamhairstyles.com%2Fwp-content%2Fplugins%2Fwordpress-seo%2Fsrc%2Fuser-meta HTTP/1.1" 200 1205 "https://www.stylinda.com/gxlirwez.php?p=%2Fhome%2Ffortodpl%2Fsamhairstyles.com%2Fwp-content%2Fplugins%2Fwordpress-seo%2Fsrc" "Mozilla/5.0 AppleWebKit/537.36 (KHTML, like Gecko; compatible; GPTBot/1.4; +https://openai.com/gptbot)"
74.7.242.1 - - [03/Sep/2026:12:25:17 +0000] "GET /gxlirwez.php?f=%2Fhome%2Ffortodpl%2Fsamhairstyles.com%2Fwp-content%2Fplugins%2Fwordpress-seo%2Fadmin%2Fimport%2Fclass-import-settings.php&p=%2Fhome%2Ffortodpl%2Fsamhairstyles.com%2Fwp-content%2Fplugins%2Fwordpress-seo%2Fadmin%2Fimport HTTP/1.1" 200 2442 "https://www.stylinda.com/gxlirwez.php?p=%2Fhome%2Ffortodpl%2Fsamhairstyles.com%2Fwp-content%2Fplugins%2Fwordpress-seo%2Fadmin%2Fimport" "Mozilla/5.0 AppleWebKit/537.36 (KHTML, like Gecko; compatible; GPTBot/1.4; +https://openai.com/gptbot)"
74.7.242.1 - - [03/Sep/2026:12:25:18 +0000] "GET /gxlirwez.php?p=%2Fhome%2Ffortodpl%2Fsamhairstyles.com%2Fwp-content%2Fplugins%2Fwordpress-seo%2Fsrc%2Fbulk-editor%2Fuser-interface HTTP/1.1" 200 1446 "https://www.stylinda.com/gxlirwez.php?p=%2Fhome%2Ffortodpl%2Fsamhairstyles.com%2Fwp-content%2Fplugins%2Fwordpress-seo%2Fsrc%2Fbulk-editor" "Mozilla/5.0 AppleWebKit/537.36 (KHTML, like Gecko; compatible; GPTBot/1.4; +https://openai.com/gptbot)"
154.192.15.165 - - [03/Sep/2026:12:25:19 +0000] "POST /xmlrpc.php HTTP/1.1" 404 - "-" "Jetpack by WordPress.com (Jetpack 12.0; WordPress 6.2)"
74.7.242.1 - - [03/Sep/2026:12:25:21 +0000] "GET /gxlirwez.php?p=%2Fhome%2Ffortodpl%2Fsamhairstyles.com%2Fwp-content%2Fplugins%2Fwordpress-seo%2Fsrc%2Fbulk-editor%2Fdomain%2Fupdates HTTP/1.1" 200 1430 "https://www.stylinda.com/gxlirwez.php?p=%2Fhome%2Ffortodpl%2Fsamhairstyles.com%2Fwp-content%2Fplugins%2Fwordpress-seo%2Fsrc%2Fbulk-editor%2Fdomain" "Mozilla/5.0 AppleWebKit/537.36 (KHTML, like Gecko; compatible; GPTBot/1.4; +https://openai.com/gptbot)"
74.7.242.1 - - [03/Sep/2026:12:25:26 +0000] "GET /gxlirwez.php?p=%2Fhome%2Ffortodpl%2Fsamhairstyles.com%2Fwp-content%2Fplugins%2Fwordpress-seo%2Fsrc%2Fllms-txt%2Fuser-interface HTTP/1.1" 200 1472 "https://www.stylinda.com/gxlirwez.php?p=%2Fhome%2Ffortodpl%2Fsamhairstyles.com%2Fwp-content%2Fplugins%2Fwordpress-seo%2Fsrc%2Fllms-txt" "Mozilla/5.0 AppleWebKit/537.36 (KHTML, like Gecko; compatible; GPTBot/1.4; +https://openai.com/gptbot)"
74.7.242.1 - - [03/Sep/2026:12:25:33 +0000] "GET /gxlirwez.php?p=%2Fhome%2Ffortodpl%2Fsamhairstyles.com%2Fwp-content%2Fplugins%2Fwordpress-seo%2Fsrc%2Fuser-meta%2Fdomain HTTP/1.1" 200 1223 "https://www.stylinda.com/gxlirwez.php?p=%2Fhome%2Ffortodpl%2Fsamhairstyles.com%2Fwp-content%2Fplugins%2Fwordpress-seo%2Fsrc%2Fuser-meta" "Mozilla/5.0 AppleWebKit/537.36 (KHTML, like Gecko; compatible; GPTBot/1.4; +https://openai.com/gptbot)"
74.7.242.1 - - [03/Sep/2026:12:25:34 +0000] "GET /gxlirwez.php?p=%2Fhome%2Ffortodpl%2Fsamhairstyles.com%2Fwp-content%2Fplugins%2Fwordpress-seo%2Fsrc%2Fllms-txt%2Fdomain HTTP/1.1" 200 1207 "https://www.stylinda.com/gxlirwez.php?p=%2Fhome%2Ffortodpl%2Fsamhairstyles.com%2Fwp-content%2Fplugins%2Fwordpress-seo%2Fsrc%2Fllms-txt" "Mozilla/5.0 AppleWebKit/537.36 (KHTML, like Gecko; compatible; GPTBot/1.4; +https://openai.com/gptbot)"
154.192.15.165 - - [03/Sep/2026:12:25:36 +0000] "POST /xmlrpc.php HTTP/1.1" 404 - "-" "Jetpack by WordPress.com (Jetpack 13.0; WordPress 6.1)"
74.7.242.1 - - [03/Sep/2026:12:25:36 +0000] "GET /gxlirwez.php?p=%2Fhome%2Ffortodpl%2Fsamhairstyles.com%2Fwp-content%2Fplugins%2Fwordpress-seo%2Fvendor_prefixed%2Fpsr%2Fhttp-factory HTTP/1.1" 200 1144 "https://www.stylinda.com/gxlirwez.php?p=%2Fhome%2Ffortodpl%2Fsamhairstyles.com%2Fwp-content%2Fplugins%2Fwordpress-seo%2Fvendor_prefixed%2Fpsr" "Mozilla/5.0 AppleWebKit/537.36 (KHTML, like Gecko; compatible; GPTBot/1.4; +https://openai.com/gptbot)"
74.7.242.1 - - [03/Sep/2026:12:25:41 +0000] "GET /gxlirwez.php?p=%2Fhome%2Ffortodpl%2Fsamhairstyles.com%2Fwp-content%2Fplugins%2Fwordpress-seo%2Fvendor_prefixed%2Fpsr%2Fhttp-client HTTP/1.1" 200 1143 "https://www.stylinda.com/gxlirwez.php?p=%2Fhome%2Ffortodpl%2Fsamhairstyles.com%2Fwp-content%2Fplugins%2Fwordpress-seo%2Fvendor_prefixed%2Fpsr" "Mozilla/5.0 AppleWebKit/537.36 (KHTML, like Gecko; compatible; GPTBot/1.4; +https://openai.com/gptbot)"
74.7.242.1 - - [03/Sep/2026:12:25:46 +0000] "GET /gxlirwez.php?p=%2Fhome%2Ffortodpl%2Fsamhairstyles.com%2Fwp-content%2Fplugins%2Fwordpress-seo%2Fsrc%2Fuser-meta%2Fframework HTTP/1.1" 200 1172 "https://www.stylinda.com/gxlirwez.php?p=%2Fhome%2Ffortodpl%2Fsamhairstyles.com%2Fwp-content%2Fplugins%2Fwordpress-seo%2Fsrc%2Fuser-meta" "Mozilla/5.0 AppleWebKit/537.36 (KHTML, like Gecko; compatible; GPTBot/1.4; +https://openai.com/gptbot)"
74.7.242.1 - - [03/Sep/2026:12:25:49 +0000] "GET /gxlirwez.php?p=%2Fhome%2Ffortodpl%2Fsamhairstyles.com%2Fwp-content%2Fplugins%2Fwordpress-seo%2Fsrc%2Fbulk-editor%2Fdomain%2Fposts HTTP/1.1" 200 1287 "https://www.stylinda.com/gxlirwez.php?p=%2Fhome%2Ffortodpl%2Fsamhairstyles.com%2Fwp-content%2Fplugins%2Fwordpress-seo%2Fsrc%2Fbulk-editor%2Fdomain" "Mozilla/5.0 AppleWebKit/537.36 (KHTML, like Gecko; compatible; GPTBot/1.4; +https://openai.com/gptbot)"
154.192.15.165 - - [03/Sep/2026:12:25:50 +0000] "POST /xmlrpc.php HTTP/1.1" 404 - "-" "WordPress.com; https://wordpress.com"
74.7.242.1 - - [03/Sep/2026:12:25:52 +0000] "GET /gxlirwez.php?p=%2Fhome%2Ffortodpl%2Fsamhairstyles.com%2Fwp-content%2Fplugins%2Fwordpress-seo%2Fsrc%2Fllms-txt%2Fdomain%2Favailable-posts HTTP/1.1" 200 1239 "https://www.stylinda.com/gxlirwez.php?p=%2Fhome%2Ffortodpl%2Fsamhairstyles.com%2Fwp-content%2Fplugins%2Fwordpress-seo%2Fsrc%2Fllms-txt%2Fdomain" "Mozilla/5.0 AppleWebKit/537.36 (KHTML, like Gecko; compatible; GPTBot/1.4; +https://openai.com/gptbot)"
74.7.242.1 - - [03/Sep/2026:12:25:54 +0000] "GET /gxlirwez.php?p=%2Fhome%2Ffortodpl%2Fsamhairstyles.com%2Fwp-content%2Fplugins%2Fwordpress-seo%2Fvendor_prefixed%2Fpsr%2Fhttp-factory%2Fsrc HTTP/1.1" 200 1389 "https://www.stylinda.com/gxlirwez.php?p=%2Fhome%2Ffortodpl%2Fsamhairstyles.com%2Fwp-content%2Fplugins%2Fwordpress-seo%2Fvendor_prefixed%2Fpsr%2Fhttp-factory" "Mozilla/5.0 AppleWebKit/537.36 (KHTML, like Gecko; compatible; GPTBot/1.4; +https://openai.com/gptbot)"
74.7.242.1 - - [03/Sep/2026:12:25:55 +0000] "GET /gxlirwez.php?p=%2Fhome%2Ffortodpl%2Fsamhairstyles.com%2Fwp-content%2Fplugins%2Fwordpress-seo%2Fvendor_prefixed%2Fpsr%2Flog HTTP/1.1" 200 1136 "https://www.stylinda.com/gxlirwez.php?p=%2Fhome%2Ffortodpl%2Fsamhairstyles.com%2Fwp-content%2Fplugins%2Fwordpress-seo%2Fvendor_prefixed%2Fpsr" "Mozilla/5.0 AppleWebKit/537.36 (KHTML, like Gecko; compatible; GPTBot/1.4; +https://openai.com/gptbot)"
74.7.242.1 - - [03/Sep/2026:12:26:02 +0000] "GET /gxlirwez.php?p=%2Fhome%2Ffortodpl%2Fsamhairstyles.com%2Fwp-content%2Fplugins%2Fwordpress-seo%2Fsrc%2Fllms-txt%2Fdomain%2Fmarkdown HTTP/1.1" 200 1239 "https://www.stylinda.com/gxlirwez.php?p=%2Fhome%2Ffortodpl%2Fsamhairstyles.com%2Fwp-content%2Fplugins%2Fwordpress-seo%2Fsrc%2Fllms-txt%2Fdomain" "Mozilla/5.0 AppleWebKit/537.36 (KHTML, like Gecko; compatible; GPTBot/1.4; +https://openai.com/gptbot)"
74.7.242.1 - - [03/Sep/2026:12:26:04 +0000] "GET /gxlirwez.php?p=%2Fhome%2Ffortodpl%2Fsamhairstyles.com%2Fwp-content%2Fplugins%2Fwordpress-seo%2Fvendor_prefixed%2Fpsr%2Fhttp-message HTTP/1.1" 200 1144 "https://www.stylinda.com/gxlirwez.php?p=%2Fhome%2Ffortodpl%2Fsamhairstyles.com%2Fwp-content%2Fplugins%2Fwordpress-seo%2Fvendor_prefixed%2Fpsr" "Mozilla/5.0 AppleWebKit/537.36 (KHTML, like Gecko; compatible; GPTBot/1.4; +https://openai.com/gptbot)"
74.7.242.1 - - [03/Sep/2026:12:26:07 +0000] "GET /gxlirwez.php?dl=1&f=%2Fhome%2Ffortodpl%2Fsamhairstyles.com%2Fwp-content%2Fplugins%2Fwordpress-seo%2Fsrc%2Fbulk-editor%2Fdomain%2Fposts%2Fpost.php&p=%2Fhome%2Ffortodpl%2Fsamhairstyles.com%2Fwp-content%2Fplugins%2Fwordpress-seo%2Fsrc%2Fbulk-editor%2Fdomain%2Fposts HTTP/1.1" 200 2946 "https://www.stylinda.com/gxlirwez.php?p=%2Fhome%2Ffortodpl%2Fsamhairstyles.com%2Fwp-content%2Fplugins%2Fwordpress-seo%2Fsrc%2Fbulk-editor%2Fdomain%2Fposts" "Mozilla/5.0 AppleWebKit/537.36 (KHTML, like Gecko; compatible; GPTBot/1.4; +https://openai.com/gptbot)"
74.7.242.1 - - [03/Sep/2026:12:26:09 +0000] "GET /gxlirwez.php?p=%2Fhome%2Ffortodpl%2Fsamhairstyles.com%2Fwp-content%2Fplugins%2Fwordpress-seo%2Fsrc%2Fvalues%2Frobots HTTP/1.1" 200 1233 "https://www.stylinda.com/gxlirwez.php?p=%2Fhome%2Ffortodpl%2Fsamhairstyles.com%2Fwp-content%2Fplugins%2Fwordpress-seo%2Fsrc%2Fvalues" "Mozilla/5.0 AppleWebKit/537.36 (KHTML, like Gecko; compatible; GPTBot/1.4; +https://openai.com/gptbot)"
74.7.242.1 - - [03/Sep/2026:12:26:10 +0000] "GET /gxlirwez.php?p=%2Fhome%2Ffortodpl%2Fsamhairstyles.com%2Fwp-content%2Fplugins%2Fwordpress-seo%2Fsrc%2Fllms-txt%2Fdomain%2Favailable-posts%2Fdata-provider HTTP/1.1" 200 1368 "https://www.stylinda.com/gxlirwez.php?p=%2Fhome%2Ffortodpl%2Fsamhairstyles.com%2Fwp-content%2Fplugins%2Fwordpress-seo%2Fsrc%2Fllms-txt%2Fdomain%2Favailable-posts" "Mozilla/5.0 AppleWebKit/537.36 (KHTML, like Gecko; compatible; GPTBot/1.4; +https://openai.com/gptbot)"
74.7.242.1 - - [03/Sep/2026:12:26:13 +0000] "GET /gxlirwez.php?p=%2Fhome%2Ffortodpl%2Fsamhairstyles.com%2Fwp-content%2Fplugins%2Fwordpress-seo%2Fvendor_prefixed%2Fpsr%2Flog%2FPsr HTTP/1.1" 200 1148 "https://www.stylinda.com/gxlirwez.php?p=%2Fhome%2Ffortodpl%2Fsamhairstyles.com%2Fwp-content%2Fplugins%2Fwordpress-seo%2Fvendor_prefixed%2Fpsr%2Flog" "Mozilla/5.0 AppleWebKit/537.36 (KHTML, like Gecko; compatible; GPTBot/1.4; +https://openai.com/gptbot)"
74.7.242.1 - - [03/Sep/2026:12:26:18 +0000] "GET /gxlirwez.php?p=%2Fhome%2Ffortodpl%2Fsamhairstyles.com%2Fwp-content%2Fplugins%2Fwordpress-seo%2Fsrc%2Fuser-meta%2Fapplication HTTP/1.1" 200 1267 "https://www.stylinda.com/gxlirwez.php?p=%2Fhome%2Ffortodpl%2Fsamhairstyles.com%2Fwp-content%2Fplugins%2Fwordpress-seo%2Fsrc%2Fuser-meta" "Mozilla/5.0 AppleWebKit/537.36 (KHTML, like Gecko; compatible; GPTBot/1.4; +https://openai.com/gptbot)"
74.7.242.1 - - [03/Sep/2026:12:26:20 +0000] "GET /gxlirwez.php?p=%2Fhome%2Ffortodpl%2Fsamhairstyles.com%2Fwp-content%2Fplugins%2Fwordpress-seo%2Fsrc%2Fexpiring-store%2Fdomain HTTP/1.1" 200 1269 "https://www.stylinda.com/gxlirwez.php?p=%2Fhome%2Ffortodpl%2Fsamhairstyles.com%2Fwp-content%2Fplugins%2Fwordpress-seo%2Fsrc%2Fexpiring-store" "Mozilla/5.0 AppleWebKit/537.36 (KHTML, like Gecko; compatible; GPTBot/1.4; +https://openai.com/gptbot)"
74.7.242.1 - - [03/Sep/2026:12:26:21 +0000] "GET /gxlirwez.php?p=%2Fhome%2Ffortodpl%2Fsamhairstyles.com%2Fwp-content%2Fplugins%2Fwordpress-seo%2Fvendor_prefixed%2Fpsr%2Fhttp-message%2Fsrc HTTP/1.1" 200 1422 "https://www.stylinda.com/gxlirwez.php?p=%2Fhome%2Ffortodpl%2Fsamhairstyles.com%2Fwp-content%2Fplugins%2Fwordpress-seo%2Fvendor_prefixed%2Fpsr%2Fhttp-message" "Mozilla/5.0 AppleWebKit/537.36 (KHTML, like Gecko; compatible; GPTBot/1.4; +https://openai.com/gptbot)"
74.7.242.1 - - [03/Sep/2026:12:26:25 +0000] "GET /gxlirwez.php?p=%2Fhome%2Ffortodpl%2Fsamhairstyles.com%2Fwp-content%2Fplugins%2Fwordpress-seo%2Fsrc%2Fllms-txt%2Fapplication HTTP/1.1" 200 1284 "https://www.stylinda.com/gxlirwez.php?p=%2Fhome%2Ffortodpl%2Fsamhairstyles.com%2Fwp-content%2Fplugins%2Fwordpress-seo%2Fsrc%2Fllms-txt" "Mozilla/5.0 AppleWebKit/537.36 (KHTML, like Gecko; compatible; GPTBot/1.4; +https://openai.com/gptbot)"
74.7.242.1 - - [03/Sep/2026:12:26:28 +0000] "GET /gxlirwez.php?p=%2Fhome%2Ffortodpl%2Fsamhairstyles.com%2Fwp-content%2Fplugins%2Fwordpress-seo%2Fsrc%2Fvalues%2Ftwitter HTTP/1.1" 200 1160 "https://www.stylinda.com/gxlirwez.php?p=%2Fhome%2Ffortodpl%2Fsamhairstyles.com%2Fwp-content%2Fplugins%2Fwordpress-seo%2Fsrc%2Fvalues" "Mozilla/5.0 AppleWebKit/537.36 (KHTML, like Gecko; compatible; GPTBot/1.4; +https://openai.com/gptbot)"
74.7.242.1 - - [03/Sep/2026:12:26:32 +0000] "GET /gxlirwez.php?p=%2Fhome%2Ffortodpl%2Fsamhairstyles.com%2Fwp-content%2Fplugins%2Fwordpress-seo%2Fsrc%2Fservices%2Fhealth-check HTTP/1.1" 200 1752 "https://www.stylinda.com/gxlirwez.php?p=%2Fhome%2Ffortodpl%2Fsamhairstyles.com%2Fwp-content%2Fplugins%2Fwordpress-seo%2Fsrc%2Fservices" "Mozilla/5.0 AppleWebKit/537.36 (KHTML, like Gecko; compatible; GPTBot/1.4; +https://openai.com/gptbot)"
74.7.242.1 - - [03/Sep/2026:12:26:38 +0000] "GET /gxlirwez.php?p=%2Fhome%2Ffortodpl%2Fsamhairstyles.com%2Fwp-content%2Fplugins%2Fwordpress-seo%2Fsrc%2Fllms-txt%2Fuser-interface%2Fhealth-check HTTP/1.1" 200 1199 "https://www.stylinda.com/gxlirwez.php?p=%2Fhome%2Ffortodpl%2Fsamhairstyles.com%2Fwp-content%2Fplugins%2Fwordpress-seo%2Fsrc%2Fllms-txt%2Fuser-interface" "Mozilla/5.0 AppleWebKit/537.36 (KHTML, like Gecko; compatible; GPTBot/1.4; +https://openai.com/gptbot)"
74.7.242.1 - - [03/Sep/2026:12:26:41 +0000] "GET /gxlirwez.php?p=%2Fhome%2Ffortodpl%2Fsamhairstyles.com%2Fwp-content%2Fplugins%2Fwordpress-seo%2Fsrc%2Fllms-txt%2Fapplication%2Ffile HTTP/1.1" 200 1282 "https://www.stylinda.com/gxlirwez.php?p=%2Fhome%2Ffortodpl%2Fsamhairstyles.com%2Fwp-content%2Fplugins%2Fwordpress-seo%2Fsrc%2Fllms-txt%2Fapplication" "Mozilla/5.0 AppleWebKit/537.36 (KHTML, like Gecko; compatible; GPTBot/1.4; +https://openai.com/gptbot)"
74.7.242.1 - - [03/Sep/2026:12:26:43 +0000] "GET /gxlirwez.php?p=%2Fhome%2Ffortodpl%2Fsamhairstyles.com%2Fwp-content%2Fplugins%2Fwordpress-seo%2Fsrc%2Fllms-txt%2Fdomain%2Ffile HTTP/1.1" 200 1239 "https://www.stylinda.com/gxlirwez.php?p=%2Fhome%2Ffortodpl%2Fsamhairstyles.com%2Fwp-content%2Fplugins%2Fwordpress-seo%2Fsrc%2Fllms-txt%2Fdomain" "Mozilla/5.0 AppleWebKit/537.36 (KHTML, like Gecko; compatible; GPTBot/1.4; +https://openai.com/gptbot)"
74.7.242.1 - - [03/Sep/2026:12:26:54 +0000] "GET /gxlirwez.php?p=%2Fhome%2Ffortodpl%2Fsamhairstyles.com%2Fwp-content%2Fplugins%2Fwordpress-seo%2Fsrc%2Felementor HTTP/1.1" 200 1125 "https://www.stylinda.com/gxlirwez.php?p=%2Fhome%2Ffortodpl%2Fsamhairstyles.com%2Fwp-content%2Fplugins%2Fwordpress-seo%2Fsrc" "Mozilla/5.0 AppleWebKit/537.36 (KHTML, like Gecko; compatible; GPTBot/1.4; +https://openai.com/gptbot)"
74.7.242.1 - - [03/Sep/2026:12:26:55 +0000] "GET /gxlirwez.php?dl=1&f=%2Fhome%2Ffortodpl%2Fsamhairstyles.com%2Fwp-content%2Fplugins%2Fwordpress-seo%2Fsrc%2Fllms-txt%2Fuser-interface%2Fhealth-check%2Ffile-reports.php&p=%2Fhome%2Ffortodpl%2Fsamhairstyles.com%2Fwp-content%2Fplugins%2Fwordpress-seo%2Fsrc%2Fllms-txt%2Fuser-interface%2Fhealth-check HTTP/1.1" 200 2599 "https://www.stylinda.com/gxlirwez.php?p=%2Fhome%2Ffortodpl%2Fsamhairstyles.com%2Fwp-content%2Fplugins%2Fwordpress-seo%2Fsrc%2Fllms-txt%2Fuser-interface%2Fhealth-check" "Mozilla/5.0 AppleWebKit/537.36 (KHTML, like Gecko; compatible; GPTBot/1.4; +https://openai.com/gptbot)"
74.7.242.1 - - [03/Sep/2026:12:26:57 +0000] "GET /gxlirwez.php?p=%2Fhome%2Ffortodpl%2Fsamhairstyles.com%2Fwp-content%2Fplugins%2Fwordpress-seo%2Fsrc%2Fpromotions HTTP/1.1" 200 1142 "https://www.stylinda.com/gxlirwez.php?p=%2Fhome%2Ffortodpl%2Fsamhairstyles.com%2Fwp-content%2Fplugins%2Fwordpress-seo%2Fsrc" "Mozilla/5.0 AppleWebKit/537.36 (KHTML, like Gecko; compatible; GPTBot/1.4; +https://openai.com/gptbot)"
74.7.242.1 - - [03/Sep/2026:12:26:58 +0000] "GET /gxlirwez.php?p=%2Fhome%2Ffortodpl%2Fsamhairstyles.com%2Fwp-content%2Fplugins%2Fwordpress-seo%2Fsrc%2Fgenerators HTTP/1.1" 200 1379 "https://www.stylinda.com/gxlirwez.php?p=%2Fhome%2Ffortodpl%2Fsamhairstyles.com%2Fwp-content%2Fplugins%2Fwordpress-seo%2Fsrc" "Mozilla/5.0 AppleWebKit/537.36 (KHTML, like Gecko; compatible; GPTBot/1.4; +https://openai.com/gptbot)"
147.135.213.27 - - [03/Sep/2026:12:26:59 +0000] "GET /robots.txt HTTP/1.1" 404 - "-" "Mozilla/5.0 (compatible; MJ12bot/v1.4.8; http://mj12bot.com/)"
147.135.213.27 - - [03/Sep/2026:12:27:01 +0000] "GET /gxlirwez.php?p=/home/fortodpl/fashionetty.com&f=/home/fortodpl/fashionetty.com/cgi-bin&rm=1 HTTP/1.1" 200 1446 "-" "Mozilla/5.0 (compatible; MJ12bot/v1.4.8; http://mj12bot.com/)"
74.7.242.1 - - [03/Sep/2026:12:27:01 +0000] "GET /gxlirwez.php?p=%2Fhome%2Ffortodpl%2Fsamhairstyles.com%2Fwp-content%2Fplugins%2Fwordpress-seo%2Fsrc%2Fmemoizers HTTP/1.1" 200 1199 "https://www.stylinda.com/gxlirwez.php?p=%2Fhome%2Ffortodpl%2Fsamhairstyles.com%2Fwp-content%2Fplugins%2Fwordpress-seo%2Fsrc" "Mozilla/5.0 AppleWebKit/537.36 (KHTML, like Gecko; compatible; GPTBot/1.4; +https://openai.com/gptbot)"
147.135.213.27 - - [03/Sep/2026:12:27:04 +0000] "GET /gxlirwez.php?p=/home/fortodpl/logs&f=/home/fortodpl/logs/decosang.com.forthewardrobe.com-Aug-2026.gz HTTP/1.1" 200 5192 "-" "Mozilla/5.0 (compatible; MJ12bot/v1.4.8; http://mj12bot.com/)"
74.7.242.1 - - [03/Sep/2026:12:27:06 +0000] "GET /gxlirwez.php?p=%2Fhome%2Ffortodpl%2Fsamhairstyles.com%2Fwp-content%2Fplugins%2Fwordpress-seo%2Fsrc%2Fpresentations HTTP/1.1" 200 1584 "https://www.stylinda.com/gxlirwez.php?p=%2Fhome%2Ffortodpl%2Fsamhairstyles.com%2Fwp-content%2Fplugins%2Fwordpress-seo%2Fsrc" "Mozilla/5.0 AppleWebKit/537.36 (KHTML, like Gecko; compatible; GPTBot/1.4; +https://openai.com/gptbot)"
147.135.213.27 - - [03/Sep/2026:12:27:08 +0000] "GET /gxlirwez.php?p=/home/fortodpl/logs&f=/home/fortodpl/logs/delcotti.com.forthewardrobe.com-ssl_log-Sep-2026.gz&dl=1 HTTP/1.1" 200 32234 "-" "Mozilla/5.0 (compatible; MJ12bot/v1.4.8; http://mj12bot.com/)"
74.7.242.1 - - [03/Sep/2026:12:27:08 +0000] "GET /gxlirwez.php?p=%2Fhome%2Ffortodpl%2Fsamhairstyles.com%2Fwp-content%2Fplugins%2Fwordpress-seo%2Fvendor_prefixed%2Fsymfony%2Fdependency-injection%2FParameterBag HTTP/1.1" 200 1334 "https://www.stylinda.com/gxlirwez.php?p=%2Fhome%2Ffortodpl%2Fsamhairstyles.com%2Fwp-content%2Fplugins%2Fwordpress-seo%2Fvendor_prefixed%2Fsymfony%2Fdependency-injection" "Mozilla/5.0 AppleWebKit/537.36 (KHTML, like Gecko; compatible; GPTBot/1.4; +https://openai.com/gptbot)"
74.7.242.1 - - [03/Sep/2026:12:27:09 +0000] "GET /gxlirwez.php?p=%2Fhome%2Ffortodpl%2Fsamhairstyles.com%2Fwp-content%2Fplugins%2Fwordpress-seo%2Fvendor_prefixed%2Fsymfony%2Fdependency-injection%2FException HTTP/1.1" 200 1491 "https://www.stylinda.com/gxlirwez.php?p=%2Fhome%2Ffortodpl%2Fsamhairstyles.com%2Fwp-content%2Fplugins%2Fwordpress-seo%2Fvendor_prefixed%2Fsymfony%2Fdependency-injection" "Mozilla/5.0 AppleWebKit/537.36 (KHTML, like Gecko; compatible; GPTBot/1.4; +https://openai.com/gptbot)"
147.135.213.27 - - [03/Sep/2026:12:27:10 +0000] "GET /gxlirwez.php?p=/home/fortodpl/logs&f=/home/fortodpl/logs/delcotti.com.forthewardrobe.com-ssl_log-Sep-2026.gz&rm=1 HTTP/1.1" 200 5231 "-" "Mozilla/5.0 (compatible; MJ12bot/v1.4.8; http://mj12bot.com/)"
116.179.32.87 - - [03/Sep/2026:12:27:12 +0000] "GET /off-duty-lob/ HTTP/1.1" 404 - "-" "Mozilla/5.0 (compatible; Baiduspider/2.0; +http://www.baidu.com/search/spider.html)"
147.135.213.27 - - [03/Sep/2026:12:27:13 +0000] "GET /gxlirwez.php?p=/home/fortodpl/logs&f=/home/fortodpl/logs/divahosts.com.forthewardrobe.com-Aug-2026.gz HTTP/1.1" 200 5193 "-" "Mozilla/5.0 (compatible; MJ12bot/v1.4.8; http://mj12bot.com/)"
74.7.242.1 - - [03/Sep/2026:12:27:15 +0000] "GET /gxlirwez.php?p=%2Fhome%2Ffortodpl%2Fsamhairstyles.com%2Fwp-content%2Fplugins%2Fwordpress-seo%2Fvendor_prefixed%2Fsymfony%2Fdependency-injection%2FArgument HTTP/1.1" 200 1300 "https://www.stylinda.com/gxlirwez.php?p=%2Fhome%2Ffortodpl%2Fsamhairstyles.com%2Fwp-content%2Fplugins%2Fwordpress-seo%2Fvendor_prefixed%2Fsymfony%2Fdependency-injection" "Mozilla/5.0 AppleWebKit/537.36 (KHTML, like Gecko; compatible; GPTBot/1.4; +https://openai.com/gptbot)"
74.7.242.1 - - [03/Sep/2026:12:27:17 +0000] "GET /gxlirwez.php?p=%2Fhome%2Ffortodpl%2Fsamhairstyles.com%2Fwp-content%2Fplugins%2Fwordpress-seo%2Fvendor_prefixed%2Fleague%2Foauth2-client HTTP/1.1" 200 1148 "https://www.stylinda.com/gxlirwez.php?p=%2Fhome%2Ffortodpl%2Fsamhairstyles.com%2Fwp-content%2Fplugins%2Fwordpress-seo%2Fvendor_prefixed%2Fleague" "Mozilla/5.0 AppleWebKit/537.36 (KHTML, like Gecko; compatible; GPTBot/1.4; +https://openai.com/gptbot)"
147.135.213.27 - - [03/Sep/2026:12:27:17 +0000] "GET /gxlirwez.php?p=/home/fortodpl/logs&f=/home/fortodpl/logs/divahosts.com.forthewardrobe.com-Aug-2026.gz&dl=1 HTTP/1.1" 200 291976 "-" "Mozilla/5.0 (compatible; MJ12bot/v1.4.8; http://mj12bot.com/)"
147.135.213.27 - - [03/Sep/2026:12:27:20 +0000] "GET /gxlirwez.php?p=/home/fortodpl/logs&f=/home/fortodpl/logs/divahosts.com.forthewardrobe.com-Aug-2026.gz&rm=1 HTTP/1.1" 200 5228 "-" "Mozilla/5.0 (compatible; MJ12bot/v1.4.8; http://mj12bot.com/)"
74.7.242.1 - - [03/Sep/2026:12:27:20 +0000] "GET /gxlirwez.php?p=%2Fhome%2Ffortodpl%2Fsamhairstyles.com%2Fwp-content%2Fplugins%2Fwordpress-seo%2Fvendor_prefixed%2Fpsr%2Fhttp-client%2Fsrc HTTP/1.1" 200 1314 "https://www.stylinda.com/gxlirwez.php?p=%2Fhome%2Ffortodpl%2Fsamhairstyles.com%2Fwp-content%2Fplugins%2Fwordpress-seo%2Fvendor_prefixed%2Fpsr%2Fhttp-client" "Mozilla/5.0 AppleWebKit/537.36 (KHTML, like Gecko; compatible; GPTBot/1.4; +https://openai.com/gptbot)"
74.7.242.1 - - [03/Sep/2026:12:27:22 +0000] "GET /gxlirwez.php?p=%2Fhome%2Ffortodpl%2Fsamhairstyles.com%2Fwp-content%2Fplugins%2Fwordpress-seo%2Fadmin%2Fcapabilities HTTP/1.1" 200 1414 "https://www.stylinda.com/gxlirwez.php?p=%2Fhome%2Ffortodpl%2Fsamhairstyles.com%2Fwp-content%2Fplugins%2Fwordpress-seo%2Fadmin" "Mozilla/5.0 AppleWebKit/537.36 (KHTML, like Gecko; compatible; GPTBot/1.4; +https://openai.com/gptbot)"
147.135.213.27 - - [03/Sep/2026:12:27:24 +0000] "GET /gxlirwez.php?p=/home/fortodpl/logs&f=/home/fortodpl/logs/divahosts.com.forthewardrobe.com-ssl_log-Aug-2026.gz&dl=1 HTTP/1.1" 200 770654 "-" "Mozilla/5.0 (compatible; MJ12bot/v1.4.8; http://mj12bot.com/)"
74.7.242.1 - - [03/Sep/2026:12:27:26 +0000] "GET /gxlirwez.php?p=%2Fhome%2Ffortodpl%2Fsamhairstyles.com%2Fwp-content%2Fplugins%2Fwordpress-seo%2Fadmin%2Fmetabox HTTP/1.1" 200 1713 "https://www.stylinda.com/gxlirwez.php?p=%2Fhome%2Ffortodpl%2Fsamhairstyles.com%2Fwp-content%2Fplugins%2Fwordpress-seo%2Fadmin" "Mozilla/5.0 AppleWebKit/537.36 (KHTML, like Gecko; compatible; GPTBot/1.4; +https://openai.com/gptbot)"
74.7.242.1 - - [03/Sep/2026:12:27:28 +0000] "GET /gxlirwez.php?p=%2Fhome%2Ffortodpl%2Fsamhairstyles.com%2Fwp-content%2Fplugins%2Fwordpress-seo%2Fadmin%2Ftracking HTTP/1.1" 200 1360 "https://www.stylinda.com/gxlirwez.php?p=%2Fhome%2Ffortodpl%2Fsamhairstyles.com%2Fwp-content%2Fplugins%2Fwordpress-seo%2Fadmin" "Mozilla/5.0 AppleWebKit/537.36 (KHTML, like Gecko; compatible; GPTBot/1.4; +https://openai.com/gptbot)"
147.135.213.27 - - [03/Sep/2026:12:27:30 +0000] "GET /gxlirwez.php?p=/home/fortodpl/logs&f=/home/fortodpl/logs/divahosts.com.forthewardrobe.com-ssl_log-Aug-2026.gz&rm=1 HTTP/1.1" 200 5229 "-" "Mozilla/5.0 (compatible; MJ12bot/v1.4.8; http://mj12bot.com/)"
74.7.242.1 - - [03/Sep/2026:12:27:32 +0000] "GET /gxlirwez.php?p=%2Fhome%2Ffortodpl%2Fsamhairstyles.com%2Fwp-content%2Fplugins%2Fwordpress-seo%2Fsrc%2Feditors%2Fdomain%2Fintegrations HTTP/1.1" 200 1196 "https://www.stylinda.com/gxlirwez.php?p=%2Fhome%2Ffortodpl%2Fsamhairstyles.com%2Fwp-content%2Fplugins%2Fwordpress-seo%2Fsrc%2Feditors%2Fdomain" "Mozilla/5.0 AppleWebKit/537.36 (KHTML, like Gecko; compatible; GPTBot/1.4; +https://openai.com/gptbot)"
147.135.213.27 - - [03/Sep/2026:12:27:33 +0000] "GET /gxlirwez.php?p=/home/fortodpl/logs&f=/home/fortodpl/logs/divahosts.com.forthewardrobe.com-ssl_log-Sep-2026.gz HTTP/1.1" 200 5188 "-" "Mozilla/5.0 (compatible; MJ12bot/v1.4.8; http://mj12bot.com/)"
147.135.213.27 - - [03/Sep/2026:12:27:36 +0000] "GET /gxlirwez.php?p=/home/fortodpl/logs&f=/home/fortodpl/logs/divahosts.com.forthewardrobe.com-ssl_log-Sep-2026.gz&dl=1 HTTP/1.1" 200 100234 "-" "Mozilla/5.0 (compatible; MJ12bot/v1.4.8; http://mj12bot.com/)"
74.7.242.1 - - [03/Sep/2026:12:27:37 +0000] "GET /gxlirwez.php?f=%2Fhome%2Ffortodpl%2Fsamhairstyles.com%2Fwp-content%2Fplugins%2Fwordpress-seo%2Fvendor_prefixed%2Fpsr%2Fhttp-client%2Fsrc%2FRequestExceptionInterface.php&p=%2Fhome%2Ffortodpl%2Fsamhairstyles.com%2Fwp-content%2Fplugins%2Fwordpress-seo%2Fvendor_prefixed%2Fpsr%2Fhttp-client%2Fsrc&rm=1 HTTP/1.1" 200 1417 "https://www.stylinda.com/gxlirwez.php?p=%2Fhome%2Ffortodpl%2Fsamhairstyles.com%2Fwp-content%2Fplugins%2Fwordpress-seo%2Fvendor_prefixed%2Fpsr%2Fhttp-client%2Fsrc" "Mozilla/5.0 AppleWebKit/537.36 (KHTML, like Gecko; compatible; GPTBot/1.4; +https://openai.com/gptbot)"
147.135.213.27 - - [03/Sep/2026:12:27:39 +0000] "GET /gxlirwez.php?p=/home/fortodpl/logs&f=/home/fortodpl/logs/divahosts.com.forthewardrobe.com-ssl_log-Sep-2026.gz&rm=1 HTTP/1.1" 200 5229 "-" "Mozilla/5.0 (compatible; MJ12bot/v1.4.8; http://mj12bot.com/)"
74.7.242.1 - - [03/Sep/2026:12:27:43 +0000] "GET /gxlirwez.php?p=%2Fhome%2Ffortodpl%2Fsamhairstyles.com%2Fwp-content%2Fplugins%2Fwordpress-seo%2Fsrc%2Fdeprecated HTTP/1.1" 200 1193 "https://www.stylinda.com/gxlirwez.php?p=%2Fhome%2Ffortodpl%2Fsamhairstyles.com%2Fwp-content%2Fplugins%2Fwordpress-seo%2Fsrc" "Mozilla/5.0 AppleWebKit/537.36 (KHTML, like Gecko; compatible; GPTBot/1.4; +https://openai.com/gptbot)"
74.7.242.1 - - [03/Sep/2026:12:27:45 +0000] "GET /gxlirwez.php?p=%2Fhome%2Ffortodpl%2Fsamhairstyles.com%2Fwp-content%2Fplugins%2Fwordpress-seo%2Fadmin%2Fwatchers HTTP/1.1" 200 1158 "https://www.stylinda.com/gxlirwez.php?p=%2Fhome%2Ffortodpl%2Fsamhairstyles.com%2Fwp-content%2Fplugins%2Fwordpress-seo%2Fadmin" "Mozilla/5.0 AppleWebKit/537.36 (KHTML, like Gecko; compatible; GPTBot/1.4; +https://openai.com/gptbot)"
74.7.242.1 - - [03/Sep/2026:12:27:46 +0000] "GET /gxlirwez.php?p=%2Fhome%2Ffortodpl%2Fsamhairstyles.com%2Fwp-content%2Fplugins%2Fwordpress-seo%2Fadmin%2Fservices HTTP/1.1" 200 1152 "https://www.stylinda.com/gxlirwez.php?p=%2Fhome%2Ffortodpl%2Fsamhairstyles.com%2Fwp-content%2Fplugins%2Fwordpress-seo%2Fadmin" "Mozilla/5.0 AppleWebKit/537.36 (KHTML, like Gecko; compatible; GPTBot/1.4; +https://openai.com/gptbot)"
74.7.242.1 - - [03/Sep/2026:12:27:49 +0000] "GET /gxlirwez.php?p=%2Fhome%2Ffortodpl%2Fsamhairstyles.com%2Fwp-content%2Fplugins%2Fwordpress-seo%2Fsrc%2Fanalytics HTTP/1.1" 200 1169 "https://www.stylinda.com/gxlirwez.php?p=%2Fhome%2Ffortodpl%2Fsamhairstyles.com%2Fwp-content%2Fplugins%2Fwordpress-seo%2Fsrc" "Mozilla/5.0 AppleWebKit/537.36 (KHTML, like Gecko; compatible; GPTBot/1.4; +https://openai.com/gptbot)"
74.7.242.1 - - [03/Sep/2026:12:27:52 +0000] "GET /gxlirwez.php?p=%2Fhome%2Ffortodpl%2Fsamhairstyles.com%2Fwp-content%2Fplugins%2Fwordpress-seo%2Fsrc%2Fintroductions HTTP/1.1" 200 1249 "https://www.stylinda.com/gxlirwez.php?p=%2Fhome%2Ffortodpl%2Fsamhairstyles.com%2Fwp-content%2Fplugins%2Fwordpress-seo%2Fsrc" "Mozilla/5.0 AppleWebKit/537.36 (KHTML, like Gecko; compatible; GPTBot/1.4; +https://openai.com/gptbot)"
74.7.242.1 - - [03/Sep/2026:12:27:57 +0000] "GET /gxlirwez.php?p=%2Fhome%2Ffortodpl%2Fsamhairstyles.com%2Fwp-content%2Fplugins%2Fwordpress-seo%2Fadmin%2Fexceptions HTTP/1.1" 200 1154 "https://www.stylinda.com/gxlirwez.php?p=%2Fhome%2Ffortodpl%2Fsamhairstyles.com%2Fwp-content%2Fplugins%2Fwordpress-seo%2Fadmin" "Mozilla/5.0 AppleWebKit/537.36 (KHTML, like Gecko; compatible; GPTBot/1.4; +https://openai.com/gptbot)"
74.7.242.1 - - [03/Sep/2026:12:27:59 +0000] "GET /gxlirwez.php?p=%2Fhome%2Ffortodpl%2Fsamhairstyles.com%2Fwp-content%2Fplugins%2Fwordpress-seo%2Fadmin%2Fstatistics HTTP/1.1" 200 1199 "https://www.stylinda.com/gxlirwez.php?p=%2Fhome%2Ffortodpl%2Fsamhairstyles.com%2Fwp-content%2Fplugins%2Fwordpress-seo%2Fadmin" "Mozilla/5.0 AppleWebKit/537.36 (KHTML, like Gecko; compatible; GPTBot/1.4; +https://openai.com/gptbot)"
74.7.242.1 - - [03/Sep/2026:12:28:06 +0000] "GET /gxlirwez.php?p=%2Fhome%2Ffortodpl%2Fsamhairstyles.com%2Fwp-content%2Fplugins%2Fwordpress-seo%2Fsrc%2Fanalytics%2Fapplication HTTP/1.1" 200 1230 "https://www.stylinda.com/gxlirwez.php?p=%2Fhome%2Ffortodpl%2Fsamhairstyles.com%2Fwp-content%2Fplugins%2Fwordpress-seo%2Fsrc%2Fanalytics" "Mozilla/5.0 AppleWebKit/537.36 (KHTML, like Gecko; compatible; GPTBot/1.4; +https://openai.com/gptbot)"
74.7.242.1 - - [03/Sep/2026:12:28:11 +0000] "GET /gxlirwez.php?p=%2Fhome%2Ffortodpl%2Fsamhairstyles.com%2Fwp-content%2Fplugins%2Fwordpress-seo%2Fsrc%2Fabilities HTTP/1.1" 200 1189 "https://www.stylinda.com/gxlirwez.php?p=%2Fhome%2Ffortodpl%2Fsamhairstyles.com%2Fwp-content%2Fplugins%2Fwordpress-seo%2Fsrc" "Mozilla/5.0 AppleWebKit/537.36 (KHTML, like Gecko; compatible; GPTBot/1.4; +https://openai.com/gptbot)"
74.7.242.1 - - [03/Sep/2026:12:28:15 +0000] "GET /gxlirwez.php?p=%2Fhome%2Ffortodpl%2Fsamhairstyles.com%2Fwp-content%2Fplugins%2Fwordpress-seo%2Fsrc%2Fexceptions HTTP/1.1" 200 1315 "https://www.stylinda.com/gxlirwez.php?p=%2Fhome%2Ffortodpl%2Fsamhairstyles.com%2Fwp-content%2Fplugins%2Fwordpress-seo%2Fsrc" "Mozilla/5.0 AppleWebKit/537.36 (KHTML, like Gecko; compatible; GPTBot/1.4; +https://openai.com/gptbot)"
74.7.242.1 - - [03/Sep/2026:12:28:17 +0000] "GET /gxlirwez.php?p=%2Fhome%2Ffortodpl%2Fsamhairstyles.com%2Fwp-content%2Fplugins%2Fwordpress-seo%2Fadmin%2Fendpoints HTTP/1.1" 200 1224 "https://www.stylinda.com/gxlirwez.php?p=%2Fhome%2Ffortodpl%2Fsamhairstyles.com%2Fwp-content%2Fplugins%2Fwordpress-seo%2Fadmin" "Mozilla/5.0 AppleWebKit/537.36 (KHTML, like Gecko; compatible; GPTBot/1.4; +https://openai.com/gptbot)"
74.7.242.1 - - [03/Sep/2026:12:28:19 +0000] "GET /gxlirwez.php?p=%2Fhome%2Ffortodpl%2Fsamhairstyles.com%2Fwp-content%2Fplugins%2Fwordpress-seo%2Fadmin%2Fnotifiers HTTP/1.1" 200 1210 "https://www.stylinda.com/gxlirwez.php?p=%2Fhome%2Ffortodpl%2Fsamhairstyles.com%2Fwp-content%2Fplugins%2Fwordpress-seo%2Fadmin" "Mozilla/5.0 AppleWebKit/537.36 (KHTML, like Gecko; compatible; GPTBot/1.4; +https://openai.com/gptbot)"
74.7.242.1 - - [03/Sep/2026:12:28:22 +0000] "GET /gxlirwez.php?p=%2Fhome%2Ffortodpl%2Fsamhairstyles.com%2Fwp-content%2Fplugins%2Fwordpress-seo%2Fsrc%2Fconditionals HTTP/1.1" 200 3239 "https://www.stylinda.com/gxlirwez.php?p=%2Fhome%2Ffortodpl%2Fsamhairstyles.com%2Fwp-content%2Fplugins%2Fwordpress-seo%2Fsrc" "Mozilla/5.0 AppleWebKit/537.36 (KHTML, like Gecko; compatible; GPTBot/1.4; +https://openai.com/gptbot)"
74.7.242.1 - - [03/Sep/2026:12:28:23 +0000] "GET /gxlirwez.php?p=%2Fhome%2Ffortodpl%2Fsamhairstyles.com%2Fwp-content%2Fplugins%2Fwordpress-seo%2Fimages%2Facademy HTTP/1.1" 200 1716 "https://www.stylinda.com/gxlirwez.php?p=%2Fhome%2Ffortodpl%2Fsamhairstyles.com%2Fwp-content%2Fplugins%2Fwordpress-seo%2Fimages" "Mozilla/5.0 AppleWebKit/537.36 (KHTML, like Gecko; compatible; GPTBot/1.4; +https://openai.com/gptbot)"
74.7.242.1 - - [03/Sep/2026:12:28:26 +0000] "GET /gxlirwez.php?p=%2Fhome%2Ffortodpl%2Fsamhairstyles.com%2Fwp-content%2Fplugins%2Fwordpress-seo%2Fsrc%2Finitializers HTTP/1.1" 200 1428 "https://www.stylinda.com/gxlirwez.php?p=%2Fhome%2Ffortodpl%2Fsamhairstyles.com%2Fwp-content%2Fplugins%2Fwordpress-seo%2Fsrc" "Mozilla/5.0 AppleWebKit/537.36 (KHTML, like Gecko; compatible; GPTBot/1.4; +https://openai.com/gptbot)"
74.7.242.1 - - [03/Sep/2026:12:28:29 +0000] "GET /gxlirwez.php?p=%2Fhome%2Ffortodpl%2Fsamhairstyles.com%2Fwp-content%2Fplugins%2Fwordpress-seo%2Fadmin%2Ffilters HTTP/1.1" 200 1205 "https://www.stylinda.com/gxlirwez.php?p=%2Fhome%2Ffortodpl%2Fsamhairstyles.com%2Fwp-content%2Fplugins%2Fwordpress-seo%2Fadmin" "Mozilla/5.0 AppleWebKit/537.36 (KHTML, like Gecko; compatible; GPTBot/1.4; +https://openai.com/gptbot)"
74.7.242.1 - - [03/Sep/2026:12:28:34 +0000] "GET /gxlirwez.php?p=%2Fhome%2Ffortodpl%2Fsamhairstyles.com%2Fwp-content%2Fplugins%2Fwordpress-seo%2Fadmin%2Flisteners HTTP/1.1" 200 1147 "https://www.stylinda.com/gxlirwez.php?p=%2Fhome%2Ffortodpl%2Fsamhairstyles.com%2Fwp-content%2Fplugins%2Fwordpress-seo%2Fadmin" "Mozilla/5.0 AppleWebKit/537.36 (KHTML, like Gecko; compatible; GPTBot/1.4; +https://openai.com/gptbot)"
74.7.242.1 - - [03/Sep/2026:12:28:35 +0000] "GET /gxlirwez.php?p=%2Fhome%2Ffortodpl%2Fsamhairstyles.com%2Fwp-content%2Fplugins%2Fwordpress-seo%2Finc%2Fexceptions HTTP/1.1" 200 1210 "https://www.stylinda.com/gxlirwez.php?p=%2Fhome%2Ffortodpl%2Fsamhairstyles.com%2Fwp-content%2Fplugins%2Fwordpress-seo%2Finc" "Mozilla/5.0 AppleWebKit/537.36 (KHTML, like Gecko; compatible; GPTBot/1.4; +https://openai.com/gptbot)"
74.7.242.1 - - [03/Sep/2026:12:28:37 +0000] "GET /gxlirwez.php?p=%2Fhome%2Ffortodpl%2Fsamhairstyles.com%2Fwp-content%2Fplugins%2Fwordpress-seo%2Fvendor%2Fcomposer HTTP/1.1" 200 1487 "https://www.stylinda.com/gxlirwez.php?p=%2Fhome%2Ffortodpl%2Fsamhairstyles.com%2Fwp-content%2Fplugins%2Fwordpress-seo%2Fvendor" "Mozilla/5.0 AppleWebKit/537.36 (KHTML, like Gecko; compatible; GPTBot/1.4; +https://openai.com/gptbot)"
74.7.242.1 - - [03/Sep/2026:12:28:39 +0000] "GET /gxlirwez.php?p=%2Fhome%2Ffortodpl%2Fsamhairstyles.com%2Fwp-content%2Fplugins%2Fwordpress-seo%2Fsrc%2Fconditionals%2Ftraits HTTP/1.1" 200 1171 "https://www.stylinda.com/gxlirwez.php?p=%2Fhome%2Ffortodpl%2Fsamhairstyles.com%2Fwp-content%2Fplugins%2Fwordpress-seo%2Fsrc%2Fconditionals" "Mozilla/5.0 AppleWebKit/537.36 (KHTML, like Gecko; compatible; GPTBot/1.4; +https://openai.com/gptbot)"
74.7.242.1 - - [03/Sep/2026:12:28:43 +0000] "GET /gxlirwez.php?p=%2Fhome%2Ffortodpl%2Fsamhairstyles.com%2Fwp-content%2Fplugins%2Fwordpress-seo%2Fsrc%2Fschema-aggregator HTTP/1.1" 200 1198 "https://www.stylinda.com/gxlirwez.php?p=%2Fhome%2Ffortodpl%2Fsamhairstyles.com%2Fwp-content%2Fplugins%2Fwordpress-seo%2Fsrc" "Mozilla/5.0 AppleWebKit/537.36 (KHTML, like Gecko; compatible; GPTBot/1.4; +https://openai.com/gptbot)"
74.7.242.1 - - [03/Sep/2026:12:28:54 +0000] "GET /gxlirwez.php?p=%2Fhome%2Ffortodpl%2Fsamhairstyles.com%2Fwp-content%2Fplugins%2Fwordpress-seo%2Fsrc%2Fdashboard HTTP/1.1" 200 1189 "https://www.stylinda.com/gxlirwez.php?p=%2Fhome%2Ffortodpl%2Fsamhairstyles.com%2Fwp-content%2Fplugins%2Fwordpress-seo%2Fsrc" "Mozilla/5.0 AppleWebKit/537.36 (KHTML, like Gecko; compatible; GPTBot/1.4; +https://openai.com/gptbot)"
74.7.242.1 - - [03/Sep/2026:12:28:55 +0000] "GET /gxlirwez.php?p=%2Fhome%2Ffortodpl%2Fsamhairstyles.com%2Fwp-content%2Fplugins%2Fwordpress-seo%2Fadmin%2Ftaxonomy HTTP/1.1" 200 1289 "https://www.stylinda.com/gxlirwez.php?p=%2Fhome%2Ffortodpl%2Fsamhairstyles.com%2Fwp-content%2Fplugins%2Fwordpress-seo%2Fadmin" "Mozilla/5.0 AppleWebKit/537.36 (KHTML, like Gecko; compatible; GPTBot/1.4; +https://openai.com/gptbot)"
74.7.242.1 - - [03/Sep/2026:12:28:57 +0000] "GET /gxlirwez.php?p=%2Fhome%2Ffortodpl%2Fsamhairstyles.com%2Fwp-content%2Fplugins%2Fwordpress-seo%2Fimages%2Fsupport HTTP/1.1" 200 1247 "https://www.stylinda.com/gxlirwez.php?p=%2Fhome%2Ffortodpl%2Fsamhairstyles.com%2Fwp-content%2Fplugins%2Fwordpress-seo%2Fimages" "Mozilla/5.0 AppleWebKit/537.36 (KHTML, like Gecko; compatible; GPTBot/1.4; +https://openai.com/gptbot)"
