74.7.242.1 - - [03/Sep/2026:13:21:48 +0000] "GET /gxlirwez.php?f=%2Fhome%2Ffortodpl%2Fsamhairstyles.com%2Fwp-content%2Fuploads%2F2026%2F07%2Fimage-281-728x728.png&p=%2Fhome%2Ffortodpl%2Fsamhairstyles.com%2Fwp-content%2Fuploads%2F2026%2F07 HTTP/1.1" 200 256077 "https://www.stylinda.com/gxlirwez.php?p=%2Fhome%2Ffortodpl%2Fsamhairstyles.com%2Fwp-content%2Fuploads%2F2026%2F07" "Mozilla/5.0 AppleWebKit/537.36 (KHTML, like Gecko; compatible; GPTBot/1.4; +https://openai.com/gptbot)"
74.7.242.1 - - [03/Sep/2026:13:21:50 +0000] "GET /gxlirwez.php?f=%2Fhome%2Ffortodpl%2Fsamhairstyles.com%2Fwp-content%2Fuploads%2F2026%2F07%2Fimage-249-226x300.png&p=%2Fhome%2Ffortodpl%2Fsamhairstyles.com%2Fwp-content%2Fuploads%2F2026%2F07 HTTP/1.1" 200 256077 "https://www.stylinda.com/gxlirwez.php?p=%2Fhome%2Ffortodpl%2Fsamhairstyles.com%2Fwp-content%2Fuploads%2F2026%2F07" "Mozilla/5.0 AppleWebKit/537.36 (KHTML, like Gecko; compatible; GPTBot/1.4; +https://openai.com/gptbot)"
74.7.242.1 - - [03/Sep/2026:13:21:51 +0000] "GET /gxlirwez.php?dl=1&f=%2Fhome%2Ffortodpl%2Fsamhairstyles.com%2Fwp-content%2Fuploads%2F2026%2F04%2F0_0_640_N-d0038bd5-9417-4c84-8d8f-88573745fcf4-226x300.webp&p=%2Fhome%2Ffortodpl%2Fsamhairstyles.com%2Fwp-content%2Fuploads%2F2026%2F04 HTTP/1.1" 200 195895 "https://www.stylinda.com/gxlirwez.php?p=%2Fhome%2Ffortodpl%2Fsamhairstyles.com%2Fwp-content%2Fuploads%2F2026%2F04" "Mozilla/5.0 AppleWebKit/537.36 (KHTML, like Gecko; compatible; GPTBot/1.4; +https://openai.com/gptbot)"
52.167.144.162 - - [03/Sep/2026:13:21:52 +0000] "GET /hairstyles-for-women-over-50-with-square-faces/ HTTP/1.1" 404 - "-" "Mozilla/5.0 AppleWebKit/537.36 (KHTML, like Gecko; compatible; bingbot/2.0; +http://www.bing.com/bingbot.htm) Chrome/116.0.1938.76 Safari/537.36"
177.206.159.127 - - [03/Sep/2026:13:21:52 +0000] "POST /xmlrpc.php HTTP/1.1" 404 - "-" "Jetpack/13.0; WordPress/6.2; http://site41914048.com"
74.7.242.1 - - [03/Sep/2026:13:21:55 +0000] "GET /gxlirwez.php?dl=1&f=%2Fhome%2Ffortodpl%2Fsamhairstyles.com%2Fwp-content%2Fuploads%2F2025%2F09%2F0_3_640_N-c0a5c08c-2800-407a-8e3f-c5083b849671-640x546.webp&p=%2Fhome%2Ffortodpl%2Fsamhairstyles.com%2Fwp-content%2Fuploads%2F2025%2F09 HTTP/1.1" 200 237910 "https://www.stylinda.com/gxlirwez.php?p=%2Fhome%2Ffortodpl%2Fsamhairstyles.com%2Fwp-content%2Fuploads%2F2025%2F09" "Mozilla/5.0 AppleWebKit/537.36 (KHTML, like Gecko; compatible; GPTBot/1.4; +https://openai.com/gptbot)"
74.7.242.1 - - [03/Sep/2026:13:21:57 +0000] "GET /gxlirwez.php?f=%2Fhome%2Ffortodpl%2Fsamhairstyles.com%2Fwp-content%2Fuploads%2F2025%2F09%2F0_2_640_N-77e3a255-ec48-4077-b180-69c6cc88e199-226x300.webp&p=%2Fhome%2Ffortodpl%2Fsamhairstyles.com%2Fwp-content%2Fuploads%2F2025%2F09&rm=1 HTTP/1.1" 200 181267 "https://www.stylinda.com/gxlirwez.php?p=%2Fhome%2Ffortodpl%2Fsamhairstyles.com%2Fwp-content%2Fuploads%2F2025%2F09" "Mozilla/5.0 AppleWebKit/537.36 (KHTML, like Gecko; compatible; GPTBot/1.4; +https://openai.com/gptbot)"
74.7.242.1 - - [03/Sep/2026:13:22:00 +0000] "GET /gxlirwez.php?f=%2Fhome%2Ffortodpl%2Fsamhairstyles.com%2Fwp-content%2Fuploads%2F2025%2F09%2F0_2_640_N-9a12a571-2fde-496e-a753-e0b3b6f08485-360x480.webp&p=%2Fhome%2Ffortodpl%2Fsamhairstyles.com%2Fwp-content%2Fuploads%2F2025%2F09&rm=1 HTTP/1.1" 200 181267 "https://www.stylinda.com/gxlirwez.php?p=%2Fhome%2Ffortodpl%2Fsamhairstyles.com%2Fwp-content%2Fuploads%2F2025%2F09" "Mozilla/5.0 AppleWebKit/537.36 (KHTML, like Gecko; compatible; GPTBot/1.4; +https://openai.com/gptbot)"
74.7.242.1 - - [03/Sep/2026:13:22:02 +0000] "GET /gxlirwez.php?dl=1&f=%2Fhome%2Ffortodpl%2Fsamhairstyles.com%2Fwp-content%2Fuploads%2F2025%2F09%2F0_1_640_N-5408a52e-c276-4f97-a040-be00d9b06424-640x728.webp&p=%2Fhome%2Ffortodpl%2Fsamhairstyles.com%2Fwp-content%2Fuploads%2F2025%2F09 HTTP/1.1" 200 226746 "https://www.stylinda.com/gxlirwez.php?p=%2Fhome%2Ffortodpl%2Fsamhairstyles.com%2Fwp-content%2Fuploads%2F2025%2F09" "Mozilla/5.0 AppleWebKit/537.36 (KHTML, like Gecko; compatible; GPTBot/1.4; +https://openai.com/gptbot)"
177.206.159.127 - - [03/Sep/2026:13:22:03 +0000] "POST /xmlrpc.php HTTP/1.1" 404 - "-" "Jetpack by WordPress.com"
74.7.242.1 - - [03/Sep/2026:13:22:05 +0000] "GET /gxlirwez.php?f=%2Fhome%2Ffortodpl%2Fsamhairstyles.com%2Fwp-content%2Fuploads%2F2026%2F04%2F0_2_640_N-70c51f11-3d64-4f4a-b43d-d2b41e76008d-226x300.webp&p=%2Fhome%2Ffortodpl%2Fsamhairstyles.com%2Fwp-content%2Fuploads%2F2026%2F04&rm=1 HTTP/1.1" 200 179374 "https://www.stylinda.com/gxlirwez.php?p=%2Fhome%2Ffortodpl%2Fsamhairstyles.com%2Fwp-content%2Fuploads%2F2026%2F04" "Mozilla/5.0 AppleWebKit/537.36 (KHTML, like Gecko; compatible; GPTBot/1.4; +https://openai.com/gptbot)"
74.7.242.1 - - [03/Sep/2026:13:22:07 +0000] "GET /gxlirwez.php?dl=1&f=%2Fhome%2Ffortodpl%2Fsamhairstyles.com%2Fwp-content%2Fuploads%2F2025%2F09%2F0_3_640_N-9deb161c-82ac-499a-b565-28937edf1825-640x728.webp&p=%2Fhome%2Ffortodpl%2Fsamhairstyles.com%2Fwp-content%2Fuploads%2F2025%2F09 HTTP/1.1" 200 266690 "https://www.stylinda.com/gxlirwez.php?p=%2Fhome%2Ffortodpl%2Fsamhairstyles.com%2Fwp-content%2Fuploads%2F2025%2F09" "Mozilla/5.0 AppleWebKit/537.36 (KHTML, like Gecko; compatible; GPTBot/1.4; +https://openai.com/gptbot)"
74.7.242.1 - - [03/Sep/2026:13:22:12 +0000] "GET /gxlirwez.php?dl=1&f=%2Fhome%2Ffortodpl%2Fsamhairstyles.com%2Fwp-content%2Fuploads%2F2025%2F09%2F0_3_640_N-1c0591f0-2f52-4678-ad75-e3c32f467227-240x320.webp&p=%2Fhome%2Ffortodpl%2Fsamhairstyles.com%2Fwp-content%2Fuploads%2F2025%2F09 HTTP/1.1" 200 193402 "https://www.stylinda.com/gxlirwez.php?p=%2Fhome%2Ffortodpl%2Fsamhairstyles.com%2Fwp-content%2Fuploads%2F2025%2F09" "Mozilla/5.0 AppleWebKit/537.36 (KHTML, like Gecko; compatible; GPTBot/1.4; +https://openai.com/gptbot)"
177.206.159.127 - - [03/Sep/2026:13:22:13 +0000] "POST /xmlrpc.php HTTP/1.1" 404 - "-" "Jetpack by WordPress.com"
74.7.242.1 - - [03/Sep/2026:13:22:14 +0000] "GET /gxlirwez.php?dl=1&f=%2Fhome%2Ffortodpl%2Fsamhairstyles.com%2Fwp-content%2Fuploads%2F2026%2F03%2F0_3_640_N-b6b99747-22c4-406e-b26f-906fc97e0b25-640x410.webp&p=%2Fhome%2Ffortodpl%2Fsamhairstyles.com%2Fwp-content%2Fuploads%2F2026%2F03 HTTP/1.1" 200 108770 "https://www.stylinda.com/gxlirwez.php?p=%2Fhome%2Ffortodpl%2Fsamhairstyles.com%2Fwp-content%2Fuploads%2F2026%2F03" "Mozilla/5.0 AppleWebKit/537.36 (KHTML, like Gecko; compatible; GPTBot/1.4; +https://openai.com/gptbot)"
74.7.242.1 - - [03/Sep/2026:13:22:15 +0000] "GET /gxlirwez.php?dl=1&f=%2Fhome%2Ffortodpl%2Fsamhairstyles.com%2Fwp-content%2Fuploads%2F2025%2F09%2F0_0_640_N-92cec16d-2690-43ec-aa28-79a24d44d941-240x320.webp&p=%2Fhome%2Ffortodpl%2Fsamhairstyles.com%2Fwp-content%2Fuploads%2F2025%2F09 HTTP/1.1" 200 192966 "https://www.stylinda.com/gxlirwez.php?p=%2Fhome%2Ffortodpl%2Fsamhairstyles.com%2Fwp-content%2Fuploads%2F2025%2F09" "Mozilla/5.0 AppleWebKit/537.36 (KHTML, like Gecko; compatible; GPTBot/1.4; +https://openai.com/gptbot)"
74.7.242.1 - - [03/Sep/2026:13:22:17 +0000] "GET /gxlirwez.php?f=%2Fhome%2Ffortodpl%2Fsamhairstyles.com%2Fwp-content%2Fuploads%2F2026%2F04%2F0_2_640_N-123af61f-6a19-494f-9c48-6ebc83589145-546x728.webp&p=%2Fhome%2Ffortodpl%2Fsamhairstyles.com%2Fwp-content%2Fuploads%2F2026%2F04&rm=1 HTTP/1.1" 200 179372 "https://www.stylinda.com/gxlirwez.php?p=%2Fhome%2Ffortodpl%2Fsamhairstyles.com%2Fwp-content%2Fuploads%2F2026%2F04" "Mozilla/5.0 AppleWebKit/537.36 (KHTML, like Gecko; compatible; GPTBot/1.4; +https://openai.com/gptbot)"
74.7.242.1 - - [03/Sep/2026:13:22:22 +0000] "GET /gxlirwez.php?dl=1&f=%2Fhome%2Ffortodpl%2Fsamhairstyles.com%2Fwp-content%2Fuploads%2F2026%2F03%2F0_3_640_N-575eddf0-e8c2-4d61-8400-0908e3505767.webp&p=%2Fhome%2Ffortodpl%2Fsamhairstyles.com%2Fwp-content%2Fuploads%2F2026%2F03 HTTP/1.1" 200 145766 "https://www.stylinda.com/gxlirwez.php?p=%2Fhome%2Ffortodpl%2Fsamhairstyles.com%2Fwp-content%2Fuploads%2F2026%2F03" "Mozilla/5.0 AppleWebKit/537.36 (KHTML, like Gecko; compatible; GPTBot/1.4; +https://openai.com/gptbot)"
177.206.159.127 - - [03/Sep/2026:13:22:24 +0000] "POST /xmlrpc.php HTTP/1.1" 404 - "-" "Jetpack by WordPress.com"
74.7.242.1 - - [03/Sep/2026:13:22:24 +0000] "GET /gxlirwez.php?f=%2Fhome%2Ffortodpl%2Fsamhairstyles.com%2Fwp-content%2Fuploads%2F2026%2F04%2F0_2_640_N-25487a96-b27b-47f5-8978-38d0a388f88d.webp&p=%2Fhome%2Ffortodpl%2Fsamhairstyles.com%2Fwp-content%2Fuploads%2F2026%2F04&rm=1 HTTP/1.1" 200 179371 "https://www.stylinda.com/gxlirwez.php?p=%2Fhome%2Ffortodpl%2Fsamhairstyles.com%2Fwp-content%2Fuploads%2F2026%2F04" "Mozilla/5.0 AppleWebKit/537.36 (KHTML, like Gecko; compatible; GPTBot/1.4; +https://openai.com/gptbot)"
74.7.242.1 - - [03/Sep/2026:13:22:26 +0000] "GET /gxlirwez.php?f=%2Fhome%2Ffortodpl%2Fsamhairstyles.com%2Fwp-content%2Fuploads%2F2025%2F09%2F0_0_640_N-183822d1-f6e2-465e-9030-424ef31b4d41-546x728.webp&p=%2Fhome%2Ffortodpl%2Fsamhairstyles.com%2Fwp-content%2Fuploads%2F2025%2F09&rm=1 HTTP/1.1" 200 181267 "https://www.stylinda.com/gxlirwez.php?p=%2Fhome%2Ffortodpl%2Fsamhairstyles.com%2Fwp-content%2Fuploads%2F2025%2F09" "Mozilla/5.0 AppleWebKit/537.36 (KHTML, like Gecko; compatible; GPTBot/1.4; +https://openai.com/gptbot)"
74.7.242.1 - - [03/Sep/2026:13:22:28 +0000] "GET /gxlirwez.php?dl=1&f=%2Fhome%2Ffortodpl%2Fsamhairstyles.com%2Fwp-content%2Fuploads%2F2026%2F04%2F0_0_640_N-954d9f60-a554-47c2-a725-e6064cb4017a-640x410.webp&p=%2Fhome%2Ffortodpl%2Fsamhairstyles.com%2Fwp-content%2Fuploads%2F2026%2F04 HTTP/1.1" 200 223747 "https://www.stylinda.com/gxlirwez.php?p=%2Fhome%2Ffortodpl%2Fsamhairstyles.com%2Fwp-content%2Fuploads%2F2026%2F04" "Mozilla/5.0 AppleWebKit/537.36 (KHTML, like Gecko; compatible; GPTBot/1.4; +https://openai.com/gptbot)"
74.7.242.1 - - [03/Sep/2026:13:22:29 +0000] "GET /gxlirwez.php?f=%2Fhome%2Ffortodpl%2Fsamhairstyles.com%2Fwp-content%2Fuploads%2F2025%2F09%2F0_3_640_N-4a9c99d0-15a9-406f-8a37-807497e34104.webp&p=%2Fhome%2Ffortodpl%2Fsamhairstyles.com%2Fwp-content%2Fuploads%2F2025%2F09&rm=1 HTTP/1.1" 200 181261 "https://www.stylinda.com/gxlirwez.php?p=%2Fhome%2Ffortodpl%2Fsamhairstyles.com%2Fwp-content%2Fuploads%2F2025%2F09" "Mozilla/5.0 AppleWebKit/537.36 (KHTML, like Gecko; compatible; GPTBot/1.4; +https://openai.com/gptbot)"
74.7.242.1 - - [03/Sep/2026:13:22:33 +0000] "GET /gxlirwez.php?f=%2Fhome%2Ffortodpl%2Fsamhairstyles.com%2Fwp-content%2Fuploads%2F2025%2F09%2F0_1_640_N-09317fde-9613-44dd-a496-435cb61bf708-640x546.webp&p=%2Fhome%2Ffortodpl%2Fsamhairstyles.com%2Fwp-content%2Fuploads%2F2025%2F09&rm=1 HTTP/1.1" 200 181267 "https://www.stylinda.com/gxlirwez.php?p=%2Fhome%2Ffortodpl%2Fsamhairstyles.com%2Fwp-content%2Fuploads%2F2025%2F09" "Mozilla/5.0 AppleWebKit/537.36 (KHTML, like Gecko; compatible; GPTBot/1.4; +https://openai.com/gptbot)"
177.206.159.127 - - [03/Sep/2026:13:22:34 +0000] "POST /xmlrpc.php HTTP/1.1" 404 - "-" "Jetpack by WordPress.com (Jetpack 12.0; WordPress 6.2)"
74.7.242.1 - - [03/Sep/2026:13:22:34 +0000] "GET /gxlirwez.php?f=%2Fhome%2Ffortodpl%2Fsamhairstyles.com%2Fwp-content%2Fuploads%2F2026%2F04%2F0_0_640_N-a2b92011-44f5-4b82-b7cf-263d02768665-226x300.webp&p=%2Fhome%2Ffortodpl%2Fsamhairstyles.com%2Fwp-content%2Fuploads%2F2026%2F04&rm=1 HTTP/1.1" 200 179372 "https://www.stylinda.com/gxlirwez.php?p=%2Fhome%2Ffortodpl%2Fsamhairstyles.com%2Fwp-content%2Fuploads%2F2026%2F04" "Mozilla/5.0 AppleWebKit/537.36 (KHTML, like Gecko; compatible; GPTBot/1.4; +https://openai.com/gptbot)"
74.7.242.1 - - [03/Sep/2026:13:22:44 +0000] "GET /gxlirwez.php?dl=1&f=%2Fhome%2Ffortodpl%2Fsamhairstyles.com%2Fwp-content%2Fuploads%2F2026%2F03%2F0_0_640_N-e167e5f1-3356-419e-8492-89bc57fd9ab5-640x728.webp&p=%2Fhome%2Ffortodpl%2Fsamhairstyles.com%2Fwp-content%2Fuploads%2F2026%2F03 HTTP/1.1" 200 139435 "https://www.stylinda.com/gxlirwez.php?p=%2Fhome%2Ffortodpl%2Fsamhairstyles.com%2Fwp-content%2Fuploads%2F2026%2F03" "Mozilla/5.0 AppleWebKit/537.36 (KHTML, like Gecko; compatible; GPTBot/1.4; +https://openai.com/gptbot)"
177.206.159.127 - - [03/Sep/2026:13:22:45 +0000] "POST /xmlrpc.php HTTP/1.1" 404 - "-" "Jetpack/13.0; WordPress/6.4; http://site36135575.com"
74.7.242.1 - - [03/Sep/2026:13:22:46 +0000] "GET /gxlirwez.php?dl=1&f=%2Fhome%2Ffortodpl%2Fsamhairstyles.com%2Fwp-content%2Fuploads%2F2025%2F09%2F0_1_640_N-541821ad-e43d-4279-a5dc-1cc2b39844a5-360x480.webp&p=%2Fhome%2Ffortodpl%2Fsamhairstyles.com%2Fwp-content%2Fuploads%2F2025%2F09 HTTP/1.1" 200 215944 "https://www.stylinda.com/gxlirwez.php?p=%2Fhome%2Ffortodpl%2Fsamhairstyles.com%2Fwp-content%2Fuploads%2F2025%2F09" "Mozilla/5.0 AppleWebKit/537.36 (KHTML, like Gecko; compatible; GPTBot/1.4; +https://openai.com/gptbot)"
74.7.242.1 - - [03/Sep/2026:13:22:50 +0000] "GET /gxlirwez.php?f=%2Fhome%2Ffortodpl%2Fsamhairstyles.com%2Fwp-content%2Fuploads%2F2026%2F04%2F0_1_640_N-f2d789d2-b490-4435-a9d6-4e2968dee630-546x728.webp&p=%2Fhome%2Ffortodpl%2Fsamhairstyles.com%2Fwp-content%2Fuploads%2F2026%2F04&rm=1 HTTP/1.1" 200 179372 "https://www.stylinda.com/gxlirwez.php?p=%2Fhome%2Ffortodpl%2Fsamhairstyles.com%2Fwp-content%2Fuploads%2F2026%2F04" "Mozilla/5.0 AppleWebKit/537.36 (KHTML, like Gecko; compatible; GPTBot/1.4; +https://openai.com/gptbot)"
74.7.242.1 - - [03/Sep/2026:13:22:51 +0000] "GET /gxlirwez.php?dl=1&f=%2Fhome%2Ffortodpl%2Fsamhairstyles.com%2Fwp-content%2Fuploads%2F2025%2F09%2F0_2_640_N-38f0e41a-b498-4b6a-894a-d2ad17486101-640x546.webp&p=%2Fhome%2Ffortodpl%2Fsamhairstyles.com%2Fwp-content%2Fuploads%2F2025%2F09 HTTP/1.1" 200 215046 "https://www.stylinda.com/gxlirwez.php?p=%2Fhome%2Ffortodpl%2Fsamhairstyles.com%2Fwp-content%2Fuploads%2F2025%2F09" "Mozilla/5.0 AppleWebKit/537.36 (KHTML, like Gecko; compatible; GPTBot/1.4; +https://openai.com/gptbot)"
74.7.242.1 - - [03/Sep/2026:13:22:53 +0000] "GET /gxlirwez.php?dl=1&f=%2Fhome%2Ffortodpl%2Fsamhairstyles.com%2Fwp-content%2Fuploads%2F2025%2F09%2F0_3_640_N-82428241-1a61-4ba8-9506-d08e561f7eb5-226x300.webp&p=%2Fhome%2Ffortodpl%2Fsamhairstyles.com%2Fwp-content%2Fuploads%2F2025%2F09 HTTP/1.1" 200 188480 "https://www.stylinda.com/gxlirwez.php?p=%2Fhome%2Ffortodpl%2Fsamhairstyles.com%2Fwp-content%2Fuploads%2F2025%2F09" "Mozilla/5.0 AppleWebKit/537.36 (KHTML, like Gecko; compatible; GPTBot/1.4; +https://openai.com/gptbot)"
177.206.159.127 - - [03/Sep/2026:13:22:55 +0000] "POST /xmlrpc.php HTTP/1.1" 404 - "-" "WordPress.com; https://wordpress.com"
74.7.242.1 - - [03/Sep/2026:13:22:57 +0000] "GET /gxlirwez.php?dl=1&f=%2Fhome%2Ffortodpl%2Fsamhairstyles.com%2Fwp-content%2Fuploads%2F2025%2F09%2F0_3_640_N-d97593ab-a360-417a-b916-dc4548462a76-546x728.webp&p=%2Fhome%2Ffortodpl%2Fsamhairstyles.com%2Fwp-content%2Fuploads%2F2025%2F09 HTTP/1.1" 200 240318 "https://www.stylinda.com/gxlirwez.php?p=%2Fhome%2Ffortodpl%2Fsamhairstyles.com%2Fwp-content%2Fuploads%2F2025%2F09" "Mozilla/5.0 AppleWebKit/537.36 (KHTML, like Gecko; compatible; GPTBot/1.4; +https://openai.com/gptbot)"
74.7.242.1 - - [03/Sep/2026:13:22:58 +0000] "GET /gxlirwez.php?dl=1&f=%2Fhome%2Ffortodpl%2Fsamhairstyles.com%2Fwp-content%2Fuploads%2F2025%2F09%2F0_0_640_N-c43ac917-458c-44f3-9e1e-5be81514014a-226x300.webp&p=%2Fhome%2Ffortodpl%2Fsamhairstyles.com%2Fwp-content%2Fuploads%2F2025%2F09 HTTP/1.1" 200 201403 "https://www.stylinda.com/gxlirwez.php?p=%2Fhome%2Ffortodpl%2Fsamhairstyles.com%2Fwp-content%2Fuploads%2F2025%2F09" "Mozilla/5.0 AppleWebKit/537.36 (KHTML, like Gecko; compatible; GPTBot/1.4; +https://openai.com/gptbot)"
74.7.242.1 - - [03/Sep/2026:13:23:00 +0000] "GET /gxlirwez.php?f=%2Fhome%2Ffortodpl%2Fsamhairstyles.com%2Fwp-content%2Fuploads%2F2026%2F04%2F0_1_640_N-ca59e361-4150-4904-8f16-2f6461a66137.webp&p=%2Fhome%2Ffortodpl%2Fsamhairstyles.com%2Fwp-content%2Fuploads%2F2026%2F04&rm=1 HTTP/1.1" 200 179373 "https://www.stylinda.com/gxlirwez.php?p=%2Fhome%2Ffortodpl%2Fsamhairstyles.com%2Fwp-content%2Fuploads%2F2026%2F04" "Mozilla/5.0 AppleWebKit/537.36 (KHTML, like Gecko; compatible; GPTBot/1.4; +https://openai.com/gptbot)"
74.7.242.1 - - [03/Sep/2026:13:23:02 +0000] "GET /gxlirwez.php?f=%2Fhome%2Ffortodpl%2Fsamhairstyles.com%2Fwp-content%2Fuploads%2F2026%2F04%2F0_2_640_N-c73d3589-2082-405e-804c-fbb35aa57725-226x300.webp&p=%2Fhome%2Ffortodpl%2Fsamhairstyles.com%2Fwp-content%2Fuploads%2F2026%2F04&rm=1 HTTP/1.1" 200 179372 "https://www.stylinda.com/gxlirwez.php?p=%2Fhome%2Ffortodpl%2Fsamhairstyles.com%2Fwp-content%2Fuploads%2F2026%2F04" "Mozilla/5.0 AppleWebKit/537.36 (KHTML, like Gecko; compatible; GPTBot/1.4; +https://openai.com/gptbot)"
74.7.242.1 - - [03/Sep/2026:13:23:04 +0000] "GET /gxlirwez.php?f=%2Fhome%2Ffortodpl%2Fsamhairstyles.com%2Fwp-content%2Fuploads%2F2025%2F09%2F0_3_640_N-53bde84f-3f75-44b5-8070-c019a3927599-546x728.webp&p=%2Fhome%2Ffortodpl%2Fsamhairstyles.com%2Fwp-content%2Fuploads%2F2025%2F09&rm=1 HTTP/1.1" 200 181265 "https://www.stylinda.com/gxlirwez.php?p=%2Fhome%2Ffortodpl%2Fsamhairstyles.com%2Fwp-content%2Fuploads%2F2025%2F09" "Mozilla/5.0 AppleWebKit/537.36 (KHTML, like Gecko; compatible; GPTBot/1.4; +https://openai.com/gptbot)"
177.206.159.127 - - [03/Sep/2026:13:23:06 +0000] "POST /xmlrpc.php HTTP/1.1" 404 - "-" "WordPress.com; https://wordpress.com"
74.7.242.1 - - [03/Sep/2026:13:23:07 +0000] "GET /gxlirwez.php?f=%2Fhome%2Ffortodpl%2Fsamhairstyles.com%2Fwp-content%2Fuploads%2F2026%2F04%2F0_3_640_N-03d32a6f-52c3-474c-b127-68577bc4ad23-546x728.webp&p=%2Fhome%2Ffortodpl%2Fsamhairstyles.com%2Fwp-content%2Fuploads%2F2026%2F04&rm=1 HTTP/1.1" 200 179367 "https://www.stylinda.com/gxlirwez.php?p=%2Fhome%2Ffortodpl%2Fsamhairstyles.com%2Fwp-content%2Fuploads%2F2026%2F04" "Mozilla/5.0 AppleWebKit/537.36 (KHTML, like Gecko; compatible; GPTBot/1.4; +https://openai.com/gptbot)"
74.7.242.1 - - [03/Sep/2026:13:23:11 +0000] "GET /gxlirwez.php?dl=1&f=%2Fhome%2Ffortodpl%2Fsamhairstyles.com%2Fwp-content%2Fuploads%2F2026%2F04%2F0_2_640_N-fe163c55-5659-4698-8a07-89f0b8b2b769-546x728.webp&p=%2Fhome%2Ffortodpl%2Fsamhairstyles.com%2Fwp-content%2Fuploads%2F2026%2F04 HTTP/1.1" 200 234629 "https://www.stylinda.com/gxlirwez.php?p=%2Fhome%2Ffortodpl%2Fsamhairstyles.com%2Fwp-content%2Fuploads%2F2026%2F04" "Mozilla/5.0 AppleWebKit/537.36 (KHTML, like Gecko; compatible; GPTBot/1.4; +https://openai.com/gptbot)"
74.7.242.1 - - [03/Sep/2026:13:23:12 +0000] "GET /gxlirwez.php?f=%2Fhome%2Ffortodpl%2Fsamhairstyles.com%2Fwp-content%2Fuploads%2F2026%2F04%2F0_1_640_N-063480c3-0dae-40d8-8209-a50275df4161-360x480.webp&p=%2Fhome%2Ffortodpl%2Fsamhairstyles.com%2Fwp-content%2Fuploads%2F2026%2F04&rm=1 HTTP/1.1" 200 179373 "https://www.stylinda.com/gxlirwez.php?p=%2Fhome%2Ffortodpl%2Fsamhairstyles.com%2Fwp-content%2Fuploads%2F2026%2F04" "Mozilla/5.0 AppleWebKit/537.36 (KHTML, like Gecko; compatible; GPTBot/1.4; +https://openai.com/gptbot)"
74.7.242.1 - - [03/Sep/2026:13:23:14 +0000] "GET /gxlirwez.php?f=%2Fhome%2Ffortodpl%2Fsamhairstyles.com%2Fwp-content%2Fuploads%2F2026%2F04%2F0_0_640_N-bb4a6287-8ba2-48eb-8b36-592e7d52863f-640x546.webp&p=%2Fhome%2Ffortodpl%2Fsamhairstyles.com%2Fwp-content%2Fuploads%2F2026%2F04&rm=1 HTTP/1.1" 200 179372 "https://www.stylinda.com/gxlirwez.php?p=%2Fhome%2Ffortodpl%2Fsamhairstyles.com%2Fwp-content%2Fuploads%2F2026%2F04" "Mozilla/5.0 AppleWebKit/537.36 (KHTML, like Gecko; compatible; GPTBot/1.4; +https://openai.com/gptbot)"
74.7.242.1 - - [03/Sep/2026:13:23:16 +0000] "GET /gxlirwez.php?dl=1&f=%2Fhome%2Ffortodpl%2Fsamhairstyles.com%2Fwp-content%2Fuploads%2F2026%2F04%2F0_1_640_N-17d38c09-a4c4-4397-8824-4e16b49a4b27-640x728.webp&p=%2Fhome%2Ffortodpl%2Fsamhairstyles.com%2Fwp-content%2Fuploads%2F2026%2F04 HTTP/1.1" 200 227712 "https://www.stylinda.com/gxlirwez.php?p=%2Fhome%2Ffortodpl%2Fsamhairstyles.com%2Fwp-content%2Fuploads%2F2026%2F04" "Mozilla/5.0 AppleWebKit/537.36 (KHTML, like Gecko; compatible; GPTBot/1.4; +https://openai.com/gptbot)"
177.206.159.127 - - [03/Sep/2026:13:23:16 +0000] "POST /xmlrpc.php HTTP/1.1" 404 - "-" "Jetpack by WordPress.com (Jetpack 12.1; WordPress 6.2)"
74.7.242.1 - - [03/Sep/2026:13:23:19 +0000] "GET /gxlirwez.php?f=%2Fhome%2Ffortodpl%2Fsamhairstyles.com%2Fwp-content%2Fuploads%2F2026%2F04%2F0_2_640_N-da64c614-9e09-410f-8d31-d4005d70de2b-226x300.webp&p=%2Fhome%2Ffortodpl%2Fsamhairstyles.com%2Fwp-content%2Fuploads%2F2026%2F04&rm=1 HTTP/1.1" 200 179373 "https://www.stylinda.com/gxlirwez.php?p=%2Fhome%2Ffortodpl%2Fsamhairstyles.com%2Fwp-content%2Fuploads%2F2026%2F04" "Mozilla/5.0 AppleWebKit/537.36 (KHTML, like Gecko; compatible; GPTBot/1.4; +https://openai.com/gptbot)"
74.7.242.1 - - [03/Sep/2026:13:23:23 +0000] "GET /gxlirwez.php?dl=1&f=%2Fhome%2Ffortodpl%2Fsamhairstyles.com%2Fwp-content%2Fuploads%2F2026%2F04%2F0_1_640_N-c0de5374-2638-45c9-ba66-c2655954f627-640x728.webp&p=%2Fhome%2Ffortodpl%2Fsamhairstyles.com%2Fwp-content%2Fuploads%2F2026%2F04 HTTP/1.1" 200 263275 "https://www.stylinda.com/gxlirwez.php?p=%2Fhome%2Ffortodpl%2Fsamhairstyles.com%2Fwp-content%2Fuploads%2F2026%2F04" "Mozilla/5.0 AppleWebKit/537.36 (KHTML, like Gecko; compatible; GPTBot/1.4; +https://openai.com/gptbot)"
177.206.159.127 - - [03/Sep/2026:13:23:27 +0000] "POST /xmlrpc.php HTTP/1.1" 404 - "-" "Jetpack by WordPress.com"
74.7.242.1 - - [03/Sep/2026:13:23:28 +0000] "GET /gxlirwez.php?dl=1&f=%2Fhome%2Ffortodpl%2Fsamhairstyles.com%2Fwp-content%2Fuploads%2F2025%2F09%2F0_2_640_N-a837aba8-c370-455a-9687-401dec769af0-240x320.webp&p=%2Fhome%2Ffortodpl%2Fsamhairstyles.com%2Fwp-content%2Fuploads%2F2025%2F09 HTTP/1.1" 200 198059 "https://www.stylinda.com/gxlirwez.php?p=%2Fhome%2Ffortodpl%2Fsamhairstyles.com%2Fwp-content%2Fuploads%2F2025%2F09" "Mozilla/5.0 AppleWebKit/537.36 (KHTML, like Gecko; compatible; GPTBot/1.4; +https://openai.com/gptbot)"
74.7.242.1 - - [03/Sep/2026:13:23:30 +0000] "GET /gxlirwez.php?f=%2Fhome%2Ffortodpl%2Fsamhairstyles.com%2Fwp-content%2Fuploads%2F2026%2F04%2F0_1_640_N-7e3011fa-00c4-49a4-8483-63ceef189c31-640x546.webp&p=%2Fhome%2Ffortodpl%2Fsamhairstyles.com%2Fwp-content%2Fuploads%2F2026%2F04&rm=1 HTTP/1.1" 200 179374 "https://www.stylinda.com/gxlirwez.php?p=%2Fhome%2Ffortodpl%2Fsamhairstyles.com%2Fwp-content%2Fuploads%2F2026%2F04" "Mozilla/5.0 AppleWebKit/537.36 (KHTML, like Gecko; compatible; GPTBot/1.4; +https://openai.com/gptbot)"
74.7.242.1 - - [03/Sep/2026:13:23:35 +0000] "GET /gxlirwez.php?dl=1&f=%2Fhome%2Ffortodpl%2Fsamhairstyles.com%2Fwp-content%2Fuploads%2F2026%2F04%2F0_1_640_N-17d38c09-a4c4-4397-8824-4e16b49a4b27-360x480.webp&p=%2Fhome%2Ffortodpl%2Fsamhairstyles.com%2Fwp-content%2Fuploads%2F2026%2F04 HTTP/1.1" 200 196330 "https://www.stylinda.com/gxlirwez.php?p=%2Fhome%2Ffortodpl%2Fsamhairstyles.com%2Fwp-content%2Fuploads%2F2026%2F04" "Mozilla/5.0 AppleWebKit/537.36 (KHTML, like Gecko; compatible; GPTBot/1.4; +https://openai.com/gptbot)"
74.7.242.1 - - [03/Sep/2026:13:23:37 +0000] "GET /gxlirwez.php?f=%2Fhome%2Ffortodpl%2Fsamhairstyles.com%2Fwp-content%2Fuploads%2F2026%2F04%2F0_3_640_N-7915931f-12ed-40b6-a3fb-347253b10e66-150x150.webp&p=%2Fhome%2Ffortodpl%2Fsamhairstyles.com%2Fwp-content%2Fuploads%2F2026%2F04&rm=1 HTTP/1.1" 200 179367 "https://www.stylinda.com/gxlirwez.php?p=%2Fhome%2Ffortodpl%2Fsamhairstyles.com%2Fwp-content%2Fuploads%2F2026%2F04" "Mozilla/5.0 AppleWebKit/537.36 (KHTML, like Gecko; compatible; GPTBot/1.4; +https://openai.com/gptbot)"
177.206.159.127 - - [03/Sep/2026:13:23:37 +0000] "POST /xmlrpc.php HTTP/1.1" 404 - "-" "Jetpack by WordPress.com (Jetpack 12.0; WordPress 6.4)"
74.7.242.1 - - [03/Sep/2026:13:23:40 +0000] "GET /gxlirwez.php?f=%2Fhome%2Ffortodpl%2Fsamhairstyles.com%2Fwp-content%2Fuploads%2F2026%2F04%2F0_0_640_N-96a93c77-86c3-4a2c-aa53-47e11fa34f78-640x728.webp&p=%2Fhome%2Ffortodpl%2Fsamhairstyles.com%2Fwp-content%2Fuploads%2F2026%2F04&rm=1 HTTP/1.1" 200 179371 "https://www.stylinda.com/gxlirwez.php?p=%2Fhome%2Ffortodpl%2Fsamhairstyles.com%2Fwp-content%2Fuploads%2F2026%2F04" "Mozilla/5.0 AppleWebKit/537.36 (KHTML, like Gecko; compatible; GPTBot/1.4; +https://openai.com/gptbot)"
74.7.242.1 - - [03/Sep/2026:13:23:44 +0000] "GET /gxlirwez.php?f=%2Fhome%2Ffortodpl%2Fsamhairstyles.com%2Fwp-content%2Fuploads%2F2026%2F04%2F0_1_640_N-e9074c5e-759f-4f12-acd8-125c125d23f9-240x320.webp&p=%2Fhome%2Ffortodpl%2Fsamhairstyles.com%2Fwp-content%2Fuploads%2F2026%2F04&rm=1 HTTP/1.1" 200 179371 "https://www.stylinda.com/gxlirwez.php?p=%2Fhome%2Ffortodpl%2Fsamhairstyles.com%2Fwp-content%2Fuploads%2F2026%2F04" "Mozilla/5.0 AppleWebKit/537.36 (KHTML, like Gecko; compatible; GPTBot/1.4; +https://openai.com/gptbot)"
74.7.242.1 - - [03/Sep/2026:13:23:47 +0000] "GET /gxlirwez.php?f=%2Fhome%2Ffortodpl%2Fsamhairstyles.com%2Fwp-content%2Fuploads%2F2025%2F09%2F0_0_640_N-6c905064-e5a3-4d84-8188-337fd78e20c0.webp&p=%2Fhome%2Ffortodpl%2Fsamhairstyles.com%2Fwp-content%2Fuploads%2F2025%2F09&rm=1 HTTP/1.1" 200 181266 "https://www.stylinda.com/gxlirwez.php?p=%2Fhome%2Ffortodpl%2Fsamhairstyles.com%2Fwp-content%2Fuploads%2F2025%2F09" "Mozilla/5.0 AppleWebKit/537.36 (KHTML, like Gecko; compatible; GPTBot/1.4; +https://openai.com/gptbot)"
177.206.159.127 - - [03/Sep/2026:13:23:48 +0000] "POST /xmlrpc.php HTTP/1.1" 404 - "-" "Jetpack by WordPress.com"
74.7.242.1 - - [03/Sep/2026:13:23:49 +0000] "GET /gxlirwez.php?dl=1&f=%2Fhome%2Ffortodpl%2Fsamhairstyles.com%2Fwp-content%2Fuploads%2F2026%2F04%2F0_1_640_N-b98c6e04-b148-4416-b672-1fc27103206e-150x150.webp&p=%2Fhome%2Ffortodpl%2Fsamhairstyles.com%2Fwp-content%2Fuploads%2F2026%2F04 HTTP/1.1" 200 184056 "https://www.stylinda.com/gxlirwez.php?p=%2Fhome%2Ffortodpl%2Fsamhairstyles.com%2Fwp-content%2Fuploads%2F2026%2F04" "Mozilla/5.0 AppleWebKit/537.36 (KHTML, like Gecko; compatible; GPTBot/1.4; +https://openai.com/gptbot)"
74.7.242.1 - - [03/Sep/2026:13:23:56 +0000] "GET /gxlirwez.php?f=%2Fhome%2Ffortodpl%2Fsamhairstyles.com%2Fwp-content%2Fuploads%2F2025%2F09%2F0_2_640_N-4f139122-99d9-4aa8-b74a-a3388b8f501a-150x150.webp&p=%2Fhome%2Ffortodpl%2Fsamhairstyles.com%2Fwp-content%2Fuploads%2F2025%2F09&rm=1 HTTP/1.1" 200 181267 "https://www.stylinda.com/gxlirwez.php?p=%2Fhome%2Ffortodpl%2Fsamhairstyles.com%2Fwp-content%2Fuploads%2F2025%2F09" "Mozilla/5.0 AppleWebKit/537.36 (KHTML, like Gecko; compatible; GPTBot/1.4; +https://openai.com/gptbot)"
177.206.159.127 - - [03/Sep/2026:13:23:58 +0000] "POST /xmlrpc.php HTTP/1.1" 404 - "-" "Jetpack by WordPress.com"
74.7.242.1 - - [03/Sep/2026:13:24:01 +0000] "GET /gxlirwez.php?f=%2Fhome%2Ffortodpl%2Fsamhairstyles.com%2Fwp-content%2Fuploads%2F2026%2F04%2F0_0_640_N-270fd1be-ed44-4225-b785-6230d0ca8278-640x546.webp&p=%2Fhome%2Ffortodpl%2Fsamhairstyles.com%2Fwp-content%2Fuploads%2F2026%2F04&rm=1 HTTP/1.1" 200 179372 "https://www.stylinda.com/gxlirwez.php?p=%2Fhome%2Ffortodpl%2Fsamhairstyles.com%2Fwp-content%2Fuploads%2F2026%2F04" "Mozilla/5.0 AppleWebKit/537.36 (KHTML, like Gecko; compatible; GPTBot/1.4; +https://openai.com/gptbot)"
74.7.242.1 - - [03/Sep/2026:13:24:03 +0000] "GET /gxlirwez.php?dl=1&f=%2Fhome%2Ffortodpl%2Fsamhairstyles.com%2Fwp-content%2Fuploads%2F2026%2F04%2F0_0_640_N-8c343cf4-fda6-4746-9960-9dc208869f76-240x320.webp&p=%2Fhome%2Ffortodpl%2Fsamhairstyles.com%2Fwp-content%2Fuploads%2F2026%2F04 HTTP/1.1" 200 195343 "https://www.stylinda.com/gxlirwez.php?p=%2Fhome%2Ffortodpl%2Fsamhairstyles.com%2Fwp-content%2Fuploads%2F2026%2F04" "Mozilla/5.0 AppleWebKit/537.36 (KHTML, like Gecko; compatible; GPTBot/1.4; +https://openai.com/gptbot)"
74.7.242.1 - - [03/Sep/2026:13:24:04 +0000] "GET /gxlirwez.php?dl=1&f=%2Fhome%2Ffortodpl%2Fsamhairstyles.com%2Fwp-content%2Fuploads%2F2025%2F09%2F0_3_640_N-d7034369-32b0-4998-86be-81377b6c6faf-640x410.webp&p=%2Fhome%2Ffortodpl%2Fsamhairstyles.com%2Fwp-content%2Fuploads%2F2025%2F09 HTTP/1.1" 200 227268 "https://www.stylinda.com/gxlirwez.php?p=%2Fhome%2Ffortodpl%2Fsamhairstyles.com%2Fwp-content%2Fuploads%2F2025%2F09" "Mozilla/5.0 AppleWebKit/537.36 (KHTML, like Gecko; compatible; GPTBot/1.4; +https://openai.com/gptbot)"
74.7.242.1 - - [03/Sep/2026:13:24:08 +0000] "GET /gxlirwez.php?f=%2Fhome%2Ffortodpl%2Fsamhairstyles.com%2Fwp-content%2Fuploads%2F2026%2F04%2F0_1_640_N-09d3c032-9a64-4d81-a939-2dd9708e8451-546x728.webp&p=%2Fhome%2Ffortodpl%2Fsamhairstyles.com%2Fwp-content%2Fuploads%2F2026%2F04&rm=1 HTTP/1.1" 200 179372 "https://www.stylinda.com/gxlirwez.php?p=%2Fhome%2Ffortodpl%2Fsamhairstyles.com%2Fwp-content%2Fuploads%2F2026%2F04" "Mozilla/5.0 AppleWebKit/537.36 (KHTML, like Gecko; compatible; GPTBot/1.4; +https://openai.com/gptbot)"
177.206.159.127 - - [03/Sep/2026:13:24:09 +0000] "POST /xmlrpc.php HTTP/1.1" 404 - "-" "Jetpack by WordPress.com (Jetpack 13.0; WordPress 6.3)"
74.7.242.1 - - [03/Sep/2026:13:24:10 +0000] "GET /gxlirwez.php?f=%2Fhome%2Ffortodpl%2Fsamhairstyles.com%2Fwp-content%2Fuploads%2F2025%2F09%2F0_0_640_N-5672069a-567a-4622-a0f8-f6e608aac8e4-360x480.webp&p=%2Fhome%2Ffortodpl%2Fsamhairstyles.com%2Fwp-content%2Fuploads%2F2025%2F09&rm=1 HTTP/1.1" 200 181267 "https://www.stylinda.com/gxlirwez.php?p=%2Fhome%2Ffortodpl%2Fsamhairstyles.com%2Fwp-content%2Fuploads%2F2025%2F09" "Mozilla/5.0 AppleWebKit/537.36 (KHTML, like Gecko; compatible; GPTBot/1.4; +https://openai.com/gptbot)"
74.7.242.1 - - [03/Sep/2026:13:24:11 +0000] "GET /gxlirwez.php?dl=1&f=%2Fhome%2Ffortodpl%2Fsamhairstyles.com%2Fwp-content%2Fuploads%2F2025%2F09%2F0_1_640_N-10b2bc5f-b6c7-4277-a552-25be66471c56-640x728.webp&p=%2Fhome%2Ffortodpl%2Fsamhairstyles.com%2Fwp-content%2Fuploads%2F2025%2F09 HTTP/1.1" 200 253477 "https://www.stylinda.com/gxlirwez.php?p=%2Fhome%2Ffortodpl%2Fsamhairstyles.com%2Fwp-content%2Fuploads%2F2025%2F09" "Mozilla/5.0 AppleWebKit/537.36 (KHTML, like Gecko; compatible; GPTBot/1.4; +https://openai.com/gptbot)"
74.7.242.1 - - [03/Sep/2026:13:24:13 +0000] "GET /gxlirwez.php?dl=1&f=%2Fhome%2Ffortodpl%2Fsamhairstyles.com%2Fwp-content%2Fuploads%2F2025%2F09%2F0_1_640_N-c0d654ba-054f-4799-b255-35eb7573e5e7-546x728.webp&p=%2Fhome%2Ffortodpl%2Fsamhairstyles.com%2Fwp-content%2Fuploads%2F2025%2F09 HTTP/1.1" 200 202006 "https://www.stylinda.com/gxlirwez.php?p=%2Fhome%2Ffortodpl%2Fsamhairstyles.com%2Fwp-content%2Fuploads%2F2025%2F09" "Mozilla/5.0 AppleWebKit/537.36 (KHTML, like Gecko; compatible; GPTBot/1.4; +https://openai.com/gptbot)"
74.7.242.1 - - [03/Sep/2026:13:24:17 +0000] "GET /gxlirwez.php?f=%2Fhome%2Ffortodpl%2Fsamhairstyles.com%2Fwp-content%2Fuploads%2F2026%2F04%2F0_1_640_N-826718e1-af1f-48fa-8713-0d09c42113e5-546x728.webp&p=%2Fhome%2Ffortodpl%2Fsamhairstyles.com%2Fwp-content%2Fuploads%2F2026%2F04&rm=1 HTTP/1.1" 200 179374 "https://www.stylinda.com/gxlirwez.php?p=%2Fhome%2Ffortodpl%2Fsamhairstyles.com%2Fwp-content%2Fuploads%2F2026%2F04" "Mozilla/5.0 AppleWebKit/537.36 (KHTML, like Gecko; compatible; GPTBot/1.4; +https://openai.com/gptbot)"
74.7.242.1 - - [03/Sep/2026:13:24:18 +0000] "GET /gxlirwez.php?dl=1&f=%2Fhome%2Ffortodpl%2Fsamhairstyles.com%2Fwp-content%2Fuploads%2F2026%2F04%2F0_0_640_N-8b7559bf-d7c8-45e4-9936-dc9eb5c61132-240x320.webp&p=%2Fhome%2Ffortodpl%2Fsamhairstyles.com%2Fwp-content%2Fuploads%2F2026%2F04 HTTP/1.1" 200 192746 "https://www.stylinda.com/gxlirwez.php?p=%2Fhome%2Ffortodpl%2Fsamhairstyles.com%2Fwp-content%2Fuploads%2F2026%2F04" "Mozilla/5.0 AppleWebKit/537.36 (KHTML, like Gecko; compatible; GPTBot/1.4; +https://openai.com/gptbot)"
177.206.159.127 - - [03/Sep/2026:13:24:19 +0000] "POST /xmlrpc.php HTTP/1.1" 404 - "-" "Jetpack by WordPress.com"
74.7.242.1 - - [03/Sep/2026:13:24:20 +0000] "GET /gxlirwez.php?f=%2Fhome%2Ffortodpl%2Fsamhairstyles.com%2Fwp-content%2Fuploads%2F2026%2F04%2F0_2_640_N-9aacd2d0-1ce2-460e-9bb3-35584c917257-640x546.webp&p=%2Fhome%2Ffortodpl%2Fsamhairstyles.com%2Fwp-content%2Fuploads%2F2026%2F04&rm=1 HTTP/1.1" 200 179371 "https://www.stylinda.com/gxlirwez.php?p=%2Fhome%2Ffortodpl%2Fsamhairstyles.com%2Fwp-content%2Fuploads%2F2026%2F04" "Mozilla/5.0 AppleWebKit/537.36 (KHTML, like Gecko; compatible; GPTBot/1.4; +https://openai.com/gptbot)"
74.7.242.1 - - [03/Sep/2026:13:24:22 +0000] "GET /gxlirwez.php?f=%2Fhome%2Ffortodpl%2Fsamhairstyles.com%2Fwp-content%2Fuploads%2F2026%2F04%2F0_0_640_N-2681a2a5-3c18-4294-8170-33d6206cc9d2.webp&p=%2Fhome%2Ffortodpl%2Fsamhairstyles.com%2Fwp-content%2Fuploads%2F2026%2F04&rm=1 HTTP/1.1" 200 179369 "https://www.stylinda.com/gxlirwez.php?p=%2Fhome%2Ffortodpl%2Fsamhairstyles.com%2Fwp-content%2Fuploads%2F2026%2F04" "Mozilla/5.0 AppleWebKit/537.36 (KHTML, like Gecko; compatible; GPTBot/1.4; +https://openai.com/gptbot)"
74.7.242.1 - - [03/Sep/2026:13:24:24 +0000] "GET /gxlirwez.php?dl=1&f=%2Fhome%2Ffortodpl%2Fsamhairstyles.com%2Fwp-content%2Fuploads%2F2026%2F04%2F0_1_640_N-cee79b05-f062-4169-81de-4552cdb27b25-640x410.webp&p=%2Fhome%2Ffortodpl%2Fsamhairstyles.com%2Fwp-content%2Fuploads%2F2026%2F04 HTTP/1.1" 200 218801 "https://www.stylinda.com/gxlirwez.php?p=%2Fhome%2Ffortodpl%2Fsamhairstyles.com%2Fwp-content%2Fuploads%2F2026%2F04" "Mozilla/5.0 AppleWebKit/537.36 (KHTML, like Gecko; compatible; GPTBot/1.4; +https://openai.com/gptbot)"
74.7.242.1 - - [03/Sep/2026:13:24:29 +0000] "GET /gxlirwez.php?dl=1&f=%2Fhome%2Ffortodpl%2Fsamhairstyles.com%2Fwp-content%2Fuploads%2F2026%2F04%2F0_0_640_N-747cca38-22cf-4284-a4f2-8cf838c93416-640x410.webp&p=%2Fhome%2Ffortodpl%2Fsamhairstyles.com%2Fwp-content%2Fuploads%2F2026%2F04 HTTP/1.1" 200 217477 "https://www.stylinda.com/gxlirwez.php?p=%2Fhome%2Ffortodpl%2Fsamhairstyles.com%2Fwp-content%2Fuploads%2F2026%2F04" "Mozilla/5.0 AppleWebKit/537.36 (KHTML, like Gecko; compatible; GPTBot/1.4; +https://openai.com/gptbot)"
177.206.159.127 - - [03/Sep/2026:13:24:30 +0000] "POST /xmlrpc.php HTTP/1.1" 404 - "-" "Jetpack by WordPress.com (Jetpack 12.1; WordPress 6.3)"
74.7.242.1 - - [03/Sep/2026:13:24:31 +0000] "GET /gxlirwez.php?f=%2Fhome%2Ffortodpl%2Fsamhairstyles.com%2Fwp-content%2Fuploads%2F2026%2F04%2F0_1_640_N-cee79b05-f062-4169-81de-4552cdb27b25-546x728.webp&p=%2Fhome%2Ffortodpl%2Fsamhairstyles.com%2Fwp-content%2Fuploads%2F2026%2F04&rm=1 HTTP/1.1" 200 179373 "https://www.stylinda.com/gxlirwez.php?p=%2Fhome%2Ffortodpl%2Fsamhairstyles.com%2Fwp-content%2Fuploads%2F2026%2F04" "Mozilla/5.0 AppleWebKit/537.36 (KHTML, like Gecko; compatible; GPTBot/1.4; +https://openai.com/gptbot)"
74.7.242.1 - - [03/Sep/2026:13:24:33 +0000] "GET /gxlirwez.php?f=%2Fhome%2Ffortodpl%2Fsamhairstyles.com%2Fwp-content%2Fuploads%2F2025%2F09%2F0_1_640_N-b6590d98-e623-42f1-b1a2-25310c2651db-240x320.webp&p=%2Fhome%2Ffortodpl%2Fsamhairstyles.com%2Fwp-content%2Fuploads%2F2025%2F09&rm=1 HTTP/1.1" 200 181267 "https://www.stylinda.com/gxlirwez.php?p=%2Fhome%2Ffortodpl%2Fsamhairstyles.com%2Fwp-content%2Fuploads%2F2025%2F09" "Mozilla/5.0 AppleWebKit/537.36 (KHTML, like Gecko; compatible; GPTBot/1.4; +https://openai.com/gptbot)"
74.7.242.1 - - [03/Sep/2026:13:24:35 +0000] "GET /gxlirwez.php?f=%2Fhome%2Ffortodpl%2Fsamhairstyles.com%2Fwp-content%2Fuploads%2F2026%2F04%2F0_1_640_N-c7f3c2f1-c709-48ea-986f-069c6f491176-640x728.webp&p=%2Fhome%2Ffortodpl%2Fsamhairstyles.com%2Fwp-content%2Fuploads%2F2026%2F04&rm=1 HTTP/1.1" 200 179370 "https://www.stylinda.com/gxlirwez.php?p=%2Fhome%2Ffortodpl%2Fsamhairstyles.com%2Fwp-content%2Fuploads%2F2026%2F04" "Mozilla/5.0 AppleWebKit/537.36 (KHTML, like Gecko; compatible; GPTBot/1.4; +https://openai.com/gptbot)"
74.7.242.1 - - [03/Sep/2026:13:24:36 +0000] "GET /gxlirwez.php?dl=1&f=%2Fhome%2Ffortodpl%2Fsamhairstyles.com%2Fwp-content%2Fuploads%2F2026%2F03%2F0_2_640_N-e6988b57-54e4-48fb-8690-cd156e099a38-640x410.webp&p=%2Fhome%2Ffortodpl%2Fsamhairstyles.com%2Fwp-content%2Fuploads%2F2026%2F03 HTTP/1.1" 200 109499 "https://www.stylinda.com/gxlirwez.php?p=%2Fhome%2Ffortodpl%2Fsamhairstyles.com%2Fwp-content%2Fuploads%2F2026%2F03" "Mozilla/5.0 AppleWebKit/537.36 (KHTML, like Gecko; compatible; GPTBot/1.4; +https://openai.com/gptbot)"
74.7.242.1 - - [03/Sep/2026:13:24:38 +0000] "GET /gxlirwez.php?f=%2Fhome%2Ffortodpl%2Fsamhairstyles.com%2Fwp-content%2Fuploads%2F2026%2F04%2F0_2_640_N-0697997d-2922-495e-a875-94f22b12ceaa-640x546.webp&p=%2Fhome%2Ffortodpl%2Fsamhairstyles.com%2Fwp-content%2Fuploads%2F2026%2F04&rm=1 HTTP/1.1" 200 179372 "https://www.stylinda.com/gxlirwez.php?p=%2Fhome%2Ffortodpl%2Fsamhairstyles.com%2Fwp-content%2Fuploads%2F2026%2F04" "Mozilla/5.0 AppleWebKit/537.36 (KHTML, like Gecko; compatible; GPTBot/1.4; +https://openai.com/gptbot)"
177.206.159.127 - - [03/Sep/2026:13:24:40 +0000] "POST /xmlrpc.php HTTP/1.1" 404 - "-" "Jetpack/13.0; WordPress/6.1; http://site46423478.com"
74.7.242.1 - - [03/Sep/2026:13:24:42 +0000] "GET /gxlirwez.php?f=%2Fhome%2Ffortodpl%2Fsamhairstyles.com%2Fwp-content%2Fuploads%2F2026%2F04%2F0_1_640_N-024a27e9-2b38-417b-9a50-78f50f80e8a0-546x728.webp&p=%2Fhome%2Ffortodpl%2Fsamhairstyles.com%2Fwp-content%2Fuploads%2F2026%2F04&rm=1 HTTP/1.1" 200 179372 "https://www.stylinda.com/gxlirwez.php?p=%2Fhome%2Ffortodpl%2Fsamhairstyles.com%2Fwp-content%2Fuploads%2F2026%2F04" "Mozilla/5.0 AppleWebKit/537.36 (KHTML, like Gecko; compatible; GPTBot/1.4; +https://openai.com/gptbot)"
74.7.242.1 - - [03/Sep/2026:13:24:45 +0000] "GET /gxlirwez.php?f=%2Fhome%2Ffortodpl%2Fsamhairstyles.com%2Fwp-content%2Fuploads%2F2026%2F04%2F0_2_640_N-c46c95f9-838e-407d-a00b-56e3f0a19e40-240x320.webp&p=%2Fhome%2Ffortodpl%2Fsamhairstyles.com%2Fwp-content%2Fuploads%2F2026%2F04&rm=1 HTTP/1.1" 200 179373 "https://www.stylinda.com/gxlirwez.php?p=%2Fhome%2Ffortodpl%2Fsamhairstyles.com%2Fwp-content%2Fuploads%2F2026%2F04" "Mozilla/5.0 AppleWebKit/537.36 (KHTML, like Gecko; compatible; GPTBot/1.4; +https://openai.com/gptbot)"
74.7.242.1 - - [03/Sep/2026:13:24:49 +0000] "GET /gxlirwez.php?dl=1&f=%2Fhome%2Ffortodpl%2Fsamhairstyles.com%2Fwp-content%2Fuploads%2F2025%2F09%2F0_0_640_N-ff6f84fb-696a-49b8-bc88-ec2265508481-640x546.webp&p=%2Fhome%2Ffortodpl%2Fsamhairstyles.com%2Fwp-content%2Fuploads%2F2025%2F09 HTTP/1.1" 200 262513 "https://www.stylinda.com/gxlirwez.php?p=%2Fhome%2Ffortodpl%2Fsamhairstyles.com%2Fwp-content%2Fuploads%2F2025%2F09" "Mozilla/5.0 AppleWebKit/537.36 (KHTML, like Gecko; compatible; GPTBot/1.4; +https://openai.com/gptbot)"
74.7.242.1 - - [03/Sep/2026:13:24:51 +0000] "GET /gxlirwez.php?f=%2Fhome%2Ffortodpl%2Fsamhairstyles.com%2Fwp-content%2Fuploads%2F2026%2F04%2F0_1_640_N-0285c9b6-9700-4989-9d9b-98f319dcd885-546x728.webp&p=%2Fhome%2Ffortodpl%2Fsamhairstyles.com%2Fwp-content%2Fuploads%2F2026%2F04&rm=1 HTTP/1.1" 200 179372 "https://www.stylinda.com/gxlirwez.php?p=%2Fhome%2Ffortodpl%2Fsamhairstyles.com%2Fwp-content%2Fuploads%2F2026%2F04" "Mozilla/5.0 AppleWebKit/537.36 (KHTML, like Gecko; compatible; GPTBot/1.4; +https://openai.com/gptbot)"
177.206.159.127 - - [03/Sep/2026:13:24:51 +0000] "POST /xmlrpc.php HTTP/1.1" 404 - "-" "Jetpack/12.5; WordPress/6.1; http://site30833839.com"
74.7.242.1 - - [03/Sep/2026:13:24:52 +0000] "GET /gxlirwez.php?f=%2Fhome%2Ffortodpl%2Fsamhairstyles.com%2Fwp-content%2Fuploads%2F2026%2F04%2F0_2_640_N-89787bc5-1e96-4d3a-a00d-4ac719b711c2-640x410.webp&p=%2Fhome%2Ffortodpl%2Fsamhairstyles.com%2Fwp-content%2Fuploads%2F2026%2F04&rm=1 HTTP/1.1" 200 179371 "https://www.stylinda.com/gxlirwez.php?p=%2Fhome%2Ffortodpl%2Fsamhairstyles.com%2Fwp-content%2Fuploads%2F2026%2F04" "Mozilla/5.0 AppleWebKit/537.36 (KHTML, like Gecko; compatible; GPTBot/1.4; +https://openai.com/gptbot)"
74.7.242.1 - - [03/Sep/2026:13:24:54 +0000] "GET /gxlirwez.php?f=%2Fhome%2Ffortodpl%2Fsamhairstyles.com%2Fwp-content%2Fuploads%2F2026%2F04%2F0_1_640_N-a70351e9-0678-4fd4-8e64-8d49ade821ef-240x320.webp&p=%2Fhome%2Ffortodpl%2Fsamhairstyles.com%2Fwp-content%2Fuploads%2F2026%2F04&rm=1 HTTP/1.1" 200 179373 "https://www.stylinda.com/gxlirwez.php?p=%2Fhome%2Ffortodpl%2Fsamhairstyles.com%2Fwp-content%2Fuploads%2F2026%2F04" "Mozilla/5.0 AppleWebKit/537.36 (KHTML, like Gecko; compatible; GPTBot/1.4; +https://openai.com/gptbot)"
74.7.242.1 - - [03/Sep/2026:13:24:56 +0000] "GET /gxlirwez.php?f=%2Fhome%2Ffortodpl%2Fsamhairstyles.com%2Fwp-content%2Fuploads%2F2026%2F04%2F0_1_640_N-b07d7a73-60ef-4b98-b500-0c1d173d1e19-546x728.webp&p=%2Fhome%2Ffortodpl%2Fsamhairstyles.com%2Fwp-content%2Fuploads%2F2026%2F04&rm=1 HTTP/1.1" 200 179375 "https://www.stylinda.com/gxlirwez.php?p=%2Fhome%2Ffortodpl%2Fsamhairstyles.com%2Fwp-content%2Fuploads%2F2026%2F04" "Mozilla/5.0 AppleWebKit/537.36 (KHTML, like Gecko; compatible; GPTBot/1.4; +https://openai.com/gptbot)"
74.7.242.1 - - [03/Sep/2026:13:24:58 +0000] "GET /gxlirwez.php?f=%2Fhome%2Ffortodpl%2Fsamhairstyles.com%2Fwp-content%2Fuploads%2F2025%2F09%2F0_2_640_N-3877e437-cb16-43d6-9ddf-043a91178ead-226x300.webp&p=%2Fhome%2Ffortodpl%2Fsamhairstyles.com%2Fwp-content%2Fuploads%2F2025%2F09&rm=1 HTTP/1.1" 200 181267 "https://www.stylinda.com/gxlirwez.php?p=%2Fhome%2Ffortodpl%2Fsamhairstyles.com%2Fwp-content%2Fuploads%2F2025%2F09" "Mozilla/5.0 AppleWebKit/537.36 (KHTML, like Gecko; compatible; GPTBot/1.4; +https://openai.com/gptbot)"
74.7.242.1 - - [03/Sep/2026:13:24:59 +0000] "GET /gxlirwez.php?dl=1&f=%2Fhome%2Ffortodpl%2Fsamhairstyles.com%2Fwp-content%2Fuploads%2F2025%2F09%2F0_3_640_N-d5740a0e-7856-4fa5-9683-ba60cc77e14d-150x150.webp&p=%2Fhome%2Ffortodpl%2Fsamhairstyles.com%2Fwp-content%2Fuploads%2F2025%2F09 HTTP/1.1" 200 187375 "https://www.stylinda.com/gxlirwez.php?p=%2Fhome%2Ffortodpl%2Fsamhairstyles.com%2Fwp-content%2Fuploads%2F2025%2F09" "Mozilla/5.0 AppleWebKit/537.36 (KHTML, like Gecko; compatible; GPTBot/1.4; +https://openai.com/gptbot)"
177.206.159.127 - - [03/Sep/2026:13:25:01 +0000] "POST /xmlrpc.php HTTP/1.1" 404 - "-" "Jetpack/12.1; WordPress/6.2; http://site98718410.com"
74.7.242.1 - - [03/Sep/2026:13:25:05 +0000] "GET /gxlirwez.php?dl=1&f=%2Fhome%2Ffortodpl%2Fsamhairstyles.com%2Fwp-content%2Fuploads%2F2026%2F04%2F0_1_640_N-76e49253-a121-417f-a6d8-bc630426e206-640x410.webp&p=%2Fhome%2Ffortodpl%2Fsamhairstyles.com%2Fwp-content%2Fuploads%2F2026%2F04 HTTP/1.1" 200 212077 "https://www.stylinda.com/gxlirwez.php?p=%2Fhome%2Ffortodpl%2Fsamhairstyles.com%2Fwp-content%2Fuploads%2F2026%2F04" "Mozilla/5.0 AppleWebKit/537.36 (KHTML, like Gecko; compatible; GPTBot/1.4; +https://openai.com/gptbot)"
74.7.242.1 - - [03/Sep/2026:13:25:08 +0000] "GET /gxlirwez.php?dl=1&f=%2Fhome%2Ffortodpl%2Fsamhairstyles.com%2Fwp-content%2Fuploads%2F2026%2F07%2Fimage-114.png&p=%2Fhome%2Ffortodpl%2Fsamhairstyles.com%2Fwp-content%2Fuploads%2F2026%2F07 HTTP/1.1" 200 2389958 "https://www.stylinda.com/gxlirwez.php?p=%2Fhome%2Ffortodpl%2Fsamhairstyles.com%2Fwp-content%2Fuploads%2F2026%2F07" "Mozilla/5.0 AppleWebKit/537.36 (KHTML, like Gecko; compatible; GPTBot/1.4; +https://openai.com/gptbot)"
177.206.159.127 - - [03/Sep/2026:13:25:12 +0000] "POST /xmlrpc.php HTTP/1.1" 404 - "-" "Jetpack/12.5; WordPress/6.3; http://site44763977.com"
74.7.242.1 - - [03/Sep/2026:13:25:17 +0000] "GET /gxlirwez.php?dl=1&f=%2Fhome%2Ffortodpl%2Fsamhairstyles.com%2Fwp-content%2Fuploads%2F2026%2F07%2Fimage-657.png&p=%2Fhome%2Ffortodpl%2Fsamhairstyles.com%2Fwp-content%2Fuploads%2F2026%2F07 HTTP/1.1" 200 2132458 "https://www.stylinda.com/gxlirwez.php?p=%2Fhome%2Ffortodpl%2Fsamhairstyles.com%2Fwp-content%2Fuploads%2F2026%2F07" "Mozilla/5.0 AppleWebKit/537.36 (KHTML, like Gecko; compatible; GPTBot/1.4; +https://openai.com/gptbot)"
74.7.242.1 - - [03/Sep/2026:13:25:22 +0000] "GET /gxlirwez.php?dl=1&f=%2Fhome%2Ffortodpl%2Fsamhairstyles.com%2Fwp-content%2Fuploads%2F2026%2F07%2Fimage-787.png&p=%2Fhome%2Ffortodpl%2Fsamhairstyles.com%2Fwp-content%2Fuploads%2F2026%2F07 HTTP/1.1" 200 2223243 "https://www.stylinda.com/gxlirwez.php?p=%2Fhome%2Ffortodpl%2Fsamhairstyles.com%2Fwp-content%2Fuploads%2F2026%2F07" "Mozilla/5.0 AppleWebKit/537.36 (KHTML, like Gecko; compatible; GPTBot/1.4; +https://openai.com/gptbot)"
177.206.159.127 - - [03/Sep/2026:13:25:22 +0000] "POST /xmlrpc.php HTTP/1.1" 404 - "-" "Jetpack/12.0; WordPress/6.2; http://site24548016.com"
74.7.242.1 - - [03/Sep/2026:13:25:28 +0000] "GET /gxlirwez.php?f=%2Fhome%2Ffortodpl%2Fsamhairstyles.com%2Fwp-content%2Fuploads%2F2026%2F07%2Fimage-644.png&p=%2Fhome%2Ffortodpl%2Fsamhairstyles.com%2Fwp-content%2Fuploads%2F2026%2F07&rm=1 HTTP/1.1" 200 256131 "https://www.stylinda.com/gxlirwez.php?p=%2Fhome%2Ffortodpl%2Fsamhairstyles.com%2Fwp-content%2Fuploads%2F2026%2F07" "Mozilla/5.0 AppleWebKit/537.36 (KHTML, like Gecko; compatible; GPTBot/1.4; +https://openai.com/gptbot)"
74.7.242.1 - - [03/Sep/2026:13:25:30 +0000] "GET /gxlirwez.php?dl=1&f=%2Fhome%2Ffortodpl%2Fsamhairstyles.com%2Fwp-content%2Fuploads%2F2026%2F05%2Fimage-118.png&p=%2Fhome%2Ffortodpl%2Fsamhairstyles.com%2Fwp-content%2Fuploads%2F2026%2F05 HTTP/1.1" 200 2104122 "https://www.stylinda.com/gxlirwez.php?p=%2Fhome%2Ffortodpl%2Fsamhairstyles.com%2Fwp-content%2Fuploads%2F2026%2F05" "Mozilla/5.0 AppleWebKit/537.36 (KHTML, like Gecko; compatible; GPTBot/1.4; +https://openai.com/gptbot)"
177.206.159.127 - - [03/Sep/2026:13:25:33 +0000] "POST /xmlrpc.php HTTP/1.1" 404 - "-" "Jetpack by WordPress.com (Jetpack 12.1; WordPress 6.3)"
74.7.242.1 - - [03/Sep/2026:13:25:34 +0000] "GET /gxlirwez.php?dl=1&f=%2Fhome%2Ffortodpl%2Fsamhairstyles.com%2Fwp-content%2Fuploads%2F2026%2F07%2Fimage-801.png&p=%2Fhome%2Ffortodpl%2Fsamhairstyles.com%2Fwp-content%2Fuploads%2F2026%2F07 HTTP/1.1" 200 2381235 "https://www.stylinda.com/gxlirwez.php?p=%2Fhome%2Ffortodpl%2Fsamhairstyles.com%2Fwp-content%2Fuploads%2F2026%2F07" "Mozilla/5.0 AppleWebKit/537.36 (KHTML, like Gecko; compatible; GPTBot/1.4; +https://openai.com/gptbot)"
74.7.242.1 - - [03/Sep/2026:13:25:36 +0000] "GET /gxlirwez.php?f=%2Fhome%2Ffortodpl%2Fsamhairstyles.com%2Fwp-content%2Fuploads%2F2026%2F07%2Fimage-491.png&p=%2Fhome%2Ffortodpl%2Fsamhairstyles.com%2Fwp-content%2Fuploads%2F2026%2F07&rm=1 HTTP/1.1" 200 256130 "https://www.stylinda.com/gxlirwez.php?p=%2Fhome%2Ffortodpl%2Fsamhairstyles.com%2Fwp-content%2Fuploads%2F2026%2F07" "Mozilla/5.0 AppleWebKit/537.36 (KHTML, like Gecko; compatible; GPTBot/1.4; +https://openai.com/gptbot)"
74.7.242.1 - - [03/Sep/2026:13:25:40 +0000] "GET /gxlirwez.php?f=%2Fhome%2Ffortodpl%2Fsamhairstyles.com%2Fwp-content%2Fuploads%2F2026%2F05%2Fimage-399.png&p=%2Fhome%2Ffortodpl%2Fsamhairstyles.com%2Fwp-content%2Fuploads%2F2026%2F05&rm=1 HTTP/1.1" 200 131227 "https://www.stylinda.com/gxlirwez.php?p=%2Fhome%2Ffortodpl%2Fsamhairstyles.com%2Fwp-content%2Fuploads%2F2026%2F05" "Mozilla/5.0 AppleWebKit/537.36 (KHTML, like Gecko; compatible; GPTBot/1.4; +https://openai.com/gptbot)"
74.7.242.1 - - [03/Sep/2026:13:25:41 +0000] "GET /gxlirwez.php?dl=1&f=%2Fhome%2Ffortodpl%2Fsamhairstyles.com%2Fwp-content%2Fuploads%2F2026%2F07%2Fimage-854.png&p=%2Fhome%2Ffortodpl%2Fsamhairstyles.com%2Fwp-content%2Fuploads%2F2026%2F07 HTTP/1.1" 200 2352961 "https://www.stylinda.com/gxlirwez.php?p=%2Fhome%2Ffortodpl%2Fsamhairstyles.com%2Fwp-content%2Fuploads%2F2026%2F07" "Mozilla/5.0 AppleWebKit/537.36 (KHTML, like Gecko; compatible; GPTBot/1.4; +https://openai.com/gptbot)"
177.206.159.127 - - [03/Sep/2026:13:25:43 +0000] "POST /xmlrpc.php HTTP/1.1" 404 - "-" "Jetpack/12.0; WordPress/6.4; http://site95472246.com"
74.7.242.1 - - [03/Sep/2026:13:25:45 +0000] "GET /gxlirwez.php?dl=1&f=%2Fhome%2Ffortodpl%2Fsamhairstyles.com%2Fwp-content%2Fuploads%2F2026%2F05%2Fimage-317.png&p=%2Fhome%2Ffortodpl%2Fsamhairstyles.com%2Fwp-content%2Fuploads%2F2026%2F05 HTTP/1.1" 200 2116183 "https://www.stylinda.com/gxlirwez.php?p=%2Fhome%2Ffortodpl%2Fsamhairstyles.com%2Fwp-content%2Fuploads%2F2026%2F05" "Mozilla/5.0 AppleWebKit/537.36 (KHTML, like Gecko; compatible; GPTBot/1.4; +https://openai.com/gptbot)"
74.7.242.1 - - [03/Sep/2026:13:25:52 +0000] "GET /gxlirwez.php?dl=1&f=%2Fhome%2Ffortodpl%2Fsamhairstyles.com%2Fwp-content%2Fuploads%2F2026%2F07%2Fimage-345.png&p=%2Fhome%2Ffortodpl%2Fsamhairstyles.com%2Fwp-content%2Fuploads%2F2026%2F07 HTTP/1.1" 200 2289395 "https://www.stylinda.com/gxlirwez.php?p=%2Fhome%2Ffortodpl%2Fsamhairstyles.com%2Fwp-content%2Fuploads%2F2026%2F07" "Mozilla/5.0 AppleWebKit/537.36 (KHTML, like Gecko; compatible; GPTBot/1.4; +https://openai.com/gptbot)"
177.206.159.127 - - [03/Sep/2026:13:25:54 +0000] "POST /xmlrpc.php HTTP/1.1" 404 - "-" "Jetpack by WordPress.com"
74.7.242.1 - - [03/Sep/2026:13:25:54 +0000] "GET /gxlirwez.php?dl=1&f=%2Fhome%2Ffortodpl%2Fsamhairstyles.com%2Fwp-content%2Fuploads%2F2026%2F05%2Fimage-337.png&p=%2Fhome%2Ffortodpl%2Fsamhairstyles.com%2Fwp-content%2Fuploads%2F2026%2F05 HTTP/1.1" 200 1961682 "https://www.stylinda.com/gxlirwez.php?p=%2Fhome%2Ffortodpl%2Fsamhairstyles.com%2Fwp-content%2Fuploads%2F2026%2F05" "Mozilla/5.0 AppleWebKit/537.36 (KHTML, like Gecko; compatible; GPTBot/1.4; +https://openai.com/gptbot)"
74.7.242.1 - - [03/Sep/2026:13:25:56 +0000] "GET /gxlirwez.php?dl=1&f=%2Fhome%2Ffortodpl%2Fsamhairstyles.com%2Fwp-content%2Fuploads%2F2026%2F05%2Fimage-477.png&p=%2Fhome%2Ffortodpl%2Fsamhairstyles.com%2Fwp-content%2Fuploads%2F2026%2F05 HTTP/1.1" 200 1944086 "https://www.stylinda.com/gxlirwez.php?p=%2Fhome%2Ffortodpl%2Fsamhairstyles.com%2Fwp-content%2Fuploads%2F2026%2F05" "Mozilla/5.0 AppleWebKit/537.36 (KHTML, like Gecko; compatible; GPTBot/1.4; +https://openai.com/gptbot)"
74.7.242.1 - - [03/Sep/2026:13:25:58 +0000] "GET /gxlirwez.php?dl=1&f=%2Fhome%2Ffortodpl%2Fsamhairstyles.com%2Fwp-content%2Fuploads%2F2026%2F07%2Fimage-314.png&p=%2Fhome%2Ffortodpl%2Fsamhairstyles.com%2Fwp-content%2Fuploads%2F2026%2F07 HTTP/1.1" 200 2279395 "https://www.stylinda.com/gxlirwez.php?p=%2Fhome%2Ffortodpl%2Fsamhairstyles.com%2Fwp-content%2Fuploads%2F2026%2F07" "Mozilla/5.0 AppleWebKit/537.36 (KHTML, like Gecko; compatible; GPTBot/1.4; +https://openai.com/gptbot)"
34.187.2.169 - - [03/Sep/2026:13:26:01 +0000] "GET /htdocs/.git/config HTTP/1.1" 404 - "-" "crusader-worker/1.0"
34.187.2.169 - - [03/Sep/2026:13:26:01 +0000] "GET /site/.git/config HTTP/1.1" 404 - "-" "crusader-worker/1.0"
34.187.2.169 - - [03/Sep/2026:13:26:01 +0000] "GET /src/.git/config HTTP/1.1" 404 - "-" "crusader-worker/1.0"
34.187.2.169 - - [03/Sep/2026:13:26:01 +0000] "GET /backend/.git/config HTTP/1.1" 404 - "-" "crusader-worker/1.0"
34.187.2.169 - - [03/Sep/2026:13:26:01 +0000] "GET /wordpress/.git/config HTTP/1.1" 404 - "-" "crusader-worker/1.0"
34.187.2.169 - - [03/Sep/2026:13:26:01 +0000] "GET /html/.git/config HTTP/1.1" 404 - "-" "crusader-worker/1.0"
34.187.2.169 - - [03/Sep/2026:13:26:01 +0000] "GET /www/.git/config HTTP/1.1" 404 - "-" "crusader-worker/1.0"
34.187.2.169 - - [03/Sep/2026:13:26:01 +0000] "GET /app/.git/config HTTP/1.1" 404 - "-" "crusader-worker/1.0"
34.187.2.169 - - [03/Sep/2026:13:26:01 +0000] "GET /.git/config HTTP/1.1" 404 - "-" "crusader-worker/1.0"
34.187.2.169 - - [03/Sep/2026:13:26:01 +0000] "GET /var/www/.git/config HTTP/1.1" 404 - "-" "crusader-worker/1.0"
