/var/log/apache2/domlogs/fortodpl
Edit: /var/log/apache2/domlogs/fortodpl/linstyles.com.forthewardrobe.com-ssl_log (73110B)
159.198.65.41 - - [03/Sep/2026:12:15:05 +0000] "POST /wp-cron.php?doing_wp_cron=1788437705.6329019069671630859375 HTTP/1.1" 200 - "-" "WordPress/7.1; https://linstyles.com"
205.196.217.58 - - [03/Sep/2026:12:15:05 +0000] "GET /wp-login.php HTTP/1.1" 200 2109 "-" "Mozilla/5.0 (Windows NT 10.0; Win64; x64) AppleWebKit/537.36 (KHTML, like Gecko) Chrome/151.0.0.0 Safari/537.36"
205.196.217.58 - - [03/Sep/2026:12:15:05 +0000] "POST /wp-login.php HTTP/1.1" 200 2240 "https://linstyles.com/wp-login.php" "Mozilla/5.0 (Windows NT 10.0; Win64; x64) AppleWebKit/537.36 (KHTML, like Gecko) Chrome/151.0.0.0 Safari/537.36"
76.109.64.216 - - [03/Sep/2026:12:16:35 +0000] "GET /page/2/ HTTP/1.1" 200 70487 "-" "Mozilla/5.0 (Macintosh; Intel Mac OS X 10_15_7) AppleWebKit/537.36 (KHTML, like Gecko) Chrome/148.0.0.0 Safari/537.36 Edg/148.0.0.0"
216.73.217.175 - - [03/Sep/2026:12:40:26 +0000] "GET /robots.txt HTTP/1.1" 200 124 "-" "Mozilla/5.0 AppleWebKit/537.36 (KHTML, like Gecko; compatible; ClaudeBot/1.0; +claudebot@anthropic.com)"
216.73.217.175 - - [03/Sep/2026:12:40:27 +0000] "GET /sitemap_index.xml HTTP/1.1" 200 332 "-" "Mozilla/5.0 AppleWebKit/537.36 (KHTML, like Gecko; compatible; ClaudeBot/1.0; +claudebot@anthropic.com)"
74.7.228.51 - - [03/Sep/2026:12:41:42 +0000] "GET /robots.txt HTTP/1.1" 200 124 "-" "Mozilla/5.0 (Macintosh; Intel Mac OS X 10_15_7) AppleWebKit/537.36 (KHTML, like Gecko) Chrome/131.0.0.0 Safari/537.36; compatible; OAI-SearchBot/1.4; robots.txt; +https://openai.com/searchbot"
159.198.65.41 - - [03/Sep/2026:13:14:05 +0000] "POST /wp-cron.php?doing_wp_cron=1788441245.2007710933685302734375 HTTP/1.1" 200 - "-" "WordPress/7.1; https://linstyles.com"
185.191.171.17 - - [03/Sep/2026:13:14:04 +0000] "GET /robots.txt HTTP/1.1" 200 124 "-" "Mozilla/5.0 (compatible; SemrushBot/7~bl; +http://www.semrush.com/bot.html)"
185.191.171.11 - - [03/Sep/2026:13:14:05 +0000] "GET /2026/07/14/short-hairstyles-for-fine-hair-for-oval-faces/ HTTP/1.1" 200 16915 "-" "Mozilla/5.0 (compatible; SemrushBot/7~bl; +http://www.semrush.com/bot.html)"
85.208.96.200 - - [03/Sep/2026:13:14:10 +0000] "GET /sitemap_index.xml HTTP/1.1" 200 332 "-" "Mozilla/5.0 (compatible; SemrushBot/7~bl; +http://www.semrush.com/bot.html)"
85.208.96.212 - - [03/Sep/2026:13:14:12 +0000] "GET /author-sitemap.xml HTTP/1.1" 200 360 "-" "Mozilla/5.0 (compatible; SemrushBot/7~bl; +http://www.semrush.com/bot.html)"
85.208.96.212 - - [03/Sep/2026:13:14:14 +0000] "GET /category-sitemap.xml HTTP/1.1" 200 366 "-" "Mozilla/5.0 (compatible; SemrushBot/7~bl; +http://www.semrush.com/bot.html)"
85.208.96.210 - - [03/Sep/2026:13:14:15 +0000] "GET /page-sitemap.xml HTTP/1.1" 200 368 "-" "Mozilla/5.0 (compatible; SemrushBot/7~bl; +http://www.semrush.com/bot.html)"
85.208.96.212 - - [03/Sep/2026:13:14:17 +0000] "GET /post-sitemap.xml HTTP/1.1" 200 2345 "-" "Mozilla/5.0 (compatible; SemrushBot/7~bl; +http://www.semrush.com/bot.html)"
34.10.146.168 - - [03/Sep/2026:13:17:26 +0000] "GET / HTTP/1.1" 200 12431 "-" "Mozilla/5.0 (Windows NT 5.1) AppleWebKit/537.36 (KHTML, like Gecko) Chrome/41.0.2224.3 Safari/537.36"
157.55.39.222 - - [03/Sep/2026:13:27:42 +0000] "GET /robots.txt HTTP/1.1" 200 124 "-" "Mozilla/5.0 AppleWebKit/537.36 (KHTML, like Gecko; compatible; bingbot/2.0; +http://www.bing.com/bingbot.htm) Chrome/116.0.1938.76 Safari/537.36"
40.77.167.154 - - [03/Sep/2026:13:27:48 +0000] "GET /wp-content/uploads/2026/07/image-389-771x1024.png HTTP/1.1" 200 1381757 "-" "Mozilla/5.0 AppleWebKit/537.36 (KHTML, like Gecko; compatible; bingbot/2.0; +http://www.bing.com/bingbot.htm) Chrome/116.0.1938.76 Safari/537.36"
40.77.167.121 - - [03/Sep/2026:13:50:21 +0000] "GET /wp-content/uploads/2026/07/image-281-771x1024.png HTTP/1.1" 200 1278675 "-" "Mozilla/5.0 AppleWebKit/537.36 (KHTML, like Gecko; compatible; bingbot/2.0; +http://www.bing.com/bingbot.htm) Chrome/116.0.1938.76 Safari/537.36"
157.55.39.54 - - [03/Sep/2026:13:50:58 +0000] "GET /wp-content/uploads/2026/07/image-278-771x1024.png HTTP/1.1" 200 1271012 "-" "Mozilla/5.0 AppleWebKit/537.36 (KHTML, like Gecko; compatible; bingbot/2.0; +http://www.bing.com/bingbot.htm) Chrome/116.0.1938.76 Safari/537.36"
40.77.167.7 - - [03/Sep/2026:13:53:20 +0000] "GET /wp-content/uploads/2026/07/image-363-771x1024.png HTTP/1.1" 200 1315431 "-" "Mozilla/5.0 AppleWebKit/537.36 (KHTML, like Gecko; compatible; bingbot/2.0; +http://www.bing.com/bingbot.htm) Chrome/116.0.1938.76 Safari/537.36"
159.198.65.41 - - [03/Sep/2026:14:01:11 +0000] "POST /wp-cron.php?doing_wp_cron=1788444071.3621790409088134765625 HTTP/1.1" 200 - "-" "WordPress/7.1; https://linstyles.com"
143.198.74.128 - - [03/Sep/2026:14:01:10 +0000] "GET /2026/07/14/curly-hairstyles-for-women-over-50/ HTTP/1.1" 200 16799 "https://www.google.com/search?q=linstyles" "Mozilla/5.0 (Macintosh; Intel Mac OS X 10_15_7) AppleWebKit/537.36 (KHTML, like Gecko) Chrome/145.0.0.0 Safari/537.36"
52.22.138.222 - - [03/Sep/2026:14:04:03 +0000] "GET /robots.txt HTTP/1.1" 200 124 "-" "Mozilla/5.0 (Macintosh; Intel Mac OS X 10_10_1) AppleWebKit/600.2.5 (KHTML, like Gecko) Version/8.0.2 Safari/600.2.5 (Gort)"
34.233.219.155 - - [03/Sep/2026:14:11:27 +0000] "GET /wp-content/uploads/2026/07/image-178-904x1200.png HTTP/1.1" 200 1627008 "-" "Mozilla/5.0 AppleWebKit/537.36 (KHTML, like Gecko; compatible; Amazonbot/0.1; +https://developer.amazon.com/support/amazonbot) Chrome/119.0.6045.214 Safari/537.36"
159.198.65.41 - - [03/Sep/2026:14:24:08 +0000] "POST /wp-cron.php?doing_wp_cron=1788445448.0873069763183593750000 HTTP/1.1" 200 - "-" "WordPress/7.1; https://linstyles.com"
14.128.14.9 - - [03/Sep/2026:14:24:07 +0000] "GET /wp-login.php HTTP/1.1" 200 2109 "-" "Mozilla/5.0 (Windows NT 10.0; Win64; x64) AppleWebKit/537.36 (KHTML, like Gecko) Chrome/151.0.0.0 Safari/537.36"
14.128.14.9 - - [03/Sep/2026:14:24:08 +0000] "POST /wp-login.php HTTP/1.1" 200 2240 "https://linstyles.com/wp-login.php" "Mozilla/5.0 (Windows NT 10.0; Win64; x64) AppleWebKit/537.36 (KHTML, like Gecko) Chrome/151.0.0.0 Safari/537.36"
216.73.217.175 - - [03/Sep/2026:14:27:33 +0000] "GET /robots.txt HTTP/1.1" 200 124 "-" "Mozilla/5.0 AppleWebKit/537.36 (KHTML, like Gecko; compatible; ClaudeBot/1.0; +claudebot@anthropic.com)"
216.73.217.175 - - [03/Sep/2026:14:27:34 +0000] "GET /sitemap_index.xml HTTP/1.1" 200 332 "-" "Mozilla/5.0 AppleWebKit/537.36 (KHTML, like Gecko; compatible; ClaudeBot/1.0; +claudebot@anthropic.com)"
209.38.74.66 - - [03/Sep/2026:14:27:52 +0000] "GET / HTTP/1.1" 200 12434 "https://www.google.com/search?q=linstyles" "Mozilla/5.0 (Macintosh; Intel Mac OS X 10_15_7) AppleWebKit/537.36 (KHTML, like Gecko) Chrome/135.0.0.0 Safari/537.36"
159.198.65.41 - - [03/Sep/2026:14:43:36 +0000] "POST /wp-cron.php?doing_wp_cron=1788446616.8494429588317871093750 HTTP/1.1" 200 - "-" "WordPress/7.1; https://linstyles.com"
157.55.39.222 - - [03/Sep/2026:14:43:36 +0000] "GET /robots.txt HTTP/1.1" 200 124 "-" "Mozilla/5.0 AppleWebKit/537.36 (KHTML, like Gecko; compatible; bingbot/2.0; +http://www.bing.com/bingbot.htm) Chrome/116.0.1938.76 Safari/537.36"
40.77.167.3 - - [03/Sep/2026:14:43:45 +0000] "GET /wp-content/uploads/2026/07/image-391-771x1024.png HTTP/1.1" 200 1289739 "-" "Mozilla/5.0 AppleWebKit/537.36 (KHTML, like Gecko; compatible; bingbot/2.0; +http://www.bing.com/bingbot.htm) Chrome/116.0.1938.76 Safari/537.36"
85.208.96.193 - - [03/Sep/2026:14:51:21 +0000] "GET /2026/07/14/long-hairstyles-for-women-over-50/ HTTP/1.1" 200 16817 "-" "Mozilla/5.0 (compatible; SemrushBot/7~bl; +http://www.semrush.com/bot.html)"
159.198.65.41 - - [03/Sep/2026:15:26:31 +0000] "POST /wp-cron.php?doing_wp_cron=1788449191.8669960498809814453125 HTTP/1.1" 200 - "-" "WordPress/7.1; https://linstyles.com"
129.146.188.65 - - [03/Sep/2026:15:26:30 +0000] "GET /wp-content/plugins/pods/readme.txt HTTP/1.1" 404 11907 "-" "Mozilla/5.0 (Windows NT 10.0; Win64; x64) AppleWebKit/537.36 (KHTML, like Gecko) Chrome/125.0.0.0 Safari/537.36"
129.146.188.65 - - [03/Sep/2026:15:26:31 +0000] "GET /wp-content/plugins/pods/init.php HTTP/1.1" 404 11907 "-" "Mozilla/5.0 (Windows NT 10.0; Win64; x64) AppleWebKit/537.36 (KHTML, like Gecko) Chrome/125.0.0.0 Safari/537.36"
159.198.65.41 - - [03/Sep/2026:15:30:52 +0000] "POST /wp-cron.php?doing_wp_cron=1788449452.5973970890045166015625 HTTP/1.1" 200 - "-" "WordPress/7.1; https://linstyles.com"
18.97.9.170 - - [03/Sep/2026:15:30:51 +0000] "GET /robots.txt HTTP/1.1" 200 124 "-" "CCBot/2.0 (https://commoncrawl.org/faq/)"
18.97.9.170 - - [03/Sep/2026:15:30:52 +0000] "GET /sitemap_index.xml HTTP/1.1" 200 332 "-" "CCBot/2.0 (https://commoncrawl.org/faq/)"
18.97.9.170 - - [03/Sep/2026:15:30:53 +0000] "GET /category-sitemap.xml HTTP/1.1" 200 366 "-" "CCBot/2.0 (https://commoncrawl.org/faq/)"
18.97.9.170 - - [03/Sep/2026:15:30:53 +0000] "GET /post-sitemap.xml HTTP/1.1" 200 2345 "-" "CCBot/2.0 (https://commoncrawl.org/faq/)"
18.97.9.170 - - [03/Sep/2026:15:30:53 +0000] "GET /page-sitemap.xml HTTP/1.1" 200 368 "-" "CCBot/2.0 (https://commoncrawl.org/faq/)"
18.97.9.170 - - [03/Sep/2026:15:30:54 +0000] "GET /author-sitemap.xml HTTP/1.1" 200 360 "-" "CCBot/2.0 (https://commoncrawl.org/faq/)"
202.51.202.242 - - [03/Sep/2026:15:33:05 +0000] "GET /wp-login.php HTTP/1.1" 200 2109 "-" "Mozilla/5.0 (Windows NT 10.0; Win64; x64) AppleWebKit/537.36 (KHTML, like Gecko) Chrome/151.0.0.0 Safari/537.36"
202.51.202.242 - - [03/Sep/2026:15:33:06 +0000] "POST /wp-login.php HTTP/1.1" 200 2240 "https://linstyles.com/wp-login.php" "Mozilla/5.0 (Windows NT 10.0; Win64; x64) AppleWebKit/537.36 (KHTML, like Gecko) Chrome/151.0.0.0 Safari/537.36"
52.167.144.184 - - [03/Sep/2026:15:42:30 +0000] "GET /wp-content/uploads/2026/07/image-307-771x1024.png HTTP/1.1" 200 1444758 "-" "Mozilla/5.0 AppleWebKit/537.36 (KHTML, like Gecko; compatible; bingbot/2.0; +http://www.bing.com/bingbot.htm) Chrome/116.0.1938.76 Safari/537.36"
159.198.65.41 - - [03/Sep/2026:15:55:00 +0000] "POST /wp-cron.php?doing_wp_cron=1788450900.5769150257110595703125 HTTP/1.1" 200 - "-" "WordPress/7.1; https://linstyles.com"
4.232.64.120 - - [03/Sep/2026:15:54:59 +0000] "GET / HTTP/1.1" 200 12451 "-" "Mozilla/5.0 (Windows NT 10.0; Win64; x64) AppleWebKit/537.36 (KHTML, like Gecko) Chrome/131.0.0.0 Safari/537.36"
40.77.167.48 - - [03/Sep/2026:15:56:12 +0000] "GET /wp-content/uploads/2026/07/image-364-723x960.png HTTP/1.1" 200 1131163 "-" "Mozilla/5.0 AppleWebKit/537.36 (KHTML, like Gecko; compatible; bingbot/2.0; +http://www.bing.com/bingbot.htm) Chrome/116.0.1938.76 Safari/537.36"
52.167.144.156 - - [03/Sep/2026:15:58:22 +0000] "GET /quality-handpicked-apparels-your-ultimate-online-retail-clothing-store-in-india/ HTTP/1.1" 404 11907 "-" "Mozilla/5.0 AppleWebKit/537.36 (KHTML, like Gecko; compatible; bingbot/2.0; +http://www.bing.com/bingbot.htm) Chrome/116.0.1938.76 Safari/537.36"
54.236.1.199 - - [03/Sep/2026:16:05:02 +0000] "GET /2026/07/14/short-layered-hairstyles-over-50/ HTTP/1.1" 200 16964 "-" "Mozilla/5.0 (compatible; Pinterestbot/1.0; +http://www.pinterest.com/bot.html)"
159.198.65.41 - - [03/Sep/2026:16:14:49 +0000] "POST /wp-cron.php?doing_wp_cron=1788452089.1182188987731933593750 HTTP/1.1" 200 - "-" "WordPress/7.1; https://linstyles.com"
185.191.171.12 - - [03/Sep/2026:16:14:48 +0000] "GET /robots.txt HTTP/1.1" 200 124 "-" "Mozilla/5.0 (compatible; SemrushBot/7~bl; +http://www.semrush.com/bot.html)"
185.191.171.2 - - [03/Sep/2026:16:14:49 +0000] "GET /2026/07/14/long-hairstyles-with-layers-and-bangs/ HTTP/1.1" 200 16779 "-" "Mozilla/5.0 (compatible; SemrushBot/7~bl; +http://www.semrush.com/bot.html)"
185.191.171.14 - - [03/Sep/2026:16:29:07 +0000] "GET /2026/07/14/long-hairstyles-for-women-over-50-with-bangs/ HTTP/1.1" 200 16842 "-" "Mozilla/5.0 (compatible; SemrushBot/7~bl; +http://www.semrush.com/bot.html)"
159.198.65.41 - - [03/Sep/2026:16:29:53 +0000] "POST /wp-cron.php?doing_wp_cron=1788452993.9434340000152587890625 HTTP/1.1" 200 - "-" "WordPress/7.1; https://linstyles.com"
171.61.19.38 - - [03/Sep/2026:16:29:53 +0000] "POST /xmlrpc.php HTTP/1.1" 200 403 "-" "Jetpack/13.0; WordPress/6.4; http://site38814488.com"
171.61.19.38 - - [03/Sep/2026:16:30:03 +0000] "POST /xmlrpc.php HTTP/1.1" 200 403 "-" "Jetpack by WordPress.com"
171.61.19.38 - - [03/Sep/2026:16:30:13 +0000] "POST /xmlrpc.php HTTP/1.1" 200 403 "-" "Jetpack by WordPress.com"
171.61.19.38 - - [03/Sep/2026:16:30:24 +0000] "POST /xmlrpc.php HTTP/1.1" 200 403 "-" "WordPress.com; https://wordpress.com"
43.153.54.14 - - [03/Sep/2026:16:30:26 +0000] "GET /2026/07/14/curly-hairstyles-for-women-over-60/ HTTP/1.1" 200 16777 "-" "Mozilla/5.0 (iPhone; CPU iPhone OS 13_2_3 like Mac OS X) AppleWebKit/605.1.15 (KHTML, like Gecko) Version/13.0.3 Mobile/15E148 Safari/604.1"
171.61.19.38 - - [03/Sep/2026:16:30:35 +0000] "POST /xmlrpc.php HTTP/1.1" 200 403 "-" "Jetpack by WordPress.com"
171.61.19.38 - - [03/Sep/2026:16:30:45 +0000] "POST /xmlrpc.php HTTP/1.1" 200 403 "-" "Jetpack by WordPress.com (Jetpack 12.5; WordPress 6.2)"
171.61.19.38 - - [03/Sep/2026:16:31:00 +0000] "POST /xmlrpc.php HTTP/1.1" 200 403 "-" "Jetpack by WordPress.com (Jetpack 12.5; WordPress 6.3)"
171.61.19.38 - - [03/Sep/2026:16:31:07 +0000] "POST /xmlrpc.php HTTP/1.1" 200 403 "-" "WordPress.com; https://wordpress.com"
171.61.19.38 - - [03/Sep/2026:16:31:21 +0000] "POST /xmlrpc.php HTTP/1.1" 200 403 "-" "Jetpack by WordPress.com"
171.61.19.38 - - [03/Sep/2026:16:31:31 +0000] "POST /xmlrpc.php HTTP/1.1" 200 403 "-" "Jetpack/12.0; WordPress/6.1; http://site94984823.com"
171.61.19.38 - - [03/Sep/2026:16:31:42 +0000] "POST /xmlrpc.php HTTP/1.1" 200 403 "-" "Jetpack by WordPress.com (Jetpack 12.0; WordPress 6.2)"
171.61.19.38 - - [03/Sep/2026:16:31:53 +0000] "POST /xmlrpc.php HTTP/1.1" 200 403 "-" "Jetpack by WordPress.com"
171.61.19.38 - - [03/Sep/2026:16:32:04 +0000] "POST /xmlrpc.php HTTP/1.1" 200 403 "-" "Jetpack by WordPress.com (Jetpack 12.0; WordPress 6.3)"
171.61.19.38 - - [03/Sep/2026:16:32:14 +0000] "POST /xmlrpc.php HTTP/1.1" 200 403 "-" "Jetpack/12.0; WordPress/6.1; http://site19011954.com"
171.61.19.38 - - [03/Sep/2026:16:32:25 +0000] "POST /xmlrpc.php HTTP/1.1" 200 403 "-" "Jetpack by WordPress.com (Jetpack 12.0; WordPress 6.3)"
171.61.19.38 - - [03/Sep/2026:16:32:35 +0000] "POST /xmlrpc.php HTTP/1.1" 200 403 "-" "Jetpack by WordPress.com"
171.61.19.38 - - [03/Sep/2026:16:32:46 +0000] "POST /xmlrpc.php HTTP/1.1" 200 403 "-" "Jetpack by WordPress.com"
171.61.19.38 - - [03/Sep/2026:16:32:57 +0000] "POST /xmlrpc.php HTTP/1.1" 200 403 "-" "Jetpack by WordPress.com (Jetpack 12.5; WordPress 6.2)"
171.61.19.38 - - [03/Sep/2026:16:33:07 +0000] "POST /xmlrpc.php HTTP/1.1" 200 403 "-" "Jetpack by WordPress.com"
171.61.19.38 - - [03/Sep/2026:16:33:18 +0000] "POST /xmlrpc.php HTTP/1.1" 200 403 "-" "Jetpack/12.0; WordPress/6.4; http://site86459042.com"
171.61.19.38 - - [03/Sep/2026:16:33:28 +0000] "POST /xmlrpc.php HTTP/1.1" 200 403 "-" "WordPress.com; https://wordpress.com"
171.61.19.38 - - [03/Sep/2026:16:33:39 +0000] "POST /xmlrpc.php HTTP/1.1" 200 403 "-" "WordPress.com; https://wordpress.com"
171.61.19.38 - - [03/Sep/2026:16:33:49 +0000] "POST /xmlrpc.php HTTP/1.1" 200 403 "-" "Jetpack/13.0; WordPress/6.1; http://site61354363.com"
171.61.19.38 - - [03/Sep/2026:16:34:00 +0000] "POST /xmlrpc.php HTTP/1.1" 200 403 "-" "WordPress.com; https://wordpress.com"
157.55.39.222 - - [03/Sep/2026:16:34:09 +0000] "GET /robots.txt HTTP/1.1" 200 124 "-" "Mozilla/5.0 AppleWebKit/537.36 (KHTML, like Gecko; compatible; bingbot/2.0; +http://www.bing.com/bingbot.htm) Chrome/116.0.1938.76 Safari/537.36"
171.61.19.38 - - [03/Sep/2026:16:34:11 +0000] "POST /xmlrpc.php HTTP/1.1" 200 403 "-" "WordPress.com; https://wordpress.com"
52.167.144.18 - - [03/Sep/2026:16:34:17 +0000] "GET /wp-content/uploads/2026/07/image-299-771x1024.png HTTP/1.1" 200 1449303 "-" "Mozilla/5.0 AppleWebKit/537.36 (KHTML, like Gecko; compatible; bingbot/2.0; +http://www.bing.com/bingbot.htm) Chrome/116.0.1938.76 Safari/537.36"
171.61.19.38 - - [03/Sep/2026:16:34:21 +0000] "POST /xmlrpc.php HTTP/1.1" 200 403 "-" "Jetpack/12.5; WordPress/6.3; http://site58782803.com"
171.61.19.38 - - [03/Sep/2026:16:34:32 +0000] "POST /xmlrpc.php HTTP/1.1" 200 403 "-" "Jetpack by WordPress.com"
171.61.19.38 - - [03/Sep/2026:16:34:42 +0000] "POST /xmlrpc.php HTTP/1.1" 200 403 "-" "Jetpack by WordPress.com"
171.61.19.38 - - [03/Sep/2026:16:34:53 +0000] "POST /xmlrpc.php HTTP/1.1" 200 403 "-" "Jetpack by WordPress.com"
171.61.19.38 - - [03/Sep/2026:16:35:04 +0000] "POST /xmlrpc.php HTTP/1.1" 200 403 "-" "WordPress.com; https://wordpress.com"
171.61.19.38 - - [03/Sep/2026:16:35:14 +0000] "POST /xmlrpc.php HTTP/1.1" 200 403 "-" "Jetpack by WordPress.com (Jetpack 13.0; WordPress 6.4)"
171.61.19.38 - - [03/Sep/2026:16:35:25 +0000] "POST /xmlrpc.php HTTP/1.1" 200 403 "-" "Jetpack by WordPress.com"
171.61.19.38 - - [03/Sep/2026:16:35:36 +0000] "POST /xmlrpc.php HTTP/1.1" 200 403 "-" "Jetpack by WordPress.com"
171.61.19.38 - - [03/Sep/2026:16:35:46 +0000] "POST /xmlrpc.php HTTP/1.1" 200 403 "-" "WordPress.com; https://wordpress.com"
171.61.19.38 - - [03/Sep/2026:16:35:57 +0000] "POST /xmlrpc.php HTTP/1.1" 200 403 "-" "Jetpack by WordPress.com (Jetpack 13.0; WordPress 6.1)"
171.61.19.38 - - [03/Sep/2026:16:36:08 +0000] "POST /xmlrpc.php HTTP/1.1" 200 403 "-" "WordPress.com; https://wordpress.com"
171.61.19.38 - - [03/Sep/2026:16:36:18 +0000] "POST /xmlrpc.php HTTP/1.1" 200 403 "-" "WordPress.com; https://wordpress.com"
171.61.19.38 - - [03/Sep/2026:16:36:29 +0000] "POST /xmlrpc.php HTTP/1.1" 200 403 "-" "Jetpack by WordPress.com (Jetpack 12.5; WordPress 6.4)"
171.61.19.38 - - [03/Sep/2026:16:36:39 +0000] "POST /xmlrpc.php HTTP/1.1" 200 403 "-" "WordPress.com; https://wordpress.com"
171.61.19.38 - - [03/Sep/2026:16:36:50 +0000] "POST /xmlrpc.php HTTP/1.1" 200 403 "-" "Jetpack/13.0; WordPress/6.2; http://site47350541.com"
171.61.19.38 - - [03/Sep/2026:16:37:01 +0000] "POST /xmlrpc.php HTTP/1.1" 200 403 "-" "Jetpack by WordPress.com"
171.61.19.38 - - [03/Sep/2026:16:37:11 +0000] "POST /xmlrpc.php HTTP/1.1" 200 403 "-" "Jetpack by WordPress.com"
171.61.19.38 - - [03/Sep/2026:16:37:22 +0000] "POST /xmlrpc.php HTTP/1.1" 200 403 "-" "Jetpack by WordPress.com"
171.61.19.38 - - [03/Sep/2026:16:37:32 +0000] "POST /xmlrpc.php HTTP/1.1" 200 403 "-" "Jetpack/12.5; WordPress/6.4; http://site19005273.com"
171.61.19.38 - - [03/Sep/2026:16:37:43 +0000] "POST /xmlrpc.php HTTP/1.1" 200 403 "-" "WordPress.com; https://wordpress.com"
171.61.19.38 - - [03/Sep/2026:16:37:54 +0000] "POST /xmlrpc.php HTTP/1.1" 200 403 "-" "Jetpack by WordPress.com (Jetpack 12.1; WordPress 6.1)"
171.61.19.38 - - [03/Sep/2026:16:38:04 +0000] "POST /xmlrpc.php HTTP/1.1" 200 403 "-" "WordPress.com; https://wordpress.com"
171.61.19.38 - - [03/Sep/2026:16:38:15 +0000] "POST /xmlrpc.php HTTP/1.1" 200 403 "-" "Jetpack by WordPress.com"
171.61.19.38 - - [03/Sep/2026:16:38:26 +0000] "POST /xmlrpc.php HTTP/1.1" 200 403 "-" "Jetpack/12.0; WordPress/6.2; http://site36437233.com"
171.61.19.38 - - [03/Sep/2026:16:38:36 +0000] "POST /xmlrpc.php HTTP/1.1" 200 403 "-" "WordPress.com; https://wordpress.com"
171.61.19.38 - - [03/Sep/2026:16:38:47 +0000] "POST /xmlrpc.php HTTP/1.1" 200 403 "-" "Jetpack by WordPress.com (Jetpack 12.1; WordPress 6.2)"
171.61.19.38 - - [03/Sep/2026:16:38:57 +0000] "POST /xmlrpc.php HTTP/1.1" 200 403 "-" "Jetpack by WordPress.com"
171.61.19.38 - - [03/Sep/2026:16:39:08 +0000] "POST /xmlrpc.php HTTP/1.1" 200 403 "-" "Jetpack by WordPress.com (Jetpack 12.5; WordPress 6.1)"
192.178.7.41 - - [03/Sep/2026:16:39:13 +0000] "GET /robots.txt HTTP/1.1" 200 124 "-" "Mozilla/5.0 (compatible; Googlebot/2.1; +http://www.google.com/bot.html)"
192.178.7.41 - - [03/Sep/2026:16:39:16 +0000] "GET /2026/07/14/long-hairstyles-for-women-over-50-with-bangs/ HTTP/1.1" 200 16843 "-" "Mozilla/5.0 (Linux; Android 6.0.1; Nexus 5X Build/MMB29P) AppleWebKit/537.36 (KHTML, like Gecko) Chrome/151.0.7922.173 Mobile Safari/537.36 (compatible; Googlebot/2.1; +http://www.google.com/bot.html)"
192.178.7.41 - - [03/Sep/2026:16:39:16 +0000] "GET / HTTP/1.1" 200 12434 "-" "Mozilla/5.0 (Linux; Android 6.0.1; Nexus 5X Build/MMB29P) AppleWebKit/537.36 (KHTML, like Gecko) Chrome/151.0.7922.173 Mobile Safari/537.36 (compatible; Googlebot/2.1; +http://www.google.com/bot.html)"
171.61.19.38 - - [03/Sep/2026:16:39:19 +0000] "POST /xmlrpc.php HTTP/1.1" 200 403 "-" "Jetpack by WordPress.com"
192.178.7.41 - - [03/Sep/2026:16:39:23 +0000] "GET /wp-json/wp/v2/comments?post=369&order=asc&per_page=100&page=1 HTTP/1.1" 200 22 "https://linstyles.com/2026/07/14/long-hairstyles-for-women-over-50-with-bangs/" "Mozilla/5.0 (Linux; Android 6.0.1; Nexus 5X Build/MMB29P) AppleWebKit/537.36 (KHTML, like Gecko) Chrome/151.0.7922.173 Mobile Safari/537.36 (compatible; Googlebot/2.1; +http://www.google.com/bot.html)"
171.61.19.38 - - [03/Sep/2026:16:39:29 +0000] "POST /xmlrpc.php HTTP/1.1" 200 403 "-" "Jetpack by WordPress.com (Jetpack 12.0; WordPress 6.2)"
171.61.19.38 - - [03/Sep/2026:16:39:40 +0000] "POST /xmlrpc.php HTTP/1.1" 200 403 "-" "Jetpack/12.1; WordPress/6.3; http://site56867309.com"
171.61.19.38 - - [03/Sep/2026:16:39:50 +0000] "POST /xmlrpc.php HTTP/1.1" 200 403 "-" "Jetpack/12.1; WordPress/6.4; http://site28025896.com"
192.178.7.41 - - [03/Sep/2026:16:39:58 +0000] "GET / HTTP/1.1" 200 12434 "-" "Mozilla/5.0 (Linux; Android 6.0.1; Nexus 5X Build/MMB29P) AppleWebKit/537.36 (KHTML, like Gecko) Chrome/99.0.4844.84 Mobile Safari/537.36 (compatible; Googlebot/2.1; +http://www.google.com/bot.html)"
192.178.7.41 - - [03/Sep/2026:16:39:58 +0000] "GET / HTTP/1.1" 200 12435 "-" "Mozilla/5.0 (compatible; Googlebot/2.1; +http://www.google.com/bot.html)"
192.178.7.41 - - [03/Sep/2026:16:40:00 +0000] "GET /wp-content/themes/mediavine-trellis/assets/dist/main.0.18.1.js?ver=0.18.1 HTTP/1.1" 200 5513 "https://linstyles.com/" "Mozilla/5.0 (Linux; Android 6.0.1; Nexus 5X Build/MMB29P) AppleWebKit/537.36 (KHTML, like Gecko) Chrome/152.0.7977.64 Mobile Safari/537.36 (compatible; Googlebot/2.1; +http://www.google.com/bot.html)"
192.178.7.41 - - [03/Sep/2026:16:40:00 +0000] "GET /wp-content/themes/mediavine-trellis/assets/dist/sw.0.18.1.js HTTP/1.1" 200 467 "https://linstyles.com/" "Mozilla/5.0 (Linux; Android 6.0.1; Nexus 5X Build/MMB29P) AppleWebKit/537.36 (KHTML, like Gecko) Chrome/152.0.7977.64 Mobile Safari/537.36 (compatible; Googlebot/2.1; +http://www.google.com/bot.html)"
171.61.19.38 - - [03/Sep/2026:16:40:01 +0000] "POST /xmlrpc.php HTTP/1.1" 200 403 "-" "WordPress.com; https://wordpress.com"
171.61.19.38 - - [03/Sep/2026:16:40:11 +0000] "POST /xmlrpc.php HTTP/1.1" 200 403 "-" "Jetpack by WordPress.com"
159.198.65.41 - - [03/Sep/2026:16:40:23 +0000] "POST /wp-cron.php?doing_wp_cron=1788453623.1821589469909667968750 HTTP/1.1" 200 - "-" "WordPress/7.1; https://linstyles.com"
171.61.19.38 - - [03/Sep/2026:16:40:22 +0000] "POST /xmlrpc.php HTTP/1.1" 200 403 "-" "Jetpack by WordPress.com (Jetpack 12.1; WordPress 6.3)"
171.61.19.38 - - [03/Sep/2026:16:40:33 +0000] "POST /xmlrpc.php HTTP/1.1" 200 403 "-" "Jetpack by WordPress.com (Jetpack 12.1; WordPress 6.4)"
171.61.19.38 - - [03/Sep/2026:16:40:43 +0000] "POST /xmlrpc.php HTTP/1.1" 200 403 "-" "WordPress.com; https://wordpress.com"
171.61.19.38 - - [03/Sep/2026:16:40:54 +0000] "POST /xmlrpc.php HTTP/1.1" 200 403 "-" "Jetpack by WordPress.com"
171.61.19.38 - - [03/Sep/2026:16:41:05 +0000] "POST /xmlrpc.php HTTP/1.1" 200 403 "-" "Jetpack by WordPress.com (Jetpack 13.0; WordPress 6.3)"
171.61.19.38 - - [03/Sep/2026:16:41:15 +0000] "POST /xmlrpc.php HTTP/1.1" 200 403 "-" "Jetpack by WordPress.com (Jetpack 13.0; WordPress 6.3)"
43.130.228.73 - - [03/Sep/2026:16:41:17 +0000] "GET / HTTP/1.1" 200 12434 "-" "Mozilla/5.0 (iPhone; CPU iPhone OS 13_2_3 like Mac OS X) AppleWebKit/605.1.15 (KHTML, like Gecko) Version/13.0.3 Mobile/15E148 Safari/604.1"
171.61.19.38 - - [03/Sep/2026:16:41:26 +0000] "POST /xmlrpc.php HTTP/1.1" 200 403 "-" "Jetpack/13.0; WordPress/6.1; http://site14254485.com"
171.61.19.38 - - [03/Sep/2026:16:41:36 +0000] "POST /xmlrpc.php HTTP/1.1" 200 403 "-" "Jetpack by WordPress.com (Jetpack 12.1; WordPress 6.4)"
171.61.19.38 - - [03/Sep/2026:16:41:47 +0000] "POST /xmlrpc.php HTTP/1.1" 200 403 "-" "Jetpack by WordPress.com"
216.73.216.90 - - [03/Sep/2026:16:41:51 +0000] "GET /robots.txt HTTP/1.1" 200 124 "-" "Mozilla/5.0 AppleWebKit/537.36 (KHTML, like Gecko; compatible; ClaudeBot/1.0; +claudebot@anthropic.com)"
216.73.216.90 - - [03/Sep/2026:16:41:51 +0000] "GET /sitemap_index.xml HTTP/1.1" 200 332 "-" "Mozilla/5.0 AppleWebKit/537.36 (KHTML, like Gecko; compatible; ClaudeBot/1.0; +claudebot@anthropic.com)"
171.61.19.38 - - [03/Sep/2026:16:41:58 +0000] "POST /xmlrpc.php HTTP/1.1" 200 403 "-" "WordPress.com; https://wordpress.com"
171.61.19.38 - - [03/Sep/2026:16:42:08 +0000] "POST /xmlrpc.php HTTP/1.1" 200 403 "-" "Jetpack by WordPress.com (Jetpack 13.0; WordPress 6.1)"
171.61.19.38 - - [03/Sep/2026:16:42:19 +0000] "POST /xmlrpc.php HTTP/1.1" 200 403 "-" "Jetpack by WordPress.com"
171.61.19.38 - - [03/Sep/2026:16:42:30 +0000] "POST /xmlrpc.php HTTP/1.1" 200 403 "-" "Jetpack by WordPress.com (Jetpack 12.0; WordPress 6.2)"
171.61.19.38 - - [03/Sep/2026:16:42:40 +0000] "POST /xmlrpc.php HTTP/1.1" 200 403 "-" "WordPress.com; https://wordpress.com"
171.61.19.38 - - [03/Sep/2026:16:42:51 +0000] "POST /xmlrpc.php HTTP/1.1" 200 403 "-" "Jetpack by WordPress.com"
171.61.19.38 - - [03/Sep/2026:16:43:01 +0000] "POST /xmlrpc.php HTTP/1.1" 200 403 "-" "Jetpack/13.0; WordPress/6.2; http://site48593576.com"
171.61.19.38 - - [03/Sep/2026:16:43:12 +0000] "POST /xmlrpc.php HTTP/1.1" 200 403 "-" "Jetpack by WordPress.com"
171.61.19.38 - - [03/Sep/2026:16:43:22 +0000] "POST /xmlrpc.php HTTP/1.1" 200 403 "-" "WordPress.com; https://wordpress.com"
171.61.19.38 - - [03/Sep/2026:16:43:33 +0000] "POST /xmlrpc.php HTTP/1.1" 200 403 "-" "Jetpack/13.0; WordPress/6.1; http://site86973277.com"
171.61.19.38 - - [03/Sep/2026:16:43:44 +0000] "POST /xmlrpc.php HTTP/1.1" 200 403 "-" "Jetpack by WordPress.com"
171.61.19.38 - - [03/Sep/2026:16:43:54 +0000] "POST /xmlrpc.php HTTP/1.1" 200 403 "-" "WordPress.com; https://wordpress.com"
171.61.19.38 - - [03/Sep/2026:16:44:05 +0000] "POST /xmlrpc.php HTTP/1.1" 200 403 "-" "Jetpack by WordPress.com"
171.61.19.38 - - [03/Sep/2026:16:44:16 +0000] "POST /xmlrpc.php HTTP/1.1" 200 403 "-" "WordPress.com; https://wordpress.com"
159.198.65.41 - - [03/Sep/2026:16:44:27 +0000] "POST /wp-cron.php?doing_wp_cron=1788453866.9854929447174072265625 HTTP/1.1" 200 - "-" "WordPress/7.1; https://linstyles.com"
171.61.19.38 - - [03/Sep/2026:16:44:26 +0000] "POST /xmlrpc.php HTTP/1.1" 200 403 "-" "WordPress.com; https://wordpress.com"
171.61.19.38 - - [03/Sep/2026:16:44:37 +0000] "POST /xmlrpc.php HTTP/1.1" 200 403 "-" "Jetpack by WordPress.com"
171.61.19.38 - - [03/Sep/2026:16:44:47 +0000] "POST /xmlrpc.php HTTP/1.1" 200 403 "-" "Jetpack/13.0; WordPress/6.1; http://site65691674.com"
171.61.19.38 - - [03/Sep/2026:16:44:58 +0000] "POST /xmlrpc.php HTTP/1.1" 200 403 "-" "WordPress.com; https://wordpress.com"
171.61.19.38 - - [03/Sep/2026:16:45:08 +0000] "POST /xmlrpc.php HTTP/1.1" 200 403 "-" "Jetpack by WordPress.com (Jetpack 12.5; WordPress 6.2)"
171.61.19.38 - - [03/Sep/2026:16:45:19 +0000] "POST /xmlrpc.php HTTP/1.1" 200 403 "-" "Jetpack by WordPress.com (Jetpack 12.5; WordPress 6.2)"
171.61.19.38 - - [03/Sep/2026:16:45:30 +0000] "POST /xmlrpc.php HTTP/1.1" 200 403 "-" "WordPress.com; https://wordpress.com"
171.61.19.38 - - [03/Sep/2026:16:45:40 +0000] "POST /xmlrpc.php HTTP/1.1" 200 403 "-" "WordPress.com; https://wordpress.com"
171.61.19.38 - - [03/Sep/2026:16:45:52 +0000] "POST /xmlrpc.php HTTP/1.1" 200 403 "-" "Jetpack by WordPress.com (Jetpack 12.5; WordPress 6.3)"
171.61.19.38 - - [03/Sep/2026:16:46:03 +0000] "POST /xmlrpc.php HTTP/1.1" 200 403 "-" "WordPress.com; https://wordpress.com"
171.61.19.38 - - [03/Sep/2026:16:46:15 +0000] "POST /xmlrpc.php HTTP/1.1" 200 403 "-" "Jetpack by WordPress.com (Jetpack 13.0; WordPress 6.1)"
171.61.19.38 - - [03/Sep/2026:16:46:26 +0000] "POST /xmlrpc.php HTTP/1.1" 200 403 "-" "Jetpack by WordPress.com"
171.61.19.38 - - [03/Sep/2026:16:46:37 +0000] "POST /xmlrpc.php HTTP/1.1" 200 403 "-" "Jetpack by WordPress.com"
171.61.19.38 - - [03/Sep/2026:16:46:49 +0000] "POST /xmlrpc.php HTTP/1.1" 200 403 "-" "Jetpack by WordPress.com"
171.61.19.38 - - [03/Sep/2026:16:47:00 +0000] "POST /xmlrpc.php HTTP/1.1" 200 403 "-" "Jetpack by WordPress.com (Jetpack 12.5; WordPress 6.4)"
171.61.19.38 - - [03/Sep/2026:16:47:12 +0000] "POST /xmlrpc.php HTTP/1.1" 200 403 "-" "WordPress.com; https://wordpress.com"
171.61.19.38 - - [03/Sep/2026:16:47:23 +0000] "POST /xmlrpc.php HTTP/1.1" 200 403 "-" "Jetpack/13.0; WordPress/6.4; http://site86900562.com"
171.61.19.38 - - [03/Sep/2026:16:47:35 +0000] "POST /xmlrpc.php HTTP/1.1" 200 403 "-" "Jetpack by WordPress.com (Jetpack 12.1; WordPress 6.1)"
171.61.19.38 - - [03/Sep/2026:16:47:47 +0000] "POST /xmlrpc.php HTTP/1.1" 200 403 "-" "Jetpack/12.1; WordPress/6.3; http://site49978380.com"
171.61.19.38 - - [03/Sep/2026:16:47:58 +0000] "POST /xmlrpc.php HTTP/1.1" 200 403 "-" "Jetpack/12.5; WordPress/6.2; http://site48652684.com"
171.61.19.38 - - [03/Sep/2026:16:48:09 +0000] "POST /xmlrpc.php HTTP/1.1" 200 403 "-" "Jetpack by WordPress.com (Jetpack 13.0; WordPress 6.4)"
171.61.19.38 - - [03/Sep/2026:16:48:21 +0000] "POST /xmlrpc.php HTTP/1.1" 200 403 "-" "WordPress.com; https://wordpress.com"
171.61.19.38 - - [03/Sep/2026:16:48:32 +0000] "POST /xmlrpc.php HTTP/1.1" 200 403 "-" "Jetpack/12.0; WordPress/6.4; http://site56489998.com"
171.61.19.38 - - [03/Sep/2026:16:48:44 +0000] "POST /xmlrpc.php HTTP/1.1" 200 403 "-" "Jetpack by WordPress.com"
171.61.19.38 - - [03/Sep/2026:16:48:55 +0000] "POST /xmlrpc.php HTTP/1.1" 200 403 "-" "Jetpack by WordPress.com (Jetpack 12.5; WordPress 6.4)"
171.61.19.38 - - [03/Sep/2026:16:49:07 +0000] "POST /xmlrpc.php HTTP/1.1" 200 403 "-" "Jetpack/12.0; WordPress/6.1; http://site63933003.com"
171.61.19.38 - - [03/Sep/2026:16:49:18 +0000] "POST /xmlrpc.php HTTP/1.1" 200 403 "-" "WordPress.com; https://wordpress.com"
171.61.19.38 - - [03/Sep/2026:16:49:30 +0000] "POST /xmlrpc.php HTTP/1.1" 200 403 "-" "WordPress.com; https://wordpress.com"
171.61.19.38 - - [03/Sep/2026:16:49:41 +0000] "POST /xmlrpc.php HTTP/1.1" 200 403 "-" "Jetpack by WordPress.com"
171.61.19.38 - - [03/Sep/2026:16:49:53 +0000] "POST /xmlrpc.php HTTP/1.1" 200 403 "-" "Jetpack by WordPress.com (Jetpack 12.5; WordPress 6.3)"
171.61.19.38 - - [03/Sep/2026:16:50:04 +0000] "POST /xmlrpc.php HTTP/1.1" 200 403 "-" "Jetpack by WordPress.com (Jetpack 12.5; WordPress 6.1)"
171.61.19.38 - - [03/Sep/2026:16:50:16 +0000] "POST /xmlrpc.php HTTP/1.1" 200 403 "-" "WordPress.com; https://wordpress.com"
43.173.1.57 - - [03/Sep/2026:16:50:16 +0000] "GET /2026/07/14/short-curly-hairstyles-for-women-over-50-2/ HTTP/1.1" 200 16844 "-" "Mozilla/5.0 (iPhone; CPU iPhone OS 13_2_3 like Mac OS X) AppleWebKit/605.1.15 (KHTML, like Gecko) Version/13.0.3 Mobile/15E148 Safari/604.1"
171.61.19.38 - - [03/Sep/2026:16:50:27 +0000] "POST /xmlrpc.php HTTP/1.1" 200 403 "-" "Jetpack by WordPress.com (Jetpack 13.0; WordPress 6.2)"
171.61.19.38 - - [03/Sep/2026:16:50:39 +0000] "POST /xmlrpc.php HTTP/1.1" 200 403 "-" "WordPress.com; https://wordpress.com"
171.61.19.38 - - [03/Sep/2026:16:50:50 +0000] "POST /xmlrpc.php HTTP/1.1" 200 403 "-" "WordPress.com; https://wordpress.com"
171.61.19.38 - - [03/Sep/2026:16:51:02 +0000] "POST /xmlrpc.php HTTP/1.1" 200 403 "-" "Jetpack/12.1; WordPress/6.1; http://site36183736.com"
171.61.19.38 - - [03/Sep/2026:16:51:13 +0000] "POST /xmlrpc.php HTTP/1.1" 200 403 "-" "Jetpack/12.0; WordPress/6.4; http://site95770696.com"
159.198.65.41 - - [03/Sep/2026:16:51:25 +0000] "POST /wp-cron.php?doing_wp_cron=1788454285.6665410995483398437500 HTTP/1.1" 200 - "-" "WordPress/7.1; https://linstyles.com"
171.61.19.38 - - [03/Sep/2026:16:51:25 +0000] "POST /xmlrpc.php HTTP/1.1" 200 403 "-" "Jetpack by WordPress.com (Jetpack 12.0; WordPress 6.3)"
171.61.19.38 - - [03/Sep/2026:16:51:36 +0000] "POST /xmlrpc.php HTTP/1.1" 200 403 "-" "Jetpack by WordPress.com"
171.61.19.38 - - [03/Sep/2026:16:51:48 +0000] "POST /xmlrpc.php HTTP/1.1" 200 403 "-" "Jetpack by WordPress.com"
171.61.19.38 - - [03/Sep/2026:16:51:59 +0000] "POST /xmlrpc.php HTTP/1.1" 200 403 "-" "WordPress.com; https://wordpress.com"
171.61.19.38 - - [03/Sep/2026:16:52:10 +0000] "POST /xmlrpc.php HTTP/1.1" 200 403 "-" "Jetpack by WordPress.com (Jetpack 12.1; WordPress 6.1)"
171.61.19.38 - - [03/Sep/2026:16:52:22 +0000] "POST /xmlrpc.php HTTP/1.1" 200 403 "-" "WordPress.com; https://wordpress.com"
171.61.19.38 - - [03/Sep/2026:16:52:33 +0000] "POST /xmlrpc.php HTTP/1.1" 200 403 "-" "WordPress.com; https://wordpress.com"
171.61.19.38 - - [03/Sep/2026:16:52:45 +0000] "POST /xmlrpc.php HTTP/1.1" 200 403 "-" "WordPress.com; https://wordpress.com"
171.61.19.38 - - [03/Sep/2026:16:52:56 +0000] "POST /xmlrpc.php HTTP/1.1" 200 403 "-" "Jetpack/12.0; WordPress/6.3; http://site48631451.com"
171.61.19.38 - - [03/Sep/2026:16:53:08 +0000] "POST /xmlrpc.php HTTP/1.1" 200 403 "-" "Jetpack by WordPress.com"
171.61.19.38 - - [03/Sep/2026:16:53:19 +0000] "POST /xmlrpc.php HTTP/1.1" 200 403 "-" "WordPress.com; https://wordpress.com"
171.61.19.38 - - [03/Sep/2026:16:53:31 +0000] "POST /xmlrpc.php HTTP/1.1" 200 403 "-" "WordPress.com; https://wordpress.com"
171.61.19.38 - - [03/Sep/2026:16:53:42 +0000] "POST /xmlrpc.php HTTP/1.1" 200 403 "-" "Jetpack by WordPress.com"
3.93.98.99 - - [03/Sep/2026:16:53:51 +0000] "GET /2026/07/14/short-hairstyles-for-women-over-50/ HTTP/1.1" 200 16810 "-" "Mozilla/5.0 AppleWebKit/537.36 (KHTML, like Gecko; compatible; Amazonbot/0.1; +https://developer.amazon.com/support/amazonbot) Chrome/119.0.6045.214 Safari/537.36"
171.61.19.38 - - [03/Sep/2026:16:53:54 +0000] "POST /xmlrpc.php HTTP/1.1" 200 403 "-" "Jetpack by WordPress.com"
171.61.19.38 - - [03/Sep/2026:16:54:06 +0000] "POST /xmlrpc.php HTTP/1.1" 200 403 "-" "WordPress.com; https://wordpress.com"
185.33.54.5 - - [03/Sep/2026:16:54:13 +0000] "GET /wp-login.php HTTP/1.1" 200 2109 "-" "Mozilla/5.0 (Windows NT 10.0; Win64; x64) AppleWebKit/537.36 (KHTML, like Gecko) Chrome/151.0.0.0 Safari/537.36"
185.33.54.5 - - [03/Sep/2026:16:54:14 +0000] "POST /wp-login.php HTTP/1.1" 200 2240 "https://linstyles.com/wp-login.php" "Mozilla/5.0 (Windows NT 10.0; Win64; x64) AppleWebKit/537.36 (KHTML, like Gecko) Chrome/151.0.0.0 Safari/537.36"
159.198.65.41 - - [03/Sep/2026:16:54:16 +0000] "POST /wp-cron.php?doing_wp_cron=1788454456.8284819126129150390625 HTTP/1.1" 200 - "-" "WordPress/7.1; https://linstyles.com"
171.61.19.38 - - [03/Sep/2026:16:54:16 +0000] "POST /xmlrpc.php HTTP/1.1" 200 403 "-" "Jetpack by WordPress.com (Jetpack 12.0; WordPress 6.3)"
171.61.19.38 - - [03/Sep/2026:16:54:27 +0000] "POST /xmlrpc.php HTTP/1.1" 200 403 "-" "Jetpack by WordPress.com"
171.61.19.38 - - [03/Sep/2026:16:54:37 +0000] "POST /xmlrpc.php HTTP/1.1" 200 403 "-" "Jetpack/12.1; WordPress/6.3; http://site47875672.com"
171.61.19.38 - - [03/Sep/2026:16:54:48 +0000] "POST /xmlrpc.php HTTP/1.1" 200 403 "-" "Jetpack by WordPress.com"
159.198.65.41 - - [03/Sep/2026:16:55:00 +0000] "POST /wp-cron.php?doing_wp_cron=1788454500.0909099578857421875000 HTTP/1.1" 200 - "-" "WordPress/7.1; https://linstyles.com"
171.61.19.38 - - [03/Sep/2026:16:54:59 +0000] "POST /xmlrpc.php HTTP/1.1" 200 403 "-" "Jetpack by WordPress.com"
171.61.19.38 - - [03/Sep/2026:16:55:09 +0000] "POST /xmlrpc.php HTTP/1.1" 200 403 "-" "Jetpack/13.0; WordPress/6.2; http://site71224651.com"
171.61.19.38 - - [03/Sep/2026:16:55:20 +0000] "POST /xmlrpc.php HTTP/1.1" 200 403 "-" "WordPress.com; https://wordpress.com"
171.61.19.38 - - [03/Sep/2026:16:55:30 +0000] "POST /xmlrpc.php HTTP/1.1" 200 403 "-" "WordPress.com; https://wordpress.com"
171.61.19.38 - - [03/Sep/2026:16:55:41 +0000] "POST /xmlrpc.php HTTP/1.1" 200 403 "-" "Jetpack by WordPress.com (Jetpack 12.5; WordPress 6.1)"
171.61.19.38 - - [03/Sep/2026:16:55:51 +0000] "POST /xmlrpc.php HTTP/1.1" 200 403 "-" "WordPress.com; https://wordpress.com"
171.61.19.38 - - [03/Sep/2026:16:56:02 +0000] "POST /xmlrpc.php HTTP/1.1" 200 403 "-" "Jetpack/12.1; WordPress/6.1; http://site37348230.com"
171.61.19.38 - - [03/Sep/2026:16:56:13 +0000] "POST /xmlrpc.php HTTP/1.1" 200 403 "-" "WordPress.com; https://wordpress.com"
74.7.242.58 - - [03/Sep/2026:16:57:32 +0000] "GET / HTTP/1.1" 200 12451 "-" "Mozilla/5.0 AppleWebKit/537.36 (KHTML, like Gecko; compatible; GPTBot/1.4; +https://openai.com/gptbot)"
185.186.153.68 - - [03/Sep/2026:17:02:45 +0000] "POST /xmlrpc.php HTTP/1.1" 200 403 "-" "Jetpack/13.0; WordPress/6.1; http://site55944301.com"
185.186.153.68 - - [03/Sep/2026:17:02:56 +0000] "POST /xmlrpc.php HTTP/1.1" 200 403 "-" "WordPress.com; https://wordpress.com"
185.186.153.68 - - [03/Sep/2026:17:03:06 +0000] "POST /xmlrpc.php HTTP/1.1" 200 403 "-" "Jetpack by WordPress.com"
185.186.153.68 - - [03/Sep/2026:17:03:17 +0000] "POST /xmlrpc.php HTTP/1.1" 200 403 "-" "Jetpack by WordPress.com (Jetpack 12.5; WordPress 6.1)"
185.186.153.68 - - [03/Sep/2026:17:03:27 +0000] "POST /xmlrpc.php HTTP/1.1" 200 403 "-" "WordPress.com; https://wordpress.com"
185.186.153.68 - - [03/Sep/2026:17:03:38 +0000] "POST /xmlrpc.php HTTP/1.1" 200 403 "-" "Jetpack by WordPress.com"
185.186.153.68 - - [03/Sep/2026:17:03:48 +0000] "POST /xmlrpc.php HTTP/1.1" 200 403 "-" "Jetpack by WordPress.com"
185.186.153.68 - - [03/Sep/2026:17:03:59 +0000] "POST /xmlrpc.php HTTP/1.1" 200 403 "-" "Jetpack/12.0; WordPress/6.1; http://site50528783.com"
185.186.153.68 - - [03/Sep/2026:17:04:09 +0000] "POST /xmlrpc.php HTTP/1.1" 200 403 "-" "Jetpack/13.0; WordPress/6.3; http://site49192118.com"
185.186.153.68 - - [03/Sep/2026:17:04:20 +0000] "POST /xmlrpc.php HTTP/1.1" 200 403 "-" "Jetpack by WordPress.com (Jetpack 12.1; WordPress 6.4)"
185.186.153.68 - - [03/Sep/2026:17:04:30 +0000] "POST /xmlrpc.php HTTP/1.1" 200 403 "-" "WordPress.com; https://wordpress.com"
176.65.144.49 - - [03/Sep/2026:17:04:39 +0000] "GET / HTTP/1.1" 200 73583 "-" "CMS-Security-Auditor/1.0 (+authorized self-check; contact: local-admin)"
185.186.153.68 - - [03/Sep/2026:17:04:41 +0000] "POST /xmlrpc.php HTTP/1.1" 200 403 "-" "Jetpack by WordPress.com (Jetpack 12.5; WordPress 6.4)"
176.65.144.49 - - [03/Sep/2026:17:04:47 +0000] "GET /wp-login.php HTTP/1.1" 200 5653 "-" "CMS-Security-Auditor/1.0 (+authorized self-check; contact: local-admin)"
185.186.153.68 - - [03/Sep/2026:17:04:51 +0000] "POST /xmlrpc.php HTTP/1.1" 200 403 "-" "Jetpack by WordPress.com (Jetpack 12.0; WordPress 6.3)"
176.65.144.49 - - [03/Sep/2026:17:04:53 +0000] "GET /wp-login/ HTTP/1.1" 404 69652 "-" "CMS-Security-Auditor/1.0 (+authorized self-check; contact: local-admin)"
176.65.144.49 - - [03/Sep/2026:17:05:01 +0000] "GET /login/ HTTP/1.1" 302 - "-" "CMS-Security-Auditor/1.0 (+authorized self-check; contact: local-admin)"
176.65.144.49 - - [03/Sep/2026:17:05:02 +0000] "GET /wp-login.php HTTP/1.1" 200 5653 "-" "CMS-Security-Auditor/1.0 (+authorized self-check; contact: local-admin)"
185.186.153.68 - - [03/Sep/2026:17:05:02 +0000] "POST /xmlrpc.php HTTP/1.1" 200 403 "-" "Jetpack by WordPress.com (Jetpack 12.0; WordPress 6.2)"
176.65.144.49 - - [03/Sep/2026:17:05:09 +0000] "GET /log-in/ HTTP/1.1" 404 69652 "-" "CMS-Security-Auditor/1.0 (+authorized self-check; contact: local-admin)"
185.186.153.68 - - [03/Sep/2026:17:05:13 +0000] "POST /xmlrpc.php HTTP/1.1" 200 403 "-" "Jetpack/12.0; WordPress/6.2; http://site70732292.com"
176.65.144.49 - - [03/Sep/2026:17:05:16 +0000] "GET /signin/ HTTP/1.1" 404 69652 "-" "CMS-Security-Auditor/1.0 (+authorized self-check; contact: local-admin)"
185.186.153.68 - - [03/Sep/2026:17:05:23 +0000] "POST /xmlrpc.php HTTP/1.1" 200 403 "-" "WordPress.com; https://wordpress.com"
176.65.144.49 - - [03/Sep/2026:17:05:24 +0000] "GET /sign-in/ HTTP/1.1" 404 69652 "-" "CMS-Security-Auditor/1.0 (+authorized self-check; contact: local-admin)"
176.65.144.49 - - [03/Sep/2026:17:05:32 +0000] "GET /user/login/ HTTP/1.1" 404 69652 "-" "CMS-Security-Auditor/1.0 (+authorized self-check; contact: local-admin)"
185.186.153.68 - - [03/Sep/2026:17:05:34 +0000] "POST /xmlrpc.php HTTP/1.1" 200 403 "-" "WordPress.com; https://wordpress.com"
176.65.144.49 - - [03/Sep/2026:17:05:39 +0000] "GET /account/login/ HTTP/1.1" 404 69652 "-" "CMS-Security-Auditor/1.0 (+authorized self-check; contact: local-admin)"
185.186.153.68 - - [03/Sep/2026:17:05:45 +0000] "POST /xmlrpc.php HTTP/1.1" 200 403 "-" "Jetpack/12.5; WordPress/6.1; http://site61260554.com"
176.65.144.49 - - [03/Sep/2026:17:05:47 +0000] "GET /my-account/ HTTP/1.1" 404 69652 "-" "CMS-Security-Auditor/1.0 (+authorized self-check; contact: local-admin)"
159.198.65.41 - - [03/Sep/2026:17:05:54 +0000] "POST /wp-cron.php?doing_wp_cron=1788455154.9234259128570556640625 HTTP/1.1" 200 - "-" "WordPress/7.1; https://linstyles.com"
176.65.144.49 - - [03/Sep/2026:17:05:54 +0000] "GET /access/ HTTP/1.1" 404 69652 "-" "CMS-Security-Auditor/1.0 (+authorized self-check; contact: local-admin)"
185.186.153.68 - - [03/Sep/2026:17:05:55 +0000] "POST /xmlrpc.php HTTP/1.1" 200 403 "-" "Jetpack by WordPress.com"
176.65.144.49 - - [03/Sep/2026:17:06:01 +0000] "GET /wp-login.php HTTP/1.1" 200 5653 "-" "CMS-Security-Auditor/1.0 (+authorized self-check; contact: local-admin)"
185.186.153.68 - - [03/Sep/2026:17:06:06 +0000] "POST /xmlrpc.php HTTP/1.1" 200 403 "-" "Jetpack by WordPress.com"
176.65.144.49 - - [03/Sep/2026:17:06:08 +0000] "GET /login/ HTTP/1.1" 302 - "-" "CMS-Security-Auditor/1.0 (+authorized self-check; contact: local-admin)"
176.65.144.49 - - [03/Sep/2026:17:06:09 +0000] "GET /wp-login.php HTTP/1.1" 200 5653 "-" "CMS-Security-Auditor/1.0 (+authorized self-check; contact: local-admin)"
176.65.144.49 - - [03/Sep/2026:17:06:15 +0000] "GET /wp-admin/ HTTP/1.1" 302 - "-" "CMS-Security-Auditor/1.0 (+authorized self-check; contact: local-admin)"
176.65.144.49 - - [03/Sep/2026:17:06:16 +0000] "GET /wp-login.php?redirect_to=https%3A%2F%2Flinstyles.com%2Fwp-admin%2F&reauth=1 HTTP/1.1" 200 5653 "-" "CMS-Security-Auditor/1.0 (+authorized self-check; contact: local-admin)"
185.186.153.68 - - [03/Sep/2026:17:06:16 +0000] "POST /xmlrpc.php HTTP/1.1" 200 403 "-" "Jetpack/13.0; WordPress/6.4; http://site82025833.com"
176.65.144.49 - - [03/Sep/2026:17:06:22 +0000] "GET /wp-admin/index.php HTTP/1.1" 302 - "-" "CMS-Security-Auditor/1.0 (+authorized self-check; contact: local-admin)"
176.65.144.49 - - [03/Sep/2026:17:06:23 +0000] "GET /wp-login.php?redirect_to=https%3A%2F%2Flinstyles.com%2Fwp-admin%2Findex.php&reauth=1 HTTP/1.1" 200 5662 "-" "CMS-Security-Auditor/1.0 (+authorized self-check; contact: local-admin)"
185.186.153.68 - - [03/Sep/2026:17:06:27 +0000] "POST /xmlrpc.php HTTP/1.1" 200 403 "-" "Jetpack/13.0; WordPress/6.2; http://site33171412.com"
176.65.144.49 - - [03/Sep/2026:17:06:29 +0000] "GET /dashboard/ HTTP/1.1" 302 - "-" "CMS-Security-Auditor/1.0 (+authorized self-check; contact: local-admin)"
176.65.144.49 - - [03/Sep/2026:17:06:30 +0000] "GET /wp-admin/ HTTP/1.1" 302 - "-" "CMS-Security-Auditor/1.0 (+authorized self-check; contact: local-admin)"
176.65.144.49 - - [03/Sep/2026:17:06:31 +0000] "GET /wp-login.php?redirect_to=https%3A%2F%2Flinstyles.com%2Fwp-admin%2F&reauth=1 HTTP/1.1" 200 5653 "-" "CMS-Security-Auditor/1.0 (+authorized self-check; contact: local-admin)"
176.65.144.49 - - [03/Sep/2026:17:06:38 +0000] "GET /admin/ HTTP/1.1" 302 - "-" "CMS-Security-Auditor/1.0 (+authorized self-check; contact: local-admin)"
185.186.153.68 - - [03/Sep/2026:17:06:38 +0000] "POST /xmlrpc.php HTTP/1.1" 200 403 "-" "Jetpack by WordPress.com"
176.65.144.49 - - [03/Sep/2026:17:06:39 +0000] "GET /wp-admin/ HTTP/1.1" 302 - "-" "CMS-Security-Auditor/1.0 (+authorized self-check; contact: local-admin)"
176.65.144.49 - - [03/Sep/2026:17:06:40 +0000] "GET /wp-login.php?redirect_to=https%3A%2F%2Flinstyles.com%2Fwp-admin%2F&reauth=1 HTTP/1.1" 200 5653 "-" "CMS-Security-Auditor/1.0 (+authorized self-check; contact: local-admin)"
176.65.144.49 - - [03/Sep/2026:17:06:46 +0000] "GET /backend/ HTTP/1.1" 404 69652 "-" "CMS-Security-Auditor/1.0 (+authorized self-check; contact: local-admin)"
185.186.153.68 - - [03/Sep/2026:17:06:48 +0000] "POST /xmlrpc.php HTTP/1.1" 200 403 "-" "Jetpack/12.0; WordPress/6.4; http://site34033737.com"
176.65.144.49 - - [03/Sep/2026:17:06:53 +0000] "GET /panel/ HTTP/1.1" 404 69652 "-" "CMS-Security-Auditor/1.0 (+authorized self-check; contact: local-admin)"
176.65.144.49 - - [03/Sep/2026:17:06:59 +0000] "GET /wp-admin/load-styles.php HTTP/1.1" 200 - "-" "CMS-Security-Auditor/1.0 (+authorized self-check; contact: local-admin)"
185.186.153.68 - - [03/Sep/2026:17:06:59 +0000] "POST /xmlrpc.php HTTP/1.1" 200 403 "-" "Jetpack by WordPress.com"
185.186.153.68 - - [03/Sep/2026:17:07:09 +0000] "POST /xmlrpc.php HTTP/1.1" 200 403 "-" "Jetpack by WordPress.com"
185.186.153.68 - - [03/Sep/2026:17:07:20 +0000] "POST /xmlrpc.php HTTP/1.1" 200 403 "-" "Jetpack by WordPress.com"
185.186.153.68 - - [03/Sep/2026:17:07:31 +0000] "POST /xmlrpc.php HTTP/1.1" 200 403 "-" "Jetpack by WordPress.com"
185.186.153.68 - - [03/Sep/2026:17:07:41 +0000] "POST /xmlrpc.php HTTP/1.1" 200 403 "-" "WordPress.com; https://wordpress.com"
159.198.65.41 - - [03/Sep/2026:17:07:52 +0000] "POST /wp-cron.php?doing_wp_cron=1788455272.7776629924774169921875 HTTP/1.1" 200 - "-" "WordPress/7.1; https://linstyles.com"
185.186.153.68 - - [03/Sep/2026:17:07:52 +0000] "POST /xmlrpc.php HTTP/1.1" 200 403 "-" "Jetpack/13.0; WordPress/6.3; http://site43639181.com"
185.186.153.68 - - [03/Sep/2026:17:08:03 +0000] "POST /xmlrpc.php HTTP/1.1" 200 403 "-" "WordPress.com; https://wordpress.com"
185.186.153.68 - - [03/Sep/2026:17:08:13 +0000] "POST /xmlrpc.php HTTP/1.1" 200 403 "-" "Jetpack by WordPress.com"
185.186.153.68 - - [03/Sep/2026:17:08:24 +0000] "POST /xmlrpc.php HTTP/1.1" 200 403 "-" "Jetpack/13.0; WordPress/6.1; http://site57063130.com"
185.186.153.68 - - [03/Sep/2026:17:08:35 +0000] "POST /xmlrpc.php HTTP/1.1" 200 403 "-" "Jetpack by WordPress.com (Jetpack 12.1; WordPress 6.3)"
185.186.153.68 - - [03/Sep/2026:17:08:45 +0000] "POST /xmlrpc.php HTTP/1.1" 200 403 "-" "WordPress.com; https://wordpress.com"
185.186.153.68 - - [03/Sep/2026:17:08:56 +0000] "POST /xmlrpc.php HTTP/1.1" 200 403 "-" "Jetpack by WordPress.com (Jetpack 12.5; WordPress 6.1)"
185.186.153.68 - - [03/Sep/2026:17:09:07 +0000] "POST /xmlrpc.php HTTP/1.1" 200 403 "-" "Jetpack/12.5; WordPress/6.3; http://site56534240.com"
185.186.153.68 - - [03/Sep/2026:17:09:17 +0000] "POST /xmlrpc.php HTTP/1.1" 200 403 "-" "WordPress.com; https://wordpress.com"
185.186.153.68 - - [03/Sep/2026:17:09:28 +0000] "POST /xmlrpc.php HTTP/1.1" 200 403 "-" "WordPress.com; https://wordpress.com"
185.186.153.68 - - [03/Sep/2026:17:09:39 +0000] "POST /xmlrpc.php HTTP/1.1" 200 403 "-" "Jetpack by WordPress.com (Jetpack 12.0; WordPress 6.1)"
185.186.153.68 - - [03/Sep/2026:17:09:49 +0000] "POST /xmlrpc.php HTTP/1.1" 200 403 "-" "Jetpack by WordPress.com"
185.186.153.68 - - [03/Sep/2026:17:10:00 +0000] "POST /xmlrpc.php HTTP/1.1" 200 403 "-" "WordPress.com; https://wordpress.com"
185.186.153.68 - - [03/Sep/2026:17:10:11 +0000] "POST /xmlrpc.php HTTP/1.1" 200 403 "-" "Jetpack/13.0; WordPress/6.4; http://site28785082.com"
185.186.153.68 - - [03/Sep/2026:17:10:21 +0000] "POST /xmlrpc.php HTTP/1.1" 200 403 "-" "Jetpack/12.0; WordPress/6.4; http://site61144321.com"
185.186.153.68 - - [03/Sep/2026:17:10:32 +0000] "POST /xmlrpc.php HTTP/1.1" 200 403 "-" "Jetpack by WordPress.com (Jetpack 12.5; WordPress 6.3)"
185.186.153.68 - - [03/Sep/2026:17:10:43 +0000] "POST /xmlrpc.php HTTP/1.1" 200 403 "-" "Jetpack/13.0; WordPress/6.3; http://site20747710.com"
185.186.153.68 - - [03/Sep/2026:17:10:53 +0000] "POST /xmlrpc.php HTTP/1.1" 200 403 "-" "WordPress.com; https://wordpress.com"
185.186.153.68 - - [03/Sep/2026:17:11:04 +0000] "POST /xmlrpc.php HTTP/1.1" 200 403 "-" "Jetpack by WordPress.com (Jetpack 12.5; WordPress 6.2)"
185.186.153.68 - - [03/Sep/2026:17:11:15 +0000] "POST /xmlrpc.php HTTP/1.1" 200 403 "-" "Jetpack/13.0; WordPress/6.4; http://site15470115.com"
185.191.171.5 - - [03/Sep/2026:17:11:16 +0000] "GET /author/linstyles/ HTTP/1.1" 200 12501 "-" "Mozilla/5.0 (compatible; SemrushBot/7~bl; +http://www.semrush.com/bot.html)"
85.208.96.206 - - [03/Sep/2026:17:11:19 +0000] "GET /2026/07/14/short-hairstyles-for-women-over-60/ HTTP/1.1" 200 16997 "-" "Mozilla/5.0 (compatible; SemrushBot/7~bl; +http://www.semrush.com/bot.html)"
185.186.153.68 - - [03/Sep/2026:17:11:25 +0000] "POST /xmlrpc.php HTTP/1.1" 200 403 "-" "Jetpack by WordPress.com (Jetpack 12.0; WordPress 6.2)"
185.186.153.68 - - [03/Sep/2026:17:11:36 +0000] "POST /xmlrpc.php HTTP/1.1" 200 403 "-" "Jetpack by WordPress.com"
43.128.149.102 - - [03/Sep/2026:17:11:44 +0000] "GET /category/uncategorized/ HTTP/1.1" 200 12310 "-" "Mozilla/5.0 (iPhone; CPU iPhone OS 13_2_3 like Mac OS X) AppleWebKit/605.1.15 (KHTML, like Gecko) Version/13.0.3 Mobile/15E148 Safari/604.1"
185.186.153.68 - - [03/Sep/2026:17:11:46 +0000] "POST /xmlrpc.php HTTP/1.1" 200 403 "-" "Jetpack by WordPress.com (Jetpack 12.5; WordPress 6.3)"
185.186.153.68 - - [03/Sep/2026:17:11:57 +0000] "POST /xmlrpc.php HTTP/1.1" 200 403 "-" "Jetpack/12.0; WordPress/6.2; http://site95307877.com"
185.186.153.68 - - [03/Sep/2026:17:12:07 +0000] "POST /xmlrpc.php HTTP/1.1" 200 403 "-" "Jetpack by WordPress.com"
185.186.153.68 - - [03/Sep/2026:17:12:18 +0000] "POST /xmlrpc.php HTTP/1.1" 200 403 "-" "Jetpack by WordPress.com"
185.186.153.68 - - [03/Sep/2026:17:12:29 +0000] "POST /xmlrpc.php HTTP/1.1" 200 403 "-" "Jetpack by WordPress.com"
185.186.153.68 - - [03/Sep/2026:17:12:39 +0000] "POST /xmlrpc.php HTTP/1.1" 200 403 "-" "WordPress.com; https://wordpress.com"
185.186.153.68 - - [03/Sep/2026:17:12:50 +0000] "POST /xmlrpc.php HTTP/1.1" 200 403 "-" "Jetpack by WordPress.com (Jetpack 13.0; WordPress 6.2)"
