54.167.32.123 - - [03/Sep/2026:15:33:07 +0000] "GET /wp-content/uploads/2026/07/byhugotattooer_1763059886_3765141677829910170_54335943415-728x728.jpg HTTP/1.1" 200 68883 "-" "Mozilla/5.0 AppleWebKit/537.36 (KHTML, like Gecko; compatible; Amazonbot/0.1; +https://developer.amazon.com/support/amazonbot) Chrome/119.0.6045.214 Safari/537.36"
43.255.136.221 - - [03/Sep/2026:15:33:09 +0000] "POST /xmlrpc.php HTTP/1.1" 200 403 "-" "Jetpack by WordPress.com (Jetpack 12.1; WordPress 6.3)"
43.255.136.221 - - [03/Sep/2026:15:33:20 +0000] "POST /xmlrpc.php HTTP/1.1" 200 403 "-" "WordPress.com; https://wordpress.com"
43.255.136.221 - - [03/Sep/2026:15:33:30 +0000] "POST /xmlrpc.php HTTP/1.1" 200 403 "-" "Jetpack by WordPress.com"
43.255.136.221 - - [03/Sep/2026:15:33:41 +0000] "POST /xmlrpc.php HTTP/1.1" 200 403 "-" "Jetpack/12.5; WordPress/6.1; http://site57309645.com"
43.255.136.221 - - [03/Sep/2026:15:33:51 +0000] "POST /xmlrpc.php HTTP/1.1" 200 403 "-" "Jetpack by WordPress.com"
43.255.136.221 - - [03/Sep/2026:15:34:02 +0000] "POST /xmlrpc.php HTTP/1.1" 200 403 "-" "Jetpack by WordPress.com (Jetpack 12.5; WordPress 6.4)"
43.255.136.221 - - [03/Sep/2026:15:34:12 +0000] "POST /xmlrpc.php HTTP/1.1" 200 403 "-" "Jetpack by WordPress.com (Jetpack 12.0; WordPress 6.2)"
40.77.167.24 - - [03/Sep/2026:15:34:21 +0000] "GET /wp-content/uploads/2026/07/paradyme.ttt_1780597370_3912254781979867481_64234280162-810x1080.jpg HTTP/1.1" 200 85058 "-" "Mozilla/5.0 AppleWebKit/537.36 (KHTML, like Gecko; compatible; bingbot/2.0; +http://www.bing.com/bingbot.htm) Chrome/116.0.1938.76 Safari/537.36"
43.255.136.221 - - [03/Sep/2026:15:34:23 +0000] "POST /xmlrpc.php HTTP/1.1" 200 403 "-" "Jetpack by WordPress.com"
52.167.144.236 - - [03/Sep/2026:15:34:25 +0000] "GET /turtle-tattoo-ideas/ HTTP/1.1" 200 23016 "-" "Mozilla/5.0 AppleWebKit/537.36 (KHTML, like Gecko; compatible; bingbot/2.0; +http://www.bing.com/bingbot.htm) Chrome/116.0.1938.76 Safari/537.36"
43.255.136.221 - - [03/Sep/2026:15:34:33 +0000] "POST /xmlrpc.php HTTP/1.1" 200 403 "-" "Jetpack by WordPress.com (Jetpack 12.1; WordPress 6.4)"
43.255.136.221 - - [03/Sep/2026:15:34:44 +0000] "POST /xmlrpc.php HTTP/1.1" 200 403 "-" "Jetpack by WordPress.com (Jetpack 13.0; WordPress 6.3)"
43.255.136.221 - - [03/Sep/2026:15:34:54 +0000] "POST /xmlrpc.php HTTP/1.1" 200 403 "-" "Jetpack/13.0; WordPress/6.2; http://site89195952.com"
52.167.144.236 - - [03/Sep/2026:15:35:03 +0000] "GET /turtle-tattoo-ideas/ HTTP/1.1" 200 23015 "-" "Mozilla/5.0 AppleWebKit/537.36 (KHTML, like Gecko; compatible; bingbot/2.0; +http://www.bing.com/bingbot.htm) Chrome/116.0.1938.76 Safari/537.36"
43.255.136.221 - - [03/Sep/2026:15:35:05 +0000] "POST /xmlrpc.php HTTP/1.1" 200 403 "-" "Jetpack by WordPress.com"
43.255.136.221 - - [03/Sep/2026:15:35:15 +0000] "POST /xmlrpc.php HTTP/1.1" 200 403 "-" "WordPress.com; https://wordpress.com"
43.255.136.221 - - [03/Sep/2026:15:35:25 +0000] "POST /xmlrpc.php HTTP/1.1" 200 403 "-" "Jetpack by WordPress.com (Jetpack 12.5; WordPress 6.1)"
43.255.136.221 - - [03/Sep/2026:15:35:36 +0000] "POST /xmlrpc.php HTTP/1.1" 200 403 "-" "Jetpack by WordPress.com (Jetpack 12.5; WordPress 6.4)"
43.255.136.221 - - [03/Sep/2026:15:35:46 +0000] "POST /xmlrpc.php HTTP/1.1" 200 403 "-" "Jetpack/12.1; WordPress/6.2; http://site44877271.com"
43.255.136.221 - - [03/Sep/2026:15:35:57 +0000] "POST /xmlrpc.php HTTP/1.1" 200 403 "-" "WordPress.com; https://wordpress.com"
159.198.65.41 - - [03/Sep/2026:15:36:07 +0000] "POST /wp-cron.php?doing_wp_cron=1788449767.9348430633544921875000 HTTP/1.1" 200 - "-" "WordPress/7.1; https://fortattooideas.com"
43.255.136.221 - - [03/Sep/2026:15:36:07 +0000] "POST /xmlrpc.php HTTP/1.1" 200 403 "-" "Jetpack/12.0; WordPress/6.4; http://site63028508.com"
43.255.136.221 - - [03/Sep/2026:15:36:18 +0000] "POST /xmlrpc.php HTTP/1.1" 200 403 "-" "Jetpack by WordPress.com"
43.255.136.221 - - [03/Sep/2026:15:36:28 +0000] "POST /xmlrpc.php HTTP/1.1" 200 403 "-" "Jetpack by WordPress.com"
43.255.136.221 - - [03/Sep/2026:15:36:39 +0000] "POST /xmlrpc.php HTTP/1.1" 200 403 "-" "Jetpack by WordPress.com (Jetpack 12.1; WordPress 6.4)"
43.255.136.221 - - [03/Sep/2026:15:36:49 +0000] "POST /xmlrpc.php HTTP/1.1" 200 403 "-" "Jetpack by WordPress.com"
43.255.136.221 - - [03/Sep/2026:15:37:00 +0000] "POST /xmlrpc.php HTTP/1.1" 200 403 "-" "Jetpack by WordPress.com"
43.255.136.221 - - [03/Sep/2026:15:37:10 +0000] "POST /xmlrpc.php HTTP/1.1" 200 403 "-" "Jetpack by WordPress.com"
43.255.136.221 - - [03/Sep/2026:15:37:21 +0000] "POST /xmlrpc.php HTTP/1.1" 200 403 "-" "WordPress.com; https://wordpress.com"
43.255.136.221 - - [03/Sep/2026:15:37:31 +0000] "POST /xmlrpc.php HTTP/1.1" 200 403 "-" "Jetpack by WordPress.com (Jetpack 12.0; WordPress 6.3)"
43.255.136.221 - - [03/Sep/2026:15:37:42 +0000] "POST /xmlrpc.php HTTP/1.1" 200 403 "-" "Jetpack by WordPress.com"
43.255.136.221 - - [03/Sep/2026:15:37:52 +0000] "POST /xmlrpc.php HTTP/1.1" 200 403 "-" "Jetpack/13.0; WordPress/6.1; http://site82904684.com"
43.255.136.221 - - [03/Sep/2026:15:38:03 +0000] "POST /xmlrpc.php HTTP/1.1" 200 403 "-" "Jetpack by WordPress.com (Jetpack 13.0; WordPress 6.3)"
43.255.136.221 - - [03/Sep/2026:15:38:13 +0000] "POST /xmlrpc.php HTTP/1.1" 200 403 "-" "Jetpack by WordPress.com"
34.196.237.236 - - [03/Sep/2026:15:38:23 +0000] "GET /wp-content/uploads/2026/07/inkdbylyss_1757847929_3721420612536821555_33738193617-768x1023.jpg HTTP/1.1" 200 91376 "-" "Mozilla/5.0 AppleWebKit/537.36 (KHTML, like Gecko; compatible; Amazonbot/0.1; +https://developer.amazon.com/support/amazonbot) Chrome/119.0.6045.214 Safari/537.36"
43.255.136.221 - - [03/Sep/2026:15:38:24 +0000] "POST /xmlrpc.php HTTP/1.1" 200 403 "-" "Jetpack by WordPress.com"
44.193.97.218 - - [03/Sep/2026:15:38:26 +0000] "GET /robots.txt HTTP/1.1" 200 176 "https://www.google.com" "Mozilla/5.0 (Windows NT 10.0; WOW64; x64) AppleWebKit/537.36 (KHTML, like Gecko) Chrome/130.0.6556.192 Safari/537.36"
44.193.97.218 - - [03/Sep/2026:15:38:26 +0000] "GET /family-tattoo-ideas/ HTTP/1.1" 200 134152 "https://www.google.com" "Mozilla/5.0 (Windows NT 10.0; WOW64; x64) AppleWebKit/537.36 (KHTML, like Gecko) Chrome/130.0.6556.192 Safari/537.36"
43.255.136.221 - - [03/Sep/2026:15:38:34 +0000] "POST /xmlrpc.php HTTP/1.1" 200 403 "-" "WordPress.com; https://wordpress.com"
43.255.136.221 - - [03/Sep/2026:15:38:45 +0000] "POST /xmlrpc.php HTTP/1.1" 200 403 "-" "Jetpack/12.0; WordPress/6.1; http://site57224099.com"
185.191.171.15 - - [03/Sep/2026:15:38:54 +0000] "GET /robots.txt HTTP/1.1" 200 129 "-" "Mozilla/5.0 (compatible; SemrushBot/7~bl; +http://www.semrush.com/bot.html)"
85.208.96.212 - - [03/Sep/2026:15:38:54 +0000] "GET /author/tattooideas/page/5/ HTTP/1.1" 404 13659 "-" "Mozilla/5.0 (compatible; SemrushBot/7~bl; +http://www.semrush.com/bot.html)"
43.255.136.221 - - [03/Sep/2026:15:38:55 +0000] "POST /xmlrpc.php HTTP/1.1" 200 403 "-" "Jetpack by WordPress.com (Jetpack 12.5; WordPress 6.1)"
43.255.136.221 - - [03/Sep/2026:15:39:05 +0000] "POST /xmlrpc.php HTTP/1.1" 200 403 "-" "Jetpack by WordPress.com (Jetpack 12.1; WordPress 6.3)"
43.255.136.221 - - [03/Sep/2026:15:39:16 +0000] "POST /xmlrpc.php HTTP/1.1" 200 403 "-" "WordPress.com; https://wordpress.com"
43.255.136.221 - - [03/Sep/2026:15:39:26 +0000] "POST /xmlrpc.php HTTP/1.1" 200 403 "-" "Jetpack/13.0; WordPress/6.2; http://site55571787.com"
43.255.136.221 - - [03/Sep/2026:15:39:37 +0000] "POST /xmlrpc.php HTTP/1.1" 200 403 "-" "Jetpack/12.1; WordPress/6.1; http://site13733957.com"
74.214.194.225 - - [03/Sep/2026:15:39:37 +0000] "GET /ads.txt HTTP/1.1" 301 - "-" "ContextWebCom-AdsTxt/1.1"
43.255.136.221 - - [03/Sep/2026:15:39:47 +0000] "POST /xmlrpc.php HTTP/1.1" 200 403 "-" "Jetpack by WordPress.com (Jetpack 13.0; WordPress 6.3)"
43.255.136.221 - - [03/Sep/2026:15:39:58 +0000] "POST /xmlrpc.php HTTP/1.1" 200 403 "-" "Jetpack by WordPress.com"
43.255.136.221 - - [03/Sep/2026:15:40:08 +0000] "POST /xmlrpc.php HTTP/1.1" 200 403 "-" "WordPress.com; https://wordpress.com"
43.255.136.221 - - [03/Sep/2026:15:40:19 +0000] "POST /xmlrpc.php HTTP/1.1" 200 403 "-" "Jetpack by WordPress.com"
40.77.167.15 - - [03/Sep/2026:15:40:29 +0000] "GET /wp-content/uploads/2026/07/art_in_the_raine_1737734448_3552696510416399553_4018936779-864x1080.jpg HTTP/1.1" 200 95737 "-" "Mozilla/5.0 AppleWebKit/537.36 (KHTML, like Gecko; compatible; bingbot/2.0; +http://www.bing.com/bingbot.htm) Chrome/116.0.1938.76 Safari/537.36"
43.255.136.221 - - [03/Sep/2026:15:40:29 +0000] "POST /xmlrpc.php HTTP/1.1" 200 403 "-" "WordPress.com; https://wordpress.com"
43.255.136.221 - - [03/Sep/2026:15:40:40 +0000] "POST /xmlrpc.php HTTP/1.1" 200 403 "-" "Jetpack by WordPress.com"
43.255.136.221 - - [03/Sep/2026:15:40:50 +0000] "POST /xmlrpc.php HTTP/1.1" 200 403 "-" "Jetpack/12.1; WordPress/6.1; http://site35222121.com"
43.255.136.221 - - [03/Sep/2026:15:41:01 +0000] "POST /xmlrpc.php HTTP/1.1" 200 403 "-" "WordPress.com; https://wordpress.com"
43.255.136.221 - - [03/Sep/2026:15:41:11 +0000] "POST /xmlrpc.php HTTP/1.1" 200 403 "-" "WordPress.com; https://wordpress.com"
43.255.136.221 - - [03/Sep/2026:15:41:22 +0000] "POST /xmlrpc.php HTTP/1.1" 200 403 "-" "WordPress.com; https://wordpress.com"
3.216.86.144 - - [03/Sep/2026:15:41:29 +0000] "GET /mother-son-tattoo-ideas/ HTTP/1.1" 200 21371 "-" "Mozilla/5.0 AppleWebKit/537.36 (KHTML, like Gecko; compatible; Amazonbot/0.1; +https://developer.amazon.com/support/amazonbot) Chrome/119.0.6045.214 Safari/537.36"
43.255.136.221 - - [03/Sep/2026:15:41:32 +0000] "POST /xmlrpc.php HTTP/1.1" 200 403 "-" "Jetpack by WordPress.com (Jetpack 13.0; WordPress 6.3)"
35.169.119.108 - - [03/Sep/2026:15:41:33 +0000] "GET /comet-tattoos/ HTTP/1.1" 200 22116 "-" "Mozilla/5.0 AppleWebKit/537.36 (KHTML, like Gecko; compatible; Amazonbot/0.1; +https://developer.amazon.com/support/amazonbot) Chrome/119.0.6045.214 Safari/537.36"
134.33.207.189 - - [03/Sep/2026:15:41:36 +0000] "GET /robots.txt HTTP/1.1" 200 129 "-" "DuckAssistBot/1.2; (+http://duckduckgo.com/duckassistbot.html)"
20.241.147.151 - - [03/Sep/2026:15:41:36 +0000] "GET /small-outline-tattoo-ideas HTTP/1.1" 301 - "-" "DuckDuckBot/1.0; (+http://duckduckgo.com/duckduckbot.html)"
20.59.0.65 - - [03/Sep/2026:15:41:37 +0000] "GET /small-outline-tattoo-ideas/ HTTP/1.1" 200 20335 "https://fortattooideas.com/small-outline-tattoo-ideas" "DuckDuckBot/1.0; (+http://duckduckgo.com/duckduckbot.html)"
34.224.132.215 - - [03/Sep/2026:15:41:37 +0000] "GET /subtle-feminine-tattoo-ideas/ HTTP/1.1" 200 20055 "-" "Mozilla/5.0 AppleWebKit/537.36 (KHTML, like Gecko; compatible; Amazonbot/0.1; +https://developer.amazon.com/support/amazonbot) Chrome/119.0.6045.214 Safari/537.36"
98.82.66.172 - - [03/Sep/2026:15:41:41 +0000] "GET /fine-line-flower-tattoo-ideas/ HTTP/1.1" 200 20444 "-" "Mozilla/5.0 AppleWebKit/537.36 (KHTML, like Gecko; compatible; Amazonbot/0.1; +https://developer.amazon.com/support/amazonbot) Chrome/119.0.6045.214 Safari/537.36"
43.255.136.221 - - [03/Sep/2026:15:41:43 +0000] "POST /xmlrpc.php HTTP/1.1" 200 403 "-" "Jetpack by WordPress.com"
40.77.167.15 - - [03/Sep/2026:15:41:48 +0000] "GET /wp-content/uploads/2026/07/caodynastydesigns_1708291003_3305706987606223585_9440047885-864x1080.jpg HTTP/1.1" 200 71433 "-" "Mozilla/5.0 AppleWebKit/537.36 (KHTML, like Gecko; compatible; bingbot/2.0; +http://www.bing.com/bingbot.htm) Chrome/116.0.1938.76 Safari/537.36"
43.255.136.221 - - [03/Sep/2026:15:41:53 +0000] "POST /xmlrpc.php HTTP/1.1" 200 403 "-" "WordPress.com; https://wordpress.com"
43.255.136.221 - - [03/Sep/2026:15:42:03 +0000] "POST /xmlrpc.php HTTP/1.1" 200 403 "-" "WordPress.com; https://wordpress.com"
43.255.136.221 - - [03/Sep/2026:15:42:14 +0000] "POST /xmlrpc.php HTTP/1.1" 200 403 "-" "Jetpack by WordPress.com (Jetpack 12.5; WordPress 6.1)"
43.255.136.221 - - [03/Sep/2026:15:42:24 +0000] "POST /xmlrpc.php HTTP/1.1" 200 403 "-" "Jetpack by WordPress.com (Jetpack 13.0; WordPress 6.1)"
54.209.60.63 - - [03/Sep/2026:15:42:29 +0000] "GET /wp-content/uploads/2026/01/dear.sxphie_1747059650_3630921968935070922_182011169.jpg HTTP/1.1" 200 127395 "-" "Ruby"
43.255.136.221 - - [03/Sep/2026:15:42:35 +0000] "POST /xmlrpc.php HTTP/1.1" 200 403 "-" "Jetpack by WordPress.com"
159.198.65.41 - - [03/Sep/2026:15:42:46 +0000] "POST /wp-cron.php?doing_wp_cron=1788450166.0322299003601074218750 HTTP/1.1" 200 - "-" "WordPress/7.1; https://fortattooideas.com"
43.255.136.221 - - [03/Sep/2026:15:42:45 +0000] "POST /xmlrpc.php HTTP/1.1" 200 403 "-" "Jetpack by WordPress.com"
43.255.136.221 - - [03/Sep/2026:15:42:56 +0000] "POST /xmlrpc.php HTTP/1.1" 200 403 "-" "Jetpack/13.0; WordPress/6.1; http://site65429472.com"
44.223.116.149 - - [03/Sep/2026:15:43:02 +0000] "GET /wp-content/uploads/2026/07/tattooerfirat_1725817934_3452733542237237800_40262382191-864x1080.jpg HTTP/1.1" 200 125091 "-" "Mozilla/5.0 AppleWebKit/537.36 (KHTML, like Gecko; compatible; Amazonbot/0.1; +https://developer.amazon.com/support/amazonbot) Chrome/119.0.6045.214 Safari/537.36"
43.255.136.221 - - [03/Sep/2026:15:43:06 +0000] "POST /xmlrpc.php HTTP/1.1" 200 403 "-" "WordPress.com; https://wordpress.com"
43.255.136.221 - - [03/Sep/2026:15:43:17 +0000] "POST /xmlrpc.php HTTP/1.1" 200 403 "-" "WordPress.com; https://wordpress.com"
20.84.251.223 - - [03/Sep/2026:15:43:21 +0000] "GET /botanical-line-tattoo-ideas HTTP/1.1" 301 - "-" "DuckDuckBot/1.0; (+http://duckduckgo.com/duckduckbot.html)"
20.119.127.146 - - [03/Sep/2026:15:43:22 +0000] "GET /botanical-line-tattoo-ideas/ HTTP/1.1" 200 20008 "https://fortattooideas.com/botanical-line-tattoo-ideas" "DuckDuckBot/1.0; (+http://duckduckgo.com/duckduckbot.html)"
43.255.136.221 - - [03/Sep/2026:15:43:27 +0000] "POST /xmlrpc.php HTTP/1.1" 200 403 "-" "Jetpack by WordPress.com"
43.255.136.221 - - [03/Sep/2026:15:43:38 +0000] "POST /xmlrpc.php HTTP/1.1" 200 403 "-" "WordPress.com; https://wordpress.com"
43.255.136.221 - - [03/Sep/2026:15:43:48 +0000] "POST /xmlrpc.php HTTP/1.1" 200 403 "-" "WordPress.com; https://wordpress.com"
43.255.136.221 - - [03/Sep/2026:15:43:59 +0000] "POST /xmlrpc.php HTTP/1.1" 200 403 "-" "Jetpack by WordPress.com"
43.255.136.221 - - [03/Sep/2026:15:44:09 +0000] "POST /xmlrpc.php HTTP/1.1" 200 403 "-" "Jetpack by WordPress.com"
40.121.121.54 - - [03/Sep/2026:15:44:19 +0000] "GET /meaningful-cross-tattoo HTTP/1.1" 301 - "-" "DuckDuckBot/1.0; (+http://duckduckgo.com/duckduckbot.html)"
43.255.136.221 - - [03/Sep/2026:15:44:20 +0000] "POST /xmlrpc.php HTTP/1.1" 200 403 "-" "Jetpack by WordPress.com"
20.72.221.45 - - [03/Sep/2026:15:44:20 +0000] "GET /meaningful-cross-tattoo/ HTTP/1.1" 200 19938 "https://fortattooideas.com/meaningful-cross-tattoo" "DuckDuckBot/1.0; (+http://duckduckgo.com/duckduckbot.html)"
43.255.136.221 - - [03/Sep/2026:15:44:30 +0000] "POST /xmlrpc.php HTTP/1.1" 200 403 "-" "Jetpack by WordPress.com"
43.255.136.221 - - [03/Sep/2026:15:44:41 +0000] "POST /xmlrpc.php HTTP/1.1" 200 403 "-" "Jetpack by WordPress.com"
43.255.136.221 - - [03/Sep/2026:15:44:51 +0000] "POST /xmlrpc.php HTTP/1.1" 200 403 "-" "Jetpack/12.5; WordPress/6.1; http://site12864665.com"
43.255.136.221 - - [03/Sep/2026:15:45:02 +0000] "POST /xmlrpc.php HTTP/1.1" 200 403 "-" "Jetpack by WordPress.com"
3.221.50.71 - - [03/Sep/2026:15:45:09 +0000] "GET /wp-content/uploads/2026/07/hwaeum.oriental_1761748599_3754141808818594160_60156422371-768x960.jpg HTTP/1.1" 200 46080 "-" "Mozilla/5.0 AppleWebKit/537.36 (KHTML, like Gecko; compatible; Amazonbot/0.1; +https://developer.amazon.com/support/amazonbot) Chrome/119.0.6045.214 Safari/537.36"
43.255.136.221 - - [03/Sep/2026:15:45:12 +0000] "POST /xmlrpc.php HTTP/1.1" 200 403 "-" "Jetpack by WordPress.com"
159.198.65.41 - - [03/Sep/2026:15:45:23 +0000] "POST /wp-cron.php?doing_wp_cron=1788450323.0537109375000000000000 HTTP/1.1" 200 - "-" "WordPress/7.1; https://fortattooideas.com"
43.255.136.221 - - [03/Sep/2026:15:45:22 +0000] "POST /xmlrpc.php HTTP/1.1" 200 403 "-" "WordPress.com; https://wordpress.com"
43.255.136.221 - - [03/Sep/2026:15:45:33 +0000] "POST /xmlrpc.php HTTP/1.1" 200 403 "-" "Jetpack/12.1; WordPress/6.3; http://site83762112.com"
159.198.65.41 - - [03/Sep/2026:15:45:38 +0000] "POST /wp-cron.php?doing_wp_cron=1788450338.2303669452667236328125 HTTP/1.1" 200 - "-" "WordPress/7.1; https://fortattooideas.com"
64.236.93.100 - - [03/Sep/2026:15:45:38 +0000] "GET /small-sun-and-moon-tattoo-ideas HTTP/1.1" 301 - "-" "DuckDuckBot/1.0; (+http://duckduckgo.com/duckduckbot.html)"
20.253.114.51 - - [03/Sep/2026:15:45:38 +0000] "GET /small-sun-and-moon-tattoo-ideas/ HTTP/1.1" 200 20149 "https://fortattooideas.com/small-sun-and-moon-tattoo-ideas" "DuckDuckBot/1.0; (+http://duckduckgo.com/duckduckbot.html)"
43.255.136.221 - - [03/Sep/2026:15:45:43 +0000] "POST /xmlrpc.php HTTP/1.1" 200 403 "-" "Jetpack by WordPress.com (Jetpack 12.1; WordPress 6.2)"
43.255.136.221 - - [03/Sep/2026:15:45:54 +0000] "POST /xmlrpc.php HTTP/1.1" 200 403 "-" "Jetpack by WordPress.com"
43.255.136.221 - - [03/Sep/2026:15:46:04 +0000] "POST /xmlrpc.php HTTP/1.1" 200 403 "-" "Jetpack by WordPress.com"
172.169.181.237 - - [03/Sep/2026:15:46:10 +0000] "GET /fox-tattoo-ideas HTTP/1.1" 301 - "-" "DuckDuckBot/1.0; (+http://duckduckgo.com/duckduckbot.html)"
20.119.127.146 - - [03/Sep/2026:15:46:10 +0000] "GET /fox-tattoo-ideas/ HTTP/1.1" 200 23950 "https://fortattooideas.com/fox-tattoo-ideas" "DuckDuckBot/1.0; (+http://duckduckgo.com/duckduckbot.html)"
47.128.120.19 - - [03/Sep/2026:15:46:15 +0000] "GET /small-star-tattoo-ideas/ HTTP/1.1" 200 20482 "-" "Mozilla/5.0 (Linux; Android 5.0) AppleWebKit/537.36 (KHTML, like Gecko) Mobile Safari/537.36 (compatible; TikTokSpider; ttspider-feedback@tiktok.com)"
43.255.136.221 - - [03/Sep/2026:15:46:15 +0000] "POST /xmlrpc.php HTTP/1.1" 200 403 "-" "Jetpack by WordPress.com (Jetpack 13.0; WordPress 6.2)"
47.128.120.19 - - [03/Sep/2026:15:46:15 +0000] "GET /wp-content/uploads/2026/01/vj_tattoo__1610269931_2483446641404054462_4775282493-728x728.jpg HTTP/1.1" 206 500 "https://fortattooideas.com/small-star-tattoo-ideas/" "Mozilla/5.0 (Linux; Android 5.0) AppleWebKit/537.36 (KHTML, like Gecko) Mobile Safari/537.36 (compatible; TikTokSpider; ttspider-feedback@tiktok.com)"
47.128.120.19 - - [03/Sep/2026:15:46:15 +0000] "GET /wp-content/uploads/2026/01/kohinoor_tattoo_bilaspur_1549177389_1970965255892197475_3311053772-1-768x855.jpg HTTP/1.1" 206 500 "https://fortattooideas.com/small-star-tattoo-ideas/" "Mozilla/5.0 (Linux; Android 5.0) AppleWebKit/537.36 (KHTML, like Gecko) Mobile Safari/537.36 (compatible; TikTokSpider; ttspider-feedback@tiktok.com)"
47.128.120.19 - - [03/Sep/2026:15:46:16 +0000] "GET /wp-content/uploads/2026/01/kohinoor_tattoo_bilaspur_1549177389_1970965255892197475_3311053772-1-768x855.jpg HTTP/1.1" 304 - "https://fortattooideas.com/small-star-tattoo-ideas/" "Mozilla/5.0 (Linux; Android 5.0) AppleWebKit/537.36 (KHTML, like Gecko) Mobile Safari/537.36 (compatible; TikTokSpider; ttspider-feedback@tiktok.com)"
47.128.120.19 - - [03/Sep/2026:15:46:16 +0000] "GET /wp-content/uploads/2026/01/kohinoor_tattoo_bilaspur_1549177389_1970965255892197475_3311053772-1-768x855.jpg HTTP/1.1" 206 114158 "https://fortattooideas.com/small-star-tattoo-ideas/" "Mozilla/5.0 (Linux; Android 5.0) AppleWebKit/537.36 (KHTML, like Gecko) Mobile Safari/537.36 (compatible; TikTokSpider; ttspider-feedback@tiktok.com)"
43.255.136.221 - - [03/Sep/2026:15:46:25 +0000] "POST /xmlrpc.php HTTP/1.1" 200 403 "-" "Jetpack by WordPress.com (Jetpack 12.0; WordPress 6.2)"
43.255.136.221 - - [03/Sep/2026:15:46:36 +0000] "POST /xmlrpc.php HTTP/1.1" 200 403 "-" "Jetpack by WordPress.com (Jetpack 12.5; WordPress 6.4)"
20.241.164.5 - - [03/Sep/2026:15:46:42 +0000] "GET /delicate-tattoo-ideas HTTP/1.1" 301 - "-" "DuckDuckBot/1.0; (+http://duckduckgo.com/duckduckbot.html)"
20.118.11.251 - - [03/Sep/2026:15:46:42 +0000] "GET /delicate-tattoo-ideas/ HTTP/1.1" 200 20120 "https://fortattooideas.com/delicate-tattoo-ideas" "DuckDuckBot/1.0; (+http://duckduckgo.com/duckduckbot.html)"
40.77.167.149 - - [03/Sep/2026:15:46:43 +0000] "GET /wp-content/uploads/2026/07/peppie_tattoo_1673809834_3016457976802473326_56361184728.jpg HTTP/1.1" 200 124078 "-" "Mozilla/5.0 AppleWebKit/537.36 (KHTML, like Gecko; compatible; bingbot/2.0; +http://www.bing.com/bingbot.htm) Chrome/116.0.1938.76 Safari/537.36"
43.255.136.221 - - [03/Sep/2026:15:46:46 +0000] "POST /xmlrpc.php HTTP/1.1" 200 403 "-" "Jetpack by WordPress.com (Jetpack 12.5; WordPress 6.2)"
43.255.136.221 - - [03/Sep/2026:15:46:57 +0000] "POST /xmlrpc.php HTTP/1.1" 200 403 "-" "Jetpack by WordPress.com"
43.255.136.221 - - [03/Sep/2026:15:47:07 +0000] "POST /xmlrpc.php HTTP/1.1" 200 403 "-" "WordPress.com; https://wordpress.com"
40.77.167.149 - - [03/Sep/2026:15:47:12 +0000] "GET /wp-content/uploads/2026/07/mordoree.ttt_1763461388_3768509719745436331_6490495054-720x960.jpg HTTP/1.1" 200 93506 "-" "Mozilla/5.0 AppleWebKit/537.36 (KHTML, like Gecko; compatible; bingbot/2.0; +http://www.bing.com/bingbot.htm) Chrome/116.0.1938.76 Safari/537.36"
43.255.136.221 - - [03/Sep/2026:15:47:18 +0000] "POST /xmlrpc.php HTTP/1.1" 200 403 "-" "WordPress.com; https://wordpress.com"
43.255.136.221 - - [03/Sep/2026:15:47:28 +0000] "POST /xmlrpc.php HTTP/1.1" 200 403 "-" "Jetpack/12.1; WordPress/6.4; http://site75253651.com"
43.255.136.221 - - [03/Sep/2026:15:47:39 +0000] "POST /xmlrpc.php HTTP/1.1" 200 403 "-" "Jetpack by WordPress.com (Jetpack 12.1; WordPress 6.2)"
43.255.136.221 - - [03/Sep/2026:15:47:49 +0000] "POST /xmlrpc.php HTTP/1.1" 200 403 "-" "Jetpack by WordPress.com (Jetpack 12.5; WordPress 6.2)"
37.107.14.246 - - [03/Sep/2026:15:47:53 +0000] "GET /wp-content/uploads/2026/08/image-703.png HTTP/1.1" 200 2080064 "-" "Opera/9.79.(X11; Linux i686; lij-IT) Presto/2.9.177 Version/10.00"
43.255.136.221 - - [03/Sep/2026:15:48:00 +0000] "POST /xmlrpc.php HTTP/1.1" 200 403 "-" "Jetpack by WordPress.com (Jetpack 13.0; WordPress 6.3)"
43.255.136.221 - - [03/Sep/2026:15:48:10 +0000] "POST /xmlrpc.php HTTP/1.1" 200 403 "-" "Jetpack by WordPress.com (Jetpack 12.5; WordPress 6.3)"
43.255.136.221 - - [03/Sep/2026:15:48:21 +0000] "POST /xmlrpc.php HTTP/1.1" 200 403 "-" "Jetpack by WordPress.com (Jetpack 13.0; WordPress 6.3)"
43.255.136.221 - - [03/Sep/2026:15:48:31 +0000] "POST /xmlrpc.php HTTP/1.1" 200 403 "-" "Jetpack by WordPress.com (Jetpack 13.0; WordPress 6.3)"
54.236.1.126 - - [03/Sep/2026:15:48:35 +0000] "GET /small-leaf-tattoo-ideas/ HTTP/1.1" 200 19162 "-" "Mozilla/5.0 (compatible; Pinterestbot/1.0; +http://www.pinterest.com/bot.html)"
43.255.136.221 - - [03/Sep/2026:15:48:41 +0000] "POST /xmlrpc.php HTTP/1.1" 200 403 "-" "Jetpack by WordPress.com (Jetpack 12.5; WordPress 6.4)"
14.191.23.13 - - [03/Sep/2026:15:48:40 +0000] "GET /wp-content/uploads/2026/08/image-701-814x1080.png HTTP/1.1" 200 2155788 "-" "Opera/9.65.(X11; Linux x86_64; ber-DZ) Presto/2.9.162 Version/11.00"
44.193.97.218 - - [03/Sep/2026:15:48:43 +0000] "GET /robots.txt HTTP/1.1" 200 176 "https://www.google.com" "Mozilla/5.0 (Windows NT 10.0; WOW64; x64) AppleWebKit/537.36 (KHTML, like Gecko) Chrome/130.0.6556.192 Safari/537.36"
44.193.97.218 - - [03/Sep/2026:15:48:43 +0000] "GET /stylish-finger-tattoo-ideas/?utm_source=Pinterest&utm_medium=organic HTTP/1.1" 200 100874 "https://www.google.com" "Mozilla/5.0 (Windows NT 10.0; WOW64; x64) AppleWebKit/537.36 (KHTML, like Gecko) Chrome/130.0.6556.192 Safari/537.36"
5.78.118.87 - - [03/Sep/2026:15:48:51 +0000] "GET /turtle-tattoo-ideas HTTP/1.1" 301 - "-" "Mozilla/5.0 (Windows NT 10.0; Win64; x64) AppleWebKit/537.36 (KHTML, like Gecko) Chrome/151.0.0.0 Safari/537.36"
5.78.118.87 - - [03/Sep/2026:15:48:51 +0000] "GET /turtle-tattoo-ideas/ HTTP/1.1" 200 23016 "-" "Mozilla/5.0 (Windows NT 10.0; Win64; x64) AppleWebKit/537.36 (KHTML, like Gecko) Chrome/151.0.0.0 Safari/537.36"
5.78.118.87 - - [03/Sep/2026:15:48:52 +0000] "GET /wp-content/themes/birch-trellis/assets/dist/css/main.1.0.0.css?ver=1.0.0 HTTP/1.1" 200 10942 "https://fortattooideas.com/turtle-tattoo-ideas/" "Mozilla/5.0 (Windows NT 10.0; Win64; x64) AppleWebKit/537.36 (KHTML, like Gecko) Chrome/151.0.0.0 Safari/537.36"
5.78.118.87 - - [03/Sep/2026:15:48:52 +0000] "GET /wp-includes/blocks/paragraph/style.min.css?ver=7.1 HTTP/1.1" 200 341 "https://fortattooideas.com/turtle-tattoo-ideas/" "Mozilla/5.0 (Windows NT 10.0; Win64; x64) AppleWebKit/537.36 (KHTML, like Gecko) Chrome/151.0.0.0 Safari/537.36"
43.255.136.221 - - [03/Sep/2026:15:48:52 +0000] "POST /xmlrpc.php HTTP/1.1" 200 403 "-" "Jetpack by WordPress.com (Jetpack 13.0; WordPress 6.2)"
5.78.118.87 - - [03/Sep/2026:15:48:52 +0000] "GET /wp-includes/blocks/heading/style.min.css?ver=7.1 HTTP/1.1" 200 211 "https://fortattooideas.com/turtle-tattoo-ideas/" "Mozilla/5.0 (Windows NT 10.0; Win64; x64) AppleWebKit/537.36 (KHTML, like Gecko) Chrome/151.0.0.0 Safari/537.36"
5.78.118.87 - - [03/Sep/2026:15:48:52 +0000] "GET /wp-includes/js/jquery/jquery.min.js?ver=3.7.1 HTTP/1.1" 200 30368 "https://fortattooideas.com/turtle-tattoo-ideas/" "Mozilla/5.0 (Windows NT 10.0; Win64; x64) AppleWebKit/537.36 (KHTML, like Gecko) Chrome/151.0.0.0 Safari/537.36"
5.78.118.87 - - [03/Sep/2026:15:48:52 +0000] "GET /wp-includes/js/jquery/jquery-migrate.min.js?ver=3.4.1 HTTP/1.1" 200 4872 "https://fortattooideas.com/turtle-tattoo-ideas/" "Mozilla/5.0 (Windows NT 10.0; Win64; x64) AppleWebKit/537.36 (KHTML, like Gecko) Chrome/151.0.0.0 Safari/537.36"
5.78.118.87 - - [03/Sep/2026:15:48:52 +0000] "GET /wp-content/plugins/mediavine-trellis-images/assets/dist/IO.0.7.1.js?ver=0.7.1 HTTP/1.1" 200 2456 "https://fortattooideas.com/turtle-tattoo-ideas/" "Mozilla/5.0 (Windows NT 10.0; Win64; x64) AppleWebKit/537.36 (KHTML, like Gecko) Chrome/151.0.0.0 Safari/537.36"
5.78.118.87 - - [03/Sep/2026:15:48:52 +0000] "GET /wp-content/plugins/mediavine-trellis-images/assets/dist/main.0.7.1.js?ver=0.7.1 HTTP/1.1" 200 4745 "https://fortattooideas.com/turtle-tattoo-ideas/" "Mozilla/5.0 (Windows NT 10.0; Win64; x64) AppleWebKit/537.36 (KHTML, like Gecko) Chrome/151.0.0.0 Safari/537.36"
5.78.118.87 - - [03/Sep/2026:15:48:52 +0000] "GET /wp-content/plugins/pinterest-pin-it-button-on-image-hover-and-post/js/main.js?ver=4.9 HTTP/1.1" 200 - "https://fortattooideas.com/turtle-tattoo-ideas/" "Mozilla/5.0 (Windows NT 10.0; Win64; x64) AppleWebKit/537.36 (KHTML, like Gecko) Chrome/151.0.0.0 Safari/537.36"
5.78.118.87 - - [03/Sep/2026:15:48:53 +0000] "GET /wp-content/plugins/pinterest-pin-it-button-on-image-hover-and-post/js/pinit.js HTTP/1.1" 200 383 "https://fortattooideas.com/turtle-tattoo-ideas/" "Mozilla/5.0 (Windows NT 10.0; Win64; x64) AppleWebKit/537.36 (KHTML, like Gecko) Chrome/151.0.0.0 Safari/537.36"
5.78.118.87 - - [03/Sep/2026:15:48:53 +0000] "GET /wp-content/themes/mediavine-trellis/assets/dist/main.0.18.1.js?ver=0.18.1 HTTP/1.1" 200 5513 "https://fortattooideas.com/turtle-tattoo-ideas/" "Mozilla/5.0 (Windows NT 10.0; Win64; x64) AppleWebKit/537.36 (KHTML, like Gecko) Chrome/151.0.0.0 Safari/537.36"
5.78.118.87 - - [03/Sep/2026:15:48:53 +0000] "GET /wp-content/uploads/2026/07/tattooist_dh_1768824939_3813502450373137919_3283728527-768x960.jpg HTTP/1.1" 200 53263 "https://fortattooideas.com/turtle-tattoo-ideas/" "Mozilla/5.0 (Windows NT 10.0; Win64; x64) AppleWebKit/537.36 (KHTML, like Gecko) Chrome/151.0.0.0 Safari/537.36"
5.78.118.87 - - [03/Sep/2026:15:48:53 +0000] "GET /wp-content/themes/mediavine-trellis/assets/dist/sw.0.18.1.js HTTP/1.1" 200 467 "https://fortattooideas.com/turtle-tattoo-ideas/" "Mozilla/5.0 (Windows NT 10.0; Win64; x64) AppleWebKit/537.36 (KHTML, like Gecko) Chrome/151.0.0.0 Safari/537.36"
5.78.118.87 - - [03/Sep/2026:15:48:53 +0000] "GET /wp-content/themes/mediavine-trellis/assets/dist/loadComments.0.18.1.js HTTP/1.1" 200 7681 "https://fortattooideas.com/turtle-tattoo-ideas/" "Mozilla/5.0 (Windows NT 10.0; Win64; x64) AppleWebKit/537.36 (KHTML, like Gecko) Chrome/151.0.0.0 Safari/537.36"
5.78.118.87 - - [03/Sep/2026:15:48:53 +0000] "GET /wp-content/uploads/2026/07/wakki_tattoo_1769772073_3821447583253000904_34808997416-768x893.jpg HTTP/1.1" 200 93998 "https://fortattooideas.com/turtle-tattoo-ideas/" "Mozilla/5.0 (Windows NT 10.0; Win64; x64) AppleWebKit/537.36 (KHTML, like Gecko) Chrome/151.0.0.0 Safari/537.36"
5.78.118.87 - - [03/Sep/2026:15:48:53 +0000] "GET /wp-content/themes/mediavine-trellis/assets/dist/loadComments.0.18.1.css HTTP/1.1" 200 1476 "https://fortattooideas.com/turtle-tattoo-ideas/" "Mozilla/5.0 (Windows NT 10.0; Win64; x64) AppleWebKit/537.36 (KHTML, like Gecko) Chrome/151.0.0.0 Safari/537.36"
5.78.118.87 - - [03/Sep/2026:15:48:53 +0000] "GET /wp-content/themes/mediavine-trellis/assets/dist/vendors_loadComments.0.18.1.js HTTP/1.1" 200 9995 "https://fortattooideas.com/turtle-tattoo-ideas/" "Mozilla/5.0 (Windows NT 10.0; Win64; x64) AppleWebKit/537.36 (KHTML, like Gecko) Chrome/151.0.0.0 Safari/537.36"
5.78.118.87 - - [03/Sep/2026:15:48:53 +0000] "GET /wp-json/wp/v2/comments?post=1362&order=asc&per_page=100&page=1 HTTP/1.1" 200 22 "https://fortattooideas.com/turtle-tattoo-ideas/" "Mozilla/5.0 (Windows NT 10.0; Win64; x64) AppleWebKit/537.36 (KHTML, like Gecko) Chrome/151.0.0.0 Safari/537.36"
66.9.166.110 - - [03/Sep/2026:15:48:55 +0000] "GET /wp-content/uploads/2026/08/image-701-814x1080.png HTTP/1.1" 200 2155788 "-" "Mozilla/5.0 (Windows; U; Windows NT 5.1) AppleWebKit/534.38.7 (KHTML, like Gecko) Version/4.1 Safari/534.38.7"
5.78.118.87 - - [03/Sep/2026:15:48:58 +0000] "GET /favicon.ico HTTP/1.1" 302 - "https://fortattooideas.com/turtle-tattoo-ideas/" "Mozilla/5.0 (Windows NT 10.0; Win64; x64) AppleWebKit/537.36 (KHTML, like Gecko) Chrome/151.0.0.0 Safari/537.36"
5.78.118.87 - - [03/Sep/2026:15:48:58 +0000] "GET /wp-includes/images/w-logo-gray-white-bg.png HTTP/1.1" 200 3241 "https://fortattooideas.com/turtle-tattoo-ideas/" "Mozilla/5.0 (Windows NT 10.0; Win64; x64) AppleWebKit/537.36 (KHTML, like Gecko) Chrome/151.0.0.0 Safari/537.36"
43.255.136.221 - - [03/Sep/2026:15:49:02 +0000] "POST /xmlrpc.php HTTP/1.1" 200 403 "-" "Jetpack by WordPress.com"
5.78.118.87 - - [03/Sep/2026:15:49:06 +0000] "GET /wp-content/uploads/2026/07/seminyakink_finelineartwork_1689737735_3150070895566329142_53344317030-728x728.jpg HTTP/1.1" 200 45833 "https://fortattooideas.com/turtle-tattoo-ideas/" "Mozilla/5.0 (Windows NT 10.0; Win64; x64) AppleWebKit/537.36 (KHTML, like Gecko) Chrome/151.0.0.0 Safari/537.36"
5.78.118.87 - - [03/Sep/2026:15:49:10 +0000] "GET /wp-content/uploads/2026/07/maria_eduarda_tattoo_artist_1772275793_3842445108541148517_943908918-768x1024.jpg HTTP/1.1" 200 75036 "https://fortattooideas.com/turtle-tattoo-ideas/" "Mozilla/5.0 (Windows NT 10.0; Win64; x64) AppleWebKit/537.36 (KHTML, like Gecko) Chrome/151.0.0.0 Safari/537.36"
43.255.136.221 - - [03/Sep/2026:15:49:13 +0000] "POST /xmlrpc.php HTTP/1.1" 200 403 "-" "Jetpack/12.5; WordPress/6.2; http://site52346026.com"
27.130.238.140 - - [03/Sep/2026:15:49:10 +0000] "GET /wp-content/uploads/2026/08/image-701-814x1080.png HTTP/1.1" 200 2155788 "-" "Mozilla/5.0 (compatible; MSIE 6.0; Windows NT 10.0; Trident/4.1)"
5.78.118.87 - - [03/Sep/2026:15:49:14 +0000] "GET /wp-content/uploads/2026/07/lostgirlstattoos_1749230995_3649136537988552315_58716569855-768x960.jpg HTTP/1.1" 200 66540 "https://fortattooideas.com/turtle-tattoo-ideas/" "Mozilla/5.0 (Windows NT 10.0; Win64; x64) AppleWebKit/537.36 (KHTML, like Gecko) Chrome/151.0.0.0 Safari/537.36"
5.78.118.87 - - [03/Sep/2026:15:49:18 +0000] "GET /wp-content/uploads/2026/07/eontattoo_1783425039_3935976435933821027_29679494517-768x1023.jpg HTTP/1.1" 200 76091 "https://fortattooideas.com/turtle-tattoo-ideas/" "Mozilla/5.0 (Windows NT 10.0; Win64; x64) AppleWebKit/537.36 (KHTML, like Gecko) Chrome/151.0.0.0 Safari/537.36"
43.255.136.221 - - [03/Sep/2026:15:49:23 +0000] "POST /xmlrpc.php HTTP/1.1" 200 403 "-" "Jetpack by WordPress.com (Jetpack 12.1; WordPress 6.4)"
43.255.136.221 - - [03/Sep/2026:15:49:34 +0000] "POST /xmlrpc.php HTTP/1.1" 200 403 "-" "Jetpack by WordPress.com"
156.59.198.136 - - [03/Sep/2026:15:49:34 +0000] "GET /wp-content/uploads/2026/08/image-242-771x1024.png HTTP/1.1" 200 1735848 "https://fortattooideas.com/hairstyles-for-short-hair-with-bangs/" "Mozilla/5.0 (Linux; Android 5.0) AppleWebKit/537.36 (KHTML, like Gecko) Mobile Safari/537.36 (compatible; Bytespider; spider-feedback@bytedance.com)"
43.255.136.221 - - [03/Sep/2026:15:49:44 +0000] "POST /xmlrpc.php HTTP/1.1" 200 403 "-" "Jetpack by WordPress.com"
43.255.136.221 - - [03/Sep/2026:15:49:55 +0000] "POST /xmlrpc.php HTTP/1.1" 200 403 "-" "Jetpack by WordPress.com"
43.255.136.221 - - [03/Sep/2026:15:50:05 +0000] "POST /xmlrpc.php HTTP/1.1" 200 403 "-" "Jetpack/13.0; WordPress/6.1; http://site58884698.com"
140.179.18.91 - - [03/Sep/2026:15:50:15 +0000] "GET /small-wrist-tattoo-ideas/ HTTP/1.1" 200 20105 "-" "Mozilla/5.0 (Linux; Android 10; HD1900 Build/QKQ1.190716.003; wv) AppleWebKit/537.36 (KHTML, like Gecko) Version/4.0 Chrome/75.0.3770.156 Mobile Safari/537.36 aweme_230400 JsSdk/1.0 NetType/WIFI AppName/aweme app_version/23.4.0 ByteLocale/zh-CN Region/CN AppSkin/white AppTheme/light BytedanceWebview/d8a21c6 WebView/075113004008"
43.255.136.221 - - [03/Sep/2026:15:50:16 +0000] "POST /xmlrpc.php HTTP/1.1" 200 403 "-" "Jetpack by WordPress.com (Jetpack 13.0; WordPress 6.4)"
140.179.18.91 - - [03/Sep/2026:15:50:17 +0000] "GET /wp-content/themes/birch-trellis/assets/dist/css/main.1.0.0.css?ver=1.0.0 HTTP/1.1" 200 10942 "https://fortattooideas.com/small-wrist-tattoo-ideas/" "Mozilla/5.0 (Linux; Android 10; HD1900 Build/QKQ1.190716.003; wv) AppleWebKit/537.36 (KHTML, like Gecko) Version/4.0 Chrome/75.0.3770.156 Mobile Safari/537.36 aweme_230400 JsSdk/1.0 NetType/WIFI AppName/aweme app_version/23.4.0 ByteLocale/zh-CN Region/CN AppSkin/white AppTheme/light BytedanceWebview/d8a21c6 WebView/075113004008"
140.179.18.91 - - [03/Sep/2026:15:50:17 +0000] "GET /wp-includes/blocks/paragraph/style.min.css?ver=7.1 HTTP/1.1" 200 341 "https://fortattooideas.com/small-wrist-tattoo-ideas/" "Mozilla/5.0 (Linux; Android 10; HD1900 Build/QKQ1.190716.003; wv) AppleWebKit/537.36 (KHTML, like Gecko) Version/4.0 Chrome/75.0.3770.156 Mobile Safari/537.36 aweme_230400 JsSdk/1.0 NetType/WIFI AppName/aweme app_version/23.4.0 ByteLocale/zh-CN Region/CN AppSkin/white AppTheme/light BytedanceWebview/d8a21c6 WebView/075113004008"
140.179.18.91 - - [03/Sep/2026:15:50:17 +0000] "GET /wp-includes/blocks/heading/style.min.css?ver=7.1 HTTP/1.1" 200 211 "https://fortattooideas.com/small-wrist-tattoo-ideas/" "Mozilla/5.0 (Linux; Android 10; HD1900 Build/QKQ1.190716.003; wv) AppleWebKit/537.36 (KHTML, like Gecko) Version/4.0 Chrome/75.0.3770.156 Mobile Safari/537.36 aweme_230400 JsSdk/1.0 NetType/WIFI AppName/aweme app_version/23.4.0 ByteLocale/zh-CN Region/CN AppSkin/white AppTheme/light BytedanceWebview/d8a21c6 WebView/075113004008"
140.179.18.91 - - [03/Sep/2026:15:50:17 +0000] "GET /wp-content/plugins/mediavine-trellis-images/assets/dist/IO.0.7.1.js?ver=0.7.1 HTTP/1.1" 200 2456 "https://fortattooideas.com/small-wrist-tattoo-ideas/" "Mozilla/5.0 (Linux; Android 10; HD1900 Build/QKQ1.190716.003; wv) AppleWebKit/537.36 (KHTML, like Gecko) Version/4.0 Chrome/75.0.3770.156 Mobile Safari/537.36 aweme_230400 JsSdk/1.0 NetType/WIFI AppName/aweme app_version/23.4.0 ByteLocale/zh-CN Region/CN AppSkin/white AppTheme/light BytedanceWebview/d8a21c6 WebView/075113004008"
140.179.18.91 - - [03/Sep/2026:15:50:17 +0000] "GET /wp-includes/js/jquery/jquery-migrate.min.js?ver=3.4.1 HTTP/1.1" 200 4872 "https://fortattooideas.com/small-wrist-tattoo-ideas/" "Mozilla/5.0 (Linux; Android 10; HD1900 Build/QKQ1.190716.003; wv) AppleWebKit/537.36 (KHTML, like Gecko) Version/4.0 Chrome/75.0.3770.156 Mobile Safari/537.36 aweme_230400 JsSdk/1.0 NetType/WIFI AppName/aweme app_version/23.4.0 ByteLocale/zh-CN Region/CN AppSkin/white AppTheme/light BytedanceWebview/d8a21c6 WebView/075113004008"
140.179.18.91 - - [03/Sep/2026:15:50:17 +0000] "GET /wp-includes/js/jquery/jquery.min.js?ver=3.7.1 HTTP/1.1" 200 30368 "https://fortattooideas.com/small-wrist-tattoo-ideas/" "Mozilla/5.0 (Linux; Android 10; HD1900 Build/QKQ1.190716.003; wv) AppleWebKit/537.36 (KHTML, like Gecko) Version/4.0 Chrome/75.0.3770.156 Mobile Safari/537.36 aweme_230400 JsSdk/1.0 NetType/WIFI AppName/aweme app_version/23.4.0 ByteLocale/zh-CN Region/CN AppSkin/white AppTheme/light BytedanceWebview/d8a21c6 WebView/075113004008"
140.179.18.91 - - [03/Sep/2026:15:50:17 +0000] "GET /wp-content/plugins/mediavine-trellis-images/assets/dist/main.0.7.1.js?ver=0.7.1 HTTP/1.1" 200 4745 "https://fortattooideas.com/small-wrist-tattoo-ideas/" "Mozilla/5.0 (Linux; Android 10; HD1900 Build/QKQ1.190716.003; wv) AppleWebKit/537.36 (KHTML, like Gecko) Version/4.0 Chrome/75.0.3770.156 Mobile Safari/537.36 aweme_230400 JsSdk/1.0 NetType/WIFI AppName/aweme app_version/23.4.0 ByteLocale/zh-CN Region/CN AppSkin/white AppTheme/light BytedanceWebview/d8a21c6 WebView/075113004008"
140.179.18.91 - - [03/Sep/2026:15:50:17 +0000] "GET /wp-content/plugins/pinterest-pin-it-button-on-image-hover-and-post/js/main.js?ver=4.9 HTTP/1.1" 200 - "https://fortattooideas.com/small-wrist-tattoo-ideas/" "Mozilla/5.0 (Linux; Android 10; HD1900 Build/QKQ1.190716.003; wv) AppleWebKit/537.36 (KHTML, like Gecko) Version/4.0 Chrome/75.0.3770.156 Mobile Safari/537.36 aweme_230400 JsSdk/1.0 NetType/WIFI AppName/aweme app_version/23.4.0 ByteLocale/zh-CN Region/CN AppSkin/white AppTheme/light BytedanceWebview/d8a21c6 WebView/075113004008"
140.179.18.91 - - [03/Sep/2026:15:50:18 +0000] "GET /wp-content/plugins/pinterest-pin-it-button-on-image-hover-and-post/js/pinit.js HTTP/1.1" 200 383 "https://fortattooideas.com/small-wrist-tattoo-ideas/" "Mozilla/5.0 (Linux; Android 10; HD1900 Build/QKQ1.190716.003; wv) AppleWebKit/537.36 (KHTML, like Gecko) Version/4.0 Chrome/75.0.3770.156 Mobile Safari/537.36 aweme_230400 JsSdk/1.0 NetType/WIFI AppName/aweme app_version/23.4.0 ByteLocale/zh-CN Region/CN AppSkin/white AppTheme/light BytedanceWebview/d8a21c6 WebView/075113004008"
140.179.18.91 - - [03/Sep/2026:15:50:18 +0000] "GET /wp-content/themes/mediavine-trellis/assets/dist/main.0.18.1.js?ver=0.18.1 HTTP/1.1" 200 5513 "https://fortattooideas.com/small-wrist-tattoo-ideas/" "Mozilla/5.0 (Linux; Android 10; HD1900 Build/QKQ1.190716.003; wv) AppleWebKit/537.36 (KHTML, like Gecko) Version/4.0 Chrome/75.0.3770.156 Mobile Safari/537.36 aweme_230400 JsSdk/1.0 NetType/WIFI AppName/aweme app_version/23.4.0 ByteLocale/zh-CN Region/CN AppSkin/white AppTheme/light BytedanceWebview/d8a21c6 WebView/075113004008"
140.179.18.91 - - [03/Sep/2026:15:50:18 +0000] "GET /wp-content/uploads/2026/01/jd.tatz_1534137018_1844797481796418744_7509269763-768x661.jpg HTTP/1.1" 200 57906 "https://fortattooideas.com/small-wrist-tattoo-ideas/" "Mozilla/5.0 (Linux; Android 10; HD1900 Build/QKQ1.190716.003; wv) AppleWebKit/537.36 (KHTML, like Gecko) Version/4.0 Chrome/75.0.3770.156 Mobile Safari/537.36 aweme_230400 JsSdk/1.0 NetType/WIFI AppName/aweme app_version/23.4.0 ByteLocale/zh-CN Region/CN AppSkin/white AppTheme/light BytedanceWebview/d8a21c6 WebView/075113004008"
140.179.18.91 - - [03/Sep/2026:15:50:19 +0000] "GET /wp-content/themes/mediavine-trellis/assets/dist/sw.0.18.1.js HTTP/1.1" 200 467 "https://fortattooideas.com/small-wrist-tattoo-ideas/" "Mozilla/5.0 (Linux; Android 10; HD1900 Build/QKQ1.190716.003; wv) AppleWebKit/537.36 (KHTML, like Gecko) Version/4.0 Chrome/75.0.3770.156 Mobile Safari/537.36 aweme_230400 JsSdk/1.0 NetType/WIFI AppName/aweme app_version/23.4.0 ByteLocale/zh-CN Region/CN AppSkin/white AppTheme/light BytedanceWebview/d8a21c6 WebView/075113004008"
140.179.18.91 - - [03/Sep/2026:15:50:19 +0000] "GET /wp-content/uploads/2026/01/tattoos_by_lou_1488415444_1461257115099350111_3964076275.jpg HTTP/1.1" 200 41361 "https://fortattooideas.com/small-wrist-tattoo-ideas/" "Mozilla/5.0 (Linux; Android 10; HD1900 Build/QKQ1.190716.003; wv) AppleWebKit/537.36 (KHTML, like Gecko) Version/4.0 Chrome/75.0.3770.156 Mobile Safari/537.36 aweme_230400 JsSdk/1.0 NetType/WIFI AppName/aweme app_version/23.4.0 ByteLocale/zh-CN Region/CN AppSkin/white AppTheme/light BytedanceWebview/d8a21c6 WebView/075113004008"
140.179.18.91 - - [03/Sep/2026:15:50:18 +0000] "GET /wp-content/uploads/2026/01/tattoosbymikec_1684604945_3107013936699348189_21394241-768x960.jpg HTTP/1.1" 200 129184 "https://fortattooideas.com/small-wrist-tattoo-ideas/" "Mozilla/5.0 (Linux; Android 10; HD1900 Build/QKQ1.190716.003; wv) AppleWebKit/537.36 (KHTML, like Gecko) Version/4.0 Chrome/75.0.3770.156 Mobile Safari/537.36 aweme_230400 JsSdk/1.0 NetType/WIFI AppName/aweme app_version/23.4.0 ByteLocale/zh-CN Region/CN AppSkin/white AppTheme/light BytedanceWebview/d8a21c6 WebView/075113004008"
43.255.136.221 - - [03/Sep/2026:15:50:26 +0000] "POST /xmlrpc.php HTTP/1.1" 200 403 "-" "Jetpack/13.0; WordPress/6.3; http://site24825656.com"
43.255.136.221 - - [03/Sep/2026:15:50:37 +0000] "POST /xmlrpc.php HTTP/1.1" 200 403 "-" "Jetpack/12.5; WordPress/6.4; http://site73020880.com"
140.179.18.91 - - [03/Sep/2026:15:50:42 +0000] "GET /wp-content/uploads/2026/01/tattoosbymikec_1684604945_3107013936699348189_21394241-819x1024.jpg HTTP/1.1" 200 145711 "https://fortattooideas.com/small-wrist-tattoo-ideas/" "Mozilla/5.0 (Linux; Android 10; HD1900 Build/QKQ1.190716.003; wv) AppleWebKit/537.36 (KHTML, like Gecko) Version/4.0 Chrome/75.0.3770.156 Mobile Safari/537.36 aweme_230400 JsSdk/1.0 NetType/WIFI AppName/aweme app_version/23.4.0 ByteLocale/zh-CN Region/CN AppSkin/white AppTheme/light BytedanceWebview/d8a21c6 WebView/075113004008"
43.255.136.221 - - [03/Sep/2026:15:50:48 +0000] "POST /xmlrpc.php HTTP/1.1" 200 403 "-" "Jetpack by WordPress.com (Jetpack 12.5; WordPress 6.2)"
43.255.136.221 - - [03/Sep/2026:15:50:58 +0000] "POST /xmlrpc.php HTTP/1.1" 200 403 "-" "WordPress.com; https://wordpress.com"
43.255.136.221 - - [03/Sep/2026:15:51:08 +0000] "POST /xmlrpc.php HTTP/1.1" 200 403 "-" "Jetpack by WordPress.com (Jetpack 13.0; WordPress 6.4)"
43.255.136.221 - - [03/Sep/2026:15:51:19 +0000] "POST /xmlrpc.php HTTP/1.1" 200 403 "-" "Jetpack/13.0; WordPress/6.1; http://site14190226.com"
216.126.34.157 - - [03/Sep/2026:15:51:27 +0000] "GET /wp-content/uploads/2026/08/image-619-904x1200.png HTTP/1.1" 200 2498105 "https://images.search.yahoo.com/" "Mozilla/5.0 (Linux; Android 10; K) AppleWebKit/537.36 (KHTML, like Gecko) Chrome/152.0.0.0 Mobile Safari/537.36"
43.255.136.221 - - [03/Sep/2026:15:51:29 +0000] "POST /xmlrpc.php HTTP/1.1" 200 403 "-" "WordPress.com; https://wordpress.com"
43.255.136.221 - - [03/Sep/2026:15:51:40 +0000] "POST /xmlrpc.php HTTP/1.1" 200 403 "-" "Jetpack by WordPress.com"
43.255.136.221 - - [03/Sep/2026:15:51:50 +0000] "POST /xmlrpc.php HTTP/1.1" 200 403 "-" "Jetpack by WordPress.com (Jetpack 12.0; WordPress 6.2)"
43.255.136.221 - - [03/Sep/2026:15:52:01 +0000] "POST /xmlrpc.php HTTP/1.1" 200 403 "-" "Jetpack by WordPress.com"
43.255.136.221 - - [03/Sep/2026:15:52:11 +0000] "POST /xmlrpc.php HTTP/1.1" 200 403 "-" "Jetpack by WordPress.com (Jetpack 12.0; WordPress 6.2)"
43.255.136.221 - - [03/Sep/2026:15:52:22 +0000] "POST /xmlrpc.php HTTP/1.1" 200 403 "-" "Jetpack/12.1; WordPress/6.4; http://site38187580.com"
40.77.167.149 - - [03/Sep/2026:15:52:22 +0000] "GET /hairstyles-for-women-over-70/ HTTP/1.1" 200 21089 "-" "Mozilla/5.0 AppleWebKit/537.36 (KHTML, like Gecko; compatible; bingbot/2.0; +http://www.bing.com/bingbot.htm) Chrome/116.0.1938.76 Safari/537.36"
43.255.136.221 - - [03/Sep/2026:15:52:32 +0000] "POST /xmlrpc.php HTTP/1.1" 200 403 "-" "WordPress.com; https://wordpress.com"
43.255.136.221 - - [03/Sep/2026:15:52:42 +0000] "POST /xmlrpc.php HTTP/1.1" 200 403 "-" "Jetpack by WordPress.com"
43.255.136.221 - - [03/Sep/2026:15:52:53 +0000] "POST /xmlrpc.php HTTP/1.1" 200 403 "-" "Jetpack by WordPress.com"
43.255.136.221 - - [03/Sep/2026:15:53:03 +0000] "POST /xmlrpc.php HTTP/1.1" 200 403 "-" "Jetpack/12.0; WordPress/6.3; http://site12907906.com"
43.255.136.221 - - [03/Sep/2026:15:53:14 +0000] "POST /xmlrpc.php HTTP/1.1" 200 403 "-" "WordPress.com; https://wordpress.com"
43.255.136.221 - - [03/Sep/2026:15:53:24 +0000] "POST /xmlrpc.php HTTP/1.1" 200 403 "-" "WordPress.com; https://wordpress.com"
207.180.11.67 - - [03/Sep/2026:15:54:21 +0000] "GET /wp-content/uploads/2026/07/branflake_draws_1552565428_1999386183571177533_8532813925-1024x767.jpg%201024w,%20https://fortattooideas.com/wp-content/uploads/2026/07/branflake_draws_1552565428_1999386183571177533_8532813925-300x225.jpg%20300w,%20https://fortattooideas.com/wp-content/uploads/2026/07/branflake_draws_1552565428_1999386183571177533_8532813925-768x575.jpg%20768w,%20https://fortattooideas.com/wp-content/uploads/2026/07/branflake_draws_1552565428_1999386183571177533_8532813925-728x546.jpg%20728w,%20https://fortattooideas.com/wp-content/uploads/2026/07/branflake_draws_1552565428_1999386183571177533_8532813925-960x719.jpg%20960w,%20https://fortattooideas.com/wp-content/uploads/2026/07/branflake_draws_1552565428_1999386183571177533_8532813925.jpg%201080w HTTP/1.1" 301 - "https://fortattooideas.com/" "Mozilla/5.0 (Windows NT 10.0; Win64; x64) AppleWebKit/537.36 (KHTML, like Gecko) Chrome/116.0.0.0 Safari/537.36"
207.180.11.67 - - [03/Sep/2026:15:54:24 +0000] "GET /wp-content/uploads/2026/07/branflake_draws_1552565428_1999386183571177533_8532813925-1024x767.jpg%201024w,%20https:/fortattooideas.com/wp-content/uploads/2026/07/branflake_draws_1552565428_1999386183571177533_8532813925-300x225.jpg%20300w,%20https:/fortattooideas.com/wp-content/uploads/2026/07/branflake_draws_1552565428_1999386183571177533_8532813925-768x575.jpg%20768w,%20https:/fortattooideas.com/wp-content/uploads/2026/07/branflake_draws_1552565428_1999386183571177533_8532813925-728x546.jpg%20728w,%20https:/fortattooideas.com/wp-content/uploads/2026/07/branflake_draws_1552565428_1999386183571177533_8532813925-960x719.jpg%20960w,%20https:/fortattooideas.com/wp-content/uploads/2026/07/branflake_draws_1552565428_1999386183571177533_8532813925.jpg%201080w HTTP/1.1" 404 13820 "https://fortattooideas.com/" "Mozilla/5.0 (Windows NT 10.0; Win64; x64) AppleWebKit/537.36 (KHTML, like Gecko) Chrome/116.0.0.0 Safari/537.36"
197.185.223.161 - - [03/Sep/2026:15:54:32 +0000] "GET /wp-content/uploads/2026/07/branflake_draws_1552565428_1999386183571177533_8532813925-1024x767.jpg%201024w,%20https://fortattooideas.com/wp-content/uploads/2026/07/branflake_draws_1552565428_1999386183571177533_8532813925-300x225.jpg%20300w,%20https://fortattooideas.com/wp-content/uploads/2026/07/branflake_draws_1552565428_1999386183571177533_8532813925-768x575.jpg%20768w,%20https://fortattooideas.com/wp-content/uploads/2026/07/branflake_draws_1552565428_1999386183571177533_8532813925-728x546.jpg%20728w,%20https://fortattooideas.com/wp-content/uploads/2026/07/branflake_draws_1552565428_1999386183571177533_8532813925-960x719.jpg%20960w,%20https://fortattooideas.com/wp-content/uploads/2026/07/branflake_draws_1552565428_1999386183571177533_8532813925.jpg%201080w HTTP/1.1" 301 - "https://fortattooideas.com/" "Mozilla/5.0 (Windows NT 10.0; Win64; x64) AppleWebKit/537.36 (KHTML, like Gecko) Chrome/116.0.0.0 Safari/537.36"
156.211.7.161 - - [03/Sep/2026:15:54:35 +0000] "GET /wp-content/uploads/2026/07/branflake_draws_1552565428_1999386183571177533_8532813925-1024x767.jpg%201024w,%20https:/fortattooideas.com/wp-content/uploads/2026/07/branflake_draws_1552565428_1999386183571177533_8532813925-300x225.jpg%20300w,%20https:/fortattooideas.com/wp-content/uploads/2026/07/branflake_draws_1552565428_1999386183571177533_8532813925-768x575.jpg%20768w,%20https:/fortattooideas.com/wp-content/uploads/2026/07/branflake_draws_1552565428_1999386183571177533_8532813925-728x546.jpg%20728w,%20https:/fortattooideas.com/wp-content/uploads/2026/07/branflake_draws_1552565428_1999386183571177533_8532813925-960x719.jpg%20960w,%20https:/fortattooideas.com/wp-content/uploads/2026/07/branflake_draws_1552565428_1999386183571177533_8532813925.jpg%201080w HTTP/1.1" 404 13820 "https://fortattooideas.com/" "Mozilla/5.0 (Windows NT 10.0; Win64; x64) AppleWebKit/537.36 (KHTML, like Gecko) Chrome/116.0.0.0 Safari/537.36"
52.167.144.156 - - [03/Sep/2026:15:55:34 +0000] "GET /wp-content/uploads/2026/07/mr.hope_.studio_1697887314_3218434522646677169_10428490868-259x300.jpg HTTP/1.1" 200 9522 "-" "Mozilla/5.0 AppleWebKit/537.36 (KHTML, like Gecko; compatible; bingbot/2.0; +http://www.bing.com/bingbot.htm) Chrome/116.0.1938.76 Safari/537.36"
47.128.42.56 - - [03/Sep/2026:15:57:07 +0000] "GET /rip-tattoos/ HTTP/1.1" 200 21800 "-" "Mozilla/5.0 (Linux; Android 5.0) AppleWebKit/537.36 (KHTML, like Gecko) Mobile Safari/537.36 (compatible; Bytespider; spider-feedback@bytedance.com)"
34.90.14.192 - - [03/Sep/2026:15:57:23 +0000] "GET /turtle-tattoo-ideas HTTP/1.1" 301 - "-" "Mozilla/5.0 (Windows NT 6.3) AppleWebKit/537.36 (KHTML, like Gecko) Chrome/109.0.5414.168 Safari/537.36"
34.90.14.192 - - [03/Sep/2026:15:57:23 +0000] "GET /turtle-tattoo-ideas/ HTTP/1.1" 200 23016 "-" "Mozilla/5.0 (Windows NT 6.3) AppleWebKit/537.36 (KHTML, like Gecko) Chrome/109.0.5414.168 Safari/537.36"
86.41.150.132 - - [03/Sep/2026:15:57:24 +0000] "GET /bob-hairstyles-for-round-faces/ HTTP/1.1" 200 21568 "-" "Mozilla/5.0 (Macintosh; Intel Mac OS X 10_15_7) AppleWebKit/537.36 (KHTML, like Gecko) Chrome/146.0.0.0 Safari/537.36"
201.159.205.210 - - [03/Sep/2026:15:57:25 +0000] "GET /flattering-short-pixie-haircuts-for-fine-hair/ HTTP/1.1" 200 20739 "-" "Mozilla/5.0 (Macintosh; Intel Mac OS X 10_15_7) AppleWebKit/537.36 (KHTML, like Gecko) Chrome/146.0.0.0 Safari/537.36"
159.198.65.41 - - [03/Sep/2026:15:59:24 +0000] "POST /wp-cron.php?doing_wp_cron=1788451164.2347500324249267578125 HTTP/1.1" 200 - "-" "WordPress/7.1; https://fortattooideas.com"
52.167.144.156 - - [03/Sep/2026:15:59:22 +0000] "GET /feather-tattoo-ideas/ HTTP/1.1" 200 24933 "-" "Mozilla/5.0 AppleWebKit/537.36 (KHTML, like Gecko; compatible; bingbot/2.0; +http://www.bing.com/bingbot.htm) Chrome/116.0.1938.76 Safari/537.36"
