69.122.113.194 - - [03/Sep/2026:15:06:29 +0000] "GET /wp-includes/js/jquery/jquery-migrate.min.js?ver=3.4.1 HTTP/1.1" 200 4872 "https://fortattooideas.com/minimalist-finger-tattoo-ideas/" "Mozilla/5.0 (Linux; Android 10; K) AppleWebKit/537.36 (KHTML, like Gecko) Chrome/152.0.0.0 Mobile Safari/537.36"
69.122.113.194 - - [03/Sep/2026:15:06:29 +0000] "GET /wp-content/plugins/mediavine-trellis-images/assets/dist/main.0.7.1.js?ver=0.7.1 HTTP/1.1" 200 4745 "https://fortattooideas.com/minimalist-finger-tattoo-ideas/" "Mozilla/5.0 (Linux; Android 10; K) AppleWebKit/537.36 (KHTML, like Gecko) Chrome/152.0.0.0 Mobile Safari/537.36"
69.122.113.194 - - [03/Sep/2026:15:06:29 +0000] "GET /wp-content/plugins/pinterest-pin-it-button-on-image-hover-and-post/js/main.js?ver=4.9 HTTP/1.1" 200 - "https://fortattooideas.com/minimalist-finger-tattoo-ideas/" "Mozilla/5.0 (Linux; Android 10; K) AppleWebKit/537.36 (KHTML, like Gecko) Chrome/152.0.0.0 Mobile Safari/537.36"
69.122.113.194 - - [03/Sep/2026:15:06:29 +0000] "GET /wp-content/plugins/pinterest-pin-it-button-on-image-hover-and-post/js/pinit.js HTTP/1.1" 200 383 "https://fortattooideas.com/minimalist-finger-tattoo-ideas/" "Mozilla/5.0 (Linux; Android 10; K) AppleWebKit/537.36 (KHTML, like Gecko) Chrome/152.0.0.0 Mobile Safari/537.36"
69.122.113.194 - - [03/Sep/2026:15:06:29 +0000] "GET /wp-content/themes/mediavine-trellis/assets/dist/main.0.18.1.js?ver=0.18.1 HTTP/1.1" 200 5513 "https://fortattooideas.com/minimalist-finger-tattoo-ideas/" "Mozilla/5.0 (Linux; Android 10; K) AppleWebKit/537.36 (KHTML, like Gecko) Chrome/152.0.0.0 Mobile Safari/537.36"
69.122.113.194 - - [03/Sep/2026:15:06:29 +0000] "GET /wp-content/themes/mediavine-trellis/assets/dist/sw.0.18.1.js HTTP/1.1" 200 467 "https://fortattooideas.com/minimalist-finger-tattoo-ideas/" "Mozilla/5.0 (Linux; Android 10; K) AppleWebKit/537.36 (KHTML, like Gecko) Chrome/152.0.0.0 Mobile Safari/537.36"
69.122.113.194 - - [03/Sep/2026:15:06:29 +0000] "GET /wp-content/uploads/2026/01/yk_tatto_1748963891_3646895900090149658_60196619558-768x960.jpg HTTP/1.1" 200 48298 "https://fortattooideas.com/minimalist-finger-tattoo-ideas/" "Mozilla/5.0 (Linux; Android 10; K) AppleWebKit/537.36 (KHTML, like Gecko) Chrome/152.0.0.0 Mobile Safari/537.36"
69.122.113.194 - - [03/Sep/2026:15:06:32 +0000] "GET /manifest HTTP/1.1" 200 151 "https://fortattooideas.com/minimalist-finger-tattoo-ideas/" "Mozilla/5.0 (Linux; Android 10; K) AppleWebKit/537.36 (KHTML, like Gecko) Chrome/152.0.0.0 Mobile Safari/537.36"
74.119.117.214 - - [03/Sep/2026:15:06:35 +0000] "GET /robots.txt HTTP/1.1" 200 129 "-" "CriteoBot/0.1 (+https://www.criteo.com/criteo-crawler/)"
74.119.117.139 - - [03/Sep/2026:15:06:34 +0000] "GET /minimalist-finger-tattoo-ideas/robots.txt HTTP/1.1" 404 13659 "-" "CriteoBot/0.1 (+https://www.criteo.com/criteo-crawler/)"
74.119.117.233 - - [03/Sep/2026:15:06:35 +0000] "GET /ads.txt HTTP/1.1" 301 - "-" "CriteoBot/0.1 (+https://www.criteo.com/criteo-crawler/)"
74.119.117.171 - - [03/Sep/2026:15:06:35 +0000] "GET /minimalist-finger-tattoo-ideas/ HTTP/1.1" 200 20107 "-" "CriteoBot/0.1 (+https://www.criteo.com/criteo-crawler/)"
74.119.117.233 - - [03/Sep/2026:15:06:35 +0000] "GET /minimalist-finger-tattoo-ideas/ HTTP/1.1" 200 20107 "-" "CriteoBot/0.1 (+https://www.criteo.com/criteo-crawler/)"
74.119.117.144 - - [03/Sep/2026:15:06:35 +0000] "GET /minimalist-finger-tattoo-ideas/ HTTP/1.1" 200 20107 "-" "CriteoBot/0.1 (+https://www.criteo.com/criteo-crawler/)"
54.209.245.79 - - [03/Sep/2026:15:06:35 +0000] "GET /wp-content/uploads/2026/07/saffronfowlertattoos.x_1677780790_3049768777210519238_3976105308.jpg HTTP/1.1" 200 99686 "-" "MediavineImageTransform/1.0"
92.204.248.55 - - [03/Sep/2026:15:06:56 +0000] "GET /minimalist-finger-tattoo-ideas HTTP/1.1" 301 - "-" "ias-ie/3.3 (former https://www.admantx.com + https://integralads.com/about-ias/)"
92.204.248.55 - - [03/Sep/2026:15:06:56 +0000] "GET /minimalist-finger-tattoo-ideas/ HTTP/1.1" 200 20108 "-" "ias-ie/3.3 (former https://www.admantx.com + https://integralads.com/about-ias/)"
69.122.113.194 - - [03/Sep/2026:15:06:59 +0000] "GET /wp-content/uploads/2026/01/ogiegabutentattoo_1580311434_2232136555756294231_11841286764-768x960.jpg HTTP/1.1" 200 55514 "https://fortattooideas.com/minimalist-finger-tattoo-ideas/" "Mozilla/5.0 (Linux; Android 10; K) AppleWebKit/537.36 (KHTML, like Gecko) Chrome/152.0.0.0 Mobile Safari/537.36"
69.122.113.194 - - [03/Sep/2026:15:07:01 +0000] "GET /wp-content/uploads/2026/01/flo.tattoo_1730105021_3488696234590928142_7133919319-1-768x960.jpg HTTP/1.1" 200 41641 "https://fortattooideas.com/minimalist-finger-tattoo-ideas/" "Mozilla/5.0 (Linux; Android 10; K) AppleWebKit/537.36 (KHTML, like Gecko) Chrome/152.0.0.0 Mobile Safari/537.36"
34.245.103.136 - - [03/Sep/2026:15:07:03 +0000] "GET /minimalist-finger-tattoo-ideas/ HTTP/1.1" 200 20107 "-" "Mozilla/5.0 (Windows NT 10.0; Win64; x64) AppleWebKit/537.36 (KHTML, like Gecko) Chrome/124.0.0.0 Safari/537.36"
69.122.113.194 - - [03/Sep/2026:15:07:06 +0000] "GET /wp-content/uploads/2026/01/simstattoo08_1617356096_2542889698029106531_13330403267-768x960.jpg HTTP/1.1" 200 91622 "https://fortattooideas.com/minimalist-finger-tattoo-ideas/" "Mozilla/5.0 (Linux; Android 10; K) AppleWebKit/537.36 (KHTML, like Gecko) Chrome/152.0.0.0 Mobile Safari/537.36"
69.122.113.194 - - [03/Sep/2026:15:07:14 +0000] "GET /wp-content/uploads/2026/01/erkan.ink_1743334864_3599676206328324119_62740929469-768x960.jpg HTTP/1.1" 200 79968 "https://fortattooideas.com/minimalist-finger-tattoo-ideas/" "Mozilla/5.0 (Linux; Android 10; K) AppleWebKit/537.36 (KHTML, like Gecko) Chrome/152.0.0.0 Mobile Safari/537.36"
54.173.202.200 - - [03/Sep/2026:15:07:16 +0000] "GET /minimalist-finger-tattoo-ideas/ HTTP/1.1" 200 20106 "-" "Mozilla/5.0 (compatible; proximic; +https://www.comscore.com/Web-Crawler)"
69.122.113.194 - - [03/Sep/2026:15:07:17 +0000] "GET /wp-content/uploads/2026/01/sb__ink_1726317590_3456924965088798221_5442942120-768x960.jpg HTTP/1.1" 200 141606 "https://fortattooideas.com/minimalist-finger-tattoo-ideas/" "Mozilla/5.0 (Linux; Android 10; K) AppleWebKit/537.36 (KHTML, like Gecko) Chrome/152.0.0.0 Mobile Safari/537.36"
69.122.113.194 - - [03/Sep/2026:15:07:25 +0000] "GET /wp-content/uploads/2026/01/venom.bodyart_1685152756_3111609304587070908_50255481706-728x728.jpg HTTP/1.1" 200 72300 "https://fortattooideas.com/minimalist-finger-tattoo-ideas/" "Mozilla/5.0 (Linux; Android 10; K) AppleWebKit/537.36 (KHTML, like Gecko) Chrome/152.0.0.0 Mobile Safari/537.36"
74.50.88.154 - - [03/Sep/2026:15:07:31 +0000] "GET / HTTP/1.1" 200 14346 "-" "colly - https://github.com/gocolly/colly"
69.122.113.194 - - [03/Sep/2026:15:07:35 +0000] "GET /wp-content/uploads/2026/01/naotattoos_1471655369_1320663420462267827_286562586-728x728.jpg HTTP/1.1" 200 96949 "https://fortattooideas.com/minimalist-finger-tattoo-ideas/" "Mozilla/5.0 (Linux; Android 10; K) AppleWebKit/537.36 (KHTML, like Gecko) Chrome/152.0.0.0 Mobile Safari/537.36"
69.122.113.194 - - [03/Sep/2026:15:07:37 +0000] "GET /wp-content/uploads/2026/01/dear.sxphie_1747059650_3630921968935070922_182011169-728x728.jpg HTTP/1.1" 200 23889 "https://fortattooideas.com/minimalist-finger-tattoo-ideas/" "Mozilla/5.0 (Linux; Android 10; K) AppleWebKit/537.36 (KHTML, like Gecko) Chrome/152.0.0.0 Mobile Safari/537.36"
40.77.167.2 - - [03/Sep/2026:15:07:40 +0000] "GET /wp-content/uploads/2026/07/amtattoo_art_1758204084_3724408258577670254_913601103.jpg HTTP/1.1" 200 302536 "-" "Mozilla/5.0 AppleWebKit/537.36 (KHTML, like Gecko; compatible; bingbot/2.0; +http://www.bing.com/bingbot.htm) Chrome/116.0.1938.76 Safari/537.36"
69.122.113.194 - - [03/Sep/2026:15:07:41 +0000] "GET /wp-content/uploads/2026/01/kria_porto_1663687216_2931543210058138676_53889927819-768x948.jpg HTTP/1.1" 200 75604 "https://fortattooideas.com/minimalist-finger-tattoo-ideas/" "Mozilla/5.0 (Linux; Android 10; K) AppleWebKit/537.36 (KHTML, like Gecko) Chrome/152.0.0.0 Mobile Safari/537.36"
159.198.65.41 - - [03/Sep/2026:15:07:52 +0000] "POST /wp-cron.php?doing_wp_cron=1788448072.7768990993499755859375 HTTP/1.1" 200 - "-" "WordPress/7.1; https://fortattooideas.com"
44.199.118.85 - - [03/Sep/2026:15:07:52 +0000] "GET /ads.txt HTTP/1.1" 301 - "-" "Trade Desk ads.txt & sellers.json crawler"
69.122.113.194 - - [03/Sep/2026:15:07:53 +0000] "GET /wp-content/uploads/2026/01/tigerlily_arts_1507581267_1622031694760490052_261206182-2-546x728.jpg HTTP/1.1" 200 52648 "https://fortattooideas.com/minimalist-finger-tattoo-ideas/" "Mozilla/5.0 (Linux; Android 10; K) AppleWebKit/537.36 (KHTML, like Gecko) Chrome/152.0.0.0 Mobile Safari/537.36"
32.192.222.185 - - [03/Sep/2026:15:07:53 +0000] "GET /wp-content/uploads/2026/07/electrogiraffe_1700948430_3244113024803765088_47634313.webp HTTP/1.1" 200 108892 "-" "MediavineImageTransform/1.0"
98.84.6.108 - - [03/Sep/2026:15:07:53 +0000] "GET /wp-content/uploads/2026/01/julesboho.tattoo_1764579656_3777890326796247521_271323680.jpg HTTP/1.1" 200 249665 "-" "MediavineImageTransform/1.0"
18.207.100.98 - - [03/Sep/2026:15:07:53 +0000] "GET /wp-content/uploads/2026/07/angryowltattoo_1723962227_3437166742419298524_39413072638.jpg HTTP/1.1" 200 401097 "-" "MediavineImageTransform/1.0"
69.122.113.194 - - [03/Sep/2026:15:08:00 +0000] "GET /wp-content/uploads/2026/01/burnedheartstattoos_1748030095_3639062658592295981_35876667444-546x728.jpg HTTP/1.1" 200 70475 "https://fortattooideas.com/minimalist-finger-tattoo-ideas/" "Mozilla/5.0 (Linux; Android 10; K) AppleWebKit/537.36 (KHTML, like Gecko) Chrome/152.0.0.0 Mobile Safari/537.36"
204.15.208.40 - - [03/Sep/2026:15:08:59 +0000] "GET /minimalist-finger-tattoo-ideas HTTP/1.1" 301 - "-" "peer39_crawler/1.0"
204.15.208.34 - - [03/Sep/2026:15:09:00 +0000] "GET /minimalist-finger-tattoo-ideas HTTP/1.1" 301 - "-" "peer39_crawler/1.0"
204.15.208.34 - - [03/Sep/2026:15:09:00 +0000] "GET /minimalist-finger-tattoo-ideas/ HTTP/1.1" 200 20107 "-" "peer39_crawler/1.0"
54.86.66.252 - - [03/Sep/2026:15:09:17 +0000] "GET /minimalist-finger-tattoo-ideas/ HTTP/1.1" 200 20107 "-" "Mozilla/5.0 (Macintosh; Intel Mac OS X 10_10_1) AppleWebKit/600.1.25 (KHTML, like Gecko) Version/8.0 Safari/600.1.25"
40.77.167.156 - - [03/Sep/2026:15:09:21 +0000] "GET /wp-content/uploads/2026/07/lillijudetattoo_1747331563_3633202946905590139_45203626276.jpg HTTP/1.1" 200 218241 "-" "Mozilla/5.0 AppleWebKit/537.36 (KHTML, like Gecko; compatible; bingbot/2.0; +http://www.bing.com/bingbot.htm) Chrome/116.0.1938.76 Safari/537.36"
52.167.144.206 - - [03/Sep/2026:15:10:46 +0000] "GET /wp-content/uploads/2026/07/kaibirutattoo_1546316283_1946964558188282074_991928465-1024x1024.jpg HTTP/1.1" 200 189431 "-" "Mozilla/5.0 AppleWebKit/537.36 (KHTML, like Gecko; compatible; bingbot/2.0; +http://www.bing.com/bingbot.htm) Chrome/116.0.1938.76 Safari/537.36"
159.198.65.41 - - [03/Sep/2026:15:10:54 +0000] "POST /wp-cron.php?doing_wp_cron=1788448254.0192179679870605468750 HTTP/1.1" 200 - "-" "WordPress/7.1; https://fortattooideas.com"
3.143.240.176 - - [03/Sep/2026:15:10:52 +0000] "GET /ads.txt HTTP/1.1" 301 - "-" "-"
52.167.144.206 - - [03/Sep/2026:15:11:25 +0000] "GET /wp-content/uploads/2026/07/jmean_tattuss_1747662799_3635981554993196708_74115065039-1200x1200.jpg HTTP/1.1" 200 148152 "-" "Mozilla/5.0 AppleWebKit/537.36 (KHTML, like Gecko; compatible; bingbot/2.0; +http://www.bing.com/bingbot.htm) Chrome/116.0.1938.76 Safari/537.36"
37.76.4.118 - - [03/Sep/2026:15:11:43 +0000] "GET /wp-content/uploads/2026/08/image-704-723x960.png HTTP/1.1" 200 1316947 "-" "Mozilla/5.0 (compatible; MSIE 9.0; Windows NT 6.1; Trident/3.0)"
173.239.53.95 - - [03/Sep/2026:15:11:47 +0000] "GET /robots.txt HTTP/1.1" 200 129 "-" "Mozilla/5.0 (compatible; AdkernelTopicCrawler/1.0; +http://adkernel.com/robot/)"
173.239.53.95 - - [03/Sep/2026:15:11:48 +0000] "GET / HTTP/1.1" 200 14346 "-" "Mozilla/5.0 (compatible; AdkernelTopicCrawler/1.0; +http://adkernel.com/robot/)"
34.187.24.77 - - [03/Sep/2026:15:12:48 +0000] "GET /minimalist-finger-tattoo-ideas HTTP/1.1" 301 - "-" "Mozilla/5.0 (X11; CrOS x86_64 14541.0.0) AppleWebKit/537.36 (KHTML, like Gecko) Chrome/142.0.0.0 Safari/537.36"
34.187.24.77 - - [03/Sep/2026:15:12:49 +0000] "GET /minimalist-finger-tattoo-ideas/ HTTP/1.1" 200 20107 "-" "Mozilla/5.0 (X11; CrOS x86_64 14541.0.0) AppleWebKit/537.36 (KHTML, like Gecko) Chrome/142.0.0.0 Safari/537.36"
40.77.167.241 - - [03/Sep/2026:15:13:25 +0000] "GET /memorial-tattoo-ideas/ HTTP/1.1" 200 20151 "-" "Mozilla/5.0 AppleWebKit/537.36 (KHTML, like Gecko; compatible; bingbot/2.0; +http://www.bing.com/bingbot.htm) Chrome/116.0.1938.76 Safari/537.36"
159.198.65.41 - - [03/Sep/2026:15:15:56 +0000] "POST /wp-cron.php?doing_wp_cron=1788448556.9312949180603027343750 HTTP/1.1" 200 - "-" "WordPress/7.1; https://fortattooideas.com"
47.128.120.2 - - [03/Sep/2026:15:15:55 +0000] "GET /collarbone-tattoo-ideas/ HTTP/1.1" 200 20217 "-" "Mozilla/5.0 (Linux; Android 5.0) AppleWebKit/537.36 (KHTML, like Gecko) Mobile Safari/537.36 (compatible; TikTokSpider; ttspider-feedback@tiktok.com)"
47.128.120.2 - - [03/Sep/2026:15:15:57 +0000] "GET /wp-content/uploads/2026/01/tattoosbyhailey_1763693735_3770458787028253218_44919768766-360x480.jpg HTTP/1.1" 206 500 "https://fortattooideas.com/collarbone-tattoo-ideas/" "Mozilla/5.0 (Linux; Android 5.0) AppleWebKit/537.36 (KHTML, like Gecko) Mobile Safari/537.36 (compatible; TikTokSpider; ttspider-feedback@tiktok.com)"
47.128.120.2 - - [03/Sep/2026:15:15:57 +0000] "GET /wp-content/uploads/2026/01/tattooer_intat_1753409864_3684191430670486135_1559380933-768x960.jpg HTTP/1.1" 206 500 "https://fortattooideas.com/collarbone-tattoo-ideas/" "Mozilla/5.0 (Linux; Android 5.0) AppleWebKit/537.36 (KHTML, like Gecko) Mobile Safari/537.36 (compatible; TikTokSpider; ttspider-feedback@tiktok.com)"
47.128.120.2 - - [03/Sep/2026:15:15:57 +0000] "GET /wp-content/uploads/2026/01/tattoosbyhailey_1763693735_3770458787028253218_44919768766-360x480.jpg HTTP/1.1" 304 - "https://fortattooideas.com/collarbone-tattoo-ideas/" "Mozilla/5.0 (Linux; Android 5.0) AppleWebKit/537.36 (KHTML, like Gecko) Mobile Safari/537.36 (compatible; TikTokSpider; ttspider-feedback@tiktok.com)"
47.128.120.2 - - [03/Sep/2026:15:15:58 +0000] "GET /wp-content/uploads/2026/01/tattoosbyhailey_1763693735_3770458787028253218_44919768766-360x480.jpg HTTP/1.1" 206 21786 "https://fortattooideas.com/collarbone-tattoo-ideas/" "Mozilla/5.0 (Linux; Android 5.0) AppleWebKit/537.36 (KHTML, like Gecko) Mobile Safari/537.36 (compatible; TikTokSpider; ttspider-feedback@tiktok.com)"
172.240.46.231 - - [03/Sep/2026:15:16:01 +0000] "GET /ads.txt HTTP/1.1" 301 - "-" "Mozilla/5.0 (Macintosh; Intel Mac OS X 10_15_7) AppleWebKit/537.36 (KHTML, like Gecko) Chrome/128.0.0.0 Safari/537.36"
156.59.198.135 - - [03/Sep/2026:15:18:25 +0000] "GET /wp-content/uploads/2026/08/image-76-771x1024.png HTTP/1.1" 200 1976877 "https://fortattooideas.com/shoulder-length-hairstyles-for-women-over-40/" "Mozilla/5.0 (Linux; Android 5.0) AppleWebKit/537.36 (KHTML, like Gecko) Mobile Safari/537.36 (compatible; Bytespider; spider-feedback@bytedance.com)"
159.198.65.41 - - [03/Sep/2026:15:20:06 +0000] "POST /wp-cron.php?doing_wp_cron=1788448806.8754699230194091796875 HTTP/1.1" 200 - "-" "WordPress/7.1; https://fortattooideas.com"
93.123.109.53 - - [03/Sep/2026:15:20:05 +0000] "GET /toolbox-resource/../serverconfig.xml HTTP/1.1" 404 13705 "-" "Mozilla/5.0 (Windows NT 10.0; Win64; x64) AppleWebKit/537.36 (KHTML, like Gecko) Chrome/51.0.2704.79 Safari/537.36 Edge/14.14393"
156.59.198.135 - - [03/Sep/2026:15:21:41 +0000] "GET /wp-content/uploads/2026/08/image-85-771x1024.png HTTP/1.1" 200 2001382 "https://fortattooideas.com/shoulder-length-hairstyles-for-women-over-40/" "Mozilla/5.0 (Linux; Android 5.0) AppleWebKit/537.36 (KHTML, like Gecko) Mobile Safari/537.36 (compatible; Bytespider; spider-feedback@bytedance.com)"
74.7.228.11 - - [03/Sep/2026:15:22:11 +0000] "GET /robots.txt HTTP/1.1" 200 129 "http://fortattooideas.com.forthewardrobe.com/robots.txt" "Mozilla/5.0 (Macintosh; Intel Mac OS X 10_15_7) AppleWebKit/537.36 (KHTML, like Gecko) Chrome/131.0.0.0 Safari/537.36; compatible; OAI-SearchBot/1.4; robots.txt; +https://openai.com/searchbot"
159.198.65.41 - - [03/Sep/2026:15:22:12 +0000] "POST /wp-cron.php?doing_wp_cron=1788448932.3279540538787841796875 HTTP/1.1" 200 - "-" "WordPress/7.1; https://fortattooideas.com"
74.7.175.155 - - [03/Sep/2026:15:22:11 +0000] "GET /robots.txt HTTP/1.1" 301 - "-" "Mozilla/5.0 (Macintosh; Intel Mac OS X 10_15_7) AppleWebKit/537.36 (KHTML, like Gecko) Chrome/131.0.0.0 Safari/537.36; compatible; OAI-SearchBot/1.4; robots.txt; +https://openai.com/searchbot"
74.7.175.155 - - [03/Sep/2026:15:22:12 +0000] "GET /robots.txt HTTP/1.1" 200 129 "https://www.fortattooideas.com/robots.txt" "Mozilla/5.0 (Macintosh; Intel Mac OS X 10_15_7) AppleWebKit/537.36 (KHTML, like Gecko) Chrome/131.0.0.0 Safari/537.36; compatible; OAI-SearchBot/1.4; robots.txt; +https://openai.com/searchbot"
74.7.228.11 - - [03/Sep/2026:15:22:13 +0000] "GET /robots.txt HTTP/1.1" 200 129 "-" "Mozilla/5.0 (Macintosh; Intel Mac OS X 10_15_7) AppleWebKit/537.36 (KHTML, like Gecko) Chrome/131.0.0.0 Safari/537.36; compatible; OAI-SearchBot/1.4; robots.txt; +https://openai.com/searchbot"
74.7.242.8 - - [03/Sep/2026:15:22:13 +0000] "GET /wp-content/uploads/2025/12/sincerelyctattoos_1754348176_3692062556928168000_46235565801.jpg HTTP/1.1" 200 1108485 "http://fortattooideas.com.forthewardrobe.com" "Mozilla/5.0 AppleWebKit/537.36 (KHTML, like Gecko; compatible; GPTBot/1.4; +https://openai.com/gptbot)"
74.7.241.168 - - [03/Sep/2026:15:22:13 +0000] "GET /robots.txt HTTP/1.1" 200 129 "http://fortattooideas.com/robots.txt" "Mozilla/5.0 (Macintosh; Intel Mac OS X 10_15_7) AppleWebKit/537.36 (KHTML, like Gecko) Chrome/131.0.0.0 Safari/537.36; compatible; OAI-SearchBot/1.4; robots.txt; +https://openai.com/searchbot"
74.7.242.8 - - [03/Sep/2026:15:22:16 +0000] "GET /wp-includes/blocks/paragraph/style.min.css HTTP/1.1" 200 341 "http://fortattooideas.com.forthewardrobe.com" "Mozilla/5.0 AppleWebKit/537.36 (KHTML, like Gecko; compatible; GPTBot/1.4; +https://openai.com/gptbot)"
74.7.175.172 - - [03/Sep/2026:15:22:17 +0000] "GET /robots.txt HTTP/1.1" 200 129 "http://mail.fortattooideas.com/robots.txt" "Mozilla/5.0 (Macintosh; Intel Mac OS X 10_15_7) AppleWebKit/537.36 (KHTML, like Gecko) Chrome/131.0.0.0 Safari/537.36; compatible; OAI-SearchBot/1.4; robots.txt; +https://openai.com/searchbot"
74.7.230.61 - - [03/Sep/2026:15:22:17 +0000] "GET /robots.txt HTTP/1.1" 200 129 "http://www.fortattooideas.com.forthewardrobe.com/robots.txt" "Mozilla/5.0 (Macintosh; Intel Mac OS X 10_15_7) AppleWebKit/537.36 (KHTML, like Gecko) Chrome/131.0.0.0 Safari/537.36; compatible; OAI-SearchBot/1.4; robots.txt; +https://openai.com/searchbot"
74.7.242.8 - - [03/Sep/2026:15:22:18 +0000] "GET /delicate-tattoo-ideas/ HTTP/1.1" 200 20123 "http://fortattooideas.com.forthewardrobe.com" "Mozilla/5.0 AppleWebKit/537.36 (KHTML, like Gecko; compatible; GPTBot/1.4; +https://openai.com/gptbot)"
74.7.242.8 - - [03/Sep/2026:15:22:20 +0000] "GET /wp-content/uploads/2025/12/little.tattoos_1514050018_1676295507843992748_1381501335.jpg HTTP/1.1" 200 44772 "http://fortattooideas.com.forthewardrobe.com" "Mozilla/5.0 AppleWebKit/537.36 (KHTML, like Gecko; compatible; GPTBot/1.4; +https://openai.com/gptbot)"
74.7.242.8 - - [03/Sep/2026:15:22:22 +0000] "GET /wp-content/themes/mediavine-trellis/assets/dist/vendors_loadComments.0.18.1.js HTTP/1.1" 200 9995 "http://fortattooideas.com.forthewardrobe.com" "Mozilla/5.0 AppleWebKit/537.36 (KHTML, like Gecko; compatible; GPTBot/1.4; +https://openai.com/gptbot)"
74.7.242.8 - - [03/Sep/2026:15:22:24 +0000] "GET /wp-content/uploads/2025/12/gem__ink_1758609437_3727808611776317206_57160012714.jpg HTTP/1.1" 200 412767 "http://fortattooideas.com.forthewardrobe.com" "Mozilla/5.0 AppleWebKit/537.36 (KHTML, like Gecko; compatible; GPTBot/1.4; +https://openai.com/gptbot)"
74.7.242.8 - - [03/Sep/2026:15:22:26 +0000] "GET /wp-content/uploads/2025/12/inkerella_tattoo_1748972210_3646965685799623357_63123667404.jpg HTTP/1.1" 200 298990 "http://fortattooideas.com.forthewardrobe.com" "Mozilla/5.0 AppleWebKit/537.36 (KHTML, like Gecko; compatible; GPTBot/1.4; +https://openai.com/gptbot)"
74.7.242.8 - - [03/Sep/2026:15:22:28 +0000] "GET /wp-login.php HTTP/1.1" 200 2377 "http://fortattooideas.com.forthewardrobe.com" "Mozilla/5.0 AppleWebKit/537.36 (KHTML, like Gecko; compatible; GPTBot/1.4; +https://openai.com/gptbot)"
74.7.242.8 - - [03/Sep/2026:15:22:30 +0000] "GET /wp-includes/blocks/heading/style.min.css HTTP/1.1" 200 211 "http://fortattooideas.com.forthewardrobe.com" "Mozilla/5.0 AppleWebKit/537.36 (KHTML, like Gecko; compatible; GPTBot/1.4; +https://openai.com/gptbot)"
47.128.42.234 - - [03/Sep/2026:15:22:30 +0000] "GET /dreamcatcher-tattoo-ideas/ HTTP/1.1" 200 24258 "-" "Mozilla/5.0 (Linux; Android 5.0) AppleWebKit/537.36 (KHTML, like Gecko) Mobile Safari/537.36 (compatible; Bytespider; spider-feedback@bytedance.com)"
47.128.42.234 - - [03/Sep/2026:15:22:31 +0000] "GET /wp-content/uploads/2026/07/default_blue_tt_1762257600_3758242212913022058_41151831343-360x480.jpg HTTP/1.1" 206 500 "https://fortattooideas.com/dreamcatcher-tattoo-ideas/" "Mozilla/5.0 (Linux; Android 5.0) AppleWebKit/537.36 (KHTML, like Gecko) Mobile Safari/537.36 (compatible; Bytespider; spider-feedback@bytedance.com)"
74.7.242.8 - - [03/Sep/2026:15:22:32 +0000] "GET /small-star-tattoo-ideas/ HTTP/1.1" 200 20485 "http://fortattooideas.com.forthewardrobe.com" "Mozilla/5.0 AppleWebKit/537.36 (KHTML, like Gecko; compatible; GPTBot/1.4; +https://openai.com/gptbot)"
74.7.242.8 - - [03/Sep/2026:15:22:34 +0000] "GET /wp-content/uploads/2026/01/rockyg_inkz_1723844901_3436182542159010386_3298833-360x480.jpg HTTP/1.1" 200 24191 "http://fortattooideas.com.forthewardrobe.com" "Mozilla/5.0 AppleWebKit/537.36 (KHTML, like Gecko; compatible; GPTBot/1.4; +https://openai.com/gptbot)"
74.7.242.8 - - [03/Sep/2026:15:22:36 +0000] "GET /wp-content/uploads/2026/01/joeytatt2_1719292560_3397994737633583414_59887954940.jpg HTTP/1.1" 200 888190 "http://fortattooideas.com.forthewardrobe.com" "Mozilla/5.0 AppleWebKit/537.36 (KHTML, like Gecko; compatible; GPTBot/1.4; +https://openai.com/gptbot)"
74.7.242.8 - - [03/Sep/2026:15:22:38 +0000] "GET /wp-content/uploads/2025/12/keerthana_167__1748764180_3645220603200560554_40958277602-1.jpg HTTP/1.1" 200 308124 "http://fortattooideas.com.forthewardrobe.com" "Mozilla/5.0 AppleWebKit/537.36 (KHTML, like Gecko; compatible; GPTBot/1.4; +https://openai.com/gptbot)"
74.7.242.8 - - [03/Sep/2026:15:22:40 +0000] "GET /wp-content/uploads/2025/12/tattoos.by_.arii_1752845944_3679460928064233143_51217046320.jpg HTTP/1.1" 200 215580 "http://fortattooideas.com.forthewardrobe.com" "Mozilla/5.0 AppleWebKit/537.36 (KHTML, like Gecko; compatible; GPTBot/1.4; +https://openai.com/gptbot)"
34.138.190.130 - - [03/Sep/2026:15:22:42 +0000] "GET /robots.txt HTTP/1.1" 200 129 "-" "Mozilla/5.0 (Windows NT 6.3;compatible; Leikibot/1.0; +http://www.leiki.com)"
74.7.242.8 - - [03/Sep/2026:15:22:42 +0000] "GET /wp-content/uploads/2026/07/yonder.tattoo_1757156697_3715622142169312646_49786289787.jpg HTTP/1.1" 200 435977 "http://fortattooideas.com.forthewardrobe.com" "Mozilla/5.0 AppleWebKit/537.36 (KHTML, like Gecko; compatible; GPTBot/1.4; +https://openai.com/gptbot)"
34.138.190.130 - - [03/Sep/2026:15:22:43 +0000] "GET /minimalist-finger-tattoo-ideas/ HTTP/1.1" 200 20107 "-" "Mozilla/5.0 (Windows NT 6.3;compatible; Leikibot/1.0; +http://www.leiki.com)"
74.7.242.8 - - [03/Sep/2026:15:22:44 +0000] "GET /wp-content/uploads/2026/01/foret_tattoo_1754750860_3695440520664776490_45415397287.jpg HTTP/1.1" 200 954963 "http://fortattooideas.com.forthewardrobe.com" "Mozilla/5.0 AppleWebKit/537.36 (KHTML, like Gecko; compatible; GPTBot/1.4; +https://openai.com/gptbot)"
74.7.242.8 - - [03/Sep/2026:15:22:47 +0000] "GET /wp-content/uploads/2026/07/nello.ttt_1758995200_3731044621297164114_61920323478.jpg HTTP/1.1" 200 713214 "http://fortattooideas.com.forthewardrobe.com" "Mozilla/5.0 AppleWebKit/537.36 (KHTML, like Gecko; compatible; GPTBot/1.4; +https://openai.com/gptbot)"
74.7.242.8 - - [03/Sep/2026:15:22:49 +0000] "GET /wp-content/uploads/2026/07/angryowltattoo_1723962227_3437166742419298524_39413072638.jpg HTTP/1.1" 200 401097 "http://fortattooideas.com.forthewardrobe.com" "Mozilla/5.0 AppleWebKit/537.36 (KHTML, like Gecko; compatible; GPTBot/1.4; +https://openai.com/gptbot)"
74.7.242.8 - - [03/Sep/2026:15:22:51 +0000] "GET /wp-content/uploads/2025/12/paranoid_tattoo_1656999606_2875443565867525254_4187553157.jpg HTTP/1.1" 200 222866 "http://fortattooideas.com.forthewardrobe.com" "Mozilla/5.0 AppleWebKit/537.36 (KHTML, like Gecko; compatible; GPTBot/1.4; +https://openai.com/gptbot)"
74.7.242.8 - - [03/Sep/2026:15:22:53 +0000] "GET /wp-content/uploads/2025/12/meadows.tattoos_1762824888_3763170373438142455_58653017479.jpg HTTP/1.1" 200 315610 "http://fortattooideas.com.forthewardrobe.com" "Mozilla/5.0 AppleWebKit/537.36 (KHTML, like Gecko; compatible; GPTBot/1.4; +https://openai.com/gptbot)"
74.7.242.8 - - [03/Sep/2026:15:22:55 +0000] "GET /wp-content/uploads/2025/12/fabio_nembo__1748453514_3642614554717870028_39135169176.jpg HTTP/1.1" 200 984633 "http://fortattooideas.com.forthewardrobe.com" "Mozilla/5.0 AppleWebKit/537.36 (KHTML, like Gecko; compatible; GPTBot/1.4; +https://openai.com/gptbot)"
74.7.242.8 - - [03/Sep/2026:15:22:57 +0000] "GET /wp-content/uploads/2025/12/saulg_art_1752199728_3674040076071110810_36779073.jpg HTTP/1.1" 200 473762 "http://fortattooideas.com.forthewardrobe.com" "Mozilla/5.0 AppleWebKit/537.36 (KHTML, like Gecko; compatible; GPTBot/1.4; +https://openai.com/gptbot)"
74.7.242.8 - - [03/Sep/2026:15:22:59 +0000] "GET /wp-content/uploads/2025/12/mayflowerink_1675271079_3028715790110414965_24182951.jpg HTTP/1.1" 200 477245 "http://fortattooideas.com.forthewardrobe.com" "Mozilla/5.0 AppleWebKit/537.36 (KHTML, like Gecko; compatible; GPTBot/1.4; +https://openai.com/gptbot)"
47.128.42.31 - - [03/Sep/2026:15:23:00 +0000] "GET /birth-year-tattoo-ideas/ HTTP/1.1" 200 24063 "-" "Mozilla/5.0 (Linux; Android 5.0) AppleWebKit/537.36 (KHTML, like Gecko) Mobile Safari/537.36 (compatible; Bytespider; spider-feedback@bytedance.com)"
74.7.242.8 - - [03/Sep/2026:15:23:01 +0000] "GET /wp-content/uploads/2025/12/e.ple_tattoo_1758201032_3724382657158741761_32750200883.jpg HTTP/1.1" 200 883320 "http://fortattooideas.com.forthewardrobe.com" "Mozilla/5.0 AppleWebKit/537.36 (KHTML, like Gecko; compatible; GPTBot/1.4; +https://openai.com/gptbot)"
47.128.42.31 - - [03/Sep/2026:15:23:02 +0000] "GET /wp-content/uploads/2026/07/rockyrizzotattoo_1710008973_3320118370689289224_56422252789-768x960.jpg HTTP/1.1" 206 500 "https://fortattooideas.com/birth-year-tattoo-ideas/" "Mozilla/5.0 (Linux; Android 5.0) AppleWebKit/537.36 (KHTML, like Gecko) Mobile Safari/537.36 (compatible; Bytespider; spider-feedback@bytedance.com)"
47.128.42.31 - - [03/Sep/2026:15:23:02 +0000] "GET /wp-content/uploads/2026/07/emrys.tattoo.service_1759189500_3731244242963440197_58517518889-768x960.jpg HTTP/1.1" 206 500 "https://fortattooideas.com/birth-year-tattoo-ideas/" "Mozilla/5.0 (Linux; Android 5.0) AppleWebKit/537.36 (KHTML, like Gecko) Mobile Safari/537.36 (compatible; Bytespider; spider-feedback@bytedance.com)"
74.7.242.8 - - [03/Sep/2026:15:23:03 +0000] "GET /wp-content/uploads/2025/12/inkedbeautybymaggie_1757082127_3714996602529517233_2220812740.jpg HTTP/1.1" 200 194113 "http://fortattooideas.com.forthewardrobe.com" "Mozilla/5.0 AppleWebKit/537.36 (KHTML, like Gecko; compatible; GPTBot/1.4; +https://openai.com/gptbot)"
74.7.242.8 - - [03/Sep/2026:15:23:05 +0000] "GET /wp-content/uploads/2025/12/maria_eduarda_tattoo_artist_1760282300_3741841598569808883_943908918.jpg HTTP/1.1" 200 374501 "http://fortattooideas.com.forthewardrobe.com" "Mozilla/5.0 AppleWebKit/537.36 (KHTML, like Gecko; compatible; GPTBot/1.4; +https://openai.com/gptbot)"
74.7.242.8 - - [03/Sep/2026:15:23:07 +0000] "GET /wp-content/uploads/2025/12/emiliaxtattoo_1709138912_3312819765199846113_58116751354-819x1024.jpg HTTP/1.1" 200 59997 "http://fortattooideas.com.forthewardrobe.com" "Mozilla/5.0 AppleWebKit/537.36 (KHTML, like Gecko; compatible; GPTBot/1.4; +https://openai.com/gptbot)"
74.7.242.8 - - [03/Sep/2026:15:23:09 +0000] "GET /wp-content/uploads/2025/12/tattooer_jina_1765629999_3786701351171598958_6586041011.jpg HTTP/1.1" 200 517854 "http://fortattooideas.com.forthewardrobe.com" "Mozilla/5.0 AppleWebKit/537.36 (KHTML, like Gecko; compatible; GPTBot/1.4; +https://openai.com/gptbot)"
74.7.242.8 - - [03/Sep/2026:15:23:11 +0000] "GET /wp-content/uploads/2025/12/renaldo_tattoo_1674426463_3021630643096709621_5946064525.jpg HTTP/1.1" 200 149063 "http://fortattooideas.com.forthewardrobe.com" "Mozilla/5.0 AppleWebKit/537.36 (KHTML, like Gecko; compatible; GPTBot/1.4; +https://openai.com/gptbot)"
74.7.242.8 - - [03/Sep/2026:15:23:13 +0000] "GET /wp-content/uploads/2025/12/ma_tattoo_bangalore_1733819089_3519852098611457557_9790201125.webp HTTP/1.1" 200 164755 "http://fortattooideas.com.forthewardrobe.com" "Mozilla/5.0 AppleWebKit/537.36 (KHTML, like Gecko; compatible; GPTBot/1.4; +https://openai.com/gptbot)"
74.7.242.8 - - [03/Sep/2026:15:23:15 +0000] "GET /wp-content/uploads/2025/12/tattoosbydoug_1735518401_3534106962436085255_2746277111.jpg HTTP/1.1" 200 453724 "http://fortattooideas.com.forthewardrobe.com" "Mozilla/5.0 AppleWebKit/537.36 (KHTML, like Gecko; compatible; GPTBot/1.4; +https://openai.com/gptbot)"
74.7.242.8 - - [03/Sep/2026:15:23:17 +0000] "GET /wp-content/uploads/2026/08/image-305-904x1200.png HTTP/1.1" 200 2609676 "http://fortattooideas.com.forthewardrobe.com" "Mozilla/5.0 AppleWebKit/537.36 (KHTML, like Gecko; compatible; GPTBot/1.4; +https://openai.com/gptbot)"
40.77.167.130 - - [03/Sep/2026:15:23:19 +0000] "GET /wp-content/uploads/2026/07/vanya.ink_1708165189_3304651586708304804_11379960598-960x1200.jpg HTTP/1.1" 200 116135 "-" "Mozilla/5.0 AppleWebKit/537.36 (KHTML, like Gecko; compatible; bingbot/2.0; +http://www.bing.com/bingbot.htm) Chrome/116.0.1938.76 Safari/537.36"
74.7.242.8 - - [03/Sep/2026:15:23:20 +0000] "GET /wp-content/uploads/2026/08/image-619-768x1019.png HTTP/1.1" 200 1815669 "http://fortattooideas.com.forthewardrobe.com" "Mozilla/5.0 AppleWebKit/537.36 (KHTML, like Gecko; compatible; GPTBot/1.4; +https://openai.com/gptbot)"
74.7.242.8 - - [03/Sep/2026:15:23:22 +0000] "GET /wp-content/uploads/2026/08/image-335-904x1200.png HTTP/1.1" 200 2664000 "http://fortattooideas.com.forthewardrobe.com" "Mozilla/5.0 AppleWebKit/537.36 (KHTML, like Gecko; compatible; GPTBot/1.4; +https://openai.com/gptbot)"
74.7.242.8 - - [03/Sep/2026:15:23:24 +0000] "GET /wp-content/uploads/2026/08/image-604-771x1024.png HTTP/1.1" 200 1890115 "http://fortattooideas.com.forthewardrobe.com" "Mozilla/5.0 AppleWebKit/537.36 (KHTML, like Gecko; compatible; GPTBot/1.4; +https://openai.com/gptbot)"
159.198.65.41 - - [03/Sep/2026:15:23:27 +0000] "POST /wp-cron.php?doing_wp_cron=1788449007.2895450592041015625000 HTTP/1.1" 200 - "-" "WordPress/7.1; https://fortattooideas.com"
74.7.242.8 - - [03/Sep/2026:15:23:27 +0000] "GET /formal-hairstyles-for-medium-length-hair/ HTTP/1.1" 200 21315 "http://fortattooideas.com.forthewardrobe.com" "Mozilla/5.0 AppleWebKit/537.36 (KHTML, like Gecko; compatible; GPTBot/1.4; +https://openai.com/gptbot)"
74.7.242.8 - - [03/Sep/2026:15:23:29 +0000] "GET /wp-content/uploads/2026/08/image-619-723x960.png HTTP/1.1" 200 1616187 "http://fortattooideas.com.forthewardrobe.com" "Mozilla/5.0 AppleWebKit/537.36 (KHTML, like Gecko; compatible; GPTBot/1.4; +https://openai.com/gptbot)"
74.7.242.8 - - [03/Sep/2026:15:23:32 +0000] "GET /wp-content/uploads/2026/07/mohmayatattoos_1720501051_3408132300481736839_65385988500.jpg HTTP/1.1" 200 444021 "http://fortattooideas.com.forthewardrobe.com" "Mozilla/5.0 AppleWebKit/537.36 (KHTML, like Gecko; compatible; GPTBot/1.4; +https://openai.com/gptbot)"
74.7.242.8 - - [03/Sep/2026:15:23:34 +0000] "GET /wp-content/uploads/2025/12/melisabodurman_1760104433_3740349542920168626_1350521007.jpg HTTP/1.1" 200 334648 "http://fortattooideas.com.forthewardrobe.com" "Mozilla/5.0 AppleWebKit/537.36 (KHTML, like Gecko; compatible; GPTBot/1.4; +https://openai.com/gptbot)"
74.7.242.8 - - [03/Sep/2026:15:23:36 +0000] "GET /wp-content/uploads/2026/08/image-357-814x1080.png HTTP/1.1" 200 2292618 "http://fortattooideas.com.forthewardrobe.com" "Mozilla/5.0 AppleWebKit/537.36 (KHTML, like Gecko; compatible; GPTBot/1.4; +https://openai.com/gptbot)"
74.7.242.8 - - [03/Sep/2026:15:23:39 +0000] "GET /wp-content/uploads/2026/08/image-317.png HTTP/1.1" 200 2288153 "http://fortattooideas.com.forthewardrobe.com" "Mozilla/5.0 AppleWebKit/537.36 (KHTML, like Gecko; compatible; GPTBot/1.4; +https://openai.com/gptbot)"
74.7.242.8 - - [03/Sep/2026:15:23:42 +0000] "GET /medium-length-hairstyles-for-women-with-oval-faces/ HTTP/1.1" 200 20982 "http://fortattooideas.com.forthewardrobe.com" "Mozilla/5.0 AppleWebKit/537.36 (KHTML, like Gecko; compatible; GPTBot/1.4; +https://openai.com/gptbot)"
74.7.242.8 - - [03/Sep/2026:15:23:44 +0000] "GET /wp-content/uploads/2025/12/emiliaxtattoo_1709138912_3312819765199846113_58116751354.jpg HTTP/1.1" 200 134576 "http://fortattooideas.com.forthewardrobe.com" "Mozilla/5.0 AppleWebKit/537.36 (KHTML, like Gecko; compatible; GPTBot/1.4; +https://openai.com/gptbot)"
74.7.242.8 - - [03/Sep/2026:15:23:46 +0000] "GET /cute-half-up-half-down-hairstyles/ HTTP/1.1" 200 20319 "http://fortattooideas.com.forthewardrobe.com" "Mozilla/5.0 AppleWebKit/537.36 (KHTML, like Gecko; compatible; GPTBot/1.4; +https://openai.com/gptbot)"
74.7.242.8 - - [03/Sep/2026:15:23:49 +0000] "GET /wp-content/uploads/2026/01/ana_too22_1742946767_3596420612371025618_63483420992-360x480.jpg HTTP/1.1" 200 27090 "http://fortattooideas.com.forthewardrobe.com" "Mozilla/5.0 AppleWebKit/537.36 (KHTML, like Gecko; compatible; GPTBot/1.4; +https://openai.com/gptbot)"
74.7.242.8 - - [03/Sep/2026:15:23:51 +0000] "GET /easy-work-hairstyles-for-medium-hair/ HTTP/1.1" 200 21530 "http://fortattooideas.com.forthewardrobe.com" "Mozilla/5.0 AppleWebKit/537.36 (KHTML, like Gecko; compatible; GPTBot/1.4; +https://openai.com/gptbot)"
74.7.242.8 - - [03/Sep/2026:15:23:53 +0000] "GET /wp-content/uploads/2026/08/image-619-814x1080.png HTTP/1.1" 200 2035658 "http://fortattooideas.com.forthewardrobe.com" "Mozilla/5.0 AppleWebKit/537.36 (KHTML, like Gecko; compatible; GPTBot/1.4; +https://openai.com/gptbot)"
74.7.242.8 - - [03/Sep/2026:15:23:56 +0000] "GET /wp-content/uploads/2026/08/image-619-904x1200.png HTTP/1.1" 200 2498105 "http://fortattooideas.com.forthewardrobe.com" "Mozilla/5.0 AppleWebKit/537.36 (KHTML, like Gecko; compatible; GPTBot/1.4; +https://openai.com/gptbot)"
74.7.242.8 - - [03/Sep/2026:15:23:58 +0000] "GET /wp-content/uploads/2026/08/image-618-904x1200.png HTTP/1.1" 200 2457612 "http://fortattooideas.com.forthewardrobe.com" "Mozilla/5.0 AppleWebKit/537.36 (KHTML, like Gecko; compatible; GPTBot/1.4; +https://openai.com/gptbot)"
74.7.242.8 - - [03/Sep/2026:15:24:01 +0000] "GET /wp-content/uploads/2025/12/caroline.beautificstudios_1747087270_3631153664104571239_68171800131.jpg HTTP/1.1" 200 387474 "http://fortattooideas.com.forthewardrobe.com" "Mozilla/5.0 AppleWebKit/537.36 (KHTML, like Gecko; compatible; GPTBot/1.4; +https://openai.com/gptbot)"
74.7.242.8 - - [03/Sep/2026:15:24:03 +0000] "GET /wp-content/uploads/2025/12/tattooboutiquelarissa_1737495568_3550692640206880859_8914965411.jpg HTTP/1.1" 200 527925 "http://fortattooideas.com.forthewardrobe.com" "Mozilla/5.0 AppleWebKit/537.36 (KHTML, like Gecko; compatible; GPTBot/1.4; +https://openai.com/gptbot)"
74.7.242.8 - - [03/Sep/2026:15:24:05 +0000] "GET /small-minimalist-rose-tattoo-ideas/ HTTP/1.1" 200 20283 "http://fortattooideas.com.forthewardrobe.com" "Mozilla/5.0 AppleWebKit/537.36 (KHTML, like Gecko; compatible; GPTBot/1.4; +https://openai.com/gptbot)"
74.7.242.8 - - [03/Sep/2026:15:24:08 +0000] "GET /matching-sibling-tattoo-ideas/ HTTP/1.1" 200 24178 "http://fortattooideas.com.forthewardrobe.com" "Mozilla/5.0 AppleWebKit/537.36 (KHTML, like Gecko; compatible; GPTBot/1.4; +https://openai.com/gptbot)"
74.7.242.8 - - [03/Sep/2026:15:24:10 +0000] "GET /cursive-tattoo-design-ideas/ HTTP/1.1" 200 19980 "http://fortattooideas.com.forthewardrobe.com" "Mozilla/5.0 AppleWebKit/537.36 (KHTML, like Gecko; compatible; GPTBot/1.4; +https://openai.com/gptbot)"
74.7.242.8 - - [03/Sep/2026:15:24:12 +0000] "GET /wp-admin/ HTTP/1.1" 302 - "http://fortattooideas.com.forthewardrobe.com" "Mozilla/5.0 AppleWebKit/537.36 (KHTML, like Gecko; compatible; GPTBot/1.4; +https://openai.com/gptbot)"
74.7.242.8 - - [03/Sep/2026:15:24:14 +0000] "GET /celestial-tattoo-design-ideas/ HTTP/1.1" 200 20404 "http://fortattooideas.com.forthewardrobe.com" "Mozilla/5.0 AppleWebKit/537.36 (KHTML, like Gecko; compatible; GPTBot/1.4; +https://openai.com/gptbot)"
74.7.242.8 - - [03/Sep/2026:15:24:16 +0000] "GET /minimalist-finger-tattoo-ideas/ HTTP/1.1" 200 20111 "http://fortattooideas.com.forthewardrobe.com" "Mozilla/5.0 AppleWebKit/537.36 (KHTML, like Gecko; compatible; GPTBot/1.4; +https://openai.com/gptbot)"
74.7.242.8 - - [03/Sep/2026:15:24:18 +0000] "GET /dragonfly-tattoo-ideas/ HTTP/1.1" 200 25070 "http://fortattooideas.com.forthewardrobe.com" "Mozilla/5.0 AppleWebKit/537.36 (KHTML, like Gecko; compatible; GPTBot/1.4; +https://openai.com/gptbot)"
74.7.242.8 - - [03/Sep/2026:15:24:20 +0000] "GET /subtle-text-tattoo-ideas/ HTTP/1.1" 200 20370 "http://fortattooideas.com.forthewardrobe.com" "Mozilla/5.0 AppleWebKit/537.36 (KHTML, like Gecko; compatible; GPTBot/1.4; +https://openai.com/gptbot)"
74.7.242.8 - - [03/Sep/2026:15:24:23 +0000] "GET /resilience-tattoo-ideas/ HTTP/1.1" 200 24630 "http://fortattooideas.com.forthewardrobe.com" "Mozilla/5.0 AppleWebKit/537.36 (KHTML, like Gecko; compatible; GPTBot/1.4; +https://openai.com/gptbot)"
74.7.242.8 - - [03/Sep/2026:15:24:25 +0000] "GET /short-shag-haircuts-for-women-over-50/ HTTP/1.1" 200 20687 "http://fortattooideas.com.forthewardrobe.com" "Mozilla/5.0 AppleWebKit/537.36 (KHTML, like Gecko; compatible; GPTBot/1.4; +https://openai.com/gptbot)"
74.7.242.8 - - [03/Sep/2026:15:24:27 +0000] "GET /brother-tattoo-ideas/ HTTP/1.1" 200 21560 "http://fortattooideas.com.forthewardrobe.com" "Mozilla/5.0 AppleWebKit/537.36 (KHTML, like Gecko; compatible; GPTBot/1.4; +https://openai.com/gptbot)"
74.7.242.8 - - [03/Sep/2026:15:24:29 +0000] "GET /wp-admin/admin-ajax.php HTTP/1.1" 400 21 "http://fortattooideas.com.forthewardrobe.com" "Mozilla/5.0 AppleWebKit/537.36 (KHTML, like Gecko; compatible; GPTBot/1.4; +https://openai.com/gptbot)"
74.7.242.8 - - [03/Sep/2026:15:24:31 +0000] "GET /wp-includes/images/w-logo-gray-white-bg.png HTTP/1.1" 200 3241 "http://fortattooideas.com.forthewardrobe.com" "Mozilla/5.0 AppleWebKit/537.36 (KHTML, like Gecko; compatible; GPTBot/1.4; +https://openai.com/gptbot)"
74.7.242.8 - - [03/Sep/2026:15:24:33 +0000] "GET /wp-json/oembed/1.0/embed HTTP/1.1" 400 114 "http://fortattooideas.com.forthewardrobe.com" "Mozilla/5.0 AppleWebKit/537.36 (KHTML, like Gecko; compatible; GPTBot/1.4; +https://openai.com/gptbot)"
74.7.242.8 - - [03/Sep/2026:15:24:35 +0000] "GET /wp-content/themes/mediavine-trellis/assets/dist/sw.0.18.1.js HTTP/1.1" 200 467 "http://fortattooideas.com.forthewardrobe.com" "Mozilla/5.0 AppleWebKit/537.36 (KHTML, like Gecko; compatible; GPTBot/1.4; +https://openai.com/gptbot)"
74.7.242.8 - - [03/Sep/2026:15:24:37 +0000] "GET /wp-content/mvt-js/1/6a76c27036f54bb48ed9bc3294c5d172.min.js HTTP/1.1" 200 4716 "http://fortattooideas.com.forthewardrobe.com" "Mozilla/5.0 AppleWebKit/537.36 (KHTML, like Gecko; compatible; GPTBot/1.4; +https://openai.com/gptbot)"
74.7.242.8 - - [03/Sep/2026:15:24:38 +0000] "GET /wp-content/themes/mediavine-trellis/assets/dist/vendors_loadComments.0.18.1.js.map HTTP/1.1" 200 10105 "http://fortattooideas.com.forthewardrobe.com" "Mozilla/5.0 AppleWebKit/537.36 (KHTML, like Gecko; compatible; GPTBot/1.4; +https://openai.com/gptbot)"
74.7.242.8 - - [03/Sep/2026:15:24:40 +0000] "GET /contact-us/ HTTP/1.1" 200 12034 "http://fortattooideas.com.forthewardrobe.com" "Mozilla/5.0 AppleWebKit/537.36 (KHTML, like Gecko; compatible; GPTBot/1.4; +https://openai.com/gptbot)"
74.7.242.8 - - [03/Sep/2026:15:24:42 +0000] "GET /wp-content/themes/mediavine-trellis/assets/dist/loadComments.0.18.1.js HTTP/1.1" 200 7681 "http://fortattooideas.com.forthewardrobe.com" "Mozilla/5.0 AppleWebKit/537.36 (KHTML, like Gecko; compatible; GPTBot/1.4; +https://openai.com/gptbot)"
74.7.242.8 - - [03/Sep/2026:15:24:44 +0000] "GET /wp-json/wp/v2/comments HTTP/1.1" 200 22 "http://fortattooideas.com.forthewardrobe.com" "Mozilla/5.0 AppleWebKit/537.36 (KHTML, like Gecko; compatible; GPTBot/1.4; +https://openai.com/gptbot)"
104.196.68.64 - - [03/Sep/2026:15:24:45 +0000] "GET /wp-content/uploads/2026/01/dear.sxphie_1747059650_3630921968935070922_182011169.jpg HTTP/1.1" 200 127395 "-" "Mozilla/5.0 (X11; Linux x86_64) AppleWebKit/537.36 (KHTML, like Gecko) Chrome/88.0.4324.96 Safari/537.36 (compatible; DoubleVerifyBot/1.1; +http://www.doubleverify.com)"
74.7.242.8 - - [03/Sep/2026:15:24:46 +0000] "GET /wp-content/themes/mediavine-trellis/assets/dist/loadComments.0.18.1.css HTTP/1.1" 200 1476 "http://fortattooideas.com.forthewardrobe.com" "Mozilla/5.0 AppleWebKit/537.36 (KHTML, like Gecko; compatible; GPTBot/1.4; +https://openai.com/gptbot)"
74.7.242.8 - - [03/Sep/2026:15:24:48 +0000] "GET /wp-content/themes/mediavine-trellis/assets/dist/sw.0.18.1.js.map HTTP/1.1" 200 517 "http://fortattooideas.com.forthewardrobe.com" "Mozilla/5.0 AppleWebKit/537.36 (KHTML, like Gecko; compatible; GPTBot/1.4; +https://openai.com/gptbot)"
74.7.242.8 - - [03/Sep/2026:15:24:50 +0000] "GET /wp-content/themes/mediavine-trellis/assets/dist/loadComments.0.18.1.js.map HTTP/1.1" 200 7793 "http://fortattooideas.com.forthewardrobe.com" "Mozilla/5.0 AppleWebKit/537.36 (KHTML, like Gecko; compatible; GPTBot/1.4; +https://openai.com/gptbot)"
159.198.65.41 - - [03/Sep/2026:15:27:25 +0000] "POST /wp-cron.php?doing_wp_cron=1788449245.8186340332031250000000 HTTP/1.1" 200 - "-" "WordPress/7.1; https://fortattooideas.com"
43.255.136.221 - - [03/Sep/2026:15:27:24 +0000] "POST /xmlrpc.php HTTP/1.1" 200 403 "-" "Jetpack by WordPress.com (Jetpack 12.0; WordPress 6.1)"
43.255.136.221 - - [03/Sep/2026:15:27:34 +0000] "POST /xmlrpc.php HTTP/1.1" 200 403 "-" "Jetpack by WordPress.com (Jetpack 12.0; WordPress 6.2)"
43.255.136.221 - - [03/Sep/2026:15:27:45 +0000] "POST /xmlrpc.php HTTP/1.1" 200 403 "-" "Jetpack/13.0; WordPress/6.2; http://site14441282.com"
202.58.64.68 - - [03/Sep/2026:15:27:52 +0000] "GET /wp-content/uploads/2026/08/image-702-768x1019.png HTTP/1.1" 200 1847128 "-" "Mozilla/5.0 (iPhone; CPU iPhone OS 3_1_3 like Mac OS X) AppleWebKit/535.0 (KHTML, like Gecko) FxiOS/15.9o7905.0 Mobile/51H491 Safari/535.0"
43.255.136.221 - - [03/Sep/2026:15:27:55 +0000] "POST /xmlrpc.php HTTP/1.1" 200 403 "-" "Jetpack by WordPress.com (Jetpack 13.0; WordPress 6.3)"
43.255.136.221 - - [03/Sep/2026:15:28:06 +0000] "POST /xmlrpc.php HTTP/1.1" 200 403 "-" "Jetpack by WordPress.com"
51.81.110.48 - - [03/Sep/2026:15:28:14 +0000] "GET /small-quote-tattoo-aesthetic-ideas/feed/ HTTP/1.1" 200 464 "-" "Mozilla/5.0 (compatible; AhrefsBot/7.0; +http://ahrefs.com/robot/)"
43.255.136.221 - - [03/Sep/2026:15:28:16 +0000] "POST /xmlrpc.php HTTP/1.1" 200 403 "-" "Jetpack by WordPress.com"
43.255.136.221 - - [03/Sep/2026:15:28:27 +0000] "POST /xmlrpc.php HTTP/1.1" 200 403 "-" "Jetpack by WordPress.com (Jetpack 12.5; WordPress 6.3)"
43.255.136.221 - - [03/Sep/2026:15:28:37 +0000] "POST /xmlrpc.php HTTP/1.1" 200 403 "-" "WordPress.com; https://wordpress.com"
57.141.2.34 - - [03/Sep/2026:15:28:47 +0000] "GET /neck-tattoo-ideas/ HTTP/1.1" 200 24155 "-" "Mozilla/5.0 (Windows NT 10.0; Win64; x64) AppleWebKit/537.36 (KHTML, like Gecko) Chrome/145.0.0.0 Safari/537.36 Edg/145.0.0.0 (compatible; meta-externalagent/1.1 (+https://developers.facebook.com/docs/sharing/webmasters/crawler))"
43.255.136.221 - - [03/Sep/2026:15:28:47 +0000] "POST /xmlrpc.php HTTP/1.1" 200 403 "-" "WordPress.com; https://wordpress.com"
43.255.136.221 - - [03/Sep/2026:15:28:58 +0000] "POST /xmlrpc.php HTTP/1.1" 200 403 "-" "Jetpack/13.0; WordPress/6.3; http://site17097156.com"
3.217.171.106 - - [03/Sep/2026:15:29:05 +0000] "GET /wp-content/uploads/2026/07/rebirthtattooss_1758338100_3725532494612918628_7899312349-225x300.jpg HTTP/1.1" 200 10224 "-" "Mozilla/5.0 AppleWebKit/537.36 (KHTML, like Gecko; compatible; Amazonbot/0.1; +https://developer.amazon.com/support/amazonbot) Chrome/119.0.6045.214 Safari/537.36"
43.255.136.221 - - [03/Sep/2026:15:29:08 +0000] "POST /xmlrpc.php HTTP/1.1" 200 403 "-" "Jetpack by WordPress.com"
51.68.111.240 - - [03/Sep/2026:15:29:13 +0000] "GET /robots.txt HTTP/1.1" 200 129 "-" "Mozilla/5.0 (compatible; MJ12bot/v2.0.5; http://mj12bot.com/)"
51.68.111.240 - - [03/Sep/2026:15:29:13 +0000] "GET / HTTP/1.1" 200 14346 "-" "Mozilla/5.0 (compatible; MJ12bot/v2.0.5; http://mj12bot.com/)"
107.189.14.87 - - [03/Sep/2026:15:29:16 +0000] "GET / HTTP/1.1" 200 78921 "-" "Mozilla/5.0 (Windows NT 10.0; Win64; x64) AppleWebKit/537.36 (KHTML, like Gecko) Edge/120.0.0.0 Safari/537.36"
43.255.136.221 - - [03/Sep/2026:15:29:19 +0000] "POST /xmlrpc.php HTTP/1.1" 200 403 "-" "WordPress.com; https://wordpress.com"
107.189.14.87 - - [03/Sep/2026:15:29:22 +0000] "POST /?rest_route=/batch/v1&_r=e4166e98 HTTP/1.1" 207 16 "https://fortattooideas.com/wp-admin/" "Mozilla/5.0 (Windows NT 10.0; Win64; x64) AppleWebKit/537.36 (KHTML, like Gecko) Edge/120.0.0.0 Safari/537.36"
107.189.14.87 - - [03/Sep/2026:15:29:23 +0000] "POST /?rest_route=/batch/v1&_r=f4e0c8c2 HTTP/1.1" 207 634 "https://fortattooideas.com/wp-admin/" "Mozilla/5.0 (Windows NT 10.0; Win64; x64) AppleWebKit/537.36 (KHTML, like Gecko) Edge/120.0.0.0 Safari/537.36"
107.189.14.87 - - [03/Sep/2026:15:29:24 +0000] "POST /?rest_route=/batch/v1&_r=56146d27 HTTP/1.1" 207 414 "https://fortattooideas.com/wp-admin/" "Mozilla/5.0 (Windows NT 10.0; Win64; x64) AppleWebKit/537.36 (KHTML, like Gecko) Edge/120.0.0.0 Safari/537.36"
43.255.136.221 - - [03/Sep/2026:15:29:29 +0000] "POST /xmlrpc.php HTTP/1.1" 200 403 "-" "Jetpack by WordPress.com (Jetpack 12.0; WordPress 6.1)"
43.255.136.221 - - [03/Sep/2026:15:29:40 +0000] "POST /xmlrpc.php HTTP/1.1" 200 403 "-" "WordPress.com; https://wordpress.com"
159.198.65.41 - - [03/Sep/2026:15:29:50 +0000] "POST /wp-cron.php?doing_wp_cron=1788449390.9458129405975341796875 HTTP/1.1" 200 - "-" "WordPress/7.1; https://fortattooideas.com"
43.255.136.221 - - [03/Sep/2026:15:29:50 +0000] "POST /xmlrpc.php HTTP/1.1" 200 403 "-" "WordPress.com; https://wordpress.com"
43.255.136.221 - - [03/Sep/2026:15:30:01 +0000] "POST /xmlrpc.php HTTP/1.1" 200 403 "-" "Jetpack by WordPress.com"
43.255.136.221 - - [03/Sep/2026:15:30:11 +0000] "POST /xmlrpc.php HTTP/1.1" 200 403 "-" "WordPress.com; https://wordpress.com"
57.141.2.39 - - [03/Sep/2026:15:30:13 +0000] "GET /angel-tattoo-ideas/ HTTP/1.1" 200 23784 "-" "Mozilla/5.0 (Windows NT 10.0; Win64; x64) AppleWebKit/537.36 (KHTML, like Gecko) Chrome/145.0.0.0 Safari/537.36 (compatible; meta-externalagent/1.1 (+https://developers.facebook.com/docs/sharing/webmasters/crawler))"
43.255.136.221 - - [03/Sep/2026:15:30:22 +0000] "POST /xmlrpc.php HTTP/1.1" 200 403 "-" "Jetpack by WordPress.com"
43.255.136.221 - - [03/Sep/2026:15:30:32 +0000] "POST /xmlrpc.php HTTP/1.1" 200 403 "-" "Jetpack by WordPress.com (Jetpack 12.0; WordPress 6.2)"
98.82.40.168 - - [03/Sep/2026:15:30:37 +0000] "GET /wp-content/uploads/2026/07/erikespinozac_1708561188_3307973464487825093_183997147-300x300.jpg HTTP/1.1" 200 12572 "-" "Mozilla/5.0 AppleWebKit/537.36 (KHTML, like Gecko; compatible; Amazonbot/0.1; +https://developer.amazon.com/support/amazonbot) Chrome/119.0.6045.214 Safari/537.36"
159.198.65.41 - - [03/Sep/2026:15:30:43 +0000] "POST /wp-cron.php?doing_wp_cron=1788449443.2209990024566650390625 HTTP/1.1" 200 - "-" "WordPress/7.1; https://fortattooideas.com"
43.255.136.221 - - [03/Sep/2026:15:30:43 +0000] "POST /xmlrpc.php HTTP/1.1" 200 403 "-" "Jetpack/13.0; WordPress/6.2; http://site63525437.com"
43.255.136.221 - - [03/Sep/2026:15:30:53 +0000] "POST /xmlrpc.php HTTP/1.1" 200 403 "-" "WordPress.com; https://wordpress.com"
43.255.136.221 - - [03/Sep/2026:15:31:04 +0000] "POST /xmlrpc.php HTTP/1.1" 200 403 "-" "Jetpack by WordPress.com"
43.255.136.221 - - [03/Sep/2026:15:31:14 +0000] "POST /xmlrpc.php HTTP/1.1" 200 403 "-" "Jetpack by WordPress.com (Jetpack 12.5; WordPress 6.1)"
43.255.136.221 - - [03/Sep/2026:15:31:25 +0000] "POST /xmlrpc.php HTTP/1.1" 200 403 "-" "Jetpack by WordPress.com"
43.255.136.221 - - [03/Sep/2026:15:31:35 +0000] "POST /xmlrpc.php HTTP/1.1" 200 403 "-" "Jetpack by WordPress.com"
43.255.136.221 - - [03/Sep/2026:15:31:46 +0000] "POST /xmlrpc.php HTTP/1.1" 200 403 "-" "Jetpack/12.5; WordPress/6.4; http://site53129982.com"
43.255.136.221 - - [03/Sep/2026:15:31:56 +0000] "POST /xmlrpc.php HTTP/1.1" 200 403 "-" "WordPress.com; https://wordpress.com"
43.255.136.221 - - [03/Sep/2026:15:32:07 +0000] "POST /xmlrpc.php HTTP/1.1" 200 403 "-" "WordPress.com; https://wordpress.com"
43.255.136.221 - - [03/Sep/2026:15:32:17 +0000] "POST /xmlrpc.php HTTP/1.1" 200 403 "-" "Jetpack by WordPress.com"
43.255.136.221 - - [03/Sep/2026:15:32:27 +0000] "POST /xmlrpc.php HTTP/1.1" 200 403 "-" "WordPress.com; https://wordpress.com"
43.255.136.221 - - [03/Sep/2026:15:32:38 +0000] "POST /xmlrpc.php HTTP/1.1" 200 403 "-" "WordPress.com; https://wordpress.com"
43.255.136.221 - - [03/Sep/2026:15:32:48 +0000] "POST /xmlrpc.php HTTP/1.1" 200 403 "-" "WordPress.com; https://wordpress.com"
43.255.136.221 - - [03/Sep/2026:15:32:59 +0000] "POST /xmlrpc.php HTTP/1.1" 200 403 "-" "WordPress.com; https://wordpress.com"
