40.77.167.136 - - [03/Sep/2026:12:52:45 +0000] "GET /wp-content/uploads/2025/12/fattie_tao_1743836187_3603881603048939473_25820940.jpg HTTP/1.1" 200 140529 "-" "Mozilla/5.0 AppleWebKit/537.36 (KHTML, like Gecko; compatible; bingbot/2.0; +http://www.bing.com/bingbot.htm) Chrome/116.0.1938.76 Safari/537.36"
154.125.49.225 - - [03/Sep/2026:12:52:47 +0000] "POST /xmlrpc.php HTTP/1.1" 200 403 "-" "Jetpack by WordPress.com (Jetpack 13.0; WordPress 6.2)"
103.121.156.110 - - [03/Sep/2026:12:52:54 +0000] "POST /xmlrpc.php HTTP/1.1" 200 403 "-" "Jetpack by WordPress.com"
154.125.49.225 - - [03/Sep/2026:12:52:58 +0000] "POST /xmlrpc.php HTTP/1.1" 200 403 "-" "Jetpack/12.1; WordPress/6.3; http://site11496895.com"
103.121.156.110 - - [03/Sep/2026:12:53:04 +0000] "POST /xmlrpc.php HTTP/1.1" 200 403 "-" "Jetpack by WordPress.com"
154.125.49.225 - - [03/Sep/2026:12:53:08 +0000] "POST /xmlrpc.php HTTP/1.1" 200 403 "-" "Jetpack by WordPress.com (Jetpack 12.5; WordPress 6.3)"
103.121.156.110 - - [03/Sep/2026:12:53:15 +0000] "POST /xmlrpc.php HTTP/1.1" 200 403 "-" "Jetpack by WordPress.com (Jetpack 13.0; WordPress 6.4)"
154.125.49.225 - - [03/Sep/2026:12:53:19 +0000] "POST /xmlrpc.php HTTP/1.1" 200 403 "-" "WordPress.com; https://wordpress.com"
103.121.156.110 - - [03/Sep/2026:12:53:26 +0000] "POST /xmlrpc.php HTTP/1.1" 200 403 "-" "Jetpack by WordPress.com (Jetpack 12.1; WordPress 6.1)"
154.125.49.225 - - [03/Sep/2026:12:53:30 +0000] "POST /xmlrpc.php HTTP/1.1" 200 403 "-" "WordPress.com; https://wordpress.com"
103.121.156.110 - - [03/Sep/2026:12:53:36 +0000] "POST /xmlrpc.php HTTP/1.1" 200 403 "-" "Jetpack/12.5; WordPress/6.3; http://site93452994.com"
154.125.49.225 - - [03/Sep/2026:12:53:40 +0000] "POST /xmlrpc.php HTTP/1.1" 200 403 "-" "Jetpack/12.0; WordPress/6.2; http://site81267606.com"
103.121.156.110 - - [03/Sep/2026:12:53:46 +0000] "POST /xmlrpc.php HTTP/1.1" 200 403 "-" "Jetpack by WordPress.com (Jetpack 12.1; WordPress 6.3)"
154.125.49.225 - - [03/Sep/2026:12:53:50 +0000] "POST /xmlrpc.php HTTP/1.1" 200 403 "-" "Jetpack by WordPress.com (Jetpack 13.0; WordPress 6.2)"
103.121.156.110 - - [03/Sep/2026:12:53:57 +0000] "POST /xmlrpc.php HTTP/1.1" 200 403 "-" "Jetpack/12.0; WordPress/6.1; http://site42174780.com"
154.125.49.225 - - [03/Sep/2026:12:54:01 +0000] "POST /xmlrpc.php HTTP/1.1" 200 403 "-" "Jetpack by WordPress.com"
103.121.156.110 - - [03/Sep/2026:12:54:08 +0000] "POST /xmlrpc.php HTTP/1.1" 200 403 "-" "Jetpack by WordPress.com"
103.121.156.110 - - [03/Sep/2026:12:54:18 +0000] "POST /xmlrpc.php HTTP/1.1" 200 403 "-" "Jetpack by WordPress.com"
154.125.49.225 - - [03/Sep/2026:12:54:22 +0000] "POST /xmlrpc.php HTTP/1.1" 200 403 "-" "WordPress.com; https://wordpress.com"
103.121.156.110 - - [03/Sep/2026:12:54:29 +0000] "POST /xmlrpc.php HTTP/1.1" 200 403 "-" "WordPress.com; https://wordpress.com"
154.125.49.225 - - [03/Sep/2026:12:54:33 +0000] "POST /xmlrpc.php HTTP/1.1" 200 403 "-" "Jetpack/12.0; WordPress/6.2; http://site75219741.com"
103.121.156.110 - - [03/Sep/2026:12:54:39 +0000] "POST /xmlrpc.php HTTP/1.1" 200 403 "-" "Jetpack by WordPress.com (Jetpack 12.0; WordPress 6.3)"
154.125.49.225 - - [03/Sep/2026:12:54:43 +0000] "POST /xmlrpc.php HTTP/1.1" 200 403 "-" "Jetpack/12.1; WordPress/6.3; http://site53779165.com"
103.121.156.110 - - [03/Sep/2026:12:54:50 +0000] "POST /xmlrpc.php HTTP/1.1" 200 403 "-" "WordPress.com; https://wordpress.com"
154.125.49.225 - - [03/Sep/2026:12:54:54 +0000] "POST /xmlrpc.php HTTP/1.1" 200 403 "-" "Jetpack/12.0; WordPress/6.1; http://site34043932.com"
103.121.156.110 - - [03/Sep/2026:12:55:00 +0000] "POST /xmlrpc.php HTTP/1.1" 200 403 "-" "WordPress.com; https://wordpress.com"
154.125.49.225 - - [03/Sep/2026:12:55:04 +0000] "POST /xmlrpc.php HTTP/1.1" 200 403 "-" "Jetpack by WordPress.com"
103.121.156.110 - - [03/Sep/2026:12:55:11 +0000] "POST /xmlrpc.php HTTP/1.1" 200 403 "-" "Jetpack by WordPress.com (Jetpack 13.0; WordPress 6.3)"
154.125.49.225 - - [03/Sep/2026:12:55:15 +0000] "POST /xmlrpc.php HTTP/1.1" 200 403 "-" "Jetpack by WordPress.com"
103.121.156.110 - - [03/Sep/2026:12:55:21 +0000] "POST /xmlrpc.php HTTP/1.1" 200 403 "-" "Jetpack by WordPress.com"
154.125.49.225 - - [03/Sep/2026:12:55:25 +0000] "POST /xmlrpc.php HTTP/1.1" 200 403 "-" "Jetpack by WordPress.com (Jetpack 12.0; WordPress 6.1)"
103.121.156.110 - - [03/Sep/2026:12:55:32 +0000] "POST /xmlrpc.php HTTP/1.1" 200 403 "-" "WordPress.com; https://wordpress.com"
154.125.49.225 - - [03/Sep/2026:12:55:36 +0000] "POST /xmlrpc.php HTTP/1.1" 200 403 "-" "Jetpack by WordPress.com"
103.121.156.110 - - [03/Sep/2026:12:55:43 +0000] "POST /xmlrpc.php HTTP/1.1" 200 403 "-" "Jetpack/13.0; WordPress/6.2; http://site69535087.com"
154.125.49.225 - - [03/Sep/2026:12:55:46 +0000] "POST /xmlrpc.php HTTP/1.1" 200 403 "-" "Jetpack/12.1; WordPress/6.3; http://site39942185.com"
103.121.156.110 - - [03/Sep/2026:12:55:53 +0000] "POST /xmlrpc.php HTTP/1.1" 200 403 "-" "WordPress.com; https://wordpress.com"
154.125.49.225 - - [03/Sep/2026:12:55:57 +0000] "POST /xmlrpc.php HTTP/1.1" 200 403 "-" "Jetpack by WordPress.com"
103.121.156.110 - - [03/Sep/2026:12:56:04 +0000] "POST /xmlrpc.php HTTP/1.1" 200 403 "-" "WordPress.com; https://wordpress.com"
154.125.49.225 - - [03/Sep/2026:12:56:07 +0000] "POST /xmlrpc.php HTTP/1.1" 200 403 "-" "WordPress.com; https://wordpress.com"
103.121.156.110 - - [03/Sep/2026:12:56:14 +0000] "POST /xmlrpc.php HTTP/1.1" 200 403 "-" "Jetpack/12.0; WordPress/6.2; http://site75944433.com"
154.125.49.225 - - [03/Sep/2026:12:56:18 +0000] "POST /xmlrpc.php HTTP/1.1" 200 403 "-" "Jetpack by WordPress.com"
103.121.156.110 - - [03/Sep/2026:12:56:25 +0000] "POST /xmlrpc.php HTTP/1.1" 200 403 "-" "Jetpack by WordPress.com (Jetpack 13.0; WordPress 6.3)"
154.125.49.225 - - [03/Sep/2026:12:56:28 +0000] "POST /xmlrpc.php HTTP/1.1" 200 403 "-" "Jetpack by WordPress.com (Jetpack 13.0; WordPress 6.1)"
103.121.156.110 - - [03/Sep/2026:12:56:35 +0000] "POST /xmlrpc.php HTTP/1.1" 200 403 "-" "Jetpack by WordPress.com (Jetpack 13.0; WordPress 6.3)"
154.125.49.225 - - [03/Sep/2026:12:56:39 +0000] "POST /xmlrpc.php HTTP/1.1" 200 403 "-" "WordPress.com; https://wordpress.com"
103.121.156.110 - - [03/Sep/2026:12:56:46 +0000] "POST /xmlrpc.php HTTP/1.1" 200 403 "-" "Jetpack by WordPress.com (Jetpack 13.0; WordPress 6.4)"
154.125.49.225 - - [03/Sep/2026:12:56:49 +0000] "POST /xmlrpc.php HTTP/1.1" 200 403 "-" "WordPress.com; https://wordpress.com"
103.121.156.110 - - [03/Sep/2026:12:56:57 +0000] "POST /xmlrpc.php HTTP/1.1" 200 403 "-" "Jetpack by WordPress.com"
154.125.49.225 - - [03/Sep/2026:12:57:00 +0000] "POST /xmlrpc.php HTTP/1.1" 200 403 "-" "WordPress.com; https://wordpress.com"
20.199.211.174 - - [03/Sep/2026:12:57:04 +0000] "GET / HTTP/1.1" 200 14345 "-" "Mozilla/5.0 AppleWebKit/537.36 (KHTML, like Gecko); compatible; ChatGPT-User/1.0; +https://openai.com/bot"
103.121.156.110 - - [03/Sep/2026:12:57:07 +0000] "POST /xmlrpc.php HTTP/1.1" 200 403 "-" "Jetpack/13.0; WordPress/6.2; http://site74057443.com"
154.125.49.225 - - [03/Sep/2026:12:57:10 +0000] "POST /xmlrpc.php HTTP/1.1" 200 403 "-" "WordPress.com; https://wordpress.com"
103.121.156.110 - - [03/Sep/2026:12:57:18 +0000] "POST /xmlrpc.php HTTP/1.1" 200 403 "-" "WordPress.com; https://wordpress.com"
154.125.49.225 - - [03/Sep/2026:12:57:21 +0000] "POST /xmlrpc.php HTTP/1.1" 200 403 "-" "WordPress.com; https://wordpress.com"
103.121.156.110 - - [03/Sep/2026:12:57:29 +0000] "POST /xmlrpc.php HTTP/1.1" 200 403 "-" "WordPress.com; https://wordpress.com"
154.125.49.225 - - [03/Sep/2026:12:57:32 +0000] "POST /xmlrpc.php HTTP/1.1" 200 403 "-" "Jetpack/12.5; WordPress/6.4; http://site17395240.com"
103.121.156.110 - - [03/Sep/2026:12:57:39 +0000] "POST /xmlrpc.php HTTP/1.1" 200 403 "-" "Jetpack by WordPress.com (Jetpack 12.0; WordPress 6.1)"
154.125.49.225 - - [03/Sep/2026:12:57:42 +0000] "POST /xmlrpc.php HTTP/1.1" 200 403 "-" "Jetpack/12.0; WordPress/6.3; http://site66360813.com"
103.121.156.110 - - [03/Sep/2026:12:57:50 +0000] "POST /xmlrpc.php HTTP/1.1" 200 403 "-" "Jetpack/13.0; WordPress/6.3; http://site54821889.com"
154.125.49.225 - - [03/Sep/2026:12:57:53 +0000] "POST /xmlrpc.php HTTP/1.1" 200 403 "-" "Jetpack by WordPress.com (Jetpack 12.1; WordPress 6.2)"
103.121.156.110 - - [03/Sep/2026:12:58:00 +0000] "POST /xmlrpc.php HTTP/1.1" 200 403 "-" "WordPress.com; https://wordpress.com"
154.125.49.225 - - [03/Sep/2026:12:58:03 +0000] "POST /xmlrpc.php HTTP/1.1" 200 403 "-" "Jetpack by WordPress.com (Jetpack 12.5; WordPress 6.1)"
103.121.156.110 - - [03/Sep/2026:12:58:11 +0000] "POST /xmlrpc.php HTTP/1.1" 200 403 "-" "Jetpack/12.0; WordPress/6.1; http://site59191533.com"
154.125.49.225 - - [03/Sep/2026:12:58:14 +0000] "POST /xmlrpc.php HTTP/1.1" 200 403 "-" "Jetpack by WordPress.com (Jetpack 12.0; WordPress 6.2)"
103.121.156.110 - - [03/Sep/2026:12:58:21 +0000] "POST /xmlrpc.php HTTP/1.1" 200 403 "-" "WordPress.com; https://wordpress.com"
154.125.49.225 - - [03/Sep/2026:12:58:24 +0000] "POST /xmlrpc.php HTTP/1.1" 200 403 "-" "Jetpack by WordPress.com (Jetpack 12.0; WordPress 6.3)"
103.121.156.110 - - [03/Sep/2026:12:58:32 +0000] "POST /xmlrpc.php HTTP/1.1" 200 403 "-" "Jetpack by WordPress.com"
154.125.49.225 - - [03/Sep/2026:12:58:35 +0000] "POST /xmlrpc.php HTTP/1.1" 200 403 "-" "WordPress.com; https://wordpress.com"
103.121.156.110 - - [03/Sep/2026:12:58:43 +0000] "POST /xmlrpc.php HTTP/1.1" 200 403 "-" "Jetpack by WordPress.com (Jetpack 12.1; WordPress 6.2)"
154.125.49.225 - - [03/Sep/2026:12:58:45 +0000] "POST /xmlrpc.php HTTP/1.1" 200 403 "-" "Jetpack/13.0; WordPress/6.1; http://site71249516.com"
103.121.156.110 - - [03/Sep/2026:12:58:53 +0000] "POST /xmlrpc.php HTTP/1.1" 200 403 "-" "Jetpack/12.0; WordPress/6.1; http://site91004261.com"
49.51.178.45 - - [03/Sep/2026:12:58:55 +0000] "GET / HTTP/1.1" 200 14346 "http://fortattooideas.com" "Mozilla/5.0 (iPhone; CPU iPhone OS 13_2_3 like Mac OS X) AppleWebKit/605.1.15 (KHTML, like Gecko) Version/13.0.3 Mobile/15E148 Safari/604.1"
154.125.49.225 - - [03/Sep/2026:12:58:56 +0000] "POST /xmlrpc.php HTTP/1.1" 200 403 "-" "Jetpack/12.0; WordPress/6.3; http://site90050845.com"
103.121.156.110 - - [03/Sep/2026:12:59:04 +0000] "POST /xmlrpc.php HTTP/1.1" 200 403 "-" "Jetpack/12.1; WordPress/6.3; http://site92702346.com"
154.125.49.225 - - [03/Sep/2026:12:59:06 +0000] "POST /xmlrpc.php HTTP/1.1" 200 403 "-" "Jetpack/12.0; WordPress/6.3; http://site83378798.com"
103.121.156.110 - - [03/Sep/2026:12:59:14 +0000] "POST /xmlrpc.php HTTP/1.1" 200 403 "-" "Jetpack by WordPress.com (Jetpack 12.1; WordPress 6.1)"
154.125.49.225 - - [03/Sep/2026:12:59:17 +0000] "POST /xmlrpc.php HTTP/1.1" 200 403 "-" "Jetpack by WordPress.com"
103.121.156.110 - - [03/Sep/2026:12:59:26 +0000] "POST /xmlrpc.php HTTP/1.1" 200 403 "-" "Jetpack/12.1; WordPress/6.1; http://site84290759.com"
154.125.49.225 - - [03/Sep/2026:12:59:27 +0000] "POST /xmlrpc.php HTTP/1.1" 200 403 "-" "WordPress.com; https://wordpress.com"
52.200.58.199 - - [03/Sep/2026:12:59:29 +0000] "GET /traditional-tattoo-ideas/embed/ HTTP/1.1" 200 6762 "-" "Mozilla/5.0 AppleWebKit/537.36 (KHTML, like Gecko; compatible; Amazonbot/0.1; +https://developer.amazon.com/support/amazonbot) Chrome/119.0.6045.214 Safari/537.36"
35.168.238.50 - - [03/Sep/2026:12:59:33 +0000] "GET /wp-json/oembed/1.0/embed?format=xml&url=https://fortattooideas.com/japanese-tattoo-ideas/ HTTP/1.1" 200 1500 "-" "Mozilla/5.0 AppleWebKit/537.36 (KHTML, like Gecko; compatible; Amazonbot/0.1; +https://developer.amazon.com/support/amazonbot) Chrome/119.0.6045.214 Safari/537.36"
103.121.156.110 - - [03/Sep/2026:12:59:35 +0000] "POST /xmlrpc.php HTTP/1.1" 200 403 "-" "Jetpack by WordPress.com (Jetpack 13.0; WordPress 6.4)"
154.125.49.225 - - [03/Sep/2026:12:59:38 +0000] "POST /xmlrpc.php HTTP/1.1" 200 403 "-" "Jetpack by WordPress.com"
103.121.156.110 - - [03/Sep/2026:12:59:46 +0000] "POST /xmlrpc.php HTTP/1.1" 200 403 "-" "WordPress.com; https://wordpress.com"
154.125.49.225 - - [03/Sep/2026:12:59:48 +0000] "POST /xmlrpc.php HTTP/1.1" 200 403 "-" "Jetpack/12.1; WordPress/6.3; http://site42626609.com"
103.121.156.110 - - [03/Sep/2026:12:59:56 +0000] "POST /xmlrpc.php HTTP/1.1" 200 403 "-" "Jetpack/12.1; WordPress/6.4; http://site35285060.com"
154.125.49.225 - - [03/Sep/2026:12:59:59 +0000] "POST /xmlrpc.php HTTP/1.1" 200 403 "-" "WordPress.com; https://wordpress.com"
103.121.156.110 - - [03/Sep/2026:13:00:07 +0000] "POST /xmlrpc.php HTTP/1.1" 200 403 "-" "Jetpack by WordPress.com"
154.125.49.225 - - [03/Sep/2026:13:00:09 +0000] "POST /xmlrpc.php HTTP/1.1" 200 403 "-" "Jetpack by WordPress.com (Jetpack 13.0; WordPress 6.1)"
103.121.156.110 - - [03/Sep/2026:13:00:18 +0000] "POST /xmlrpc.php HTTP/1.1" 200 403 "-" "Jetpack by WordPress.com"
154.125.49.225 - - [03/Sep/2026:13:00:20 +0000] "POST /xmlrpc.php HTTP/1.1" 200 403 "-" "Jetpack by WordPress.com"
103.121.156.110 - - [03/Sep/2026:13:00:28 +0000] "POST /xmlrpc.php HTTP/1.1" 200 403 "-" "Jetpack/12.5; WordPress/6.1; http://site24947003.com"
154.125.49.225 - - [03/Sep/2026:13:00:30 +0000] "POST /xmlrpc.php HTTP/1.1" 200 403 "-" "Jetpack by WordPress.com"
159.198.65.41 - - [03/Sep/2026:13:00:39 +0000] "POST /wp-cron.php?doing_wp_cron=1788440439.4443330764770507812500 HTTP/1.1" 200 - "-" "WordPress/7.1; https://fortattooideas.com"
103.121.156.110 - - [03/Sep/2026:13:00:39 +0000] "POST /xmlrpc.php HTTP/1.1" 200 403 "-" "Jetpack by WordPress.com (Jetpack 12.5; WordPress 6.2)"
154.125.49.225 - - [03/Sep/2026:13:00:41 +0000] "POST /xmlrpc.php HTTP/1.1" 200 403 "-" "Jetpack by WordPress.com"
103.121.156.110 - - [03/Sep/2026:13:00:49 +0000] "POST /xmlrpc.php HTTP/1.1" 200 403 "-" "Jetpack/12.5; WordPress/6.1; http://site84402224.com"
154.125.49.225 - - [03/Sep/2026:13:00:51 +0000] "POST /xmlrpc.php HTTP/1.1" 200 403 "-" "Jetpack/12.1; WordPress/6.1; http://site87012378.com"
103.121.156.110 - - [03/Sep/2026:13:01:00 +0000] "POST /xmlrpc.php HTTP/1.1" 200 403 "-" "WordPress.com; https://wordpress.com"
154.125.49.225 - - [03/Sep/2026:13:01:02 +0000] "POST /xmlrpc.php HTTP/1.1" 200 403 "-" "Jetpack by WordPress.com (Jetpack 13.0; WordPress 6.1)"
114.122.165.167 - - [03/Sep/2026:13:01:05 +0000] "GET /wp-content/uploads/2026/01/venom.bodyart_1685152756_3111609304587070908_50255481706-1024x1024.jpg HTTP/1.1" 200 132747 "-" "Claude/33349478298 CFNetwork/3860.700.1 Darwin/25.6.0"
185.103.149.170 - - [03/Sep/2026:13:01:06 +0000] "GET /wp-content/uploads/2026/08/image-701-226x300.png HTTP/1.1" 200 173088 "-" "Mozilla/5.0 (compatible; MSIE 5.0; Windows NT 6.1; Trident/4.1)"
103.121.156.110 - - [03/Sep/2026:13:01:11 +0000] "POST /xmlrpc.php HTTP/1.1" 200 403 "-" "Jetpack by WordPress.com"
154.125.49.225 - - [03/Sep/2026:13:01:13 +0000] "POST /xmlrpc.php HTTP/1.1" 200 403 "-" "Jetpack by WordPress.com"
103.121.156.110 - - [03/Sep/2026:13:01:21 +0000] "POST /xmlrpc.php HTTP/1.1" 200 403 "-" "Jetpack/13.0; WordPress/6.1; http://site48738923.com"
154.125.49.225 - - [03/Sep/2026:13:01:23 +0000] "POST /xmlrpc.php HTTP/1.1" 200 403 "-" "Jetpack by WordPress.com"
103.121.156.110 - - [03/Sep/2026:13:01:32 +0000] "POST /xmlrpc.php HTTP/1.1" 200 403 "-" "Jetpack/12.0; WordPress/6.3; http://site82506455.com"
154.125.49.225 - - [03/Sep/2026:13:01:34 +0000] "POST /xmlrpc.php HTTP/1.1" 200 403 "-" "Jetpack/12.1; WordPress/6.2; http://site16278701.com"
103.121.156.110 - - [03/Sep/2026:13:01:42 +0000] "POST /xmlrpc.php HTTP/1.1" 200 403 "-" "Jetpack by WordPress.com (Jetpack 13.0; WordPress 6.2)"
154.125.49.225 - - [03/Sep/2026:13:01:44 +0000] "POST /xmlrpc.php HTTP/1.1" 200 403 "-" "Jetpack/12.5; WordPress/6.1; http://site33612829.com"
103.121.156.110 - - [03/Sep/2026:13:01:53 +0000] "POST /xmlrpc.php HTTP/1.1" 200 403 "-" "Jetpack by WordPress.com"
154.125.49.225 - - [03/Sep/2026:13:01:55 +0000] "POST /xmlrpc.php HTTP/1.1" 200 403 "-" "WordPress.com; https://wordpress.com"
103.121.156.110 - - [03/Sep/2026:13:02:03 +0000] "POST /xmlrpc.php HTTP/1.1" 200 403 "-" "Jetpack by WordPress.com"
154.125.49.225 - - [03/Sep/2026:13:02:05 +0000] "POST /xmlrpc.php HTTP/1.1" 200 403 "-" "Jetpack by WordPress.com"
103.121.156.110 - - [03/Sep/2026:13:02:14 +0000] "POST /xmlrpc.php HTTP/1.1" 200 403 "-" "WordPress.com; https://wordpress.com"
154.125.49.225 - - [03/Sep/2026:13:02:16 +0000] "POST /xmlrpc.php HTTP/1.1" 200 403 "-" "Jetpack by WordPress.com"
103.121.156.110 - - [03/Sep/2026:13:02:25 +0000] "POST /xmlrpc.php HTTP/1.1" 200 403 "-" "WordPress.com; https://wordpress.com"
154.125.49.225 - - [03/Sep/2026:13:02:26 +0000] "POST /xmlrpc.php HTTP/1.1" 200 403 "-" "WordPress.com; https://wordpress.com"
103.121.156.110 - - [03/Sep/2026:13:02:35 +0000] "POST /xmlrpc.php HTTP/1.1" 200 403 "-" "Jetpack by WordPress.com"
154.125.49.225 - - [03/Sep/2026:13:02:37 +0000] "POST /xmlrpc.php HTTP/1.1" 200 403 "-" "Jetpack by WordPress.com"
103.121.156.110 - - [03/Sep/2026:13:02:46 +0000] "POST /xmlrpc.php HTTP/1.1" 200 403 "-" "Jetpack by WordPress.com"
154.125.49.225 - - [03/Sep/2026:13:02:47 +0000] "POST /xmlrpc.php HTTP/1.1" 200 403 "-" "Jetpack/12.5; WordPress/6.1; http://site68608800.com"
103.121.156.110 - - [03/Sep/2026:13:02:56 +0000] "POST /xmlrpc.php HTTP/1.1" 200 403 "-" "Jetpack by WordPress.com"
43.173.178.155 - - [03/Sep/2026:13:03:00 +0000] "GET /?p=2329/ HTTP/1.1" 301 - "-" "Mozilla/5.0 (Windows NT 10.0; Win64; x64) AppleWebKit/537.36 (KHTML, like Gecko) Chrome/120.0.0.0 Safari/537.36"
43.173.176.16 - - [03/Sep/2026:13:03:02 +0000] "GET /gothic-tattoo-ideas/ HTTP/1.1" 200 23746 "-" "Mozilla/5.0 (Windows NT 10.0; Win64; x64) AppleWebKit/537.36 (KHTML, like Gecko) Chrome/120.0.0.0 Safari/537.36"
43.173.177.51 - - [03/Sep/2026:13:03:04 +0000] "GET /wp-json/wp/v2/comments?post=2329&order=asc&per_page=100&page=1 HTTP/1.1" 200 22 "https://fortattooideas.com/gothic-tattoo-ideas/" "Mozilla/5.0 (Windows NT 10.0; Win64; x64) AppleWebKit/537.36 (KHTML, like Gecko) Chrome/120.0.0.0 Safari/537.36"
103.121.156.110 - - [03/Sep/2026:13:03:07 +0000] "POST /xmlrpc.php HTTP/1.1" 200 403 "-" "WordPress.com; https://wordpress.com"
104.28.201.73 - - [03/Sep/2026:13:03:07 +0000] "GET /?p=2329/ HTTP/1.1" 301 - "-" "Mozilla/5.0 (X11; Linux x86_64) AppleWebKit/537.36 (KHTML, like Gecko) Chrome/150.0.0.0 Safari/537.36"
104.28.201.73 - - [03/Sep/2026:13:03:07 +0000] "GET /gothic-tattoo-ideas/ HTTP/1.1" 200 23746 "-" "Mozilla/5.0 (X11; Linux x86_64) AppleWebKit/537.36 (KHTML, like Gecko) Chrome/150.0.0.0 Safari/537.36"
104.28.201.73 - - [03/Sep/2026:13:03:08 +0000] "GET /wp-includes/blocks/paragraph/style.min.css?ver=7.1 HTTP/1.1" 200 341 "https://fortattooideas.com/gothic-tattoo-ideas/" "Mozilla/5.0 (X11; Linux x86_64) AppleWebKit/537.36 (KHTML, like Gecko) Chrome/150.0.0.0 Safari/537.36"
104.28.201.73 - - [03/Sep/2026:13:03:08 +0000] "GET /wp-content/themes/birch-trellis/assets/dist/css/main.1.0.0.css?ver=1.0.0 HTTP/1.1" 200 10942 "https://fortattooideas.com/gothic-tattoo-ideas/" "Mozilla/5.0 (X11; Linux x86_64) AppleWebKit/537.36 (KHTML, like Gecko) Chrome/150.0.0.0 Safari/537.36"
104.28.201.73 - - [03/Sep/2026:13:03:09 +0000] "GET /wp-includes/js/jquery/jquery-migrate.min.js?ver=3.4.1 HTTP/1.1" 200 4872 "https://fortattooideas.com/gothic-tattoo-ideas/" "Mozilla/5.0 (X11; Linux x86_64) AppleWebKit/537.36 (KHTML, like Gecko) Chrome/150.0.0.0 Safari/537.36"
104.28.201.73 - - [03/Sep/2026:13:03:09 +0000] "GET /wp-content/plugins/mediavine-trellis-images/assets/dist/main.0.7.1.js?ver=0.7.1 HTTP/1.1" 200 4745 "https://fortattooideas.com/gothic-tattoo-ideas/" "Mozilla/5.0 (X11; Linux x86_64) AppleWebKit/537.36 (KHTML, like Gecko) Chrome/150.0.0.0 Safari/537.36"
104.28.201.73 - - [03/Sep/2026:13:03:09 +0000] "GET /wp-content/plugins/mediavine-trellis-images/assets/dist/IO.0.7.1.js?ver=0.7.1 HTTP/1.1" 200 2456 "https://fortattooideas.com/gothic-tattoo-ideas/" "Mozilla/5.0 (X11; Linux x86_64) AppleWebKit/537.36 (KHTML, like Gecko) Chrome/150.0.0.0 Safari/537.36"
209.141.36.140 - - [03/Sep/2026:13:03:09 +0000] "GET /wp-content/plugins/pinterest-pin-it-button-on-image-hover-and-post/js/main.js?ver=4.9 HTTP/1.1" 200 - "https://fortattooideas.com/gothic-tattoo-ideas/" "Mozilla/5.0 (X11; Linux x86_64) AppleWebKit/537.36 (KHTML, like Gecko) Chrome/150.0.0.0 Safari/537.36"
104.28.201.73 - - [03/Sep/2026:13:03:09 +0000] "GET /wp-content/plugins/pinterest-pin-it-button-on-image-hover-and-post/js/pinit.js HTTP/1.1" 200 383 "https://fortattooideas.com/gothic-tattoo-ideas/" "Mozilla/5.0 (X11; Linux x86_64) AppleWebKit/537.36 (KHTML, like Gecko) Chrome/150.0.0.0 Safari/537.36"
209.141.36.140 - - [03/Sep/2026:13:03:10 +0000] "GET /wp-content/themes/mediavine-trellis/assets/dist/main.0.18.1.js?ver=0.18.1 HTTP/1.1" 200 5513 "https://fortattooideas.com/gothic-tattoo-ideas/" "Mozilla/5.0 (X11; Linux x86_64) AppleWebKit/537.36 (KHTML, like Gecko) Chrome/150.0.0.0 Safari/537.36"
104.28.201.73 - - [03/Sep/2026:13:03:14 +0000] "GET /wp-content/themes/mediavine-trellis/assets/dist/sw.0.18.1.js HTTP/1.1" 200 467 "https://fortattooideas.com/gothic-tattoo-ideas/" "Mozilla/5.0 (X11; Linux x86_64) AppleWebKit/537.36 (KHTML, like Gecko) Chrome/150.0.0.0 Safari/537.36"
104.28.201.73 - - [03/Sep/2026:13:03:15 +0000] "GET /favicon.ico HTTP/1.1" 302 - "https://fortattooideas.com/gothic-tattoo-ideas/" "Mozilla/5.0 (X11; Linux x86_64) AppleWebKit/537.36 (KHTML, like Gecko) Chrome/150.0.0.0 Safari/537.36"
104.28.201.73 - - [03/Sep/2026:13:03:15 +0000] "GET /wp-includes/images/w-logo-gray-white-bg.png HTTP/1.1" 200 3241 "https://fortattooideas.com/gothic-tattoo-ideas/" "Mozilla/5.0 (X11; Linux x86_64) AppleWebKit/537.36 (KHTML, like Gecko) Chrome/150.0.0.0 Safari/537.36"
43.173.176.166 - - [03/Sep/2026:13:03:17 +0000] "GET /?p=2329/ HTTP/1.1" 301 - "-" "Mozilla/5.0 (Windows NT 10.0; Win64; x64) AppleWebKit/537.36 (KHTML, like Gecko) Chrome/131.0.0.0 Safari/537.36"
103.121.156.110 - - [03/Sep/2026:13:03:18 +0000] "POST /xmlrpc.php HTTP/1.1" 200 403 "-" "Jetpack/12.0; WordPress/6.3; http://site40481545.com"
43.173.176.166 - - [03/Sep/2026:13:03:18 +0000] "GET /gothic-tattoo-ideas/ HTTP/1.1" 200 23746 "https://fortattooideas.com?p=2329/" "Mozilla/5.0 (Windows NT 10.0; Win64; x64) AppleWebKit/537.36 (KHTML, like Gecko) Chrome/131.0.0.0 Safari/537.36"
103.121.156.110 - - [03/Sep/2026:13:03:28 +0000] "POST /xmlrpc.php HTTP/1.1" 200 403 "-" "Jetpack by WordPress.com (Jetpack 13.0; WordPress 6.3)"
98.83.72.38 - - [03/Sep/2026:13:03:32 +0000] "GET /wp-content/uploads/2026/07/shirbarka_1611731517_2495707314348403411_4152490110-769x960.jpg HTTP/1.1" 200 61691 "-" "Mozilla/5.0 AppleWebKit/537.36 (KHTML, like Gecko; compatible; Amazonbot/0.1; +https://developer.amazon.com/support/amazonbot) Chrome/119.0.6045.214 Safari/537.36"
57.141.18.58 - - [03/Sep/2026:13:03:36 +0000] "GET /peony-tattoo-ideas/ HTTP/1.1" 200 23212 "-" "Mozilla/5.0 (Windows NT 10.0; Win64; x64) AppleWebKit/537.36 (KHTML, like Gecko) Chrome/145.0.0.0 Safari/537.36 (compatible; meta-externalagent/1.1 (+https://developers.facebook.com/docs/sharing/webmasters/crawler))"
103.121.156.110 - - [03/Sep/2026:13:03:39 +0000] "POST /xmlrpc.php HTTP/1.1" 200 403 "-" "Jetpack by WordPress.com (Jetpack 12.0; WordPress 6.2)"
103.121.156.110 - - [03/Sep/2026:13:03:49 +0000] "POST /xmlrpc.php HTTP/1.1" 200 403 "-" "Jetpack by WordPress.com (Jetpack 12.0; WordPress 6.4)"
103.121.156.110 - - [03/Sep/2026:13:04:00 +0000] "POST /xmlrpc.php HTTP/1.1" 200 403 "-" "Jetpack by WordPress.com"
159.198.65.41 - - [03/Sep/2026:13:04:11 +0000] "POST /wp-cron.php?doing_wp_cron=1788440651.5586740970611572265625 HTTP/1.1" 200 - "-" "WordPress/7.1; https://fortattooideas.com"
103.121.156.110 - - [03/Sep/2026:13:04:11 +0000] "POST /xmlrpc.php HTTP/1.1" 200 403 "-" "Jetpack by WordPress.com"
103.121.156.110 - - [03/Sep/2026:13:04:22 +0000] "POST /xmlrpc.php HTTP/1.1" 200 403 "-" "Jetpack by WordPress.com"
103.121.156.110 - - [03/Sep/2026:13:04:32 +0000] "POST /xmlrpc.php HTTP/1.1" 200 403 "-" "Jetpack by WordPress.com"
103.121.156.110 - - [03/Sep/2026:13:04:43 +0000] "POST /xmlrpc.php HTTP/1.1" 200 403 "-" "Jetpack by WordPress.com"
103.121.156.110 - - [03/Sep/2026:13:04:53 +0000] "POST /xmlrpc.php HTTP/1.1" 200 403 "-" "Jetpack/12.1; WordPress/6.3; http://site23719070.com"
34.230.131.102 - - [03/Sep/2026:13:05:02 +0000] "GET /ads.txt HTTP/1.1" 301 - "-" "Mozilla/5.0 (Macintosh; Intel Mac OS X 10_13_5) AppleWebKit/537.36 (KHTML, like Gecko) Chrome/67.0.3396.99 Safari/537.36"
103.121.156.110 - - [03/Sep/2026:13:05:04 +0000] "POST /xmlrpc.php HTTP/1.1" 200 403 "-" "Jetpack by WordPress.com"
103.121.156.110 - - [03/Sep/2026:13:05:15 +0000] "POST /xmlrpc.php HTTP/1.1" 200 403 "-" "Jetpack by WordPress.com (Jetpack 12.5; WordPress 6.4)"
103.121.156.110 - - [03/Sep/2026:13:05:26 +0000] "POST /xmlrpc.php HTTP/1.1" 200 403 "-" "WordPress.com; https://wordpress.com"
103.121.156.110 - - [03/Sep/2026:13:05:36 +0000] "POST /xmlrpc.php HTTP/1.1" 200 403 "-" "Jetpack/12.5; WordPress/6.1; http://site14713375.com"
103.121.156.110 - - [03/Sep/2026:13:05:47 +0000] "POST /xmlrpc.php HTTP/1.1" 200 403 "-" "Jetpack by WordPress.com (Jetpack 13.0; WordPress 6.1)"
103.121.156.110 - - [03/Sep/2026:13:05:57 +0000] "POST /xmlrpc.php HTTP/1.1" 200 403 "-" "Jetpack by WordPress.com"
34.34.225.218 - - [03/Sep/2026:13:06:01 +0000] "GET /ads.txt HTTP/1.1" 301 - "-" "bidswitchbot/1.0"
103.121.156.110 - - [03/Sep/2026:13:06:08 +0000] "POST /xmlrpc.php HTTP/1.1" 200 403 "-" "Jetpack by WordPress.com"
54.84.147.79 - - [03/Sep/2026:13:06:17 +0000] "GET /wp-content/uploads/2026/07/tigerlili.ink_1765296822_3783906457348312855_66915861406.jpg HTTP/1.1" 200 115212 "-" "Mozilla/5.0 AppleWebKit/537.36 (KHTML, like Gecko; compatible; Amazonbot/0.1; +https://developer.amazon.com/support/amazonbot) Chrome/119.0.6045.214 Safari/537.36"
103.121.156.110 - - [03/Sep/2026:13:06:18 +0000] "POST /xmlrpc.php HTTP/1.1" 200 403 "-" "Jetpack by WordPress.com (Jetpack 12.1; WordPress 6.2)"
103.121.156.110 - - [03/Sep/2026:13:06:29 +0000] "POST /xmlrpc.php HTTP/1.1" 200 403 "-" "Jetpack by WordPress.com (Jetpack 12.1; WordPress 6.3)"
103.121.156.110 - - [03/Sep/2026:13:06:40 +0000] "POST /xmlrpc.php HTTP/1.1" 200 403 "-" "WordPress.com; https://wordpress.com"
103.121.156.110 - - [03/Sep/2026:13:06:50 +0000] "POST /xmlrpc.php HTTP/1.1" 200 403 "-" "Jetpack by WordPress.com"
103.121.156.110 - - [03/Sep/2026:13:07:01 +0000] "POST /xmlrpc.php HTTP/1.1" 200 403 "-" "WordPress.com; https://wordpress.com"
103.121.156.110 - - [03/Sep/2026:13:07:11 +0000] "POST /xmlrpc.php HTTP/1.1" 200 403 "-" "Jetpack/12.1; WordPress/6.1; http://site20111521.com"
34.96.49.17 - - [03/Sep/2026:13:07:46 +0000] "GET /ads.txt HTTP/1.1" 301 - "-" "bidswitchbot/1.0"
40.77.167.42 - - [03/Sep/2026:13:08:01 +0000] "GET /wp-content/uploads/2026/07/jasminwalshtattoo_1759165956_3732477030529806836_53854483-864x1080.jpg HTTP/1.1" 200 75265 "-" "Mozilla/5.0 AppleWebKit/537.36 (KHTML, like Gecko; compatible; bingbot/2.0; +http://www.bing.com/bingbot.htm) Chrome/116.0.1938.76 Safari/537.36"
78.67.20.234 - - [03/Sep/2026:13:08:13 +0000] "POST /xmlrpc.php HTTP/1.1" 200 403 "-" "WordPress.com; https://wordpress.com"
78.67.20.234 - - [03/Sep/2026:13:08:26 +0000] "POST /xmlrpc.php HTTP/1.1" 200 403 "-" "WordPress.com; https://wordpress.com"
78.67.20.234 - - [03/Sep/2026:13:08:37 +0000] "POST /xmlrpc.php HTTP/1.1" 200 403 "-" "Jetpack/12.5; WordPress/6.4; http://site98555400.com"
78.67.20.234 - - [03/Sep/2026:13:09:50 +0000] "POST /xmlrpc.php HTTP/1.1" 200 403 "-" "Jetpack/12.0; WordPress/6.2; http://site41919190.com"
78.67.20.234 - - [03/Sep/2026:13:10:07 +0000] "POST /xmlrpc.php HTTP/1.1" 200 403 "-" "Jetpack by WordPress.com"
78.67.20.234 - - [03/Sep/2026:13:10:26 +0000] "POST /xmlrpc.php HTTP/1.1" 200 403 "-" "Jetpack by WordPress.com (Jetpack 12.5; WordPress 6.3)"
78.67.20.234 - - [03/Sep/2026:13:10:42 +0000] "POST /xmlrpc.php HTTP/1.1" 200 403 "-" "WordPress.com; https://wordpress.com"
78.67.20.234 - - [03/Sep/2026:13:10:56 +0000] "POST /xmlrpc.php HTTP/1.1" 200 403 "-" "Jetpack/12.1; WordPress/6.2; http://site50974872.com"
78.67.20.234 - - [03/Sep/2026:13:11:10 +0000] "POST /xmlrpc.php HTTP/1.1" 200 403 "-" "Jetpack/12.1; WordPress/6.2; http://site23932629.com"
78.67.20.234 - - [03/Sep/2026:13:11:23 +0000] "POST /xmlrpc.php HTTP/1.1" 200 403 "-" "Jetpack/13.0; WordPress/6.2; http://site68214109.com"
209.101.18.28 - - [03/Sep/2026:13:11:19 +0000] "GET /wp-content/uploads/2026/08/image-573-771x1024.png HTTP/1.1" 200 2005877 "-" "Mozilla/5.0 (compatible; crawler)"
78.67.20.234 - - [03/Sep/2026:13:11:34 +0000] "POST /xmlrpc.php HTTP/1.1" 200 403 "-" "Jetpack by WordPress.com"
78.67.20.234 - - [03/Sep/2026:13:11:47 +0000] "POST /xmlrpc.php HTTP/1.1" 200 403 "-" "Jetpack by WordPress.com"
78.67.20.234 - - [03/Sep/2026:13:11:58 +0000] "POST /xmlrpc.php HTTP/1.1" 200 403 "-" "WordPress.com; https://wordpress.com"
57.141.18.43 - - [03/Sep/2026:13:12:04 +0000] "GET /pet-tattoo-ideas/ HTTP/1.1" 200 19952 "-" "Mozilla/5.0 (Windows NT 10.0; Win64; x64) AppleWebKit/537.36 (KHTML, like Gecko) Chrome/145.0.0.0 Safari/537.36 (compatible; meta-externalagent/1.1 (+https://developers.facebook.com/docs/sharing/webmasters/crawler))"
78.67.20.234 - - [03/Sep/2026:13:12:10 +0000] "POST /xmlrpc.php HTTP/1.1" 200 403 "-" "Jetpack by WordPress.com"
78.67.20.234 - - [03/Sep/2026:13:12:21 +0000] "POST /xmlrpc.php HTTP/1.1" 200 403 "-" "WordPress.com; https://wordpress.com"
78.67.20.234 - - [03/Sep/2026:13:12:32 +0000] "POST /xmlrpc.php HTTP/1.1" 200 403 "-" "Jetpack by WordPress.com"
78.67.20.234 - - [03/Sep/2026:13:12:44 +0000] "POST /xmlrpc.php HTTP/1.1" 200 403 "-" "WordPress.com; https://wordpress.com"
78.67.20.234 - - [03/Sep/2026:13:12:54 +0000] "POST /xmlrpc.php HTTP/1.1" 200 403 "-" "WordPress.com; https://wordpress.com"
78.67.20.234 - - [03/Sep/2026:13:13:06 +0000] "POST /xmlrpc.php HTTP/1.1" 200 403 "-" "WordPress.com; https://wordpress.com"
78.67.20.234 - - [03/Sep/2026:13:13:17 +0000] "POST /xmlrpc.php HTTP/1.1" 200 403 "-" "Jetpack by WordPress.com"
78.67.20.234 - - [03/Sep/2026:13:13:28 +0000] "POST /xmlrpc.php HTTP/1.1" 200 403 "-" "Jetpack by WordPress.com"
78.67.20.234 - - [03/Sep/2026:13:13:38 +0000] "POST /xmlrpc.php HTTP/1.1" 200 403 "-" "WordPress.com; https://wordpress.com"
78.67.20.234 - - [03/Sep/2026:13:13:49 +0000] "POST /xmlrpc.php HTTP/1.1" 200 403 "-" "Jetpack by WordPress.com"
78.67.20.234 - - [03/Sep/2026:13:14:00 +0000] "POST /xmlrpc.php HTTP/1.1" 200 403 "-" "Jetpack by WordPress.com (Jetpack 12.0; WordPress 6.3)"
40.77.167.42 - - [03/Sep/2026:13:14:10 +0000] "GET /wp-content/uploads/2026/07/dianaleu_inkstudio_1715967560_3370102619496700569_52970657396-960x1200.jpg HTTP/1.1" 200 73988 "-" "Mozilla/5.0 AppleWebKit/537.36 (KHTML, like Gecko; compatible; bingbot/2.0; +http://www.bing.com/bingbot.htm) Chrome/116.0.1938.76 Safari/537.36"
78.67.20.234 - - [03/Sep/2026:13:14:11 +0000] "POST /xmlrpc.php HTTP/1.1" 200 403 "-" "Jetpack by WordPress.com"
78.67.20.234 - - [03/Sep/2026:13:14:22 +0000] "POST /xmlrpc.php HTTP/1.1" 200 403 "-" "Jetpack by WordPress.com (Jetpack 13.0; WordPress 6.2)"
78.67.20.234 - - [03/Sep/2026:13:14:33 +0000] "POST /xmlrpc.php HTTP/1.1" 200 403 "-" "Jetpack by WordPress.com (Jetpack 12.0; WordPress 6.1)"
78.67.20.234 - - [03/Sep/2026:13:14:45 +0000] "POST /xmlrpc.php HTTP/1.1" 200 403 "-" "Jetpack/13.0; WordPress/6.1; http://site38526292.com"
78.67.20.234 - - [03/Sep/2026:13:14:56 +0000] "POST /xmlrpc.php HTTP/1.1" 200 403 "-" "Jetpack by WordPress.com"
78.67.20.234 - - [03/Sep/2026:13:15:07 +0000] "POST /xmlrpc.php HTTP/1.1" 200 403 "-" "Jetpack by WordPress.com (Jetpack 12.5; WordPress 6.4)"
78.67.20.234 - - [03/Sep/2026:13:15:18 +0000] "POST /xmlrpc.php HTTP/1.1" 200 403 "-" "Jetpack by WordPress.com"
78.67.20.234 - - [03/Sep/2026:13:15:30 +0000] "POST /xmlrpc.php HTTP/1.1" 200 403 "-" "Jetpack/12.1; WordPress/6.2; http://site34477063.com"
159.198.65.41 - - [03/Sep/2026:13:15:40 +0000] "POST /wp-cron.php?doing_wp_cron=1788441340.8283419609069824218750 HTTP/1.1" 200 - "-" "WordPress/7.1; https://fortattooideas.com"
78.67.20.234 - - [03/Sep/2026:13:15:40 +0000] "POST /xmlrpc.php HTTP/1.1" 200 403 "-" "WordPress.com; https://wordpress.com"
78.67.20.234 - - [03/Sep/2026:13:15:51 +0000] "POST /xmlrpc.php HTTP/1.1" 200 403 "-" "Jetpack by WordPress.com (Jetpack 12.5; WordPress 6.3)"
78.67.20.234 - - [03/Sep/2026:13:16:02 +0000] "POST /xmlrpc.php HTTP/1.1" 200 403 "-" "Jetpack by WordPress.com"
78.67.20.234 - - [03/Sep/2026:13:16:14 +0000] "POST /xmlrpc.php HTTP/1.1" 200 403 "-" "WordPress.com; https://wordpress.com"
78.67.20.234 - - [03/Sep/2026:13:16:26 +0000] "POST /xmlrpc.php HTTP/1.1" 200 403 "-" "WordPress.com; https://wordpress.com"
78.67.20.234 - - [03/Sep/2026:13:16:36 +0000] "POST /xmlrpc.php HTTP/1.1" 200 403 "-" "Jetpack by WordPress.com"
78.67.20.234 - - [03/Sep/2026:13:16:47 +0000] "POST /xmlrpc.php HTTP/1.1" 200 403 "-" "Jetpack by WordPress.com"
78.67.20.234 - - [03/Sep/2026:13:16:58 +0000] "POST /xmlrpc.php HTTP/1.1" 200 403 "-" "Jetpack/13.0; WordPress/6.4; http://site47399220.com"
78.67.20.234 - - [03/Sep/2026:13:17:09 +0000] "POST /xmlrpc.php HTTP/1.1" 200 403 "-" "Jetpack by WordPress.com"
78.67.20.234 - - [03/Sep/2026:13:17:20 +0000] "POST /xmlrpc.php HTTP/1.1" 200 403 "-" "Jetpack by WordPress.com"
78.67.20.234 - - [03/Sep/2026:13:17:31 +0000] "POST /xmlrpc.php HTTP/1.1" 200 403 "-" "Jetpack by WordPress.com (Jetpack 12.1; WordPress 6.3)"
78.67.20.234 - - [03/Sep/2026:13:17:42 +0000] "POST /xmlrpc.php HTTP/1.1" 200 403 "-" "Jetpack by WordPress.com"
78.67.20.234 - - [03/Sep/2026:13:17:54 +0000] "POST /xmlrpc.php HTTP/1.1" 200 403 "-" "WordPress.com; https://wordpress.com"
103.205.69.201 - - [03/Sep/2026:13:17:55 +0000] "POST /xmlrpc.php HTTP/1.1" 200 403 "-" "Jetpack by WordPress.com (Jetpack 12.5; WordPress 6.3)"
47.128.42.4 - - [03/Sep/2026:13:18:01 +0000] "GET /flattering-short-pixie-haircuts-for-fine-hair/ HTTP/1.1" 200 20738 "-" "Mozilla/5.0 (Linux; Android 5.0) AppleWebKit/537.36 (KHTML, like Gecko) Mobile Safari/537.36 (compatible; Bytespider; spider-feedback@bytedance.com)"
47.128.42.4 - - [03/Sep/2026:13:18:02 +0000] "GET /wp-content/themes/birch-trellis/assets/dist/css/main.1.0.0.css?ver=1.0.0 HTTP/1.1" 200 10942 "https://fortattooideas.com/flattering-short-pixie-haircuts-for-fine-hair/" "Mozilla/5.0 (Linux; Android 5.0) AppleWebKit/537.36 (KHTML, like Gecko) Mobile Safari/537.36 (compatible; Bytespider; spider-feedback@bytedance.com)"
78.67.20.234 - - [03/Sep/2026:13:18:05 +0000] "POST /xmlrpc.php HTTP/1.1" 200 403 "-" "Jetpack/12.0; WordPress/6.3; http://site60924327.com"
103.205.69.201 - - [03/Sep/2026:13:18:05 +0000] "POST /xmlrpc.php HTTP/1.1" 200 403 "-" "Jetpack by WordPress.com (Jetpack 12.0; WordPress 6.4)"
78.67.20.234 - - [03/Sep/2026:13:18:16 +0000] "POST /xmlrpc.php HTTP/1.1" 200 403 "-" "Jetpack/12.1; WordPress/6.3; http://site54549438.com"
103.205.69.201 - - [03/Sep/2026:13:18:16 +0000] "POST /xmlrpc.php HTTP/1.1" 200 403 "-" "Jetpack by WordPress.com (Jetpack 12.5; WordPress 6.4)"
159.198.65.41 - - [03/Sep/2026:13:18:27 +0000] "POST /wp-cron.php?doing_wp_cron=1788441507.1190729141235351562500 HTTP/1.1" 200 - "-" "WordPress/7.1; https://fortattooideas.com"
103.205.69.201 - - [03/Sep/2026:13:18:27 +0000] "POST /xmlrpc.php HTTP/1.1" 200 403 "-" "Jetpack by WordPress.com (Jetpack 13.0; WordPress 6.2)"
78.67.20.234 - - [03/Sep/2026:13:18:27 +0000] "POST /xmlrpc.php HTTP/1.1" 200 403 "-" "Jetpack/12.1; WordPress/6.2; http://site49234244.com"
103.205.69.201 - - [03/Sep/2026:13:18:37 +0000] "POST /xmlrpc.php HTTP/1.1" 200 403 "-" "Jetpack by WordPress.com (Jetpack 12.1; WordPress 6.3)"
78.67.20.234 - - [03/Sep/2026:13:18:38 +0000] "POST /xmlrpc.php HTTP/1.1" 200 403 "-" "Jetpack/12.1; WordPress/6.4; http://site52952294.com"
103.205.69.201 - - [03/Sep/2026:13:18:48 +0000] "POST /xmlrpc.php HTTP/1.1" 200 403 "-" "Jetpack by WordPress.com"
78.67.20.234 - - [03/Sep/2026:13:18:49 +0000] "POST /xmlrpc.php HTTP/1.1" 200 403 "-" "WordPress.com; https://wordpress.com"
103.205.69.201 - - [03/Sep/2026:13:18:58 +0000] "POST /xmlrpc.php HTTP/1.1" 200 403 "-" "Jetpack by WordPress.com (Jetpack 12.0; WordPress 6.3)"
78.67.20.234 - - [03/Sep/2026:13:19:00 +0000] "POST /xmlrpc.php HTTP/1.1" 200 403 "-" "WordPress.com; https://wordpress.com"
159.198.65.41 - - [03/Sep/2026:13:19:09 +0000] "POST /wp-cron.php?doing_wp_cron=1788441549.6275660991668701171875 HTTP/1.1" 200 - "-" "WordPress/7.1; https://fortattooideas.com"
103.205.69.201 - - [03/Sep/2026:13:19:09 +0000] "POST /xmlrpc.php HTTP/1.1" 200 403 "-" "Jetpack/12.1; WordPress/6.1; http://site54518665.com"
78.67.20.234 - - [03/Sep/2026:13:19:11 +0000] "POST /xmlrpc.php HTTP/1.1" 200 403 "-" "Jetpack by WordPress.com"
103.205.69.201 - - [03/Sep/2026:13:19:20 +0000] "POST /xmlrpc.php HTTP/1.1" 200 403 "-" "WordPress.com; https://wordpress.com"
78.67.20.234 - - [03/Sep/2026:13:19:22 +0000] "POST /xmlrpc.php HTTP/1.1" 200 403 "-" "Jetpack by WordPress.com (Jetpack 13.0; WordPress 6.3)"
103.205.69.201 - - [03/Sep/2026:13:19:31 +0000] "POST /xmlrpc.php HTTP/1.1" 200 403 "-" "Jetpack by WordPress.com"
78.67.20.234 - - [03/Sep/2026:13:19:33 +0000] "POST /xmlrpc.php HTTP/1.1" 200 403 "-" "WordPress.com; https://wordpress.com"
103.205.69.201 - - [03/Sep/2026:13:19:41 +0000] "POST /xmlrpc.php HTTP/1.1" 200 403 "-" "Jetpack/12.0; WordPress/6.3; http://site68520256.com"
78.67.20.234 - - [03/Sep/2026:13:19:44 +0000] "POST /xmlrpc.php HTTP/1.1" 200 403 "-" "Jetpack/12.5; WordPress/6.1; http://site42154669.com"
103.205.69.201 - - [03/Sep/2026:13:19:52 +0000] "POST /xmlrpc.php HTTP/1.1" 200 403 "-" "Jetpack by WordPress.com (Jetpack 12.0; WordPress 6.2)"
78.67.20.234 - - [03/Sep/2026:13:19:55 +0000] "POST /xmlrpc.php HTTP/1.1" 200 403 "-" "Jetpack/12.5; WordPress/6.2; http://site59188687.com"
103.205.69.201 - - [03/Sep/2026:13:20:02 +0000] "POST /xmlrpc.php HTTP/1.1" 200 403 "-" "WordPress.com; https://wordpress.com"
78.67.20.234 - - [03/Sep/2026:13:20:05 +0000] "POST /xmlrpc.php HTTP/1.1" 200 403 "-" "Jetpack by WordPress.com (Jetpack 13.0; WordPress 6.4)"
103.205.69.201 - - [03/Sep/2026:13:20:13 +0000] "POST /xmlrpc.php HTTP/1.1" 200 403 "-" "WordPress.com; https://wordpress.com"
78.67.20.234 - - [03/Sep/2026:13:20:17 +0000] "POST /xmlrpc.php HTTP/1.1" 200 403 "-" "WordPress.com; https://wordpress.com"
103.205.69.201 - - [03/Sep/2026:13:20:23 +0000] "POST /xmlrpc.php HTTP/1.1" 200 403 "-" "WordPress.com; https://wordpress.com"
78.67.20.234 - - [03/Sep/2026:13:20:28 +0000] "POST /xmlrpc.php HTTP/1.1" 200 403 "-" "Jetpack/12.5; WordPress/6.4; http://site86305284.com"
103.205.69.201 - - [03/Sep/2026:13:20:34 +0000] "POST /xmlrpc.php HTTP/1.1" 200 403 "-" "WordPress.com; https://wordpress.com"
78.67.20.234 - - [03/Sep/2026:13:20:39 +0000] "POST /xmlrpc.php HTTP/1.1" 200 403 "-" "WordPress.com; https://wordpress.com"
103.205.69.201 - - [03/Sep/2026:13:20:45 +0000] "POST /xmlrpc.php HTTP/1.1" 200 403 "-" "Jetpack by WordPress.com"
78.67.20.234 - - [03/Sep/2026:13:20:50 +0000] "POST /xmlrpc.php HTTP/1.1" 200 403 "-" "Jetpack/12.0; WordPress/6.2; http://site87175185.com"
103.205.69.201 - - [03/Sep/2026:13:20:55 +0000] "POST /xmlrpc.php HTTP/1.1" 200 403 "-" "Jetpack/12.5; WordPress/6.3; http://site42963581.com"
57.141.18.45 - - [03/Sep/2026:13:20:56 +0000] "GET /hamsa-tattoo-ideas/ HTTP/1.1" 200 23971 "-" "Mozilla/5.0 (Windows NT 10.0; Win64; x64) AppleWebKit/537.36 (KHTML, like Gecko) Chrome/145.0.0.0 Safari/537.36 (compatible; meta-externalagent/1.1 (+https://developers.facebook.com/docs/sharing/webmasters/crawler))"
78.67.20.234 - - [03/Sep/2026:13:21:01 +0000] "POST /xmlrpc.php HTTP/1.1" 200 403 "-" "Jetpack/12.5; WordPress/6.3; http://site29678425.com"
103.205.69.201 - - [03/Sep/2026:13:21:06 +0000] "POST /xmlrpc.php HTTP/1.1" 200 403 "-" "WordPress.com; https://wordpress.com"
78.67.20.234 - - [03/Sep/2026:13:21:12 +0000] "POST /xmlrpc.php HTTP/1.1" 200 403 "-" "Jetpack by WordPress.com"
103.205.69.201 - - [03/Sep/2026:13:21:16 +0000] "POST /xmlrpc.php HTTP/1.1" 200 403 "-" "Jetpack/13.0; WordPress/6.1; http://site95113252.com"
78.67.20.234 - - [03/Sep/2026:13:21:23 +0000] "POST /xmlrpc.php HTTP/1.1" 200 403 "-" "Jetpack by WordPress.com"
103.205.69.201 - - [03/Sep/2026:13:21:27 +0000] "POST /xmlrpc.php HTTP/1.1" 200 403 "-" "Jetpack/12.5; WordPress/6.3; http://site27963751.com"
78.67.20.234 - - [03/Sep/2026:13:21:35 +0000] "POST /xmlrpc.php HTTP/1.1" 200 403 "-" "WordPress.com; https://wordpress.com"
103.205.69.201 - - [03/Sep/2026:13:21:38 +0000] "POST /xmlrpc.php HTTP/1.1" 200 403 "-" "Jetpack/12.5; WordPress/6.1; http://site12863872.com"
78.67.20.234 - - [03/Sep/2026:13:21:45 +0000] "POST /xmlrpc.php HTTP/1.1" 200 403 "-" "Jetpack by WordPress.com"
103.205.69.201 - - [03/Sep/2026:13:21:48 +0000] "POST /xmlrpc.php HTTP/1.1" 200 403 "-" "Jetpack by WordPress.com (Jetpack 12.1; WordPress 6.4)"
78.67.20.234 - - [03/Sep/2026:13:21:56 +0000] "POST /xmlrpc.php HTTP/1.1" 200 403 "-" "Jetpack by WordPress.com (Jetpack 12.0; WordPress 6.3)"
103.205.69.201 - - [03/Sep/2026:13:21:59 +0000] "POST /xmlrpc.php HTTP/1.1" 200 403 "-" "Jetpack by WordPress.com"
78.67.20.234 - - [03/Sep/2026:13:22:07 +0000] "POST /xmlrpc.php HTTP/1.1" 200 403 "-" "Jetpack/12.0; WordPress/6.3; http://site37484342.com"
103.205.69.201 - - [03/Sep/2026:13:22:10 +0000] "POST /xmlrpc.php HTTP/1.1" 200 403 "-" "WordPress.com; https://wordpress.com"
47.128.42.70 - - [03/Sep/2026:13:22:14 +0000] "GET /minimalist-constellation-tattoo-ideas/ HTTP/1.1" 200 20467 "-" "Mozilla/5.0 (Linux; Android 5.0) AppleWebKit/537.36 (KHTML, like Gecko) Mobile Safari/537.36 (compatible; Bytespider; spider-feedback@bytedance.com)"
47.128.42.70 - - [03/Sep/2026:13:22:15 +0000] "GET /wp-content/uploads/2026/01/tattooist_hyn_1749730437_3653326160115149574_4981466760-360x480.jpg HTTP/1.1" 206 500 "https://fortattooideas.com/minimalist-constellation-tattoo-ideas/" "Mozilla/5.0 (Linux; Android 5.0) AppleWebKit/537.36 (KHTML, like Gecko) Mobile Safari/537.36 (compatible; Bytespider; spider-feedback@bytedance.com)"
78.67.20.234 - - [03/Sep/2026:13:22:18 +0000] "POST /xmlrpc.php HTTP/1.1" 200 403 "-" "Jetpack by WordPress.com (Jetpack 12.1; WordPress 6.2)"
103.205.69.201 - - [03/Sep/2026:13:22:20 +0000] "POST /xmlrpc.php HTTP/1.1" 200 403 "-" "WordPress.com; https://wordpress.com"
78.67.20.234 - - [03/Sep/2026:13:22:29 +0000] "POST /xmlrpc.php HTTP/1.1" 200 403 "-" "Jetpack/12.1; WordPress/6.1; http://site22789922.com"
103.205.69.201 - - [03/Sep/2026:13:22:31 +0000] "POST /xmlrpc.php HTTP/1.1" 200 403 "-" "Jetpack/13.0; WordPress/6.3; http://site57754534.com"
78.67.20.234 - - [03/Sep/2026:13:22:40 +0000] "POST /xmlrpc.php HTTP/1.1" 200 403 "-" "WordPress.com; https://wordpress.com"
103.205.69.201 - - [03/Sep/2026:13:22:41 +0000] "POST /xmlrpc.php HTTP/1.1" 200 403 "-" "Jetpack by WordPress.com"
103.205.69.201 - - [03/Sep/2026:13:22:52 +0000] "POST /xmlrpc.php HTTP/1.1" 200 403 "-" "Jetpack by WordPress.com"
78.67.20.234 - - [03/Sep/2026:13:22:52 +0000] "POST /xmlrpc.php HTTP/1.1" 200 403 "-" "Jetpack/12.5; WordPress/6.2; http://site42390927.com"
103.205.69.201 - - [03/Sep/2026:13:23:02 +0000] "POST /xmlrpc.php HTTP/1.1" 200 403 "-" "Jetpack by WordPress.com"
78.67.20.234 - - [03/Sep/2026:13:23:03 +0000] "POST /xmlrpc.php HTTP/1.1" 200 403 "-" "WordPress.com; https://wordpress.com"
103.205.69.201 - - [03/Sep/2026:13:23:13 +0000] "POST /xmlrpc.php HTTP/1.1" 200 403 "-" "Jetpack/13.0; WordPress/6.2; http://site95840140.com"
78.67.20.234 - - [03/Sep/2026:13:23:15 +0000] "POST /xmlrpc.php HTTP/1.1" 200 403 "-" "Jetpack/12.0; WordPress/6.2; http://site49141049.com"
103.205.69.201 - - [03/Sep/2026:13:23:24 +0000] "POST /xmlrpc.php HTTP/1.1" 200 403 "-" "Jetpack/13.0; WordPress/6.2; http://site67369796.com"
78.67.20.234 - - [03/Sep/2026:13:23:25 +0000] "POST /xmlrpc.php HTTP/1.1" 200 403 "-" "Jetpack by WordPress.com"
103.205.69.201 - - [03/Sep/2026:13:23:35 +0000] "POST /xmlrpc.php HTTP/1.1" 200 403 "-" "Jetpack by WordPress.com (Jetpack 12.5; WordPress 6.3)"
78.67.20.234 - - [03/Sep/2026:13:23:38 +0000] "POST /xmlrpc.php HTTP/1.1" 200 403 "-" "Jetpack by WordPress.com (Jetpack 12.5; WordPress 6.4)"
103.205.69.201 - - [03/Sep/2026:13:23:45 +0000] "POST /xmlrpc.php HTTP/1.1" 200 403 "-" "Jetpack by WordPress.com (Jetpack 13.0; WordPress 6.4)"
78.67.20.234 - - [03/Sep/2026:13:23:49 +0000] "POST /xmlrpc.php HTTP/1.1" 200 403 "-" "Jetpack by WordPress.com (Jetpack 12.0; WordPress 6.1)"
103.205.69.201 - - [03/Sep/2026:13:23:56 +0000] "POST /xmlrpc.php HTTP/1.1" 200 403 "-" "Jetpack/12.0; WordPress/6.1; http://site51417748.com"
103.205.69.201 - - [03/Sep/2026:13:24:06 +0000] "POST /xmlrpc.php HTTP/1.1" 200 403 "-" "WordPress.com; https://wordpress.com"
54.236.1.218 - - [03/Sep/2026:13:24:14 +0000] "GET /dragonfly-tattoo-ideas/ HTTP/1.1" 200 25066 "-" "Mozilla/5.0 (compatible; Pinterestbot/1.0; +http://www.pinterest.com/bot.html)"
85.241.250.135 - - [03/Sep/2026:13:24:14 +0000] "GET /dragonfly-tattoo-ideas/?utm_source=Pinterest&utm_medium=organic HTTP/1.1" 200 25092 "https://fr.pinterest.com/" "Mozilla/5.0 (iPhone; CPU iPhone OS 18_7 like Mac OS X) AppleWebKit/605.1.15 (KHTML, like Gecko) Version/18.7.5 Mobile/15E148 Safari/604.1"
85.241.250.135 - - [03/Sep/2026:13:24:15 +0000] "GET /wp-content/plugins/mediavine-trellis-images/assets/dist/IO.0.7.1.js?ver=0.7.1 HTTP/1.1" 200 2456 "https://fortattooideas.com/dragonfly-tattoo-ideas/?utm_source=Pinterest&utm_medium=organic" "Mozilla/5.0 (iPhone; CPU iPhone OS 18_7 like Mac OS X) AppleWebKit/605.1.15 (KHTML, like Gecko) Version/18.7.5 Mobile/15E148 Safari/604.1"
85.241.250.135 - - [03/Sep/2026:13:24:15 +0000] "GET /wp-content/plugins/mediavine-trellis-images/assets/dist/main.0.7.1.js?ver=0.7.1 HTTP/1.1" 200 4745 "https://fortattooideas.com/dragonfly-tattoo-ideas/?utm_source=Pinterest&utm_medium=organic" "Mozilla/5.0 (iPhone; CPU iPhone OS 18_7 like Mac OS X) AppleWebKit/605.1.15 (KHTML, like Gecko) Version/18.7.5 Mobile/15E148 Safari/604.1"
85.241.250.135 - - [03/Sep/2026:13:24:15 +0000] "GET /wp-content/themes/birch-trellis/assets/dist/css/main.1.0.0.css?ver=1.0.0 HTTP/1.1" 200 10942 "https://fortattooideas.com/dragonfly-tattoo-ideas/?utm_source=Pinterest&utm_medium=organic" "Mozilla/5.0 (iPhone; CPU iPhone OS 18_7 like Mac OS X) AppleWebKit/605.1.15 (KHTML, like Gecko) Version/18.7.5 Mobile/15E148 Safari/604.1"
85.241.250.135 - - [03/Sep/2026:13:24:15 +0000] "GET /wp-includes/blocks/heading/style.min.css?ver=7.1 HTTP/1.1" 200 211 "https://fortattooideas.com/dragonfly-tattoo-ideas/?utm_source=Pinterest&utm_medium=organic" "Mozilla/5.0 (iPhone; CPU iPhone OS 18_7 like Mac OS X) AppleWebKit/605.1.15 (KHTML, like Gecko) Version/18.7.5 Mobile/15E148 Safari/604.1"
85.241.250.135 - - [03/Sep/2026:13:24:15 +0000] "GET /wp-includes/blocks/paragraph/style.min.css?ver=7.1 HTTP/1.1" 200 341 "https://fortattooideas.com/dragonfly-tattoo-ideas/?utm_source=Pinterest&utm_medium=organic" "Mozilla/5.0 (iPhone; CPU iPhone OS 18_7 like Mac OS X) AppleWebKit/605.1.15 (KHTML, like Gecko) Version/18.7.5 Mobile/15E148 Safari/604.1"
85.241.250.135 - - [03/Sep/2026:13:24:15 +0000] "GET /wp-includes/js/jquery/jquery.min.js?ver=3.7.1 HTTP/1.1" 200 30368 "https://fortattooideas.com/dragonfly-tattoo-ideas/?utm_source=Pinterest&utm_medium=organic" "Mozilla/5.0 (iPhone; CPU iPhone OS 18_7 like Mac OS X) AppleWebKit/605.1.15 (KHTML, like Gecko) Version/18.7.5 Mobile/15E148 Safari/604.1"
85.241.250.135 - - [03/Sep/2026:13:24:15 +0000] "GET /wp-includes/js/jquery/jquery-migrate.min.js?ver=3.4.1 HTTP/1.1" 200 4872 "https://fortattooideas.com/dragonfly-tattoo-ideas/?utm_source=Pinterest&utm_medium=organic" "Mozilla/5.0 (iPhone; CPU iPhone OS 18_7 like Mac OS X) AppleWebKit/605.1.15 (KHTML, like Gecko) Version/18.7.5 Mobile/15E148 Safari/604.1"
85.241.250.135 - - [03/Sep/2026:13:24:15 +0000] "GET /wp-content/plugins/pinterest-pin-it-button-on-image-hover-and-post/js/pinit.js HTTP/1.1" 200 383 "https://fortattooideas.com/dragonfly-tattoo-ideas/?utm_source=Pinterest&utm_medium=organic" "Mozilla/5.0 (iPhone; CPU iPhone OS 18_7 like Mac OS X) AppleWebKit/605.1.15 (KHTML, like Gecko) Version/18.7.5 Mobile/15E148 Safari/604.1"
85.241.250.135 - - [03/Sep/2026:13:24:15 +0000] "GET /wp-content/plugins/pinterest-pin-it-button-on-image-hover-and-post/js/main.js?ver=4.9 HTTP/1.1" 200 - "https://fortattooideas.com/dragonfly-tattoo-ideas/?utm_source=Pinterest&utm_medium=organic" "Mozilla/5.0 (iPhone; CPU iPhone OS 18_7 like Mac OS X) AppleWebKit/605.1.15 (KHTML, like Gecko) Version/18.7.5 Mobile/15E148 Safari/604.1"
85.241.250.135 - - [03/Sep/2026:13:24:15 +0000] "GET /wp-content/themes/mediavine-trellis/assets/dist/main.0.18.1.js?ver=0.18.1 HTTP/1.1" 200 5513 "https://fortattooideas.com/dragonfly-tattoo-ideas/?utm_source=Pinterest&utm_medium=organic" "Mozilla/5.0 (iPhone; CPU iPhone OS 18_7 like Mac OS X) AppleWebKit/605.1.15 (KHTML, like Gecko) Version/18.7.5 Mobile/15E148 Safari/604.1"
85.241.250.135 - - [03/Sep/2026:13:24:16 +0000] "GET /wp-content/uploads/2026/07/studio_l3__1721219861_3414162108406880931_66350162319-966x1024.jpg HTTP/1.1" 200 93425 "https://fortattooideas.com/dragonfly-tattoo-ideas/?utm_source=Pinterest&utm_medium=organic" "Mozilla/5.0 (iPhone; CPU iPhone OS 18_7 like Mac OS X) AppleWebKit/605.1.15 (KHTML, like Gecko) Version/18.7.5 Mobile/15E148 Safari/604.1"
85.241.250.135 - - [03/Sep/2026:13:24:16 +0000] "GET /wp-content/themes/mediavine-trellis/assets/dist/sw.0.18.1.js HTTP/1.1" 200 467 "https://fortattooideas.com/dragonfly-tattoo-ideas/?utm_source=Pinterest&utm_medium=organic" "Mozilla/5.0 (iPhone; CPU iPhone OS 18_7 like Mac OS X) AppleWebKit/605.1.15 (KHTML, like Gecko) Version/18.7.5 Mobile/15E148 Safari/604.1"
85.241.250.135 - - [03/Sep/2026:13:24:16 +0000] "GET /manifest HTTP/1.1" 200 151 "https://fortattooideas.com/dragonfly-tattoo-ideas/?utm_source=Pinterest&utm_medium=organic" "Mozilla/5.0 (iPhone; CPU iPhone OS 18_7 like Mac OS X) AppleWebKit/605.1.15 (KHTML, like Gecko) Version/18.7.5 Mobile/15E148 Safari/604.1"
