/var/log/apache2/domlogs/fortodpl
NameSizeModeActions
bestinacademic.com.forthewardrobe.com45940640editdlrm
bestinacademic.com.forthewardrobe.com-ssl_log323940640editdlrm
decoflick.com.forthewardrobe.com278150640editdlrm
decoflick.com.forthewardrobe.com-ssl_log2143500640editdlrm
decoplexi.com.forthewardrobe.com417920640editdlrm
decoplexi.com.forthewardrobe.com-ssl_log5974620640editdlrm
decosang.com.forthewardrobe.com160474800640editdlrm
decosang.com.forthewardrobe.com-ssl_log82969470640editdlrm
delcotti.com.forthewardrobe.com210375070640editdlrm
delcotti.com.forthewardrobe.com-ssl_log26781700640editdlrm
divahosts.com.forthewardrobe.com95370640editdlrm
divahosts.com.forthewardrobe.com-ssl_log5526720640editdlrm
fashionetty.com.forthewardrobe.com179708740640editdlrm
fashionetty.com.forthewardrobe.com-ssl_log57207160640editdlrm
fitsbylin.com.forthewardrobe.com15228700640editdlrm
fitsbylin.com.forthewardrobe.com-ssl_log1232120640editdlrm
forcutestyles.com.forthewardrobe.com472070640editdlrm
forcutestyles.com.forthewardrobe.com-ssl_log4876300640editdlrm
forhairstylesinspo.com.forthewardrobe.com88520640editdlrm
forhairstylesinspo.com.forthewardrobe.com-ssl_log2463540640editdlrm
formystyles.com.forthewardrobe.com77691010640editdlrm
formystyles.com.forthewardrobe.com-ssl_log2038540640editdlrm
fortattooideas.com.forthewardrobe.com385810640editdlrm
fortattooideas.com.forthewardrobe.com-ssl_log15922840640editdlrm
fortattooinspo.com.forthewardrobe.com223440640editdlrm
fortattooinspo.com.forthewardrobe.com-ssl_log1122830640editdlrm
forthewardrobe.com200310640editdlrm
forthewardrobe.com-ssl_log828180640editdlrm
hairandtattoo.com.forthewardrobe.com1517900640editdlrm
hairandtattoo.com.forthewardrobe.com-ssl_log8931960640editdlrm
ibifits.com.forthewardrobe.com201750140640editdlrm
ibifits.com.forthewardrobe.com-ssl_log8900540640editdlrm
likelyfits.com.forthewardrobe.com139991770640editdlrm
likelyfits.com.forthewardrobe.com-ssl_log81942450640editdlrm
linstyles.com.forthewardrobe.com6141220640editdlrm
linstyles.com.forthewardrobe.com-ssl_log731100640editdlrm
outfitsplan.com.forthewardrobe.com626880640editdlrm
outfitsplan.com.forthewardrobe.com-ssl_log2272140640editdlrm
samhairstyles.com.forthewardrobe.com463540640editdlrm
samhairstyles.com.forthewardrobe.com-ssl_log6270960640editdlrm
shyflows.com.forthewardrobe.com236997880640editdlrm
shyflows.com.forthewardrobe.com-ssl_log487280640editdlrm
stylescrave.com.forthewardrobe.com460750640editdlrm
stylescrave.com.forthewardrobe.com-ssl_log37868100640editdlrm
stylinda.com.forthewardrobe.com120092300640editdlrm
stylinda.com.forthewardrobe.com-ssl_log40789190640editdlrm
thecutediva.com.forthewardrobe.com239397940640editdlrm
thecutediva.com.forthewardrobe.com-ssl_log7703620640editdlrm
thehairstyleinspo.com.forthewardrobe.com355570640editdlrm
thehairstyleinspo.com.forthewardrobe.com-ssl_log2494330640editdlrm
Edit: /var/log/apache2/domlogs/fortodpl/fortattooideas.com.forthewardrobe.com-ssl_log (1592284B)
44.221.215.129 - - [03/Sep/2026:12:05:44 +0000] "GET /ads.txt HTTP/1.1" 301 - "-" "axios/1.18.1"
44.221.215.129 - - [03/Sep/2026:12:05:45 +0000] "GET /ads.txt HTTP/1.1" 301 - "-" "axios/1.18.1"
44.221.215.129 - - [03/Sep/2026:12:05:46 +0000] "GET /ads.txt HTTP/1.1" 301 - "-" "axios/1.18.1"
44.221.215.129 - - [03/Sep/2026:12:05:46 +0000] "GET /ads.txt HTTP/1.1" 301 - "-" "axios/1.18.1"
44.221.215.129 - - [03/Sep/2026:12:05:46 +0000] "GET /robots.txt HTTP/1.1" 200 129 "-" "AppNexusAdsTxtCrawler/1.0"
44.221.215.129 - - [03/Sep/2026:12:05:47 +0000] "GET / HTTP/1.1" 200 14345 "-" "AppNexusAdsTxtCrawler/1.0"
43.173.175.36 - - [03/Sep/2026:12:06:24 +0000] "GET /?p=1982/ HTTP/1.1" 301 - "-" "Mozilla/5.0 (Windows NT 10.0; Win64; x64) AppleWebKit/537.36 (KHTML, like Gecko) Chrome/107.0.0.0 Safari/537.36"
43.172.195.26 - - [03/Sep/2026:12:06:26 +0000] "GET /matching-couple-tattoo-ideas/ HTTP/1.1" 200 24157 "-" "Mozilla/5.0 (Windows NT 10.0; Win64; x64) AppleWebKit/537.36 (KHTML, like Gecko) Chrome/107.0.0.0 Safari/537.36"
43.173.173.104 - - [03/Sep/2026:12:06:28 +0000] "GET /wp-json/wp/v2/comments?post=1982&order=asc&per_page=100&page=1 HTTP/1.1" 200 22 "https://fortattooideas.com/matching-couple-tattoo-ideas/" "Mozilla/5.0 (Windows NT 10.0; Win64; x64) AppleWebKit/537.36 (KHTML, like Gecko) Chrome/107.0.0.0 Safari/537.36"
150.241.237.93 - - [03/Sep/2026:12:07:14 +0000] "GET /wp-content/uploads/2026/07/amygreentattoo_1763454757_3768454101890416504_5430389462.jpg HTTP/1.1" 200 127840 "https://fortattooideas.com/" "Mozilla/5.0 (Windows NT 10.0; Win64; x64) AppleWebKit/537.36 (KHTML, like Gecko) Chrome/133.0.0.0 Safari/537.36"
188.255.140.245 - - [03/Sep/2026:12:07:13 +0000] "GET /wp-content/uploads/2026/07/thebirdboytattooart_1761943692_3755778368911585915_7781743101.jpg HTTP/1.1" 200 302089 "https://fortattooideas.com/" "Mozilla/5.0 (Windows NT 10.0; Win64; x64) AppleWebKit/537.36 (KHTML, like Gecko) Chrome/133.0.0.0 Safari/537.36"
150.241.237.72 - - [03/Sep/2026:12:07:14 +0000] "GET /wp-content/uploads/2026/07/branflake_draws_1552565428_1999386183571177533_8532813925.jpg HTTP/1.1" 200 56658 "https://fortattooideas.com/" "Mozilla/5.0 (Windows NT 10.0; Win64; x64) AppleWebKit/537.36 (KHTML, like Gecko) Chrome/133.0.0.0 Safari/537.36"
188.255.140.64 - - [03/Sep/2026:12:07:14 +0000] "GET /wp-content/uploads/2026/07/louccia_1643196585_2759655433112202860_1686097240.jpg HTTP/1.1" 200 297329 "https://fortattooideas.com/" "Mozilla/5.0 (Windows NT 10.0; Win64; x64) AppleWebKit/537.36 (KHTML, like Gecko) Chrome/133.0.0.0 Safari/537.36"
150.241.237.72 - - [03/Sep/2026:12:07:14 +0000] "GET /wp-content/uploads/2026/07/daldam___1743340651_3599724750459314343_1428735795.jpg HTTP/1.1" 200 521639 "https://fortattooideas.com/" "Mozilla/5.0 (Windows NT 10.0; Win64; x64) AppleWebKit/537.36 (KHTML, like Gecko) Chrome/133.0.0.0 Safari/537.36"
143.14.151.209 - - [03/Sep/2026:12:07:14 +0000] "GET /wp-content/uploads/2026/07/tattoos_by_bunny_1767843962_3805273421924965308_2075920063.jpg HTTP/1.1" 200 328805 "https://fortattooideas.com/" "Mozilla/5.0 (Windows NT 10.0; Win64; x64) AppleWebKit/537.36 (KHTML, like Gecko) Chrome/133.0.0.0 Safari/537.36"
143.14.151.174 - - [03/Sep/2026:12:07:14 +0000] "GET /wp-content/uploads/2026/07/tattooist_sion_1775408812_3868719480948727441_1756699780.jpg HTTP/1.1" 200 486096 "https://fortattooideas.com/" "Mozilla/5.0 (Windows NT 10.0; Win64; x64) AppleWebKit/537.36 (KHTML, like Gecko) Chrome/133.0.0.0 Safari/537.36"
143.14.151.174 - - [03/Sep/2026:12:07:14 +0000] "GET /wp-content/uploads/2026/07/hollielaura_ink_1728995008_3479384775373548468_24083635716.jpg HTTP/1.1" 200 617602 "https://fortattooideas.com/" "Mozilla/5.0 (Windows NT 10.0; Win64; x64) AppleWebKit/537.36 (KHTML, like Gecko) Chrome/133.0.0.0 Safari/537.36"
150.241.237.42 - - [03/Sep/2026:12:07:15 +0000] "GET /wp-content/uploads/2026/07/sinkamor_tattoo_1739958485_3571353086192690728_60684787980.webp HTTP/1.1" 200 78607 "https://fortattooideas.com/" "Mozilla/5.0 (Windows NT 10.0; Win64; x64) AppleWebKit/537.36 (KHTML, like Gecko) Chrome/133.0.0.0 Safari/537.36"
143.14.151.209 - - [03/Sep/2026:12:07:16 +0000] "GET /wp-content/uploads/2026/07/erikkentthehuman_1621215346_2575263436732837583_309033525.jpg HTTP/1.1" 200 42597 "https://fortattooideas.com/" "Mozilla/5.0 (Windows NT 10.0; Win64; x64) AppleWebKit/537.36 (KHTML, like Gecko) Chrome/133.0.0.0 Safari/537.36"
188.255.140.134 - - [03/Sep/2026:12:07:16 +0000] "GET /wp-content/uploads/2026/07/tattoratory_official_1642985981_2757888764272926814_51447256046.jpg HTTP/1.1" 200 224385 "https://fortattooideas.com/" "Mozilla/5.0 (Windows NT 10.0; Win64; x64) AppleWebKit/537.36 (KHTML, like Gecko) Chrome/133.0.0.0 Safari/537.36"
150.241.237.193 - - [03/Sep/2026:12:07:16 +0000] "GET /wp-content/uploads/2026/07/tattoo.si__1762711245_3762217068587239016_5997184733.jpg HTTP/1.1" 200 347611 "https://fortattooideas.com/" "Mozilla/5.0 (Windows NT 10.0; Win64; x64) AppleWebKit/537.36 (KHTML, like Gecko) Chrome/133.0.0.0 Safari/537.36"
150.107.107.21 - - [03/Sep/2026:12:07:31 +0000] "GET /wp-content/uploads/2026/08/image-701-904x1200.png HTTP/1.1" 200 2650075 "-" "Mozilla/5.0 (Macintosh; U; Intel Mac OS X 10_9_6 rv:3.0; os-RU) AppleWebKit/533.30.7 (KHTML, like Gecko) Version/5.0.5 Safari/533.30.7"
159.198.65.41 - - [03/Sep/2026:12:08:57 +0000] "POST /wp-cron.php?doing_wp_cron=1788437337.7734720706939697265625 HTTP/1.1" 200 - "-" "WordPress/7.1; https://fortattooideas.com"
57.141.18.60 - - [03/Sep/2026:12:08:56 +0000] "GET /meaningful-small-tattoo-ideas/ HTTP/1.1" 200 20062 "-" "Mozilla/5.0 (Macintosh; Intel Mac OS X 10_15_7) AppleWebKit/537.36 (KHTML, like Gecko) Chrome/145.0.0.0 Safari/537.36 (compatible; meta-externalagent/1.1 (+https://developers.facebook.com/docs/sharing/webmasters/crawler))"
52.167.144.238 - - [03/Sep/2026:12:08:58 +0000] "GET /wp-content/uploads/2026/07/sarainkk_1730466041_3491724692504962544_60886876540-264x300.jpg HTTP/1.1" 200 15414 "-" "Mozilla/5.0 AppleWebKit/537.36 (KHTML, like Gecko; compatible; bingbot/2.0; +http://www.bing.com/bingbot.htm) Chrome/116.0.1938.76 Safari/537.36"
57.141.18.73 - - [03/Sep/2026:12:09:14 +0000] "GET /minimalist-forearm-tattoo-ideas/ HTTP/1.1" 200 20187 "-" "Mozilla/5.0 (Windows NT 10.0; Win64; x64) AppleWebKit/537.36 (KHTML, like Gecko) Chrome/145.0.0.0 Safari/537.36 (compatible; meta-externalagent/1.1 (+https://developers.facebook.com/docs/sharing/webmasters/crawler))"
18.215.77.19 - - [03/Sep/2026:12:09:58 +0000] "GET /wp-content/uploads/2026/07/lulu.ttttttt_1608710740_2470367196087710512_1916544080-1080x1080.jpg HTTP/1.1" 200 142005 "-" "Mozilla/5.0 AppleWebKit/537.36 (KHTML, like Gecko; compatible; Amazonbot/0.1; +https://developer.amazon.com/support/amazonbot) Chrome/119.0.6045.214 Safari/537.36"
103.59.161.97 - - [03/Sep/2026:12:11:31 +0000] "GET /wp-content/uploads/2026/08/image-619-904x1200.png HTTP/1.1" 200 2498105 "-" "Mozilla/5.0 (Windows NT 10.0; Win64; x64) AppleWebKit/537.36"
103.59.161.97 - - [03/Sep/2026:12:11:34 +0000] "GET /wp-content/uploads/2026/08/image-618-904x1200.png HTTP/1.1" 200 2457612 "-" "Mozilla/5.0 (Windows NT 10.0; Win64; x64) AppleWebKit/537.36"
78.153.155.18 - - [03/Sep/2026:12:11:37 +0000] "GET / HTTP/1.1" 200 78921 "-" "Mozilla/5.0 (Macintosh; Intel Mac OS X 10_15_7) AppleWebKit/605.1.15 (KHTML, like Gecko) Version/17.1 Safari/605.1.15"
78.153.155.18 - - [03/Sep/2026:12:11:39 +0000] "POST /wp-json/batch/v1 HTTP/1.1" 207 16 "-" "Mozilla/5.0 (Macintosh; Intel Mac OS X 10_15_7) AppleWebKit/537.36 (KHTML, like Gecko) Chrome/120.0.0.0 Safari/537.36"
78.153.155.18 - - [03/Sep/2026:12:11:39 +0000] "POST /wp-json/batch/v1 HTTP/1.1" 207 16 "-" "Mozilla/5.0 (iPhone; CPU iPhone OS 17_1_1 like Mac OS X) AppleWebKit/605.1.15 (KHTML, like Gecko) Version/17.1 Mobile/15E148 Safari/604.1"
78.153.155.18 - - [03/Sep/2026:12:11:39 +0000] "POST /wp-json/batch/v1 HTTP/1.1" 207 478 "-" "Mozilla/5.0 (Windows NT 10.0; Win64; x64; rv:109.0) Gecko/20100101 Firefox/121.0"
40.77.167.123 - - [03/Sep/2026:12:12:11 +0000] "GET /wp-content/uploads/2026/07/donbragatattoo_1774377480_3860080162704876054_54317035-960x960.jpg HTTP/1.1" 200 118958 "-" "Mozilla/5.0 AppleWebKit/537.36 (KHTML, like Gecko; compatible; bingbot/2.0; +http://www.bing.com/bingbot.htm) Chrome/116.0.1938.76 Safari/537.36"
54.210.155.69 - - [03/Sep/2026:12:12:37 +0000] "GET /wp-json/oembed/1.0/embed?url=https://fortattooideas.com/octopus-tattoo-ideas/ HTTP/1.1" 200 1453 "-" "Mozilla/5.0 AppleWebKit/537.36 (KHTML, like Gecko; compatible; Amazonbot/0.1; +https://developer.amazon.com/support/amazonbot) Chrome/119.0.6045.214 Safari/537.36"
52.167.144.238 - - [03/Sep/2026:12:13:00 +0000] "GET /wp-content/uploads/2026/07/inae.tattoo_1757972131_3722462496616872358_4086220627-810x1080.jpg HTTP/1.1" 200 109244 "-" "Mozilla/5.0 AppleWebKit/537.36 (KHTML, like Gecko; compatible; bingbot/2.0; +http://www.bing.com/bingbot.htm) Chrome/116.0.1938.76 Safari/537.36"
159.198.65.41 - - [03/Sep/2026:12:17:55 +0000] "POST /wp-cron.php?doing_wp_cron=1788437875.4978659152984619140625 HTTP/1.1" 200 - "-" "WordPress/7.1; https://fortattooideas.com"
88.241.46.138 - - [03/Sep/2026:12:17:54 +0000] "GET /growth-tattoo-ideas/ HTTP/1.1" 200 24196 "-" "Mozilla/5.0 (Windows NT 10.0; Win64; x64) AppleWebKit/537.36 (KHTML, like Gecko) Chrome/110.0.0.0 Safari/537.36"
44.217.177.142 - - [03/Sep/2026:12:18:01 +0000] "GET /wp-content/uploads/2026/07/michaela.ink_.art_1731835820_3503215231867669550_12410843-1-1091x1200.jpg HTTP/1.1" 200 136967 "-" "Mozilla/5.0 AppleWebKit/537.36 (KHTML, like Gecko; compatible; Amazonbot/0.1; +https://developer.amazon.com/support/amazonbot) Chrome/119.0.6045.214 Safari/537.36"
18.205.91.101 - - [03/Sep/2026:12:22:25 +0000] "GET /wp-content/uploads/2026/07/osakabe_1780801327_3913967563729867309_5638183-240x320.jpg HTTP/1.1" 200 17592 "-" "Mozilla/5.0 AppleWebKit/537.36 (KHTML, like Gecko; compatible; Amazonbot/0.1; +https://developer.amazon.com/support/amazonbot) Chrome/119.0.6045.214 Safari/537.36"
159.198.65.41 - - [03/Sep/2026:12:22:54 +0000] "POST /wp-cron.php?doing_wp_cron=1788438174.2310440540313720703125 HTTP/1.1" 200 - "-" "WordPress/7.1; https://fortattooideas.com"
50.16.162.169 - - [03/Sep/2026:12:22:52 +0000] "GET /owl-tattoo-ideas/ HTTP/1.1" 200 26683 "-" "Mozilla/5.0 (compatible; proximic; +https://www.comscore.com/Web-Crawler)"
3.221.156.96 - - [03/Sep/2026:12:23:17 +0000] "GET /wp-content/uploads/2026/07/tattoolikaa_1761550946_3752483772537779693_62958599460-546x728.jpg HTTP/1.1" 200 29108 "-" "Mozilla/5.0 AppleWebKit/537.36 (KHTML, like Gecko; compatible; Amazonbot/0.1; +https://developer.amazon.com/support/amazonbot) Chrome/119.0.6045.214 Safari/537.36"
52.70.138.176 - - [03/Sep/2026:12:23:29 +0000] "GET /wp-content/uploads/2026/07/inkedwithco_1741892059_3587573076176981868_36740900924-240x300.jpg HTTP/1.1" 200 13526 "-" "Mozilla/5.0 AppleWebKit/537.36 (KHTML, like Gecko; compatible; Amazonbot/0.1; +https://developer.amazon.com/support/amazonbot) Chrome/119.0.6045.214 Safari/537.36"
140.179.18.91 - - [03/Sep/2026:12:24:28 +0000] "GET /butterfly-tattoo-ideas/ HTTP/1.1" 200 24568 "-" "Mozilla/5.0 (Linux; Android 10; HD1900 Build/QKQ1.190716.003; wv) AppleWebKit/537.36 (KHTML, like Gecko) Version/4.0 Chrome/75.0.3770.156 Mobile Safari/537.36 aweme_230400 JsSdk/1.0 NetType/WIFI AppName/aweme app_version/23.4.0 ByteLocale/zh-CN Region/CN AppSkin/white AppTheme/light BytedanceWebview/d8a21c6 WebView/075113004008"
140.179.18.91 - - [03/Sep/2026:12:24:30 +0000] "GET /wp-includes/blocks/heading/style.min.css?ver=7.1 HTTP/1.1" 200 211 "https://fortattooideas.com/butterfly-tattoo-ideas/" "Mozilla/5.0 (Linux; Android 10; HD1900 Build/QKQ1.190716.003; wv) AppleWebKit/537.36 (KHTML, like Gecko) Version/4.0 Chrome/75.0.3770.156 Mobile Safari/537.36 aweme_230400 JsSdk/1.0 NetType/WIFI AppName/aweme app_version/23.4.0 ByteLocale/zh-CN Region/CN AppSkin/white AppTheme/light BytedanceWebview/d8a21c6 WebView/075113004008"
140.179.18.91 - - [03/Sep/2026:12:24:30 +0000] "GET /wp-content/themes/birch-trellis/assets/dist/css/main.1.0.0.css?ver=1.0.0 HTTP/1.1" 200 10942 "https://fortattooideas.com/butterfly-tattoo-ideas/" "Mozilla/5.0 (Linux; Android 10; HD1900 Build/QKQ1.190716.003; wv) AppleWebKit/537.36 (KHTML, like Gecko) Version/4.0 Chrome/75.0.3770.156 Mobile Safari/537.36 aweme_230400 JsSdk/1.0 NetType/WIFI AppName/aweme app_version/23.4.0 ByteLocale/zh-CN Region/CN AppSkin/white AppTheme/light BytedanceWebview/d8a21c6 WebView/075113004008"
140.179.18.91 - - [03/Sep/2026:12:24:30 +0000] "GET /wp-includes/blocks/paragraph/style.min.css?ver=7.1 HTTP/1.1" 200 341 "https://fortattooideas.com/butterfly-tattoo-ideas/" "Mozilla/5.0 (Linux; Android 10; HD1900 Build/QKQ1.190716.003; wv) AppleWebKit/537.36 (KHTML, like Gecko) Version/4.0 Chrome/75.0.3770.156 Mobile Safari/537.36 aweme_230400 JsSdk/1.0 NetType/WIFI AppName/aweme app_version/23.4.0 ByteLocale/zh-CN Region/CN AppSkin/white AppTheme/light BytedanceWebview/d8a21c6 WebView/075113004008"
140.179.18.91 - - [03/Sep/2026:12:24:30 +0000] "GET /wp-includes/js/jquery/jquery-migrate.min.js?ver=3.4.1 HTTP/1.1" 200 4872 "https://fortattooideas.com/butterfly-tattoo-ideas/" "Mozilla/5.0 (Linux; Android 10; HD1900 Build/QKQ1.190716.003; wv) AppleWebKit/537.36 (KHTML, like Gecko) Version/4.0 Chrome/75.0.3770.156 Mobile Safari/537.36 aweme_230400 JsSdk/1.0 NetType/WIFI AppName/aweme app_version/23.4.0 ByteLocale/zh-CN Region/CN AppSkin/white AppTheme/light BytedanceWebview/d8a21c6 WebView/075113004008"
140.179.18.91 - - [03/Sep/2026:12:24:30 +0000] "GET /wp-content/plugins/pinterest-pin-it-button-on-image-hover-and-post/js/main.js?ver=4.9 HTTP/1.1" 200 - "https://fortattooideas.com/butterfly-tattoo-ideas/" "Mozilla/5.0 (Linux; Android 10; HD1900 Build/QKQ1.190716.003; wv) AppleWebKit/537.36 (KHTML, like Gecko) Version/4.0 Chrome/75.0.3770.156 Mobile Safari/537.36 aweme_230400 JsSdk/1.0 NetType/WIFI AppName/aweme app_version/23.4.0 ByteLocale/zh-CN Region/CN AppSkin/white AppTheme/light BytedanceWebview/d8a21c6 WebView/075113004008"
140.179.18.91 - - [03/Sep/2026:12:24:30 +0000] "GET /wp-includes/js/jquery/jquery.min.js?ver=3.7.1 HTTP/1.1" 200 30368 "https://fortattooideas.com/butterfly-tattoo-ideas/" "Mozilla/5.0 (Linux; Android 10; HD1900 Build/QKQ1.190716.003; wv) AppleWebKit/537.36 (KHTML, like Gecko) Version/4.0 Chrome/75.0.3770.156 Mobile Safari/537.36 aweme_230400 JsSdk/1.0 NetType/WIFI AppName/aweme app_version/23.4.0 ByteLocale/zh-CN Region/CN AppSkin/white AppTheme/light BytedanceWebview/d8a21c6 WebView/075113004008"
140.179.18.91 - - [03/Sep/2026:12:24:30 +0000] "GET /wp-content/plugins/mediavine-trellis-images/assets/dist/IO.0.7.1.js?ver=0.7.1 HTTP/1.1" 200 2456 "https://fortattooideas.com/butterfly-tattoo-ideas/" "Mozilla/5.0 (Linux; Android 10; HD1900 Build/QKQ1.190716.003; wv) AppleWebKit/537.36 (KHTML, like Gecko) Version/4.0 Chrome/75.0.3770.156 Mobile Safari/537.36 aweme_230400 JsSdk/1.0 NetType/WIFI AppName/aweme app_version/23.4.0 ByteLocale/zh-CN Region/CN AppSkin/white AppTheme/light BytedanceWebview/d8a21c6 WebView/075113004008"
140.179.18.91 - - [03/Sep/2026:12:24:31 +0000] "GET /wp-content/plugins/mediavine-trellis-images/assets/dist/main.0.7.1.js?ver=0.7.1 HTTP/1.1" 200 4745 "https://fortattooideas.com/butterfly-tattoo-ideas/" "Mozilla/5.0 (Linux; Android 10; HD1900 Build/QKQ1.190716.003; wv) AppleWebKit/537.36 (KHTML, like Gecko) Version/4.0 Chrome/75.0.3770.156 Mobile Safari/537.36 aweme_230400 JsSdk/1.0 NetType/WIFI AppName/aweme app_version/23.4.0 ByteLocale/zh-CN Region/CN AppSkin/white AppTheme/light BytedanceWebview/d8a21c6 WebView/075113004008"
140.179.18.91 - - [03/Sep/2026:12:24:31 +0000] "GET /wp-content/plugins/pinterest-pin-it-button-on-image-hover-and-post/js/pinit.js HTTP/1.1" 200 383 "https://fortattooideas.com/butterfly-tattoo-ideas/" "Mozilla/5.0 (Linux; Android 10; HD1900 Build/QKQ1.190716.003; wv) AppleWebKit/537.36 (KHTML, like Gecko) Version/4.0 Chrome/75.0.3770.156 Mobile Safari/537.36 aweme_230400 JsSdk/1.0 NetType/WIFI AppName/aweme app_version/23.4.0 ByteLocale/zh-CN Region/CN AppSkin/white AppTheme/light BytedanceWebview/d8a21c6 WebView/075113004008"
140.179.18.91 - - [03/Sep/2026:12:24:31 +0000] "GET /wp-content/themes/mediavine-trellis/assets/dist/main.0.18.1.js?ver=0.18.1 HTTP/1.1" 200 5513 "https://fortattooideas.com/butterfly-tattoo-ideas/" "Mozilla/5.0 (Linux; Android 10; HD1900 Build/QKQ1.190716.003; wv) AppleWebKit/537.36 (KHTML, like Gecko) Version/4.0 Chrome/75.0.3770.156 Mobile Safari/537.36 aweme_230400 JsSdk/1.0 NetType/WIFI AppName/aweme app_version/23.4.0 ByteLocale/zh-CN Region/CN AppSkin/white AppTheme/light BytedanceWebview/d8a21c6 WebView/075113004008"
140.179.18.91 - - [03/Sep/2026:12:24:32 +0000] "GET /wp-content/uploads/2026/07/temptink_tattoo_delhi_1668868975_2975011053307299613_48522334153-728x728.jpg HTTP/1.1" 200 57781 "https://fortattooideas.com/butterfly-tattoo-ideas/" "Mozilla/5.0 (Linux; Android 10; HD1900 Build/QKQ1.190716.003; wv) AppleWebKit/537.36 (KHTML, like Gecko) Version/4.0 Chrome/75.0.3770.156 Mobile Safari/537.36 aweme_230400 JsSdk/1.0 NetType/WIFI AppName/aweme app_version/23.4.0 ByteLocale/zh-CN Region/CN AppSkin/white AppTheme/light BytedanceWebview/d8a21c6 WebView/075113004008"
140.179.18.91 - - [03/Sep/2026:12:24:32 +0000] "GET /wp-content/uploads/2026/07/lu.cy_.ttt_1749888811_3654654695463043370_28738101353-360x480.jpg HTTP/1.1" 200 19784 "https://fortattooideas.com/butterfly-tattoo-ideas/" "Mozilla/5.0 (Linux; Android 10; HD1900 Build/QKQ1.190716.003; wv) AppleWebKit/537.36 (KHTML, like Gecko) Version/4.0 Chrome/75.0.3770.156 Mobile Safari/537.36 aweme_230400 JsSdk/1.0 NetType/WIFI AppName/aweme app_version/23.4.0 ByteLocale/zh-CN Region/CN AppSkin/white AppTheme/light BytedanceWebview/d8a21c6 WebView/075113004008"
140.179.18.91 - - [03/Sep/2026:12:24:32 +0000] "GET /wp-content/themes/mediavine-trellis/assets/dist/sw.0.18.1.js HTTP/1.1" 200 467 "https://fortattooideas.com/butterfly-tattoo-ideas/" "Mozilla/5.0 (Linux; Android 10; HD1900 Build/QKQ1.190716.003; wv) AppleWebKit/537.36 (KHTML, like Gecko) Version/4.0 Chrome/75.0.3770.156 Mobile Safari/537.36 aweme_230400 JsSdk/1.0 NetType/WIFI AppName/aweme app_version/23.4.0 ByteLocale/zh-CN Region/CN AppSkin/white AppTheme/light BytedanceWebview/d8a21c6 WebView/075113004008"
140.179.18.91 - - [03/Sep/2026:12:24:32 +0000] "GET /wp-content/uploads/2026/07/milly_tattoos_1774808406_3863693780029335045_1686879385-360x480.jpg HTTP/1.1" 200 19867 "https://fortattooideas.com/butterfly-tattoo-ideas/" "Mozilla/5.0 (Linux; Android 10; HD1900 Build/QKQ1.190716.003; wv) AppleWebKit/537.36 (KHTML, like Gecko) Version/4.0 Chrome/75.0.3770.156 Mobile Safari/537.36 aweme_230400 JsSdk/1.0 NetType/WIFI AppName/aweme app_version/23.4.0 ByteLocale/zh-CN Region/CN AppSkin/white AppTheme/light BytedanceWebview/d8a21c6 WebView/075113004008"
27.130.223.133 - - [03/Sep/2026:12:25:13 +0000] "GET /wp-content/uploads/2026/08/image-701-768x1019.png HTTP/1.1" 200 1922157 "-" "Opera/9.99.(Windows NT 6.1; om-KE) Presto/2.9.190 Version/12.00"
100.31.85.50 - - [03/Sep/2026:12:25:46 +0000] "GET /inner-arm-tattoo-ideas/ HTTP/1.1" 200 20458 "-" "Mozilla/5.0 (compatible; proximic; +https://www.comscore.com/Web-Crawler)"
3.219.80.71 - - [03/Sep/2026:12:26:18 +0000] "GET /wp-content/uploads/2026/08/image-103-814x1080.png HTTP/1.1" 200 2298144 "-" "Mozilla/5.0 AppleWebKit/537.36 (KHTML, like Gecko; compatible; Amazonbot/0.1; +https://developer.amazon.com/support/amazonbot) Chrome/119.0.6045.214 Safari/537.36"
44.209.89.189 - - [03/Sep/2026:12:26:21 +0000] "GET /wp-content/uploads/2026/01/bobel_ink_1704457276_3273547354798290350_49093469099-768x960.jpg HTTP/1.1" 200 68182 "-" "Mozilla/5.0 AppleWebKit/537.36 (KHTML, like Gecko; compatible; Amazonbot/0.1; +https://developer.amazon.com/support/amazonbot) Chrome/119.0.6045.214 Safari/537.36"
52.4.213.199 - - [03/Sep/2026:12:26:25 +0000] "GET /wp-content/uploads/2026/08/image-607-723x960.png HTTP/1.1" 200 1474158 "-" "Mozilla/5.0 AppleWebKit/537.36 (KHTML, like Gecko; compatible; Amazonbot/0.1; +https://developer.amazon.com/support/amazonbot) Chrome/119.0.6045.214 Safari/537.36"
51.68.247.203 - - [03/Sep/2026:12:28:17 +0000] "GET /robots.txt HTTP/1.1" 200 129 "-" "Mozilla/5.0 (compatible; AhrefsBot/7.0; +http://ahrefs.com/robot/)"
51.81.105.16 - - [03/Sep/2026:12:28:20 +0000] "GET /sternum-tattoo-ideas/feed/ HTTP/1.1" 200 435 "-" "Mozilla/5.0 (compatible; AhrefsBot/7.0; +http://ahrefs.com/robot/)"
156.59.198.136 - - [03/Sep/2026:12:31:47 +0000] "GET /wp-content/uploads/2026/08/image-80-771x1024.png HTTP/1.1" 200 1921545 "https://fortattooideas.com/shoulder-length-hairstyles-for-women-over-40/" "Mozilla/5.0 (Linux; Android 5.0) AppleWebKit/537.36 (KHTML, like Gecko) Mobile Safari/537.36 (compatible; Bytespider; spider-feedback@bytedance.com)"
159.198.65.41 - - [03/Sep/2026:12:32:06 +0000] "POST /wp-cron.php?doing_wp_cron=1788438726.2288761138916015625000 HTTP/1.1" 200 - "-" "WordPress/7.1; https://fortattooideas.com"
51.81.111.138 - - [03/Sep/2026:12:32:04 +0000] "GET /category/tattoos/ HTTP/1.1" 200 14093 "-" "Mozilla/5.0 (compatible; AhrefsBot/7.0; +http://ahrefs.com/robot/)"
110.249.201.91 - - [03/Sep/2026:12:34:10 +0000] "GET /robots.txt HTTP/1.1" 200 176 "-" "Mozilla/5.0 (X11; Linux x86_64) AppleWebKit/537.36 (KHTML, like Gecko) Chrome/120.0.0.0 Safari/537.36 Bytespider;https://zhanzhang.toutiao.com/"
51.81.111.142 - - [03/Sep/2026:12:35:18 +0000] "GET /page/13/ HTTP/1.1" 200 13925 "-" "Mozilla/5.0 (compatible; AhrefsBot/7.0; +http://ahrefs.com/robot/)"
47.79.13.137 - - [03/Sep/2026:12:36:08 +0000] "GET /plus-size-hairstyles-with-bangs/ HTTP/1.1" 200 21936 "https://fortattooideas.com/" "Mozilla/5.0 (Windows NT 10.0; Win64; x64) AppleWebKit/537.36 (KHTML, like Gecko) Chrome/135.0.0.0 Safari/537.36"
154.125.49.225 - - [03/Sep/2026:12:36:39 +0000] "POST /xmlrpc.php HTTP/1.1" 200 403 "-" "Jetpack/12.5; WordPress/6.1; http://site27740084.com"
154.125.49.225 - - [03/Sep/2026:12:36:49 +0000] "POST /xmlrpc.php HTTP/1.1" 200 403 "-" "WordPress.com; https://wordpress.com"
154.125.49.225 - - [03/Sep/2026:12:37:00 +0000] "POST /xmlrpc.php HTTP/1.1" 200 403 "-" "WordPress.com; https://wordpress.com"
154.125.49.225 - - [03/Sep/2026:12:37:10 +0000] "POST /xmlrpc.php HTTP/1.1" 200 403 "-" "Jetpack by WordPress.com"
154.125.49.225 - - [03/Sep/2026:12:37:21 +0000] "POST /xmlrpc.php HTTP/1.1" 200 403 "-" "Jetpack by WordPress.com (Jetpack 12.0; WordPress 6.3)"
154.125.49.225 - - [03/Sep/2026:12:37:31 +0000] "POST /xmlrpc.php HTTP/1.1" 200 403 "-" "Jetpack by WordPress.com"
154.125.49.225 - - [03/Sep/2026:12:37:42 +0000] "POST /xmlrpc.php HTTP/1.1" 200 403 "-" "Jetpack/12.1; WordPress/6.3; http://site46149536.com"
154.125.49.225 - - [03/Sep/2026:12:37:52 +0000] "POST /xmlrpc.php HTTP/1.1" 200 403 "-" "WordPress.com; https://wordpress.com"
154.125.49.225 - - [03/Sep/2026:12:38:03 +0000] "POST /xmlrpc.php HTTP/1.1" 200 403 "-" "Jetpack by WordPress.com"
51.81.105.30 - - [03/Sep/2026:12:38:10 +0000] "GET /small-shoulder-tattoo-ideas/feed/ HTTP/1.1" 200 448 "-" "Mozilla/5.0 (compatible; AhrefsBot/7.0; +http://ahrefs.com/robot/)"
154.125.49.225 - - [03/Sep/2026:12:38:14 +0000] "POST /xmlrpc.php HTTP/1.1" 200 403 "-" "Jetpack/13.0; WordPress/6.1; http://site48103373.com"
154.125.49.225 - - [03/Sep/2026:12:38:24 +0000] "POST /xmlrpc.php HTTP/1.1" 200 403 "-" "Jetpack by WordPress.com"
154.125.49.225 - - [03/Sep/2026:12:38:35 +0000] "POST /xmlrpc.php HTTP/1.1" 200 403 "-" "Jetpack by WordPress.com"
154.125.49.225 - - [03/Sep/2026:12:38:45 +0000] "POST /xmlrpc.php HTTP/1.1" 200 403 "-" "WordPress.com; https://wordpress.com"
154.125.49.225 - - [03/Sep/2026:12:38:56 +0000] "POST /xmlrpc.php HTTP/1.1" 200 403 "-" "Jetpack by WordPress.com"
154.125.49.225 - - [03/Sep/2026:12:39:06 +0000] "POST /xmlrpc.php HTTP/1.1" 200 403 "-" "Jetpack by WordPress.com (Jetpack 13.0; WordPress 6.1)"
154.125.49.225 - - [03/Sep/2026:12:39:17 +0000] "POST /xmlrpc.php HTTP/1.1" 200 403 "-" "WordPress.com; https://wordpress.com"
154.125.49.225 - - [03/Sep/2026:12:39:27 +0000] "POST /xmlrpc.php HTTP/1.1" 200 403 "-" "Jetpack by WordPress.com (Jetpack 13.0; WordPress 6.3)"
154.125.49.225 - - [03/Sep/2026:12:39:38 +0000] "POST /xmlrpc.php HTTP/1.1" 200 403 "-" "Jetpack by WordPress.com"
154.125.49.225 - - [03/Sep/2026:12:39:48 +0000] "POST /xmlrpc.php HTTP/1.1" 200 403 "-" "WordPress.com; https://wordpress.com"
154.125.49.225 - - [03/Sep/2026:12:39:59 +0000] "POST /xmlrpc.php HTTP/1.1" 200 403 "-" "Jetpack/12.5; WordPress/6.3; http://site49694000.com"
154.125.49.225 - - [03/Sep/2026:12:40:09 +0000] "POST /xmlrpc.php HTTP/1.1" 200 403 "-" "Jetpack by WordPress.com (Jetpack 12.5; WordPress 6.2)"
154.125.49.225 - - [03/Sep/2026:12:40:20 +0000] "POST /xmlrpc.php HTTP/1.1" 200 403 "-" "Jetpack/13.0; WordPress/6.3; http://site75160064.com"
54.236.1.216 - - [03/Sep/2026:12:40:26 +0000] "GET /turtle-tattoo-ideas/ HTTP/1.1" 200 23017 "-" "Mozilla/5.0 (compatible; Pinterestbot/1.0; +http://www.pinterest.com/bot.html)"
154.125.49.225 - - [03/Sep/2026:12:40:30 +0000] "POST /xmlrpc.php HTTP/1.1" 200 403 "-" "Jetpack/12.1; WordPress/6.3; http://site35124182.com"
154.125.49.225 - - [03/Sep/2026:12:40:41 +0000] "POST /xmlrpc.php HTTP/1.1" 200 403 "-" "Jetpack by WordPress.com"
154.125.49.225 - - [03/Sep/2026:12:40:51 +0000] "POST /xmlrpc.php HTTP/1.1" 200 403 "-" "Jetpack by WordPress.com"
103.121.156.110 - - [03/Sep/2026:12:40:56 +0000] "POST /xmlrpc.php HTTP/1.1" 200 403 "-" "Jetpack by WordPress.com (Jetpack 13.0; WordPress 6.4)"
154.125.49.225 - - [03/Sep/2026:12:41:02 +0000] "POST /xmlrpc.php HTTP/1.1" 200 403 "-" "Jetpack/13.0; WordPress/6.1; http://site20157484.com"
103.121.156.110 - - [03/Sep/2026:12:41:06 +0000] "POST /xmlrpc.php HTTP/1.1" 200 403 "-" "Jetpack/12.0; WordPress/6.4; http://site16774542.com"
154.125.49.225 - - [03/Sep/2026:12:41:12 +0000] "POST /xmlrpc.php HTTP/1.1" 200 403 "-" "Jetpack by WordPress.com"
103.121.156.110 - - [03/Sep/2026:12:41:16 +0000] "POST /xmlrpc.php HTTP/1.1" 200 403 "-" "Jetpack/12.0; WordPress/6.4; http://site96090981.com"
154.125.49.225 - - [03/Sep/2026:12:41:23 +0000] "POST /xmlrpc.php HTTP/1.1" 200 403 "-" "Jetpack/12.1; WordPress/6.2; http://site80710622.com"
103.121.156.110 - - [03/Sep/2026:12:41:27 +0000] "POST /xmlrpc.php HTTP/1.1" 200 403 "-" "Jetpack/12.1; WordPress/6.2; http://site16619689.com"
154.125.49.225 - - [03/Sep/2026:12:41:33 +0000] "POST /xmlrpc.php HTTP/1.1" 200 403 "-" "Jetpack by WordPress.com"
103.121.156.110 - - [03/Sep/2026:12:41:37 +0000] "POST /xmlrpc.php HTTP/1.1" 200 403 "-" "Jetpack by WordPress.com"
154.125.49.225 - - [03/Sep/2026:12:41:44 +0000] "POST /xmlrpc.php HTTP/1.1" 200 403 "-" "WordPress.com; https://wordpress.com"
103.121.156.110 - - [03/Sep/2026:12:41:48 +0000] "POST /xmlrpc.php HTTP/1.1" 200 403 "-" "Jetpack/12.0; WordPress/6.3; http://site94378616.com"
154.125.49.225 - - [03/Sep/2026:12:41:55 +0000] "POST /xmlrpc.php HTTP/1.1" 200 403 "-" "Jetpack/13.0; WordPress/6.3; http://site48604122.com"
103.121.156.110 - - [03/Sep/2026:12:41:59 +0000] "POST /xmlrpc.php HTTP/1.1" 200 403 "-" "Jetpack by WordPress.com"
154.125.49.225 - - [03/Sep/2026:12:42:05 +0000] "POST /xmlrpc.php HTTP/1.1" 200 403 "-" "WordPress.com; https://wordpress.com"
103.121.156.110 - - [03/Sep/2026:12:42:09 +0000] "POST /xmlrpc.php HTTP/1.1" 200 403 "-" "Jetpack by WordPress.com (Jetpack 13.0; WordPress 6.1)"
154.125.49.225 - - [03/Sep/2026:12:42:16 +0000] "POST /xmlrpc.php HTTP/1.1" 200 403 "-" "Jetpack by WordPress.com (Jetpack 12.1; WordPress 6.1)"
103.121.156.110 - - [03/Sep/2026:12:42:20 +0000] "POST /xmlrpc.php HTTP/1.1" 200 403 "-" "WordPress.com; https://wordpress.com"
154.125.49.225 - - [03/Sep/2026:12:42:26 +0000] "POST /xmlrpc.php HTTP/1.1" 200 403 "-" "Jetpack by WordPress.com (Jetpack 12.1; WordPress 6.1)"
103.121.156.110 - - [03/Sep/2026:12:42:30 +0000] "POST /xmlrpc.php HTTP/1.1" 200 403 "-" "WordPress.com; https://wordpress.com"
154.125.49.225 - - [03/Sep/2026:12:42:37 +0000] "POST /xmlrpc.php HTTP/1.1" 200 403 "-" "Jetpack/12.5; WordPress/6.2; http://site55586533.com"
103.121.156.110 - - [03/Sep/2026:12:42:41 +0000] "POST /xmlrpc.php HTTP/1.1" 200 403 "-" "Jetpack by WordPress.com"
154.125.49.225 - - [03/Sep/2026:12:42:47 +0000] "POST /xmlrpc.php HTTP/1.1" 200 403 "-" "Jetpack/12.5; WordPress/6.4; http://site76924712.com"
40.77.167.28 - - [03/Sep/2026:12:42:51 +0000] "GET /sitemap_index.xml HTTP/1.1" 200 339 "-" "Mozilla/5.0 AppleWebKit/537.36 (KHTML, like Gecko; compatible; bingbot/2.0; +http://www.bing.com/bingbot.htm) Chrome/116.0.1938.76 Safari/537.36"
103.121.156.110 - - [03/Sep/2026:12:42:52 +0000] "POST /xmlrpc.php HTTP/1.1" 200 403 "-" "Jetpack by WordPress.com"
154.125.49.225 - - [03/Sep/2026:12:42:58 +0000] "POST /xmlrpc.php HTTP/1.1" 200 403 "-" "Jetpack by WordPress.com (Jetpack 13.0; WordPress 6.2)"
103.121.156.110 - - [03/Sep/2026:12:43:02 +0000] "POST /xmlrpc.php HTTP/1.1" 200 403 "-" "Jetpack by WordPress.com"
154.125.49.225 - - [03/Sep/2026:12:43:08 +0000] "POST /xmlrpc.php HTTP/1.1" 200 403 "-" "WordPress.com; https://wordpress.com"
103.121.156.110 - - [03/Sep/2026:12:43:13 +0000] "POST /xmlrpc.php HTTP/1.1" 200 403 "-" "WordPress.com; https://wordpress.com"
154.125.49.225 - - [03/Sep/2026:12:43:19 +0000] "POST /xmlrpc.php HTTP/1.1" 200 403 "-" "WordPress.com; https://wordpress.com"
103.121.156.110 - - [03/Sep/2026:12:43:23 +0000] "POST /xmlrpc.php HTTP/1.1" 200 403 "-" "WordPress.com; https://wordpress.com"
54.236.1.242 - - [03/Sep/2026:12:43:28 +0000] "GET / HTTP/1.1" 200 14346 "-" "Mozilla/5.0 (compatible; Pinterestbot/1.0; +http://www.pinterest.com/bot.html)"
154.125.49.225 - - [03/Sep/2026:12:43:29 +0000] "POST /xmlrpc.php HTTP/1.1" 200 403 "-" "Jetpack/13.0; WordPress/6.3; http://site16284882.com"
103.121.156.110 - - [03/Sep/2026:12:43:34 +0000] "POST /xmlrpc.php HTTP/1.1" 200 403 "-" "WordPress.com; https://wordpress.com"
154.125.49.225 - - [03/Sep/2026:12:43:40 +0000] "POST /xmlrpc.php HTTP/1.1" 200 403 "-" "WordPress.com; https://wordpress.com"
103.121.156.110 - - [03/Sep/2026:12:43:44 +0000] "POST /xmlrpc.php HTTP/1.1" 200 403 "-" "Jetpack by WordPress.com"
154.125.49.225 - - [03/Sep/2026:12:43:50 +0000] "POST /xmlrpc.php HTTP/1.1" 200 403 "-" "Jetpack by WordPress.com (Jetpack 12.5; WordPress 6.4)"
103.121.156.110 - - [03/Sep/2026:12:43:55 +0000] "POST /xmlrpc.php HTTP/1.1" 200 403 "-" "Jetpack by WordPress.com (Jetpack 12.1; WordPress 6.2)"
154.125.49.225 - - [03/Sep/2026:12:44:01 +0000] "POST /xmlrpc.php HTTP/1.1" 200 403 "-" "Jetpack by WordPress.com"
103.121.156.110 - - [03/Sep/2026:12:44:06 +0000] "POST /xmlrpc.php HTTP/1.1" 200 403 "-" "Jetpack by WordPress.com"
154.125.49.225 - - [03/Sep/2026:12:44:12 +0000] "POST /xmlrpc.php HTTP/1.1" 200 403 "-" "Jetpack by WordPress.com"
103.121.156.110 - - [03/Sep/2026:12:44:16 +0000] "POST /xmlrpc.php HTTP/1.1" 200 403 "-" "Jetpack/12.5; WordPress/6.2; http://site54933933.com"
154.125.49.225 - - [03/Sep/2026:12:44:22 +0000] "POST /xmlrpc.php HTTP/1.1" 200 403 "-" "Jetpack/12.5; WordPress/6.1; http://site93049302.com"
103.121.156.110 - - [03/Sep/2026:12:44:27 +0000] "POST /xmlrpc.php HTTP/1.1" 200 403 "-" "Jetpack by WordPress.com (Jetpack 12.1; WordPress 6.2)"
154.125.49.225 - - [03/Sep/2026:12:44:33 +0000] "POST /xmlrpc.php HTTP/1.1" 200 403 "-" "WordPress.com; https://wordpress.com"
103.121.156.110 - - [03/Sep/2026:12:44:37 +0000] "POST /xmlrpc.php HTTP/1.1" 200 403 "-" "Jetpack by WordPress.com (Jetpack 12.1; WordPress 6.4)"
47.128.42.226 - - [03/Sep/2026:12:44:42 +0000] "GET /curtain-bangs-styles-for-long-hair/ HTTP/1.1" 200 20984 "-" "Mozilla/5.0 (Linux; Android 5.0) AppleWebKit/537.36 (KHTML, like Gecko) Mobile Safari/537.36 (compatible; Bytespider; spider-feedback@bytedance.com)"
154.125.49.225 - - [03/Sep/2026:12:44:43 +0000] "POST /xmlrpc.php HTTP/1.1" 200 403 "-" "WordPress.com; https://wordpress.com"
188.255.140.150 - - [03/Sep/2026:12:44:47 +0000] "GET /wp-content/uploads/2026/01/nyytfire.inks_1744644629_3610663309651460434_61771493232-819x1024.jpg HTTP/1.1" 200 49837 "https://fortattooideas.com/" "Mozilla/5.0 (Windows NT 10.0; Win64; x64) AppleWebKit/537.36 (KHTML, like Gecko) Chrome/112.0.0.0 Safari/537.36"
103.121.156.110 - - [03/Sep/2026:12:44:48 +0000] "POST /xmlrpc.php HTTP/1.1" 200 403 "-" "WordPress.com; https://wordpress.com"
154.125.49.225 - - [03/Sep/2026:12:44:54 +0000] "POST /xmlrpc.php HTTP/1.1" 200 403 "-" "WordPress.com; https://wordpress.com"
103.121.156.110 - - [03/Sep/2026:12:44:58 +0000] "POST /xmlrpc.php HTTP/1.1" 200 403 "-" "WordPress.com; https://wordpress.com"
154.125.49.225 - - [03/Sep/2026:12:45:04 +0000] "POST /xmlrpc.php HTTP/1.1" 200 403 "-" "Jetpack by WordPress.com"
40.77.167.152 - - [03/Sep/2026:12:45:06 +0000] "GET / HTTP/1.1" 200 14345 "-" "Mozilla/5.0 AppleWebKit/537.36 (KHTML, like Gecko; compatible; bingbot/2.0; +http://www.bing.com/bingbot.htm) Chrome/116.0.1938.76 Safari/537.36"
103.121.156.110 - - [03/Sep/2026:12:45:09 +0000] "POST /xmlrpc.php HTTP/1.1" 200 403 "-" "Jetpack by WordPress.com (Jetpack 12.0; WordPress 6.2)"
154.125.49.225 - - [03/Sep/2026:12:45:15 +0000] "POST /xmlrpc.php HTTP/1.1" 200 403 "-" "WordPress.com; https://wordpress.com"
103.121.156.110 - - [03/Sep/2026:12:45:19 +0000] "POST /xmlrpc.php HTTP/1.1" 200 403 "-" "Jetpack by WordPress.com"
154.125.49.225 - - [03/Sep/2026:12:45:25 +0000] "POST /xmlrpc.php HTTP/1.1" 200 403 "-" "Jetpack by WordPress.com (Jetpack 12.0; WordPress 6.4)"
103.121.156.110 - - [03/Sep/2026:12:45:30 +0000] "POST /xmlrpc.php HTTP/1.1" 200 403 "-" "WordPress.com; https://wordpress.com"
159.198.65.41 - - [03/Sep/2026:12:45:36 +0000] "POST /wp-cron.php?doing_wp_cron=1788439536.3442599773406982421875 HTTP/1.1" 200 - "-" "WordPress/7.1; https://fortattooideas.com"
154.125.49.225 - - [03/Sep/2026:12:45:36 +0000] "POST /xmlrpc.php HTTP/1.1" 200 403 "-" "Jetpack by WordPress.com"
103.121.156.110 - - [03/Sep/2026:12:45:41 +0000] "POST /xmlrpc.php HTTP/1.1" 200 403 "-" "WordPress.com; https://wordpress.com"
154.125.49.225 - - [03/Sep/2026:12:45:46 +0000] "POST /xmlrpc.php HTTP/1.1" 200 403 "-" "WordPress.com; https://wordpress.com"
103.121.156.110 - - [03/Sep/2026:12:45:51 +0000] "POST /xmlrpc.php HTTP/1.1" 200 403 "-" "WordPress.com; https://wordpress.com"
154.125.49.225 - - [03/Sep/2026:12:45:57 +0000] "POST /xmlrpc.php HTTP/1.1" 200 403 "-" "WordPress.com; https://wordpress.com"
103.121.156.110 - - [03/Sep/2026:12:46:02 +0000] "POST /xmlrpc.php HTTP/1.1" 200 403 "-" "Jetpack by WordPress.com"
154.125.49.225 - - [03/Sep/2026:12:46:07 +0000] "POST /xmlrpc.php HTTP/1.1" 200 403 "-" "WordPress.com; https://wordpress.com"
103.121.156.110 - - [03/Sep/2026:12:46:12 +0000] "POST /xmlrpc.php HTTP/1.1" 200 403 "-" "Jetpack by WordPress.com"
154.125.49.225 - - [03/Sep/2026:12:46:18 +0000] "POST /xmlrpc.php HTTP/1.1" 200 403 "-" "Jetpack by WordPress.com (Jetpack 12.0; WordPress 6.4)"
103.121.156.110 - - [03/Sep/2026:12:46:23 +0000] "POST /xmlrpc.php HTTP/1.1" 200 403 "-" "WordPress.com; https://wordpress.com"
154.125.49.225 - - [03/Sep/2026:12:46:28 +0000] "POST /xmlrpc.php HTTP/1.1" 200 403 "-" "WordPress.com; https://wordpress.com"
103.121.156.110 - - [03/Sep/2026:12:46:33 +0000] "POST /xmlrpc.php HTTP/1.1" 200 403 "-" "Jetpack by WordPress.com"
154.125.49.225 - - [03/Sep/2026:12:46:39 +0000] "POST /xmlrpc.php HTTP/1.1" 200 403 "-" "WordPress.com; https://wordpress.com"
103.121.156.110 - - [03/Sep/2026:12:46:44 +0000] "POST /xmlrpc.php HTTP/1.1" 200 403 "-" "Jetpack by WordPress.com"
154.125.49.225 - - [03/Sep/2026:12:46:50 +0000] "POST /xmlrpc.php HTTP/1.1" 200 403 "-" "WordPress.com; https://wordpress.com"
103.121.156.110 - - [03/Sep/2026:12:46:55 +0000] "POST /xmlrpc.php HTTP/1.1" 200 403 "-" "Jetpack by WordPress.com (Jetpack 12.1; WordPress 6.4)"
103.121.156.110 - - [03/Sep/2026:12:47:05 +0000] "POST /xmlrpc.php HTTP/1.1" 200 403 "-" "WordPress.com; https://wordpress.com"
154.125.49.225 - - [03/Sep/2026:12:47:11 +0000] "POST /xmlrpc.php HTTP/1.1" 200 403 "-" "WordPress.com; https://wordpress.com"
207.97.175.195 - - [03/Sep/2026:12:46:57 +0000] "GET /wp-content/uploads/2026/08/image-514-771x1024.png HTTP/1.1" 200 1775182 "-" "Mozilla/5.0 (compatible; crawler)"
103.121.156.110 - - [03/Sep/2026:12:47:16 +0000] "POST /xmlrpc.php HTTP/1.1" 200 403 "-" "WordPress.com; https://wordpress.com"
154.196.218.186 - - [03/Sep/2026:12:47:22 +0000] "GET /wp-content/uploads/2026/08/image-673-723x960.png HTTP/1.1" 200 1681555 "-" "Mozilla/5.0 (compatible; crawler)"
103.121.156.110 - - [03/Sep/2026:12:47:27 +0000] "POST /xmlrpc.php HTTP/1.1" 200 403 "-" "WordPress.com; https://wordpress.com"
154.125.49.225 - - [03/Sep/2026:12:47:32 +0000] "POST /xmlrpc.php HTTP/1.1" 200 403 "-" "Jetpack by WordPress.com (Jetpack 12.0; WordPress 6.1)"
103.121.156.110 - - [03/Sep/2026:12:47:37 +0000] "POST /xmlrpc.php HTTP/1.1" 200 403 "-" "Jetpack/12.0; WordPress/6.4; http://site58214519.com"
154.125.49.225 - - [03/Sep/2026:12:47:45 +0000] "POST /xmlrpc.php HTTP/1.1" 200 403 "-" "Jetpack/13.0; WordPress/6.1; http://site16298326.com"
103.121.156.110 - - [03/Sep/2026:12:47:48 +0000] "POST /xmlrpc.php HTTP/1.1" 200 403 "-" "WordPress.com; https://wordpress.com"
154.125.49.225 - - [03/Sep/2026:12:47:53 +0000] "POST /xmlrpc.php HTTP/1.1" 200 403 "-" "Jetpack by WordPress.com (Jetpack 13.0; WordPress 6.4)"
103.121.156.110 - - [03/Sep/2026:12:47:58 +0000] "POST /xmlrpc.php HTTP/1.1" 200 403 "-" "Jetpack/12.5; WordPress/6.3; http://site18228521.com"
154.125.49.225 - - [03/Sep/2026:12:48:03 +0000] "POST /xmlrpc.php HTTP/1.1" 200 403 "-" "Jetpack by WordPress.com"
103.121.156.110 - - [03/Sep/2026:12:48:09 +0000] "POST /xmlrpc.php HTTP/1.1" 200 403 "-" "WordPress.com; https://wordpress.com"
154.125.49.225 - - [03/Sep/2026:12:48:14 +0000] "POST /xmlrpc.php HTTP/1.1" 200 403 "-" "Jetpack by WordPress.com"
103.121.156.110 - - [03/Sep/2026:12:48:19 +0000] "POST /xmlrpc.php HTTP/1.1" 200 403 "-" "Jetpack by WordPress.com"
154.125.49.225 - - [03/Sep/2026:12:48:24 +0000] "POST /xmlrpc.php HTTP/1.1" 200 403 "-" "Jetpack/12.1; WordPress/6.1; http://site21113819.com"
177.37.209.137 - - [03/Sep/2026:12:48:27 +0000] "GET /wp-content/uploads/2026/08/image-703-771x1024.png HTTP/1.1" 200 1795386 "-" "Mozilla/5.0 (Linux; Android 10) AppleWebKit/533.0 (KHTML, like Gecko) Chrome/47.0.866.0 Safari/533.0"
103.121.156.110 - - [03/Sep/2026:12:48:30 +0000] "POST /xmlrpc.php HTTP/1.1" 200 403 "-" "Jetpack by WordPress.com"
103.121.156.110 - - [03/Sep/2026:12:48:41 +0000] "POST /xmlrpc.php HTTP/1.1" 200 403 "-" "WordPress.com; https://wordpress.com"
154.125.49.225 - - [03/Sep/2026:12:48:45 +0000] "POST /xmlrpc.php HTTP/1.1" 200 403 "-" "Jetpack/12.0; WordPress/6.2; http://site64935904.com"
103.121.156.110 - - [03/Sep/2026:12:48:51 +0000] "POST /xmlrpc.php HTTP/1.1" 200 403 "-" "Jetpack/13.0; WordPress/6.4; http://site90655041.com"
154.125.49.225 - - [03/Sep/2026:12:48:56 +0000] "POST /xmlrpc.php HTTP/1.1" 200 403 "-" "Jetpack/13.0; WordPress/6.4; http://site19948578.com"
103.121.156.110 - - [03/Sep/2026:12:49:02 +0000] "POST /xmlrpc.php HTTP/1.1" 200 403 "-" "Jetpack by WordPress.com"
154.125.49.225 - - [03/Sep/2026:12:49:06 +0000] "POST /xmlrpc.php HTTP/1.1" 200 403 "-" "Jetpack by WordPress.com (Jetpack 12.5; WordPress 6.3)"
57.129.18.38 - - [03/Sep/2026:12:49:07 +0000] "GET /ads.txt HTTP/1.1" 301 - "-" "AdsTxtCrawler/1.0; +https://github.com/InteractiveAdvertisingBureau/adstxtcrawler"
57.129.18.38 - - [03/Sep/2026:12:49:07 +0000] "GET /ads.txt HTTP/1.1" 301 - "-" "AdsTxtCrawler/1.0; +https://github.com/InteractiveAdvertisingBureau/adstxtcrawler"
57.129.18.38 - - [03/Sep/2026:12:49:07 +0000] "GET /ads.txt HTTP/1.1" 301 - "-" "Mozilla/5.0 (Windows NT 10.0; Win64; x64) AppleWebKit/537.36 (KHTML, like Gecko) Chrome/42.0.2311.135 Safari/537.36 Edge/12.246"
57.129.18.38 - - [03/Sep/2026:12:49:07 +0000] "GET /ads.txt HTTP/1.1" 301 - "-" "AdsTxtCrawler/1.0; +https://github.com/InteractiveAdvertisingBureau/adstxtcrawler"
57.129.18.38 - - [03/Sep/2026:12:49:07 +0000] "GET /ads.txt HTTP/1.1" 301 - "-" "AdsTxtCrawler/1.0; +https://github.com/InteractiveAdvertisingBureau/adstxtcrawler"
103.121.156.110 - - [03/Sep/2026:12:49:12 +0000] "POST /xmlrpc.php HTTP/1.1" 200 403 "-" "Jetpack by WordPress.com (Jetpack 12.1; WordPress 6.1)"
154.125.49.225 - - [03/Sep/2026:12:49:18 +0000] "POST /xmlrpc.php HTTP/1.1" 200 403 "-" "Jetpack by WordPress.com (Jetpack 12.1; WordPress 6.4)"
103.121.156.110 - - [03/Sep/2026:12:49:23 +0000] "POST /xmlrpc.php HTTP/1.1" 200 403 "-" "WordPress.com; https://wordpress.com"
189.81.112.40 - - [03/Sep/2026:12:49:25 +0000] "GET /wp-content/uploads/2026/08/image-428-771x1024.png HTTP/1.1" 200 1915773 "-" "Mozilla/5.0 (compatible; crawler)"
154.125.49.225 - - [03/Sep/2026:12:49:27 +0000] "POST /xmlrpc.php HTTP/1.1" 200 403 "-" "WordPress.com; https://wordpress.com"
52.167.144.192 - - [03/Sep/2026:12:49:32 +0000] "GET /wp-content/uploads/2025/12/inkwsadie_1715133515_3363106139615182426_54875377947-821x1024.jpg HTTP/1.1" 200 110277 "-" "Mozilla/5.0 AppleWebKit/537.36 (KHTML, like Gecko; compatible; bingbot/2.0; +http://www.bing.com/bingbot.htm) Chrome/116.0.1938.76 Safari/537.36"
103.121.156.110 - - [03/Sep/2026:12:49:33 +0000] "POST /xmlrpc.php HTTP/1.1" 200 403 "-" "Jetpack by WordPress.com (Jetpack 13.0; WordPress 6.2)"
154.125.49.225 - - [03/Sep/2026:12:49:38 +0000] "POST /xmlrpc.php HTTP/1.1" 200 403 "-" "Jetpack by WordPress.com (Jetpack 12.0; WordPress 6.4)"
103.121.156.110 - - [03/Sep/2026:12:49:44 +0000] "POST /xmlrpc.php HTTP/1.1" 200 403 "-" "Jetpack by WordPress.com"
154.125.49.225 - - [03/Sep/2026:12:49:48 +0000] "POST /xmlrpc.php HTTP/1.1" 200 403 "-" "Jetpack by WordPress.com (Jetpack 12.0; WordPress 6.4)"
103.121.156.110 - - [03/Sep/2026:12:49:54 +0000] "POST /xmlrpc.php HTTP/1.1" 200 403 "-" "Jetpack/12.1; WordPress/6.1; http://site47375164.com"
154.125.49.225 - - [03/Sep/2026:12:49:59 +0000] "POST /xmlrpc.php HTTP/1.1" 200 403 "-" "Jetpack by WordPress.com"
103.121.156.110 - - [03/Sep/2026:12:50:05 +0000] "POST /xmlrpc.php HTTP/1.1" 200 403 "-" "Jetpack by WordPress.com (Jetpack 12.5; WordPress 6.1)"
154.125.49.225 - - [03/Sep/2026:12:50:10 +0000] "POST /xmlrpc.php HTTP/1.1" 200 403 "-" "WordPress.com; https://wordpress.com"
103.121.156.110 - - [03/Sep/2026:12:50:15 +0000] "POST /xmlrpc.php HTTP/1.1" 200 403 "-" "Jetpack by WordPress.com (Jetpack 12.5; WordPress 6.3)"
154.125.49.225 - - [03/Sep/2026:12:50:20 +0000] "POST /xmlrpc.php HTTP/1.1" 200 403 "-" "Jetpack by WordPress.com"
103.121.156.110 - - [03/Sep/2026:12:50:26 +0000] "POST /xmlrpc.php HTTP/1.1" 200 403 "-" "Jetpack/12.5; WordPress/6.3; http://site37713002.com"
154.125.49.225 - - [03/Sep/2026:12:50:31 +0000] "POST /xmlrpc.php HTTP/1.1" 200 403 "-" "Jetpack/13.0; WordPress/6.4; http://site34969320.com"
103.121.156.110 - - [03/Sep/2026:12:50:37 +0000] "POST /xmlrpc.php HTTP/1.1" 200 403 "-" "Jetpack/13.0; WordPress/6.1; http://site75276259.com"
103.121.156.110 - - [03/Sep/2026:12:50:47 +0000] "POST /xmlrpc.php HTTP/1.1" 200 403 "-" "Jetpack by WordPress.com"
154.125.49.225 - - [03/Sep/2026:12:50:52 +0000] "POST /xmlrpc.php HTTP/1.1" 200 403 "-" "Jetpack/12.1; WordPress/6.1; http://site47964148.com"
103.121.156.110 - - [03/Sep/2026:12:50:58 +0000] "POST /xmlrpc.php HTTP/1.1" 200 403 "-" "WordPress.com; https://wordpress.com"
154.125.49.225 - - [03/Sep/2026:12:51:02 +0000] "POST /xmlrpc.php HTTP/1.1" 200 403 "-" "Jetpack by WordPress.com (Jetpack 12.0; WordPress 6.1)"
47.128.42.244 - - [03/Sep/2026:12:51:08 +0000] "GET /butterfly-and-flower-tattoo-ideas/ HTTP/1.1" 200 24965 "-" "Mozilla/5.0 (Linux; Android 5.0) AppleWebKit/537.36 (KHTML, like Gecko) Mobile Safari/537.36 (compatible; Bytespider; spider-feedback@bytedance.com)"
103.121.156.110 - - [03/Sep/2026:12:51:08 +0000] "POST /xmlrpc.php HTTP/1.1" 200 403 "-" "Jetpack by WordPress.com (Jetpack 12.1; WordPress 6.3)"
47.128.42.244 - - [03/Sep/2026:12:51:08 +0000] "GET /wp-content/uploads/2026/07/loukasikora_1700944493_3244079995952346436_6209132366-768x841.jpg HTTP/1.1" 206 500 "https://fortattooideas.com/butterfly-and-flower-tattoo-ideas/" "Mozilla/5.0 (Linux; Android 5.0) AppleWebKit/537.36 (KHTML, like Gecko) Mobile Safari/537.36 (compatible; Bytespider; spider-feedback@bytedance.com)"
154.125.49.225 - - [03/Sep/2026:12:51:13 +0000] "POST /xmlrpc.php HTTP/1.1" 200 403 "-" "Jetpack/13.0; WordPress/6.4; http://site87531335.com"
103.121.156.110 - - [03/Sep/2026:12:51:19 +0000] "POST /xmlrpc.php HTTP/1.1" 200 403 "-" "Jetpack/12.5; WordPress/6.4; http://site58167479.com"
154.125.49.225 - - [03/Sep/2026:12:51:23 +0000] "POST /xmlrpc.php HTTP/1.1" 200 403 "-" "Jetpack/12.0; WordPress/6.1; http://site46957950.com"
103.121.156.110 - - [03/Sep/2026:12:51:29 +0000] "POST /xmlrpc.php HTTP/1.1" 200 403 "-" "Jetpack by WordPress.com"
154.125.49.225 - - [03/Sep/2026:12:51:34 +0000] "POST /xmlrpc.php HTTP/1.1" 200 403 "-" "WordPress.com; https://wordpress.com"
103.121.156.110 - - [03/Sep/2026:12:51:40 +0000] "POST /xmlrpc.php HTTP/1.1" 200 403 "-" "Jetpack by WordPress.com (Jetpack 13.0; WordPress 6.4)"
154.125.49.225 - - [03/Sep/2026:12:51:44 +0000] "POST /xmlrpc.php HTTP/1.1" 200 403 "-" "Jetpack by WordPress.com (Jetpack 12.0; WordPress 6.3)"
103.121.156.110 - - [03/Sep/2026:12:51:50 +0000] "POST /xmlrpc.php HTTP/1.1" 200 403 "-" "Jetpack by WordPress.com"
154.125.49.225 - - [03/Sep/2026:12:51:56 +0000] "POST /xmlrpc.php HTTP/1.1" 200 403 "-" "Jetpack by WordPress.com (Jetpack 12.5; WordPress 6.2)"
103.121.156.110 - - [03/Sep/2026:12:52:01 +0000] "POST /xmlrpc.php HTTP/1.1" 200 403 "-" "Jetpack/13.0; WordPress/6.3; http://site37190180.com"
154.125.49.225 - - [03/Sep/2026:12:52:05 +0000] "POST /xmlrpc.php HTTP/1.1" 200 403 "-" "Jetpack by WordPress.com (Jetpack 13.0; WordPress 6.4)"
159.198.65.41 - - [03/Sep/2026:12:52:08 +0000] "POST /wp-cron.php?doing_wp_cron=1788439928.9124510288238525390625 HTTP/1.1" 200 - "-" "WordPress/7.1; https://fortattooideas.com"
3.87.127.116 - - [03/Sep/2026:12:52:08 +0000] "GET /ads.txt HTTP/1.1" 301 - "-" "ZetaGlobal-adstxt/1.0"
103.121.156.110 - - [03/Sep/2026:12:52:11 +0000] "POST /xmlrpc.php HTTP/1.1" 200 403 "-" "Jetpack by WordPress.com"
154.125.49.225 - - [03/Sep/2026:12:52:16 +0000] "POST /xmlrpc.php HTTP/1.1" 200 403 "-" "WordPress.com; https://wordpress.com"
103.121.156.110 - - [03/Sep/2026:12:52:22 +0000] "POST /xmlrpc.php HTTP/1.1" 200 403 "-" "WordPress.com; https://wordpress.com"
154.125.49.225 - - [03/Sep/2026:12:52:26 +0000] "POST /xmlrpc.php HTTP/1.1" 200 403 "-" "WordPress.com; https://wordpress.com"
103.121.156.110 - - [03/Sep/2026:12:52:33 +0000] "POST /xmlrpc.php HTTP/1.1" 200 403 "-" "Jetpack/12.1; WordPress/6.3; http://site12377793.com"
154.125.49.225 - - [03/Sep/2026:12:52:40 +0000] "POST /xmlrpc.php HTTP/1.1" 200 403 "-" "Jetpack/12.0; WordPress/6.3; http://site82846705.com"
103.121.156.110 - - [03/Sep/2026:12:52:43 +0000] "POST /xmlrpc.php HTTP/1.1" 200 403 "-" "WordPress.com; https://wordpress.com"
