/var/log/apache2/domlogs/fortodpl
NameSizeModeActions
bestinacademic.com.forthewardrobe.com45940640editdlrm
bestinacademic.com.forthewardrobe.com-ssl_log323940640editdlrm
decoflick.com.forthewardrobe.com278150640editdlrm
decoflick.com.forthewardrobe.com-ssl_log2143500640editdlrm
decoplexi.com.forthewardrobe.com417920640editdlrm
decoplexi.com.forthewardrobe.com-ssl_log5974620640editdlrm
decosang.com.forthewardrobe.com160235840640editdlrm
decosang.com.forthewardrobe.com-ssl_log82742190640editdlrm
delcotti.com.forthewardrobe.com210192830640editdlrm
delcotti.com.forthewardrobe.com-ssl_log26512890640editdlrm
divahosts.com.forthewardrobe.com95370640editdlrm
divahosts.com.forthewardrobe.com-ssl_log5526720640editdlrm
fashionetty.com.forthewardrobe.com179487840640editdlrm
fashionetty.com.forthewardrobe.com-ssl_log56978000640editdlrm
fitsbylin.com.forthewardrobe.com15228700640editdlrm
fitsbylin.com.forthewardrobe.com-ssl_log1232120640editdlrm
forcutestyles.com.forthewardrobe.com472070640editdlrm
forcutestyles.com.forthewardrobe.com-ssl_log4876300640editdlrm
forhairstylesinspo.com.forthewardrobe.com88520640editdlrm
forhairstylesinspo.com.forthewardrobe.com-ssl_log2463540640editdlrm
formystyles.com.forthewardrobe.com77537580640editdlrm
formystyles.com.forthewardrobe.com-ssl_log2038540640editdlrm
fortattooideas.com.forthewardrobe.com385810640editdlrm
fortattooideas.com.forthewardrobe.com-ssl_log15883570640editdlrm
fortattooinspo.com.forthewardrobe.com223440640editdlrm
fortattooinspo.com.forthewardrobe.com-ssl_log1122830640editdlrm
forthewardrobe.com200310640editdlrm
forthewardrobe.com-ssl_log828180640editdlrm
hairandtattoo.com.forthewardrobe.com1517900640editdlrm
hairandtattoo.com.forthewardrobe.com-ssl_log8892500640editdlrm
ibifits.com.forthewardrobe.com201258570640editdlrm
ibifits.com.forthewardrobe.com-ssl_log8900540640editdlrm
likelyfits.com.forthewardrobe.com139757450640editdlrm
likelyfits.com.forthewardrobe.com-ssl_log81787570640editdlrm
linstyles.com.forthewardrobe.com6141220640editdlrm
linstyles.com.forthewardrobe.com-ssl_log731100640editdlrm
outfitsplan.com.forthewardrobe.com626880640editdlrm
outfitsplan.com.forthewardrobe.com-ssl_log2272140640editdlrm
samhairstyles.com.forthewardrobe.com463540640editdlrm
samhairstyles.com.forthewardrobe.com-ssl_log6270960640editdlrm
shyflows.com.forthewardrobe.com236552510640editdlrm
shyflows.com.forthewardrobe.com-ssl_log487280640editdlrm
stylescrave.com.forthewardrobe.com460750640editdlrm
stylescrave.com.forthewardrobe.com-ssl_log37828730640editdlrm
stylinda.com.forthewardrobe.com119750990640editdlrm
stylinda.com.forthewardrobe.com-ssl_log40789190640editdlrm
thecutediva.com.forthewardrobe.com238912310640editdlrm
thecutediva.com.forthewardrobe.com-ssl_log6610660640editdlrm
thehairstyleinspo.com.forthewardrobe.com355570640editdlrm
thehairstyleinspo.com.forthewardrobe.com-ssl_log2494330640editdlrm
Edit: /var/log/apache2/domlogs/fortodpl/forcutestyles.com.forthewardrobe.com (47207B)
52.72.19.118 - - [03/Sep/2026:12:05:54 +0000] "GET /ads.txt HTTP/1.1" 301 - "-" "axios/1.18.1"
52.72.19.118 - - [03/Sep/2026:12:05:54 +0000] "GET /ads.txt HTTP/1.1" 301 - "-" "axios/1.18.1"
52.72.19.118 - - [03/Sep/2026:12:05:54 +0000] "GET /robots.txt HTTP/1.1" 200 128 "-" "AppNexusAdsTxtCrawler/1.0"
52.72.19.118 - - [03/Sep/2026:12:05:54 +0000] "GET / HTTP/1.1" 200 13813 "-" "AppNexusAdsTxtCrawler/1.0"
159.198.65.41 - - [03/Sep/2026:12:10:01 +0000] "POST /wp-cron.php?doing_wp_cron=1788437401.2585639953613281250000 HTTP/1.1" 200 - "-" "WordPress/7.1; https://forcutestyles.com"
104.248.89.38 - - [03/Sep/2026:12:10:01 +0000] "GET / HTTP/1.1" 200 13813 "-" "Mozilla/5.0 (X11; Linux x86_64) AppleWebKit/537.36 (KHTML, like Gecko) Chrome/142.0.0.0 Safari/537.36"
104.248.89.38 - - [03/Sep/2026:12:10:01 +0000] "GET /favicon.ico HTTP/1.1" 302 - "http://forcutestyles.com/" "Mozilla/5.0 (X11; Linux x86_64) AppleWebKit/537.36 (KHTML, like Gecko) Chrome/142.0.0.0 Safari/537.36"
159.198.65.41 - - [03/Sep/2026:12:23:49 +0000] "POST /wp-cron.php?doing_wp_cron=1788438229.5961079597473144531250 HTTP/1.1" 200 - "-" "WordPress/7.1; https://forcutestyles.com"
8.217.145.188 - - [03/Sep/2026:12:23:48 +0000] "GET / HTTP/1.1" 200 79254 "-" "Mozilla/5.0 (Windows NT 10.0; Win64; x64) AppleWebKit/537.36 (KHTML, like Gecko) Chrome/120.0.0.0 Safari/537.36"
216.244.66.198 - - [03/Sep/2026:13:35:55 +0000] "GET /long-bob-hairstyles-for-thick-hair/ HTTP/1.1" 200 97067 "-" "Mozilla/5.0 (compatible; DotBot/1.2; +https://opensiteexplorer.org/dotbot; help@moz.com)"
216.244.66.198 - - [03/Sep/2026:13:36:14 +0000] "GET /2026/07/page/6/ HTTP/1.1" 200 76909 "-" "Mozilla/5.0 (compatible; DotBot/1.2; +https://opensiteexplorer.org/dotbot; help@moz.com)"
159.198.65.41 - - [03/Sep/2026:13:39:55 +0000] "POST /wp-cron.php?doing_wp_cron=1788442795.8459510803222656250000 HTTP/1.1" 200 - "-" "WordPress/7.1; https://forcutestyles.com"
43.165.67.31 - - [03/Sep/2026:13:39:54 +0000] "GET / HTTP/1.1" 200 13813 "-" "Mozilla/5.0 (iPhone; CPU iPhone OS 13_2_3 like Mac OS X) AppleWebKit/605.1.15 (KHTML, like Gecko) Version/13.0.3 Mobile/15E148 Safari/604.1"
54.236.1.218 - - [03/Sep/2026:13:52:51 +0000] "GET / HTTP/1.1" 200 13813 "-" "Mozilla/5.0 (compatible; Pinterestbot/1.0; +http://www.pinterest.com/bot.html)"
3.91.191.133 - - [03/Sep/2026:13:57:52 +0000] "GET / HTTP/1.1" 200 13813 "-" "Mozilla/5.0 (Linux; Android 11; KB2003) AppleWebKit/537.36 (KHTML, like Gecko) Chrome/101.0.4951.61 Mobile Safari/537.36"
66.249.72.64 - - [03/Sep/2026:14:00:29 +0000] "GET /ads.txt HTTP/1.1" 301 - "-" "Google-adstxt"
1.12.70.96 - - [03/Sep/2026:14:09:43 +0000] "GET / HTTP/1.1" 200 13813 "-" "Mozilla/5.0 (iPhone; CPU iPhone OS 13_2_3 like Mac OS X) AppleWebKit/605.1.15 (KHTML, like Gecko) Version/13.0.3 Mobile/15E148 Safari/604.1"
43.157.50.58 - - [03/Sep/2026:14:27:26 +0000] "GET / HTTP/1.1" 301 - "-" "Mozilla/5.0 (iPhone; CPU iPhone OS 13_2_3 like Mac OS X) AppleWebKit/605.1.15 (KHTML, like Gecko) Version/13.0.3 Mobile/15E148 Safari/604.1"
43.157.50.58 - - [03/Sep/2026:14:27:28 +0000] "GET / HTTP/1.1" 200 13813 "http://www.forcutestyles.com" "Mozilla/5.0 (iPhone; CPU iPhone OS 13_2_3 like Mac OS X) AppleWebKit/605.1.15 (KHTML, like Gecko) Version/13.0.3 Mobile/15E148 Safari/604.1"
159.198.65.41 - - [03/Sep/2026:14:42:55 +0000] "POST /wp-cron.php?doing_wp_cron=1788446575.6560969352722167968750 HTTP/1.1" 200 - "-" "WordPress/7.1; https://forcutestyles.com"
216.244.66.198 - - [03/Sep/2026:14:42:54 +0000] "GET /wash-and-wear-hairstyles-for-older-women/feed/ HTTP/1.1" 200 864 "-" "Mozilla/5.0 (compatible; DotBot/1.2; +https://opensiteexplorer.org/dotbot; help@moz.com)"
200.71.126.167 - - [03/Sep/2026:14:47:56 +0000] "GET / HTTP/1.1" 200 79254 "-" "-"
190.185.108.159 - - [03/Sep/2026:14:53:58 +0000] "GET / HTTP/1.1" 200 79254 "-" "-"
216.244.66.198 - - [03/Sep/2026:15:03:57 +0000] "GET /medium-hairstyles-for-thin-hair-fine-over-50/ HTTP/1.1" 200 146672 "-" "Mozilla/5.0 (compatible; DotBot/1.2; +https://opensiteexplorer.org/dotbot; help@moz.com)"
74.7.228.32 - - [03/Sep/2026:15:21:01 +0000] "GET /robots.txt HTTP/1.1" 200 128 "-" "Mozilla/5.0 (Macintosh; Intel Mac OS X 10_15_7) AppleWebKit/537.36 (KHTML, like Gecko) Chrome/131.0.0.0 Safari/537.36; compatible; OAI-SearchBot/1.4; robots.txt; +https://openai.com/searchbot"
74.7.242.21 - - [03/Sep/2026:15:21:03 +0000] "GET /wp-content/uploads/2026/06/image-95.png HTTP/1.1" 200 1556127 "http://mail.shyflows.com" "Mozilla/5.0 AppleWebKit/537.36 (KHTML, like Gecko; compatible; GPTBot/1.4; +https://openai.com/gptbot)"
74.7.242.21 - - [03/Sep/2026:15:21:06 +0000] "GET /short-hairstyles-for-women-over-50-2/ HTTP/1.1" 200 18309 "http://mail.shyflows.com" "Mozilla/5.0 AppleWebKit/537.36 (KHTML, like Gecko; compatible; GPTBot/1.4; +https://openai.com/gptbot)"
74.7.228.44 - - [03/Sep/2026:15:21:06 +0000] "GET /robots.txt HTTP/1.1" 200 128 "-" "Mozilla/5.0 (Macintosh; Intel Mac OS X 10_15_7) AppleWebKit/537.36 (KHTML, like Gecko) Chrome/131.0.0.0 Safari/537.36; compatible; OAI-SearchBot/1.4; robots.txt; +https://openai.com/searchbot"
74.7.242.21 - - [03/Sep/2026:15:21:08 +0000] "GET /wp-content/plugins/mediavine-trellis-images/assets/dist/main.0.7.1.js HTTP/1.1" 200 4745 "http://mail.shyflows.com" "Mozilla/5.0 AppleWebKit/537.36 (KHTML, like Gecko; compatible; GPTBot/1.4; +https://openai.com/gptbot)"
74.7.242.21 - - [03/Sep/2026:15:21:10 +0000] "GET /wp-includes/blocks/heading/style.min.css HTTP/1.1" 200 211 "http://mail.shyflows.com" "Mozilla/5.0 AppleWebKit/537.36 (KHTML, like Gecko; compatible; GPTBot/1.4; +https://openai.com/gptbot)"
74.7.242.21 - - [03/Sep/2026:15:21:12 +0000] "GET /wp-includes/blocks/paragraph/style.min.css HTTP/1.1" 200 341 "http://mail.shyflows.com" "Mozilla/5.0 AppleWebKit/537.36 (KHTML, like Gecko; compatible; GPTBot/1.4; +https://openai.com/gptbot)"
74.7.242.21 - - [03/Sep/2026:15:21:14 +0000] "GET /wp-content/themes/mediavine-trellis/assets/dist/vendors_loadComments.0.18.1.js HTTP/1.1" 200 9995 "http://mail.shyflows.com" "Mozilla/5.0 AppleWebKit/537.36 (KHTML, like Gecko; compatible; GPTBot/1.4; +https://openai.com/gptbot)"
74.7.242.21 - - [03/Sep/2026:15:21:19 +0000] "GET /wp-content/plugins/pinterest-pin-it-button-on-image-hover-and-post/js/main.js HTTP/1.1" 200 - "http://mail.shyflows.com" "Mozilla/5.0 AppleWebKit/537.36 (KHTML, like Gecko; compatible; GPTBot/1.4; +https://openai.com/gptbot)"
74.7.242.21 - - [03/Sep/2026:15:21:21 +0000] "GET /wp-content/themes/mediavine-trellis/assets/dist/loadComments.0.18.1.css HTTP/1.1" 200 1476 "http://mail.shyflows.com" "Mozilla/5.0 AppleWebKit/537.36 (KHTML, like Gecko; compatible; GPTBot/1.4; +https://openai.com/gptbot)"
74.7.242.21 - - [03/Sep/2026:15:21:23 +0000] "GET /manifest HTTP/1.1" 200 148 "http://mail.shyflows.com" "Mozilla/5.0 AppleWebKit/537.36 (KHTML, like Gecko; compatible; GPTBot/1.4; +https://openai.com/gptbot)"
74.7.242.21 - - [03/Sep/2026:15:21:24 +0000] "GET /layered-hairstyles-for-women-over-50/ HTTP/1.1" 200 18389 "http://mail.shyflows.com" "Mozilla/5.0 AppleWebKit/537.36 (KHTML, like Gecko; compatible; GPTBot/1.4; +https://openai.com/gptbot)"
74.7.242.21 - - [03/Sep/2026:15:21:26 +0000] "GET /wp-content/uploads/2026/07/image-96.png HTTP/1.1" 200 1946465 "http://mail.shyflows.com" "Mozilla/5.0 AppleWebKit/537.36 (KHTML, like Gecko; compatible; GPTBot/1.4; +https://openai.com/gptbot)"
74.7.242.21 - - [03/Sep/2026:15:21:28 +0000] "GET /wp-content/uploads/2026/05/0_2-2.png HTTP/1.1" 200 1917615 "http://mail.shyflows.com" "Mozilla/5.0 AppleWebKit/537.36 (KHTML, like Gecko; compatible; GPTBot/1.4; +https://openai.com/gptbot)"
74.7.242.21 - - [03/Sep/2026:15:21:30 +0000] "GET /wp-content/uploads/2026/01/0_1_640_N-085ed9ca-9159-4a0f-9b89-5b111a267089.webp HTTP/1.1" 200 82578 "http://mail.shyflows.com" "Mozilla/5.0 AppleWebKit/537.36 (KHTML, like Gecko; compatible; GPTBot/1.4; +https://openai.com/gptbot)"
74.7.242.21 - - [03/Sep/2026:15:21:32 +0000] "GET /wp-content/uploads/2026/01/0_3_640_N-38e7e12b-fe9c-4568-ac72-aa890ca80fb9.webp HTTP/1.1" 200 79707 "http://mail.shyflows.com" "Mozilla/5.0 AppleWebKit/537.36 (KHTML, like Gecko; compatible; GPTBot/1.4; +https://openai.com/gptbot)"
74.7.242.21 - - [03/Sep/2026:15:21:34 +0000] "GET /wp-content/uploads/2026/01/0_2_640_N-e87676ed-bb59-4506-a60f-9a1d0dd6d171.webp HTTP/1.1" 200 121472 "http://mail.shyflows.com" "Mozilla/5.0 AppleWebKit/537.36 (KHTML, like Gecko; compatible; GPTBot/1.4; +https://openai.com/gptbot)"
74.7.242.21 - - [03/Sep/2026:15:21:36 +0000] "GET /wp-content/uploads/2026/01/0_2_640_N-bcad4480-0932-4267-aab9-dc660b4ff38f.webp HTTP/1.1" 200 79523 "http://mail.shyflows.com" "Mozilla/5.0 AppleWebKit/537.36 (KHTML, like Gecko; compatible; GPTBot/1.4; +https://openai.com/gptbot)"
74.7.242.21 - - [03/Sep/2026:15:21:38 +0000] "GET /wp-content/uploads/2026/01/0_2_640_N-902f9aca-a33f-4e52-a743-4fae69319b9e.webp HTTP/1.1" 200 127358 "http://mail.shyflows.com" "Mozilla/5.0 AppleWebKit/537.36 (KHTML, like Gecko; compatible; GPTBot/1.4; +https://openai.com/gptbot)"
74.7.242.21 - - [03/Sep/2026:15:21:40 +0000] "GET /wp-content/uploads/2026/01/0_2_640_N-35d0f7be-30ad-480f-9e72-6e975017b0d1.webp HTTP/1.1" 200 36224 "http://mail.shyflows.com" "Mozilla/5.0 AppleWebKit/537.36 (KHTML, like Gecko; compatible; GPTBot/1.4; +https://openai.com/gptbot)"
74.7.242.21 - - [03/Sep/2026:15:21:42 +0000] "GET /wp-content/uploads/2026/01/0_0_640_N-0ada2e1f-fb89-4684-8845-eaf79df7a1e1.webp HTTP/1.1" 200 114272 "http://mail.shyflows.com" "Mozilla/5.0 AppleWebKit/537.36 (KHTML, like Gecko; compatible; GPTBot/1.4; +https://openai.com/gptbot)"
74.7.242.21 - - [03/Sep/2026:15:21:44 +0000] "GET /wp-content/uploads/2026/01/0_3_640_N-a56b8bb0-8b99-4001-8738-82a5c8893da2.webp HTTP/1.1" 200 88025 "http://mail.shyflows.com" "Mozilla/5.0 AppleWebKit/537.36 (KHTML, like Gecko; compatible; GPTBot/1.4; +https://openai.com/gptbot)"
74.7.242.21 - - [03/Sep/2026:15:21:46 +0000] "GET /wp-content/uploads/2026/05/0_0-d04b301a-c271-4d2b-9dda-2f07e30e8e80.png HTTP/1.1" 200 1908817 "http://mail.shyflows.com" "Mozilla/5.0 AppleWebKit/537.36 (KHTML, like Gecko; compatible; GPTBot/1.4; +https://openai.com/gptbot)"
74.7.242.21 - - [03/Sep/2026:15:21:49 +0000] "GET /wp-content/uploads/2026/01/0_3_640_N-dfa405b2-34aa-4b94-afd3-d907e92eb7fc.webp HTTP/1.1" 200 80172 "http://mail.shyflows.com" "Mozilla/5.0 AppleWebKit/537.36 (KHTML, like Gecko; compatible; GPTBot/1.4; +https://openai.com/gptbot)"
74.7.242.21 - - [03/Sep/2026:15:21:51 +0000] "GET /wp-content/uploads/2026/05/0_0-780a3f28-b4cb-4788-99dc-7a9ea5ae5091.png HTTP/1.1" 200 1894151 "http://mail.shyflows.com" "Mozilla/5.0 AppleWebKit/537.36 (KHTML, like Gecko; compatible; GPTBot/1.4; +https://openai.com/gptbot)"
74.7.242.21 - - [03/Sep/2026:15:21:54 +0000] "GET /wp-content/uploads/2026/05/0_0-23f3909b-e9d9-451d-857e-b3717552893a.png HTTP/1.1" 200 1804229 "http://mail.shyflows.com" "Mozilla/5.0 AppleWebKit/537.36 (KHTML, like Gecko; compatible; GPTBot/1.4; +https://openai.com/gptbot)"
74.7.242.21 - - [03/Sep/2026:15:21:57 +0000] "GET /wp-content/uploads/2026/05/0_1-dbf9cd19-8485-41bf-9649-769040ab508e.png HTTP/1.1" 200 2038319 "http://mail.shyflows.com" "Mozilla/5.0 AppleWebKit/537.36 (KHTML, like Gecko; compatible; GPTBot/1.4; +https://openai.com/gptbot)"
74.7.242.21 - - [03/Sep/2026:15:22:00 +0000] "GET /wp-content/uploads/2026/05/0_2-a9a547dc-3846-43c7-97e7-a7371c7e5f8f.png HTTP/1.1" 200 1852773 "http://mail.shyflows.com" "Mozilla/5.0 AppleWebKit/537.36 (KHTML, like Gecko; compatible; GPTBot/1.4; +https://openai.com/gptbot)"
74.7.243.207 - - [03/Sep/2026:15:22:00 +0000] "GET /login/ HTTP/1.1" 302 - "http://mail.shyflows.com" "Mozilla/5.0 AppleWebKit/537.36 (KHTML, like Gecko; compatible; GPTBot/1.4; +https://openai.com/gptbot)"
74.7.242.21 - - [03/Sep/2026:15:22:02 +0000] "GET /wp-content/uploads/2026/05/0_1-39420bc7-fd72-4775-9ba4-8583bd81a5cd.png HTTP/1.1" 200 1931796 "http://mail.shyflows.com" "Mozilla/5.0 AppleWebKit/537.36 (KHTML, like Gecko; compatible; GPTBot/1.4; +https://openai.com/gptbot)"
74.7.242.21 - - [03/Sep/2026:15:22:05 +0000] "GET /wp-content/uploads/2026/05/0_3-76b4b777-0ad5-4e45-bb55-26c0284c5b01.png HTTP/1.1" 200 1943645 "http://mail.shyflows.com" "Mozilla/5.0 AppleWebKit/537.36 (KHTML, like Gecko; compatible; GPTBot/1.4; +https://openai.com/gptbot)"
74.7.242.21 - - [03/Sep/2026:15:22:07 +0000] "GET /wp-content/uploads/2026/01/0_1_640_N-6461dc76-249f-4870-898b-99070e534a22.webp HTTP/1.1" 200 76840 "http://mail.shyflows.com" "Mozilla/5.0 AppleWebKit/537.36 (KHTML, like Gecko; compatible; GPTBot/1.4; +https://openai.com/gptbot)"
74.7.242.21 - - [03/Sep/2026:15:22:09 +0000] "GET /short-hairstyles-for-fine-hair-for-plus-size/ HTTP/1.1" 200 18385 "http://mail.shyflows.com" "Mozilla/5.0 AppleWebKit/537.36 (KHTML, like Gecko; compatible; GPTBot/1.4; +https://openai.com/gptbot)"
74.7.242.21 - - [03/Sep/2026:15:22:11 +0000] "GET /wp-content/uploads/2026/01/0_2_640_N-10.webp HTTP/1.1" 200 73930 "http://mail.shyflows.com" "Mozilla/5.0 AppleWebKit/537.36 (KHTML, like Gecko; compatible; GPTBot/1.4; +https://openai.com/gptbot)"
74.7.242.21 - - [03/Sep/2026:15:22:13 +0000] "GET /wp-content/uploads/2026/01/0_3_640_N-10.webp HTTP/1.1" 200 68995 "http://mail.shyflows.com" "Mozilla/5.0 AppleWebKit/537.36 (KHTML, like Gecko; compatible; GPTBot/1.4; +https://openai.com/gptbot)"
74.7.242.21 - - [03/Sep/2026:15:22:15 +0000] "GET /wp-content/uploads/2026/01/0_1_640_N-13.webp HTTP/1.1" 200 86516 "http://mail.shyflows.com" "Mozilla/5.0 AppleWebKit/537.36 (KHTML, like Gecko; compatible; GPTBot/1.4; +https://openai.com/gptbot)"
74.7.242.21 - - [03/Sep/2026:15:22:16 +0000] "GET /wp-content/uploads/2026/01/0_0_640_N-13.webp HTTP/1.1" 200 108578 "http://mail.shyflows.com" "Mozilla/5.0 AppleWebKit/537.36 (KHTML, like Gecko; compatible; GPTBot/1.4; +https://openai.com/gptbot)"
74.7.242.21 - - [03/Sep/2026:15:22:18 +0000] "GET /wp-content/uploads/2026/01/0_3_640_N-13.webp HTTP/1.1" 200 90233 "http://mail.shyflows.com" "Mozilla/5.0 AppleWebKit/537.36 (KHTML, like Gecko; compatible; GPTBot/1.4; +https://openai.com/gptbot)"
74.7.242.21 - - [03/Sep/2026:15:22:20 +0000] "GET /wp-content/uploads/2026/01/0_2_640_N-13.webp HTTP/1.1" 200 65905 "http://mail.shyflows.com" "Mozilla/5.0 AppleWebKit/537.36 (KHTML, like Gecko; compatible; GPTBot/1.4; +https://openai.com/gptbot)"
74.7.242.21 - - [03/Sep/2026:15:22:22 +0000] "GET /wp-content/uploads/2026/01/0_1_640_N-3.webp HTTP/1.1" 200 41945 "http://mail.shyflows.com" "Mozilla/5.0 AppleWebKit/537.36 (KHTML, like Gecko; compatible; GPTBot/1.4; +https://openai.com/gptbot)"
74.7.242.21 - - [03/Sep/2026:15:22:24 +0000] "GET /wp-content/uploads/2026/01/0_2_640_N-3.webp HTTP/1.1" 200 69313 "http://mail.shyflows.com" "Mozilla/5.0 AppleWebKit/537.36 (KHTML, like Gecko; compatible; GPTBot/1.4; +https://openai.com/gptbot)"
74.7.242.21 - - [03/Sep/2026:15:22:26 +0000] "GET /wp-content/uploads/2026/01/0_3_640_N-3.webp HTTP/1.1" 200 68725 "http://mail.shyflows.com" "Mozilla/5.0 AppleWebKit/537.36 (KHTML, like Gecko; compatible; GPTBot/1.4; +https://openai.com/gptbot)"
74.7.243.207 - - [03/Sep/2026:15:22:27 +0000] "GET /wp-includes/blocks/paragraph/style.min.css?ver=7.1 HTTP/1.1" 200 341 "http://forcutestyles.com.forthewardrobe.com" "Mozilla/5.0 AppleWebKit/537.36 (KHTML, like Gecko; compatible; GPTBot/1.4; +https://openai.com/gptbot)"
74.7.242.21 - - [03/Sep/2026:15:22:28 +0000] "GET /wp-content/uploads/2026/01/0_0_640_N-3.webp HTTP/1.1" 200 55688 "http://mail.shyflows.com" "Mozilla/5.0 AppleWebKit/537.36 (KHTML, like Gecko; compatible; GPTBot/1.4; +https://openai.com/gptbot)"
74.7.242.21 - - [03/Sep/2026:15:22:30 +0000] "GET /short-pixie-haircuts-for-fine-flat-hair/ HTTP/1.1" 200 20465 "http://mail.shyflows.com" "Mozilla/5.0 AppleWebKit/537.36 (KHTML, like Gecko; compatible; GPTBot/1.4; +https://openai.com/gptbot)"
74.7.243.207 - - [03/Sep/2026:15:22:31 +0000] "GET /wp-includes/blocks/heading/style.min.css?ver=7.1 HTTP/1.1" 200 211 "http://forcutestyles.com.forthewardrobe.com" "Mozilla/5.0 AppleWebKit/537.36 (KHTML, like Gecko; compatible; GPTBot/1.4; +https://openai.com/gptbot)"
74.7.242.21 - - [03/Sep/2026:15:22:32 +0000] "GET /wp-content/uploads/2026/07/image-832-904x1200.png HTTP/1.1" 200 1665363 "http://mail.shyflows.com" "Mozilla/5.0 AppleWebKit/537.36 (KHTML, like Gecko; compatible; GPTBot/1.4; +https://openai.com/gptbot)"
74.7.242.21 - - [03/Sep/2026:15:22:34 +0000] "GET /wp-content/uploads/2026/05/0_1-4.png HTTP/1.1" 200 1936879 "http://mail.shyflows.com" "Mozilla/5.0 AppleWebKit/537.36 (KHTML, like Gecko; compatible; GPTBot/1.4; +https://openai.com/gptbot)"
74.7.242.21 - - [03/Sep/2026:15:22:37 +0000] "GET /wp-content/uploads/2026/05/0_3-4.png HTTP/1.1" 200 1878554 "http://mail.shyflows.com" "Mozilla/5.0 AppleWebKit/537.36 (KHTML, like Gecko; compatible; GPTBot/1.4; +https://openai.com/gptbot)"
74.7.242.21 - - [03/Sep/2026:15:22:39 +0000] "GET /wp-content/uploads/2026/05/0_2-4.png HTTP/1.1" 200 1916718 "http://mail.shyflows.com" "Mozilla/5.0 AppleWebKit/537.36 (KHTML, like Gecko; compatible; GPTBot/1.4; +https://openai.com/gptbot)"
74.7.242.21 - - [03/Sep/2026:15:22:41 +0000] "GET /wp-content/uploads/2026/05/0_0-4.png HTTP/1.1" 200 1820883 "http://mail.shyflows.com" "Mozilla/5.0 AppleWebKit/537.36 (KHTML, like Gecko; compatible; GPTBot/1.4; +https://openai.com/gptbot)"
74.7.242.21 - - [03/Sep/2026:15:22:43 +0000] "GET /wp-content/uploads/2026/07/image-366.png HTTP/1.1" 200 1997046 "http://mail.shyflows.com" "Mozilla/5.0 AppleWebKit/537.36 (KHTML, like Gecko; compatible; GPTBot/1.4; +https://openai.com/gptbot)"
74.7.242.21 - - [03/Sep/2026:15:22:45 +0000] "GET /wp-content/uploads/2026/07/image-277.png HTTP/1.1" 200 1992535 "http://mail.shyflows.com" "Mozilla/5.0 AppleWebKit/537.36 (KHTML, like Gecko; compatible; GPTBot/1.4; +https://openai.com/gptbot)"
74.7.242.21 - - [03/Sep/2026:15:22:48 +0000] "GET /wp-content/uploads/2026/06/image-270.png HTTP/1.1" 200 1964224 "http://mail.shyflows.com" "Mozilla/5.0 AppleWebKit/537.36 (KHTML, like Gecko; compatible; GPTBot/1.4; +https://openai.com/gptbot)"
74.7.242.21 - - [03/Sep/2026:15:22:50 +0000] "GET /haircuts-that-add-volume-to-thin-hair/ HTTP/1.1" 200 18457 "http://mail.shyflows.com" "Mozilla/5.0 AppleWebKit/537.36 (KHTML, like Gecko; compatible; GPTBot/1.4; +https://openai.com/gptbot)"
74.7.242.21 - - [03/Sep/2026:15:22:52 +0000] "GET /wp-content/uploads/2026/07/image-1574-546x728.png HTTP/1.1" 200 756873 "http://mail.shyflows.com" "Mozilla/5.0 AppleWebKit/537.36 (KHTML, like Gecko; compatible; GPTBot/1.4; +https://openai.com/gptbot)"
74.7.242.21 - - [03/Sep/2026:15:22:54 +0000] "GET /wp-content/uploads/2026/06/image-315.png HTTP/1.1" 200 2024327 "http://mail.shyflows.com" "Mozilla/5.0 AppleWebKit/537.36 (KHTML, like Gecko; compatible; GPTBot/1.4; +https://openai.com/gptbot)"
74.7.242.21 - - [03/Sep/2026:15:22:56 +0000] "GET /hairstyles-to-slim-a-round-face-for-women/ HTTP/1.1" 200 18431 "http://mail.shyflows.com" "Mozilla/5.0 AppleWebKit/537.36 (KHTML, like Gecko; compatible; GPTBot/1.4; +https://openai.com/gptbot)"
74.7.242.21 - - [03/Sep/2026:15:22:58 +0000] "GET /elegant-bob-haircuts-for-mature-women/ HTTP/1.1" 200 18565 "http://mail.shyflows.com" "Mozilla/5.0 AppleWebKit/537.36 (KHTML, like Gecko; compatible; GPTBot/1.4; +https://openai.com/gptbot)"
74.7.242.21 - - [03/Sep/2026:15:23:00 +0000] "GET /short-hairstyles-for-thick-hair-updo/ HTTP/1.1" 200 18423 "http://mail.shyflows.com" "Mozilla/5.0 AppleWebKit/537.36 (KHTML, like Gecko; compatible; GPTBot/1.4; +https://openai.com/gptbot)"
74.7.242.21 - - [03/Sep/2026:15:23:02 +0000] "GET /wp-content/uploads/2026/07/image-1496.png HTTP/1.1" 200 2028967 "http://mail.shyflows.com" "Mozilla/5.0 AppleWebKit/537.36 (KHTML, like Gecko; compatible; GPTBot/1.4; +https://openai.com/gptbot)"
74.7.242.21 - - [03/Sep/2026:15:23:04 +0000] "GET /wp-content/uploads/2026/07/image-1545.png HTTP/1.1" 200 2096236 "http://mail.shyflows.com" "Mozilla/5.0 AppleWebKit/537.36 (KHTML, like Gecko; compatible; GPTBot/1.4; +https://openai.com/gptbot)"
74.7.242.21 - - [03/Sep/2026:15:23:06 +0000] "GET /wp-content/uploads/2026/07/image-1415.png HTTP/1.1" 200 1907184 "http://mail.shyflows.com" "Mozilla/5.0 AppleWebKit/537.36 (KHTML, like Gecko; compatible; GPTBot/1.4; +https://openai.com/gptbot)"
74.7.242.21 - - [03/Sep/2026:15:23:08 +0000] "GET /wp-content/uploads/2026/07/image-1553.png HTTP/1.1" 200 1976952 "http://mail.shyflows.com" "Mozilla/5.0 AppleWebKit/537.36 (KHTML, like Gecko; compatible; GPTBot/1.4; +https://openai.com/gptbot)"
74.7.242.21 - - [03/Sep/2026:15:23:10 +0000] "GET /wp-content/uploads/2026/07/image-1486.png HTTP/1.1" 200 2045675 "http://mail.shyflows.com" "Mozilla/5.0 AppleWebKit/537.36 (KHTML, like Gecko; compatible; GPTBot/1.4; +https://openai.com/gptbot)"
74.7.242.21 - - [03/Sep/2026:15:23:12 +0000] "GET /salt-and-pepper-hairstyles-for-women/ HTTP/1.1" 200 18353 "http://mail.shyflows.com" "Mozilla/5.0 AppleWebKit/537.36 (KHTML, like Gecko; compatible; GPTBot/1.4; +https://openai.com/gptbot)"
74.7.242.21 - - [03/Sep/2026:15:23:14 +0000] "GET /wp-content/uploads/2026/06/image-312-771x1024.png HTTP/1.1" 200 1483572 "http://mail.shyflows.com" "Mozilla/5.0 AppleWebKit/537.36 (KHTML, like Gecko; compatible; GPTBot/1.4; +https://openai.com/gptbot)"
74.7.242.21 - - [03/Sep/2026:15:23:16 +0000] "GET /wp-content/uploads/2026/06/image-237-771x1024.png HTTP/1.1" 200 1240697 "http://mail.shyflows.com" "Mozilla/5.0 AppleWebKit/537.36 (KHTML, like Gecko; compatible; GPTBot/1.4; +https://openai.com/gptbot)"
74.7.242.21 - - [03/Sep/2026:15:23:19 +0000] "GET /wp-content/uploads/2026/06/image-238-904x1200.png HTTP/1.1" 200 1825760 "http://mail.shyflows.com" "Mozilla/5.0 AppleWebKit/537.36 (KHTML, like Gecko; compatible; GPTBot/1.4; +https://openai.com/gptbot)"
74.7.242.21 - - [03/Sep/2026:15:23:21 +0000] "GET /wp-content/uploads/2026/06/image-236-771x1024.png HTTP/1.1" 200 1189753 "http://mail.shyflows.com" "Mozilla/5.0 AppleWebKit/537.36 (KHTML, like Gecko; compatible; GPTBot/1.4; +https://openai.com/gptbot)"
74.7.242.21 - - [03/Sep/2026:15:23:23 +0000] "GET /short-hairstyles-for-older-women/ HTTP/1.1" 200 20354 "http://mail.shyflows.com" "Mozilla/5.0 AppleWebKit/537.36 (KHTML, like Gecko; compatible; GPTBot/1.4; +https://openai.com/gptbot)"
74.7.242.21 - - [03/Sep/2026:15:23:25 +0000] "GET /bob-haircuts-for-oval-faces-women/ HTTP/1.1" 200 18480 "http://mail.shyflows.com" "Mozilla/5.0 AppleWebKit/537.36 (KHTML, like Gecko; compatible; GPTBot/1.4; +https://openai.com/gptbot)"
74.7.242.21 - - [03/Sep/2026:15:23:27 +0000] "GET /layered-bob-hairstyles-with-bangs/ HTTP/1.1" 200 18345 "http://mail.shyflows.com" "Mozilla/5.0 AppleWebKit/537.36 (KHTML, like Gecko; compatible; GPTBot/1.4; +https://openai.com/gptbot)"
74.7.242.21 - - [03/Sep/2026:15:23:29 +0000] "GET /bob-haircuts-for-round-faces/ HTTP/1.1" 200 18362 "http://mail.shyflows.com" "Mozilla/5.0 AppleWebKit/537.36 (KHTML, like Gecko; compatible; GPTBot/1.4; +https://openai.com/gptbot)"
74.7.242.21 - - [03/Sep/2026:15:23:31 +0000] "GET /curly-pixie-haircuts-with-bangs/ HTTP/1.1" 200 18682 "http://mail.shyflows.com" "Mozilla/5.0 AppleWebKit/537.36 (KHTML, like Gecko; compatible; GPTBot/1.4; +https://openai.com/gptbot)"
74.7.242.21 - - [03/Sep/2026:15:23:33 +0000] "GET /side-swept-bangs-for-older-women/ HTTP/1.1" 200 18652 "http://mail.shyflows.com" "Mozilla/5.0 AppleWebKit/537.36 (KHTML, like Gecko; compatible; GPTBot/1.4; +https://openai.com/gptbot)"
74.7.242.21 - - [03/Sep/2026:15:23:35 +0000] "GET /gray-pixie-cuts-for-older-women/ HTTP/1.1" 200 18395 "http://mail.shyflows.com" "Mozilla/5.0 AppleWebKit/537.36 (KHTML, like Gecko; compatible; GPTBot/1.4; +https://openai.com/gptbot)"
74.7.242.21 - - [03/Sep/2026:15:23:37 +0000] "GET /wp-admin/ HTTP/1.1" 302 - "http://mail.shyflows.com" "Mozilla/5.0 AppleWebKit/537.36 (KHTML, like Gecko; compatible; GPTBot/1.4; +https://openai.com/gptbot)"
74.7.242.21 - - [03/Sep/2026:15:23:41 +0000] "GET /wispy-bangs-for-fine-hair/ HTTP/1.1" 200 18425 "http://mail.shyflows.com" "Mozilla/5.0 AppleWebKit/537.36 (KHTML, like Gecko; compatible; GPTBot/1.4; +https://openai.com/gptbot)"
74.7.242.21 - - [03/Sep/2026:15:23:44 +0000] "GET /edgy-pixie-haircuts-for-black-women/ HTTP/1.1" 200 19329 "http://mail.shyflows.com" "Mozilla/5.0 AppleWebKit/537.36 (KHTML, like Gecko; compatible; GPTBot/1.4; +https://openai.com/gptbot)"
74.7.242.21 - - [03/Sep/2026:15:23:46 +0000] "GET /plus-size-concert-outfits/ HTTP/1.1" 200 19029 "http://mail.shyflows.com" "Mozilla/5.0 AppleWebKit/537.36 (KHTML, like Gecko; compatible; GPTBot/1.4; +https://openai.com/gptbot)"
74.7.242.21 - - [03/Sep/2026:15:23:48 +0000] "GET /medium-hairstyles-for-thin-hair-fine-over-50/ HTTP/1.1" 200 20282 "http://mail.shyflows.com" "Mozilla/5.0 AppleWebKit/537.36 (KHTML, like Gecko; compatible; GPTBot/1.4; +https://openai.com/gptbot)"
74.7.242.21 - - [03/Sep/2026:15:23:50 +0000] "GET /long-hairstyles-for-thick-hair-over-50/ HTTP/1.1" 200 18880 "http://mail.shyflows.com" "Mozilla/5.0 AppleWebKit/537.36 (KHTML, like Gecko; compatible; GPTBot/1.4; +https://openai.com/gptbot)"
74.7.242.21 - - [03/Sep/2026:15:23:52 +0000] "GET /bangs-for-thin-hair/ HTTP/1.1" 200 18519 "http://mail.shyflows.com" "Mozilla/5.0 AppleWebKit/537.36 (KHTML, like Gecko; compatible; GPTBot/1.4; +https://openai.com/gptbot)"
74.7.242.21 - - [03/Sep/2026:15:23:54 +0000] "GET /pixie-cuts-for-fine-thin-hair-over-60/ HTTP/1.1" 200 18570 "http://mail.shyflows.com" "Mozilla/5.0 AppleWebKit/537.36 (KHTML, like Gecko; compatible; GPTBot/1.4; +https://openai.com/gptbot)"
74.7.242.21 - - [03/Sep/2026:15:23:57 +0000] "GET /hairstyles-for-square-faces-women-over-40/ HTTP/1.1" 200 18448 "http://mail.shyflows.com" "Mozilla/5.0 AppleWebKit/537.36 (KHTML, like Gecko; compatible; GPTBot/1.4; +https://openai.com/gptbot)"
74.7.242.21 - - [03/Sep/2026:15:23:59 +0000] "GET /pixie-haircuts-for-round-faces-over-50/ HTTP/1.1" 200 18495 "http://mail.shyflows.com" "Mozilla/5.0 AppleWebKit/537.36 (KHTML, like Gecko; compatible; GPTBot/1.4; +https://openai.com/gptbot)"
159.198.65.41 - - [03/Sep/2026:15:24:01 +0000] "POST /wp-cron.php?doing_wp_cron=1788449041.2280459403991699218750 HTTP/1.1" 200 - "-" "WordPress/7.1; https://forcutestyles.com"
74.7.242.21 - - [03/Sep/2026:15:24:01 +0000] "GET /chic-short-haircuts-for-women-over-50/ HTTP/1.1" 200 18558 "http://mail.shyflows.com" "Mozilla/5.0 AppleWebKit/537.36 (KHTML, like Gecko; compatible; GPTBot/1.4; +https://openai.com/gptbot)"
74.7.242.21 - - [03/Sep/2026:15:24:03 +0000] "GET /braids-for-older-black-women-over-50/ HTTP/1.1" 200 20579 "http://mail.shyflows.com" "Mozilla/5.0 AppleWebKit/537.36 (KHTML, like Gecko; compatible; GPTBot/1.4; +https://openai.com/gptbot)"
74.7.242.21 - - [03/Sep/2026:15:24:05 +0000] "GET /hairstyles-for-thin-hair-over-50/ HTTP/1.1" 200 18423 "http://mail.shyflows.com" "Mozilla/5.0 AppleWebKit/537.36 (KHTML, like Gecko; compatible; GPTBot/1.4; +https://openai.com/gptbot)"
74.7.242.21 - - [03/Sep/2026:15:24:07 +0000] "GET /medium-length-hairstyles-for-women-over-50-2/ HTTP/1.1" 200 18255 "http://mail.shyflows.com" "Mozilla/5.0 AppleWebKit/537.36 (KHTML, like Gecko; compatible; GPTBot/1.4; +https://openai.com/gptbot)"
74.7.242.21 - - [03/Sep/2026:15:24:09 +0000] "GET /bob-hairstyles-for-women-over-50/ HTTP/1.1" 200 18388 "http://mail.shyflows.com" "Mozilla/5.0 AppleWebKit/537.36 (KHTML, like Gecko; compatible; GPTBot/1.4; +https://openai.com/gptbot)"
74.7.242.21 - - [03/Sep/2026:15:24:11 +0000] "GET /pixie-haircuts-for-women-over-50/ HTTP/1.1" 200 18379 "http://mail.shyflows.com" "Mozilla/5.0 AppleWebKit/537.36 (KHTML, like Gecko; compatible; GPTBot/1.4; +https://openai.com/gptbot)"
74.7.242.21 - - [03/Sep/2026:15:24:13 +0000] "GET /curtain-bangs-for-women-over-50/ HTTP/1.1" 200 18549 "http://mail.shyflows.com" "Mozilla/5.0 AppleWebKit/537.36 (KHTML, like Gecko; compatible; GPTBot/1.4; +https://openai.com/gptbot)"
74.7.242.21 - - [03/Sep/2026:15:24:15 +0000] "GET /short-gray-hairstyles-for-black-women-over-50/ HTTP/1.1" 200 17724 "http://mail.shyflows.com" "Mozilla/5.0 AppleWebKit/537.36 (KHTML, like Gecko; compatible; GPTBot/1.4; +https://openai.com/gptbot)"
74.7.242.21 - - [03/Sep/2026:15:24:17 +0000] "GET /wp-cron.php HTTP/1.1" 200 - "http://mail.shyflows.com" "Mozilla/5.0 AppleWebKit/537.36 (KHTML, like Gecko; compatible; GPTBot/1.4; +https://openai.com/gptbot)"
74.7.242.21 - - [03/Sep/2026:15:24:19 +0000] "GET /xmlrpc.php HTTP/1.1" 405 60 "http://mail.shyflows.com" "Mozilla/5.0 AppleWebKit/537.36 (KHTML, like Gecko; compatible; GPTBot/1.4; +https://openai.com/gptbot)"
74.7.242.21 - - [03/Sep/2026:15:24:21 +0000] "GET /wp-admin/admin-ajax.php HTTP/1.1" 400 21 "http://mail.shyflows.com" "Mozilla/5.0 AppleWebKit/537.36 (KHTML, like Gecko; compatible; GPTBot/1.4; +https://openai.com/gptbot)"
74.7.242.21 - - [03/Sep/2026:15:24:23 +0000] "GET /feed/ HTTP/1.1" 200 24552 "http://mail.shyflows.com" "Mozilla/5.0 AppleWebKit/537.36 (KHTML, like Gecko; compatible; GPTBot/1.4; +https://openai.com/gptbot)"
74.7.242.21 - - [03/Sep/2026:15:24:25 +0000] "GET /wp-includes/images/w-logo-blue-white-bg.png HTTP/1.1" 200 4119 "http://mail.shyflows.com" "Mozilla/5.0 AppleWebKit/537.36 (KHTML, like Gecko; compatible; GPTBot/1.4; +https://openai.com/gptbot)"
74.7.242.21 - - [03/Sep/2026:15:24:27 +0000] "GET /wp-includes/images/w-logo-gray-white-bg.png HTTP/1.1" 200 3241 "http://mail.shyflows.com" "Mozilla/5.0 AppleWebKit/537.36 (KHTML, like Gecko; compatible; GPTBot/1.4; +https://openai.com/gptbot)"
74.7.242.21 - - [03/Sep/2026:15:24:28 +0000] "GET /wp-login.php HTTP/1.1" 302 - "http://mail.shyflows.com" "Mozilla/5.0 AppleWebKit/537.36 (KHTML, like Gecko; compatible; GPTBot/1.4; +https://openai.com/gptbot)"
74.7.242.21 - - [03/Sep/2026:15:24:30 +0000] "GET /wp-includes/js/jquery/jquery-migrate.min.js HTTP/1.1" 200 4872 "http://mail.shyflows.com" "Mozilla/5.0 AppleWebKit/537.36 (KHTML, like Gecko; compatible; GPTBot/1.4; +https://openai.com/gptbot)"
74.7.242.21 - - [03/Sep/2026:15:24:32 +0000] "GET /wp-json/oembed/1.0/embed HTTP/1.1" 400 114 "http://mail.shyflows.com" "Mozilla/5.0 AppleWebKit/537.36 (KHTML, like Gecko; compatible; GPTBot/1.4; +https://openai.com/gptbot)"
74.7.242.21 - - [03/Sep/2026:15:24:34 +0000] "GET /wp-includes/js/jquery/jquery.min.js HTTP/1.1" 200 30368 "http://mail.shyflows.com" "Mozilla/5.0 AppleWebKit/537.36 (KHTML, like Gecko; compatible; GPTBot/1.4; +https://openai.com/gptbot)"
74.7.242.21 - - [03/Sep/2026:15:24:36 +0000] "GET /wp-content/themes/mediavine-trellis/assets/dist/main.0.18.1.js HTTP/1.1" 200 5513 "http://mail.shyflows.com" "Mozilla/5.0 AppleWebKit/537.36 (KHTML, like Gecko; compatible; GPTBot/1.4; +https://openai.com/gptbot)"
74.7.242.21 - - [03/Sep/2026:15:24:38 +0000] "GET /page/2/ HTTP/1.1" 200 13591 "http://mail.shyflows.com" "Mozilla/5.0 AppleWebKit/537.36 (KHTML, like Gecko; compatible; GPTBot/1.4; +https://openai.com/gptbot)"
74.7.242.21 - - [03/Sep/2026:15:24:40 +0000] "GET /wp-content/themes/mediavine-trellis/assets/dist/sw.0.18.1.js HTTP/1.1" 200 467 "http://mail.shyflows.com" "Mozilla/5.0 AppleWebKit/537.36 (KHTML, like Gecko; compatible; GPTBot/1.4; +https://openai.com/gptbot)"
74.7.242.21 - - [03/Sep/2026:15:24:42 +0000] "GET /wp-content/plugins/mediavine-trellis-images/assets/dist/main.0.7.1.js.map HTTP/1.1" 200 4838 "http://forcutestyles.com.forthewardrobe.com/wp-content/plugins/mediavine-trellis-images/assets/dist/main.0.7.1.js" "Mozilla/5.0 AppleWebKit/537.36 (KHTML, like Gecko; compatible; GPTBot/1.4; +https://openai.com/gptbot)"
159.198.65.41 - - [03/Sep/2026:15:24:44 +0000] "POST /wp-cron.php?doing_wp_cron=1788449084.1389639377593994140625 HTTP/1.1" 200 - "-" "WordPress/7.1; https://forcutestyles.com"
74.7.242.21 - - [03/Sep/2026:15:24:43 +0000] "GET /author/forcutestyles/ HTTP/1.1" 200 13907 "http://mail.shyflows.com" "Mozilla/5.0 AppleWebKit/537.36 (KHTML, like Gecko; compatible; GPTBot/1.4; +https://openai.com/gptbot)"
74.7.242.21 - - [03/Sep/2026:15:24:46 +0000] "GET /wp-content/mvt-js/1/6a76c27036f54bb48ed9bc3294c5d172.min.js HTTP/1.1" 200 4716 "http://mail.shyflows.com" "Mozilla/5.0 AppleWebKit/537.36 (KHTML, like Gecko; compatible; GPTBot/1.4; +https://openai.com/gptbot)"
74.7.242.21 - - [03/Sep/2026:15:24:47 +0000] "GET /sitemap_index.xml HTTP/1.1" 200 317 "http://mail.shyflows.com" "Mozilla/5.0 AppleWebKit/537.36 (KHTML, like Gecko; compatible; GPTBot/1.4; +https://openai.com/gptbot)"
74.7.242.21 - - [03/Sep/2026:15:24:49 +0000] "GET /wp-content/themes/mediavine-trellis/assets/dist/vendors_loadComments.0.18.1.js.map HTTP/1.1" 200 10105 "http://forcutestyles.com.forthewardrobe.com/wp-content/themes/mediavine-trellis/assets/dist/vendors_loadComments.0.18.1.js" "Mozilla/5.0 AppleWebKit/537.36 (KHTML, like Gecko; compatible; GPTBot/1.4; +https://openai.com/gptbot)"
74.7.242.21 - - [03/Sep/2026:15:24:51 +0000] "GET /wp-content/plugins/mediavine-trellis-images/assets/dist/IO.0.7.1.js HTTP/1.1" 200 2456 "http://mail.shyflows.com" "Mozilla/5.0 AppleWebKit/537.36 (KHTML, like Gecko; compatible; GPTBot/1.4; +https://openai.com/gptbot)"
74.7.242.21 - - [03/Sep/2026:15:24:53 +0000] "GET /wp-content/themes/mediavine-trellis/assets/dist/loadComments.0.18.1.js HTTP/1.1" 200 7681 "http://mail.shyflows.com" "Mozilla/5.0 AppleWebKit/537.36 (KHTML, like Gecko; compatible; GPTBot/1.4; +https://openai.com/gptbot)"
74.7.242.21 - - [03/Sep/2026:15:24:55 +0000] "GET /wp-content/plugins/pinterest-pin-it-button-on-image-hover-and-post/js/pinit.js HTTP/1.1" 200 383 "http://mail.shyflows.com" "Mozilla/5.0 AppleWebKit/537.36 (KHTML, like Gecko; compatible; GPTBot/1.4; +https://openai.com/gptbot)"
74.7.242.21 - - [03/Sep/2026:15:24:56 +0000] "GET /wp-content/themes/mediavine-trellis/assets/dist/main.0.18.1.js.map HTTP/1.1" 200 5619 "http://forcutestyles.com.forthewardrobe.com/wp-content/themes/mediavine-trellis/assets/dist/main.0.18.1.js" "Mozilla/5.0 AppleWebKit/537.36 (KHTML, like Gecko; compatible; GPTBot/1.4; +https://openai.com/gptbot)"
74.7.242.21 - - [03/Sep/2026:15:24:58 +0000] "GET /wp-json/wp/v2/comments HTTP/1.1" 200 22 "http://mail.shyflows.com" "Mozilla/5.0 AppleWebKit/537.36 (KHTML, like Gecko; compatible; GPTBot/1.4; +https://openai.com/gptbot)"
74.7.242.21 - - [03/Sep/2026:15:25:00 +0000] "GET /wp-content/themes/mediavine-trellis/assets/dist/sw.0.18.1.js.map HTTP/1.1" 200 517 "http://forcutestyles.com.forthewardrobe.com/wp-content/themes/mediavine-trellis/assets/dist/sw.0.18.1.js" "Mozilla/5.0 AppleWebKit/537.36 (KHTML, like Gecko; compatible; GPTBot/1.4; +https://openai.com/gptbot)"
74.7.242.21 - - [03/Sep/2026:15:25:01 +0000] "GET /wp-json/grow/v1/status HTTP/1.1" 200 56 "http://mail.shyflows.com" "Mozilla/5.0 AppleWebKit/537.36 (KHTML, like Gecko; compatible; GPTBot/1.4; +https://openai.com/gptbot)"
74.7.242.21 - - [03/Sep/2026:15:25:03 +0000] "GET /wp-json/wp/v2/users HTTP/1.1" 200 1898 "http://mail.shyflows.com" "Mozilla/5.0 AppleWebKit/537.36 (KHTML, like Gecko; compatible; GPTBot/1.4; +https://openai.com/gptbot)"
74.7.242.21 - - [03/Sep/2026:15:25:05 +0000] "GET /wp-json/wp/v2/users/me HTTP/1.1" 401 102 "http://mail.shyflows.com" "Mozilla/5.0 AppleWebKit/537.36 (KHTML, like Gecko; compatible; GPTBot/1.4; +https://openai.com/gptbot)"
74.7.242.21 - - [03/Sep/2026:15:25:07 +0000] "GET /wp-includes/css/dist/block-library/style.min.css HTTP/1.1" 200 19116 "http://mail.shyflows.com" "Mozilla/5.0 AppleWebKit/537.36 (KHTML, like Gecko; compatible; GPTBot/1.4; +https://openai.com/gptbot)"
74.7.242.21 - - [03/Sep/2026:15:25:09 +0000] "GET /wp-content/themes/birch-trellis/assets/dist/css/main.1.0.0.css HTTP/1.1" 200 10942 "http://mail.shyflows.com" "Mozilla/5.0 AppleWebKit/537.36 (KHTML, like Gecko; compatible; GPTBot/1.4; +https://openai.com/gptbot)"
74.7.242.21 - - [03/Sep/2026:15:25:10 +0000] "GET /wp-content/plugins/mediavine-trellis-images/assets/dist/IO.0.7.1.js.map HTTP/1.1" 200 2520 "http://forcutestyles.com.forthewardrobe.com/wp-content/plugins/mediavine-trellis-images/assets/dist/IO.0.7.1.js" "Mozilla/5.0 AppleWebKit/537.36 (KHTML, like Gecko; compatible; GPTBot/1.4; +https://openai.com/gptbot)"
74.7.242.21 - - [03/Sep/2026:15:25:12 +0000] "GET /wp-content/themes/mediavine-trellis/assets/dist/loadComments.0.18.1.js.map HTTP/1.1" 200 7793 "http://forcutestyles.com.forthewardrobe.com/wp-content/themes/mediavine-trellis/assets/dist/loadComments.0.18.1.js" "Mozilla/5.0 AppleWebKit/537.36 (KHTML, like Gecko; compatible; GPTBot/1.4; +https://openai.com/gptbot)"
216.152.140.201 - - [03/Sep/2026:15:37:12 +0000] "GET /ads.txt HTTP/1.1" 301 - "-" "Centro Ads.txt Crawler/1.0"
207.198.113.113 - - [03/Sep/2026:15:37:12 +0000] "GET /ads.txt HTTP/1.1" 301 - "-" "Centro Ads.txt Crawler/1.0"
216.152.140.60 - - [03/Sep/2026:15:37:12 +0000] "GET /ads.txt HTTP/1.1" 301 - "-" "Centro Ads.txt Crawler/1.0"
216.152.140.59 - - [03/Sep/2026:15:37:12 +0000] "GET /ads.txt HTTP/1.1" 301 - "-" "Centro Ads.txt Crawler/1.0"
92.204.248.55 - - [03/Sep/2026:15:37:13 +0000] "GET /medium-length-shag-hairstyles-no-bangs HTTP/1.1" 301 - "-" "ias-ie/3.3 (former https://www.admantx.com + https://integralads.com/about-ias/)"
92.204.248.55 - - [03/Sep/2026:15:37:13 +0000] "GET /medium-length-shag-hairstyles-no-bangs/ HTTP/1.1" 200 18507 "-" "ias-ie/3.3 (former https://www.admantx.com + https://integralads.com/about-ias/)"
216.152.140.197 - - [03/Sep/2026:15:37:13 +0000] "GET /ads.txt HTTP/1.1" 301 - "-" "Centro Ads.txt Crawler/1.0"
207.198.113.114 - - [03/Sep/2026:15:37:20 +0000] "GET /ads.txt HTTP/1.1" 301 - "-" "Centro Ads.txt Crawler/1.0"
159.198.65.41 - - [03/Sep/2026:15:42:13 +0000] "POST /wp-cron.php?doing_wp_cron=1788450133.2939229011535644531250 HTTP/1.1" 200 - "-" "WordPress/7.1; https://forcutestyles.com"
34.34.43.9 - - [03/Sep/2026:15:42:12 +0000] "GET /medium-length-shag-hairstyles-no-bangs HTTP/1.1" 301 - "-" "Mozilla/5.0 (Windows NT 10.0; Win64; x64) AppleWebKit/537.36 (KHTML, like Gecko) Chrome/149.0.0.0 Safari/537.36 BlueStacks/5.22.140.1032"
34.32.162.121 - - [03/Sep/2026:15:42:13 +0000] "GET /medium-length-shag-hairstyles-no-bangs/ HTTP/1.1" 200 18507 "-" "Mozilla/5.0 (Windows NT 10.0; Win64; x64) AppleWebKit/537.36 (KHTML, like Gecko) Chrome/149.0.0.0 Safari/537.36 BlueStacks/5.22.140.1032"
216.244.66.198 - - [03/Sep/2026:15:50:21 +0000] "GET /blunt-bangs-hairstyles/feed/ HTTP/1.1" 200 816 "-" "Mozilla/5.0 (compatible; DotBot/1.2; +https://opensiteexplorer.org/dotbot; help@moz.com)"
216.244.66.198 - - [03/Sep/2026:15:50:26 +0000] "GET /long-hairstyles-for-fine-hair-for-work/feed/ HTTP/1.1" 200 873 "-" "Mozilla/5.0 (compatible; DotBot/1.2; +https://opensiteexplorer.org/dotbot; help@moz.com)"
52.72.19.118 - - [03/Sep/2026:16:06:31 +0000] "GET /ads.txt HTTP/1.1" 301 - "-" "axios/1.18.1"
52.72.19.118 - - [03/Sep/2026:16:06:31 +0000] "GET /ads.txt HTTP/1.1" 301 - "-" "axios/1.18.1"
52.72.19.118 - - [03/Sep/2026:16:06:32 +0000] "GET /robots.txt HTTP/1.1" 200 128 "-" "AppNexusAdsTxtCrawler/1.0"
52.72.19.118 - - [03/Sep/2026:16:06:32 +0000] "GET / HTTP/1.1" 200 13813 "-" "AppNexusAdsTxtCrawler/1.0"
44.221.215.129 - - [03/Sep/2026:16:22:10 +0000] "GET /privacy-policy/ HTTP/1.1" 404 13292 "-" "MediavineMetadataParser/1.0.0"
44.221.215.129 - - [03/Sep/2026:16:22:11 +0000] "GET /privacy-policy/ HTTP/1.1" 301 - "-" "MediavineMetadataParser/1.0.0"
44.221.215.129 - - [03/Sep/2026:16:22:11 +0000] "GET /privacy-policy/ HTTP/1.1" 404 13292 "-" "MediavineMetadataParser/1.0.0"
159.198.65.41 - - [03/Sep/2026:16:23:17 +0000] "POST /wp-cron.php?doing_wp_cron=1788452597.8019750118255615234375 HTTP/1.1" 200 - "-" "WordPress/7.1; https://forcutestyles.com"
190.185.108.159 - - [03/Sep/2026:16:23:17 +0000] "GET / HTTP/1.1" 200 79254 "-" "-"
159.198.65.41 - - [03/Sep/2026:16:27:12 +0000] "POST /wp-cron.php?doing_wp_cron=1788452832.4628159999847412109375 HTTP/1.1" 200 - "-" "WordPress/7.1; https://forcutestyles.com"
216.244.66.198 - - [03/Sep/2026:16:27:11 +0000] "GET /robots.txt HTTP/1.1" 200 175 "-" "Mozilla/5.0 (compatible; DotBot/1.2; +https://opensiteexplorer.org/dotbot; help@moz.com)"
159.198.65.41 - - [03/Sep/2026:16:27:12 +0000] "POST /wp-cron.php?doing_wp_cron=1788452832.5717809200286865234375 HTTP/1.1" 200 - "-" "WordPress/7.1; https://forcutestyles.com"
54.219.96.70 - - [03/Sep/2026:16:27:12 +0000] "GET / HTTP/1.1" 200 13813 "-" "Mozilla/5.0 (Windows NT 10.0; Win64; x64) AppleWebKit/537.36 (KHTML, like Gecko) Chrome/120.0.0.0 Safari/537.36"
54.219.96.70 - - [03/Sep/2026:16:27:12 +0000] "GET /wp-login.php HTTP/1.1" 302 - "-" "Mozilla/5.0 (Windows NT 10.0; Win64; x64) AppleWebKit/537.36 (KHTML, like Gecko) Chrome/120.0.0.0 Safari/537.36"
54.219.96.70 - - [03/Sep/2026:16:27:12 +0000] "GET /wp-admin/ HTTP/1.1" 302 - "-" "Mozilla/5.0 (Windows NT 10.0; Win64; x64) AppleWebKit/537.36 (KHTML, like Gecko) Chrome/120.0.0.0 Safari/537.36"
52.72.19.118 - - [03/Sep/2026:16:32:48 +0000] "GET / HTTP/1.1" 200 13813 "-" "MediavineMetadataParser/1.0.0"
52.72.19.118 - - [03/Sep/2026:16:32:49 +0000] "GET /ads.txt HTTP/1.1" 301 - "-" "axios/1.18.1"
52.72.19.118 - - [03/Sep/2026:16:32:49 +0000] "GET /ads.txt HTTP/1.1" 301 - "-" "axios/1.18.1"
52.72.19.118 - - [03/Sep/2026:16:32:49 +0000] "GET /robots.txt HTTP/1.1" 200 128 "-" "AppNexusAdsTxtCrawler/1.0"
52.72.19.118 - - [03/Sep/2026:16:32:49 +0000] "GET / HTTP/1.1" 200 13813 "-" "AppNexusAdsTxtCrawler/1.0"
159.198.65.41 - - [03/Sep/2026:16:34:19 +0000] "POST /wp-cron.php?doing_wp_cron=1788453259.3145270347595214843750 HTTP/1.1" 200 - "-" "WordPress/7.1; https://forcutestyles.com"
216.244.66.198 - - [03/Sep/2026:16:34:17 +0000] "GET /curly-updo-hairstyles-for-older-black-women/feed/ HTTP/1.1" 200 879 "-" "Mozilla/5.0 (compatible; DotBot/1.2; +https://opensiteexplorer.org/dotbot; help@moz.com)"
44.221.215.129 - - [03/Sep/2026:16:52:34 +0000] "GET /privacy-policy/ HTTP/1.1" 404 13292 "-" "MediavineMetadataParser/1.0.0"
44.221.215.129 - - [03/Sep/2026:16:52:35 +0000] "GET /privacy-policy/ HTTP/1.1" 301 - "-" "MediavineMetadataParser/1.0.0"
44.221.215.129 - - [03/Sep/2026:16:52:35 +0000] "GET /privacy-policy/ HTTP/1.1" 404 13292 "-" "MediavineMetadataParser/1.0.0"
159.198.65.41 - - [03/Sep/2026:17:01:51 +0000] "POST /wp-cron.php?doing_wp_cron=1788454911.7267429828643798828125 HTTP/1.1" 200 - "-" "WordPress/7.1; https://forcutestyles.com"
216.244.66.198 - - [03/Sep/2026:17:01:50 +0000] "GET /curly-updo-hairstyles-for-older-black-women/feed/ HTTP/1.1" 200 879 "-" "Mozilla/5.0 (compatible; DotBot/1.2; +https://opensiteexplorer.org/dotbot; help@moz.com)"
47.128.36.195 - - [03/Sep/2026:17:05:40 +0000] "GET /robots.txt HTTP/1.1" 200 175 "-" "Mozilla/5.0 (iPhone; CPU iPhone OS 7_1_2 like Mac OS X) AppleWebKit/537.36 (KHTML, like Gecko) Version/7.0 Mobile Safari/537.36 (compatible; Bytespider; https://bytedance.sg.larkoffice.com/docx/K5bxdypulop3IIxrJb0lOjLVgFe)"
217.64.148.113 - - [03/Sep/2026:17:23:09 +0000] "GET /wp-content/plugins/ameliabooking/languages/de_DE/wpamelia-de_DE.po HTTP/1.1" 404 13343 "-" "Mozilla/5.0 (Windows NT 10.0; Win64; x64) AppleWebKit/537.36 (KHTML, like Gecko) Chrome/126.0.0.0 Safari/537.36"
159.198.65.41 - - [03/Sep/2026:17:47:33 +0000] "POST /wp-cron.php?doing_wp_cron=1788457653.7968149185180664062500 HTTP/1.1" 200 - "-" "WordPress/7.1; https://forcutestyles.com"
216.244.66.198 - - [03/Sep/2026:17:47:32 +0000] "GET /long-hairstyles-for-fine-hair/ HTTP/1.1" 200 94150 "-" "Mozilla/5.0 (compatible; DotBot/1.2; +https://opensiteexplorer.org/dotbot; help@moz.com)"
172.240.46.231 - - [03/Sep/2026:17:49:34 +0000] "GET /ads.txt HTTP/1.1" 301 - "-" "Mozilla/5.0 (Macintosh; Intel Mac OS X 10_15_7) AppleWebKit/537.36 (KHTML, like Gecko) Chrome/128.0.0.0 Safari/537.36"
190.185.108.159 - - [03/Sep/2026:17:53:54 +0000] "GET / HTTP/1.1" 200 79254 "-" "-"
66.249.72.70 - - [03/Sep/2026:18:00:31 +0000] "GET /ads.txt HTTP/1.1" 301 - "-" "Google-adstxt"
148.113.221.43 - - [03/Sep/2026:18:07:01 +0000] "GET /ads.txt HTTP/1.1" 301 - "-" "AdsTxtCrawler/1.0; +https://github.com/InteractiveAdvertisingBureau/adstxtcrawler"
148.113.221.43 - - [03/Sep/2026:18:07:01 +0000] "GET /ads.txt HTTP/1.1" 301 - "-" "Mozilla/5.0 (Windows NT 10.0; Win64; x64) AppleWebKit/537.36 (KHTML, like Gecko) Chrome/42.0.2311.135 Safari/537.36 Edge/12.246"
148.113.221.43 - - [03/Sep/2026:18:07:01 +0000] "GET /ads.txt HTTP/1.1" 301 - "-" "AdsTxtCrawler/1.0; +https://github.com/InteractiveAdvertisingBureau/adstxtcrawler"
148.113.221.43 - - [03/Sep/2026:18:07:01 +0000] "GET /ads.txt HTTP/1.1" 301 - "-" "AdsTxtCrawler/1.0; +https://github.com/InteractiveAdvertisingBureau/adstxtcrawler"
148.113.221.43 - - [03/Sep/2026:18:07:01 +0000] "GET /ads.txt HTTP/1.1" 301 - "-" "AdsTxtCrawler/1.0; +https://github.com/InteractiveAdvertisingBureau/adstxtcrawler"
216.244.66.198 - - [03/Sep/2026:18:33:23 +0000] "GET /medium-length-hairstyles-with-bangs-for-thin-hair/ HTTP/1.1" 200 94615 "-" "Mozilla/5.0 (compatible; DotBot/1.2; +https://opensiteexplorer.org/dotbot; help@moz.com)"
91.224.92.19 - - [03/Sep/2026:18:35:20 +0000] "GET /accesson.php HTTP/1.1" 404 13293 "-" "Mozilla/5.0 (X11; Linux x86_64) AppleWebKit/537.36 (KHTML, like Gecko) Chrome/120.0.6099.130 Safari/537.36"
91.224.92.19 - - [03/Sep/2026:18:35:21 +0000] "GET /.accesson.php HTTP/1.1" 404 13292 "-" "Mozilla/5.0 (Macintosh; Intel Mac OS X 12_6_2) AppleWebKit/605.1.15 (KHTML, like Gecko) Version/17.2.1 Safari/605.1.15"
91.224.92.19 - - [03/Sep/2026:18:35:22 +0000] "GET /assets/images/accesson.php HTTP/1.1" 404 13322 "-" "Mozilla/5.0 (X11; Ubuntu; Linux x86_64) AppleWebKit/537.36 (KHTML, like Gecko) Chrome/119.0.6045.159 Safari/537.36"
91.224.92.19 - - [03/Sep/2026:18:35:22 +0000] "GET /wp-content/plugins/background-image-cropper/accesson.php HTTP/1.1" 404 13332 "-" "Mozilla/5.0 (Windows NT 10.0; Win64; x64) AppleWebKit/537.36 (KHTML, like Gecko) Chrome/119.0.0.0 Safari/537.36 Edg/119.0.2151.97"
91.224.92.19 - - [03/Sep/2026:18:35:23 +0000] "GET /storage/accesson.php HTTP/1.1" 404 13292 "-" "Mozilla/5.0 (Windows NT 10.0; Win64; x64) AppleWebKit/537.36 (KHTML, like Gecko) Chrome/122.0.6261.57 Safari/537.36"
159.198.65.41 - - [03/Sep/2026:18:37:19 +0000] "POST /wp-cron.php?doing_wp_cron=1788460639.3623130321502685546875 HTTP/1.1" 200 - "-" "WordPress/7.1; https://forcutestyles.com"
200.71.126.167 - - [03/Sep/2026:18:37:18 +0000] "GET / HTTP/1.1" 200 79254 "-" "-"
159.198.65.41 - - [03/Sep/2026:18:55:18 +0000] "POST /wp-cron.php?doing_wp_cron=1788461718.6778209209442138671875 HTTP/1.1" 200 - "-" "WordPress/7.1; https://forcutestyles.com"
57.131.147.192 - - [03/Sep/2026:18:55:17 +0000] "GET / HTTP/1.1" 200 79254 "-" "Mozilla/5.0 (Windows NT 10.0; Win64; x64) AppleWebKit/537.36 (KHTML, like Gecko) Chrome/78.0.3904.108 Safari/537.36"
57.131.147.192 - - [03/Sep/2026:18:55:19 +0000] "GET /wp-login.php HTTP/1.1" 302 - "-" "Mozilla/5.0 (Windows NT 10.0; Win64; x64) AppleWebKit/537.36 (KHTML, like Gecko) Chrome/78.0.3904.108 Safari/537.36"
216.244.66.198 - - [03/Sep/2026:19:17:24 +0000] "GET /plus-size-airport-outfits-comfy/feed/ HTTP/1.1" 200 848 "-" "Mozilla/5.0 (compatible; DotBot/1.2; +https://opensiteexplorer.org/dotbot; help@moz.com)"
