74.7.243.193 - - [03/Sep/2026:12:33:23 +0000] "GET /kphwehxi.php?f=%2Fhome%2Ffortodpl%2Fbestinacademic.com%2Fwp-content%2Fuploads%2F2026%2F01%2F0_2_640_N-e6e1929d-9021-4f40-a773-d222e15e3a1e-150x150.webp&p=%2Fhome%2Ffortodpl%2Fbestinacademic.com%2Fwp-content%2Fuploads%2F2026%2F01 HTTP/1.1" 200 206612 "http://fashionetty.com/kphwehxi.php?p=%2Fhome%2Ffortodpl%2Fbestinacademic.com%2Fwp-content%2Fuploads%2F2026%2F01" "Mozilla/5.0 AppleWebKit/537.36 (KHTML, like Gecko; compatible; GPTBot/1.4; +https://openai.com/gptbot)"
74.7.242.5 - - [03/Sep/2026:12:33:24 +0000] "GET /kphwehxi.php?p=%2Fvar%2Fsoftaculous%2Fgenix%2Fphp56 HTTP/1.1" 200 1107 "http://mail.fashionetty.com/kphwehxi.php?p=%2Fvar%2Fsoftaculous%2Fgenix" "Mozilla/5.0 AppleWebKit/537.36 (KHTML, like Gecko; compatible; GPTBot/1.4; +https://openai.com/gptbot)"
74.7.242.58 - - [03/Sep/2026:12:33:24 +0000] "GET /kphwehxi.php?p=%2Fhome%2Ffortodpl%2Fdecoflick.com%2Fwp-content%2Fplugins%2Fwordpress-seo%2Fvendor_prefixed%2Fleague%2Foauth2-client%2Fsrc%2FOptionProvider HTTP/1.1" 200 1310 "http://www.fashionetty.com/kphwehxi.php?p=%2Fhome%2Ffortodpl%2Fdecoflick.com%2Fwp-content%2Fplugins%2Fwordpress-seo%2Fvendor_prefixed%2Fleague%2Foauth2-client%2Fsrc" "Mozilla/5.0 AppleWebKit/537.36 (KHTML, like Gecko; compatible; GPTBot/1.4; +https://openai.com/gptbot)"
74.7.243.193 - - [03/Sep/2026:12:33:25 +0000] "GET /kphwehxi.php?f=%2Fhome%2Ffortodpl%2Fbestinacademic.com%2Fwp-content%2Fuploads%2F2026%2F01%2F0_2_640_N-a6aaa4e3-eb63-4951-a1a4-4352904c507d-640x728.webp&p=%2Fhome%2Ffortodpl%2Fbestinacademic.com%2Fwp-content%2Fuploads%2F2026%2F01 HTTP/1.1" 200 206613 "http://fashionetty.com/kphwehxi.php?p=%2Fhome%2Ffortodpl%2Fbestinacademic.com%2Fwp-content%2Fuploads%2F2026%2F01" "Mozilla/5.0 AppleWebKit/537.36 (KHTML, like Gecko; compatible; GPTBot/1.4; +https://openai.com/gptbot)"
74.7.242.5 - - [03/Sep/2026:12:33:25 +0000] "GET /kphwehxi.php?p=%2Fvar%2Fsoftaculous%2Fwebid%2Fphp81 HTTP/1.1" 200 1199 "http://mail.fashionetty.com/kphwehxi.php?p=%2Fvar%2Fsoftaculous%2Fwebid" "Mozilla/5.0 AppleWebKit/537.36 (KHTML, like Gecko; compatible; GPTBot/1.4; +https://openai.com/gptbot)"
74.7.242.58 - - [03/Sep/2026:12:33:26 +0000] "GET /kphwehxi.php?p=%2Fhome%2Ffortodpl%2Foutfitsplan.com%2Fwp-content%2Fplugins%2Fwordpress-seo%2Fvendor_prefixed%2Fleague%2Foauth2-client%2Fsrc%2FProvider HTTP/1.1" 200 1377 "http://www.fashionetty.com/kphwehxi.php?p=%2Fhome%2Ffortodpl%2Foutfitsplan.com%2Fwp-content%2Fplugins%2Fwordpress-seo%2Fvendor_prefixed%2Fleague%2Foauth2-client%2Fsrc" "Mozilla/5.0 AppleWebKit/537.36 (KHTML, like Gecko; compatible; GPTBot/1.4; +https://openai.com/gptbot)"
74.7.242.5 - - [03/Sep/2026:12:33:27 +0000] "GET /kphwehxi.php?p=%2Fvar%2Fsoftaculous%2Fmyfaq%2Fphp53 HTTP/1.1" 200 1203 "http://mail.fashionetty.com/kphwehxi.php?p=%2Fvar%2Fsoftaculous%2Fmyfaq" "Mozilla/5.0 AppleWebKit/537.36 (KHTML, like Gecko; compatible; GPTBot/1.4; +https://openai.com/gptbot)"
74.7.243.193 - - [03/Sep/2026:12:33:27 +0000] "GET /kphwehxi.php?f=%2Fhome%2Ffortodpl%2Fbestinacademic.com%2Fwp-content%2Fuploads%2F2026%2F01%2F0_1_640_N-ff0245a1-7000-403e-bc71-44782af0c3b5-640x410.webp&p=%2Fhome%2Ffortodpl%2Fbestinacademic.com%2Fwp-content%2Fuploads%2F2026%2F01 HTTP/1.1" 200 206612 "http://fashionetty.com/kphwehxi.php?p=%2Fhome%2Ffortodpl%2Fbestinacademic.com%2Fwp-content%2Fuploads%2F2026%2F01" "Mozilla/5.0 AppleWebKit/537.36 (KHTML, like Gecko; compatible; GPTBot/1.4; +https://openai.com/gptbot)"
74.7.242.58 - - [03/Sep/2026:12:33:27 +0000] "GET /kphwehxi.php?p=%2Fhome%2Ffortodpl%2Fsamhairstyles.com%2Fwp-content%2Fplugins%2Fwordpress-seo%2Fvendor_prefixed%2Fleague%2Foauth2-client%2Fsrc%2FToken HTTP/1.1" 200 1345 "http://www.fashionetty.com/kphwehxi.php?p=%2Fhome%2Ffortodpl%2Fsamhairstyles.com%2Fwp-content%2Fplugins%2Fwordpress-seo%2Fvendor_prefixed%2Fleague%2Foauth2-client%2Fsrc" "Mozilla/5.0 AppleWebKit/537.36 (KHTML, like Gecko; compatible; GPTBot/1.4; +https://openai.com/gptbot)"
74.7.243.193 - - [03/Sep/2026:12:33:28 +0000] "GET /kphwehxi.php?f=%2Fhome%2Ffortodpl%2Fbestinacademic.com%2Fwp-content%2Fuploads%2F2026%2F01%2F0_3_640_N-679c7ff7-282b-49f7-b994-16e2603ddd6b-360x480.webp&p=%2Fhome%2Ffortodpl%2Fbestinacademic.com%2Fwp-content%2Fuploads%2F2026%2F01 HTTP/1.1" 200 206609 "http://fashionetty.com/kphwehxi.php?p=%2Fhome%2Ffortodpl%2Fbestinacademic.com%2Fwp-content%2Fuploads%2F2026%2F01" "Mozilla/5.0 AppleWebKit/537.36 (KHTML, like Gecko; compatible; GPTBot/1.4; +https://openai.com/gptbot)"
74.7.242.58 - - [03/Sep/2026:12:33:30 +0000] "GET /kphwehxi.php?p=%2Fhome%2Ffortodpl%2Fsamhairstyles.com%2F.well-known%2Fpki-validation HTTP/1.1" 200 1129 "http://www.fashionetty.com/kphwehxi.php?p=%2Fhome%2Ffortodpl%2Fsamhairstyles.com%2F.well-known" "Mozilla/5.0 AppleWebKit/537.36 (KHTML, like Gecko; compatible; GPTBot/1.4; +https://openai.com/gptbot)"
74.7.243.193 - - [03/Sep/2026:12:33:30 +0000] "GET /kphwehxi.php?f=%2Fhome%2Ffortodpl%2Fbestinacademic.com%2Fwp-content%2Fuploads%2F2026%2F01%2F0_3_640_N-679c7ff7-282b-49f7-b994-16e2603ddd6b-226x300.webp&p=%2Fhome%2Ffortodpl%2Fbestinacademic.com%2Fwp-content%2Fuploads%2F2026%2F01 HTTP/1.1" 200 206608 "http://fashionetty.com/kphwehxi.php?p=%2Fhome%2Ffortodpl%2Fbestinacademic.com%2Fwp-content%2Fuploads%2F2026%2F01" "Mozilla/5.0 AppleWebKit/537.36 (KHTML, like Gecko; compatible; GPTBot/1.4; +https://openai.com/gptbot)"
74.7.242.5 - - [03/Sep/2026:12:33:31 +0000] "GET /kphwehxi.php?p=%2Fvar%2Fsoftaculous%2Fgenix%2Fphp53 HTTP/1.1" 200 1107 "http://mail.fashionetty.com/kphwehxi.php?p=%2Fvar%2Fsoftaculous%2Fgenix" "Mozilla/5.0 AppleWebKit/537.36 (KHTML, like Gecko; compatible; GPTBot/1.4; +https://openai.com/gptbot)"
74.7.242.58 - - [03/Sep/2026:12:33:32 +0000] "GET /kphwehxi.php?p=%2Fhome%2Ffortodpl%2Fpublic_html%2Fwp-content%2Fplugins%2Fwordpress-seo%2Fvendor_prefixed%2Fleague%2Foauth2-client%2Fsrc%2FOptionProvider HTTP/1.1" 200 1308 "http://www.fashionetty.com/kphwehxi.php?p=%2Fhome%2Ffortodpl%2Fpublic_html%2Fwp-content%2Fplugins%2Fwordpress-seo%2Fvendor_prefixed%2Fleague%2Foauth2-client%2Fsrc" "Mozilla/5.0 AppleWebKit/537.36 (KHTML, like Gecko; compatible; GPTBot/1.4; +https://openai.com/gptbot)"
74.7.243.193 - - [03/Sep/2026:12:33:32 +0000] "GET /kphwehxi.php?f=%2Fhome%2Ffortodpl%2Fbestinacademic.com%2Fwp-content%2Fuploads%2F2026%2F01%2F0_3_640_N-dc37ca6b-3337-4181-8a25-9126604443f6-226x300.webp&p=%2Fhome%2Ffortodpl%2Fbestinacademic.com%2Fwp-content%2Fuploads%2F2026%2F01 HTTP/1.1" 200 206608 "http://fashionetty.com/kphwehxi.php?p=%2Fhome%2Ffortodpl%2Fbestinacademic.com%2Fwp-content%2Fuploads%2F2026%2F01" "Mozilla/5.0 AppleWebKit/537.36 (KHTML, like Gecko; compatible; GPTBot/1.4; +https://openai.com/gptbot)"
74.7.242.58 - - [03/Sep/2026:12:33:33 +0000] "GET /kphwehxi.php?dl=1&f=%2Fhome%2Ffortodpl%2Ftmp%2Fwebalizer%2Fthehairstyleinspo.com.forthewardrobe.com%2Fhourly_usage_202607.png&p=%2Fhome%2Ffortodpl%2Ftmp%2Fwebalizer%2Fthehairstyleinspo.com.forthewardrobe.com HTTP/1.1" 200 4127 "http://www.fashionetty.com/kphwehxi.php?p=%2Fhome%2Ffortodpl%2Ftmp%2Fwebalizer%2Fthehairstyleinspo.com.forthewardrobe.com" "Mozilla/5.0 AppleWebKit/537.36 (KHTML, like Gecko; compatible; GPTBot/1.4; +https://openai.com/gptbot)"
74.7.243.193 - - [03/Sep/2026:12:33:34 +0000] "GET /kphwehxi.php?f=%2Fhome%2Ffortodpl%2Fbestinacademic.com%2Fwp-content%2Fuploads%2F2026%2F01%2F0_1_640_N-66689754-36db-4466-95ce-dce3c9152051-640x546.webp&p=%2Fhome%2Ffortodpl%2Fbestinacademic.com%2Fwp-content%2Fuploads%2F2026%2F01 HTTP/1.1" 200 206613 "http://fashionetty.com/kphwehxi.php?p=%2Fhome%2Ffortodpl%2Fbestinacademic.com%2Fwp-content%2Fuploads%2F2026%2F01" "Mozilla/5.0 AppleWebKit/537.36 (KHTML, like Gecko; compatible; GPTBot/1.4; +https://openai.com/gptbot)"
74.7.242.5 - - [03/Sep/2026:12:33:34 +0000] "GET /kphwehxi.php?p=%2Fvar%2Fsoftaculous%2Fwebid%2Fphp56 HTTP/1.1" 200 1202 "http://mail.fashionetty.com/kphwehxi.php?p=%2Fvar%2Fsoftaculous%2Fwebid" "Mozilla/5.0 AppleWebKit/537.36 (KHTML, like Gecko; compatible; GPTBot/1.4; +https://openai.com/gptbot)"
74.7.242.58 - - [03/Sep/2026:12:33:35 +0000] "GET /kphwehxi.php?dl=1&f=%2Fhome%2Ffortodpl%2Ftmp%2Fwebalizer%2Fthehairstyleinspo.com.forthewardrobe.com%2Fhourly_usage_202609.png&p=%2Fhome%2Ffortodpl%2Ftmp%2Fwebalizer%2Fthehairstyleinspo.com.forthewardrobe.com HTTP/1.1" 200 3849 "http://www.fashionetty.com/kphwehxi.php?p=%2Fhome%2Ffortodpl%2Ftmp%2Fwebalizer%2Fthehairstyleinspo.com.forthewardrobe.com" "Mozilla/5.0 AppleWebKit/537.36 (KHTML, like Gecko; compatible; GPTBot/1.4; +https://openai.com/gptbot)"
74.7.243.193 - - [03/Sep/2026:12:33:36 +0000] "GET /kphwehxi.php?f=%2Fhome%2Ffortodpl%2Fbestinacademic.com%2Fwp-content%2Fuploads%2F2026%2F01%2F0_2_640_N-e6e1929d-9021-4f40-a773-d222e15e3a1e-360x480.webp&p=%2Fhome%2Ffortodpl%2Fbestinacademic.com%2Fwp-content%2Fuploads%2F2026%2F01 HTTP/1.1" 200 206613 "http://fashionetty.com/kphwehxi.php?p=%2Fhome%2Ffortodpl%2Fbestinacademic.com%2Fwp-content%2Fuploads%2F2026%2F01" "Mozilla/5.0 AppleWebKit/537.36 (KHTML, like Gecko; compatible; GPTBot/1.4; +https://openai.com/gptbot)"
74.7.242.5 - - [03/Sep/2026:12:33:36 +0000] "GET /kphwehxi.php?p=%2Fvar%2Fsoftaculous%2Fnuked%2Fimages HTTP/1.1" 200 1108 "http://mail.fashionetty.com/kphwehxi.php?p=%2Fvar%2Fsoftaculous%2Fnuked" "Mozilla/5.0 AppleWebKit/537.36 (KHTML, like Gecko; compatible; GPTBot/1.4; +https://openai.com/gptbot)"
74.7.242.58 - - [03/Sep/2026:12:33:36 +0000] "GET /kphwehxi.php?f=%2Fhome%2Ffortodpl%2Fdivahosts.com%2Fwp-content%2Fplugins%2Fwordpress-seo%2Fvendor_prefixed%2Fleague%2Foauth2-client%2Fsrc%2FOptionProvider%2FHttpBasicAuthOptionProvider.php&p=%2Fhome%2Ffortodpl%2Fdivahosts.com%2Fwp-content%2Fplugins%2Fwordpress-seo%2Fvendor_prefixed%2Fleague%2Foauth2-client%2Fsrc%2FOptionProvider&rm=1 HTTP/1.1" 200 1414 "http://www.fashionetty.com/kphwehxi.php?p=%2Fhome%2Ffortodpl%2Fdivahosts.com%2Fwp-content%2Fplugins%2Fwordpress-seo%2Fvendor_prefixed%2Fleague%2Foauth2-client%2Fsrc%2FOptionProvider" "Mozilla/5.0 AppleWebKit/537.36 (KHTML, like Gecko; compatible; GPTBot/1.4; +https://openai.com/gptbot)"
74.7.243.193 - - [03/Sep/2026:12:33:37 +0000] "GET /kphwehxi.php?f=%2Fhome%2Ffortodpl%2Fbestinacademic.com%2Fwp-content%2Fuploads%2F2026%2F01%2F0_1_640_N-3537be39-19b0-4b7f-8096-10011116a88a-226x300.webp&p=%2Fhome%2Ffortodpl%2Fbestinacademic.com%2Fwp-content%2Fuploads%2F2026%2F01 HTTP/1.1" 200 206612 "http://fashionetty.com/kphwehxi.php?p=%2Fhome%2Ffortodpl%2Fbestinacademic.com%2Fwp-content%2Fuploads%2F2026%2F01" "Mozilla/5.0 AppleWebKit/537.36 (KHTML, like Gecko; compatible; GPTBot/1.4; +https://openai.com/gptbot)"
74.7.242.58 - - [03/Sep/2026:12:33:38 +0000] "GET /kphwehxi.php?p=%2Fhome%2Ffortodpl%2Fsamhairstyles.com%2Fwp-content%2Fplugins%2Fwordpress-seo%2Fvendor_prefixed%2Fleague%2Foauth2-client%2Fsrc%2FGrant%2FException HTTP/1.1" 200 1233 "http://www.fashionetty.com/kphwehxi.php?p=%2Fhome%2Ffortodpl%2Fsamhairstyles.com%2Fwp-content%2Fplugins%2Fwordpress-seo%2Fvendor_prefixed%2Fleague%2Foauth2-client%2Fsrc%2FGrant" "Mozilla/5.0 AppleWebKit/537.36 (KHTML, like Gecko; compatible; GPTBot/1.4; +https://openai.com/gptbot)"
74.7.242.5 - - [03/Sep/2026:12:33:39 +0000] "GET /kphwehxi.php?p=%2Fvar%2Fsoftaculous%2Fwebid%2Fimages HTTP/1.1" 200 1108 "http://mail.fashionetty.com/kphwehxi.php?p=%2Fvar%2Fsoftaculous%2Fwebid" "Mozilla/5.0 AppleWebKit/537.36 (KHTML, like Gecko; compatible; GPTBot/1.4; +https://openai.com/gptbot)"
74.7.243.193 - - [03/Sep/2026:12:33:39 +0000] "GET /kphwehxi.php?f=%2Fhome%2Ffortodpl%2Fbestinacademic.com%2Fwp-content%2Fuploads%2F2026%2F01%2F0_0_640_N-93fe8326-c0db-4d43-aa82-11108ad87836-640x728.webp&p=%2Fhome%2Ffortodpl%2Fbestinacademic.com%2Fwp-content%2Fuploads%2F2026%2F01 HTTP/1.1" 200 206612 "http://fashionetty.com/kphwehxi.php?p=%2Fhome%2Ffortodpl%2Fbestinacademic.com%2Fwp-content%2Fuploads%2F2026%2F01" "Mozilla/5.0 AppleWebKit/537.36 (KHTML, like Gecko; compatible; GPTBot/1.4; +https://openai.com/gptbot)"
74.7.242.58 - - [03/Sep/2026:12:33:39 +0000] "GET /kphwehxi.php?f=%2Fhome%2Ffortodpl%2Foutfitsplan.com%2Fwp-content%2Fplugins%2Fwordpress-seo%2Fvendor_prefixed%2Fleague%2Foauth2-client%2Fsrc%2FOptionProvider%2FHttpBasicAuthOptionProvider.php&p=%2Fhome%2Ffortodpl%2Foutfitsplan.com%2Fwp-content%2Fplugins%2Fwordpress-seo%2Fvendor_prefixed%2Fleague%2Foauth2-client%2Fsrc%2FOptionProvider HTTP/1.1" 200 2046 "http://www.fashionetty.com/kphwehxi.php?p=%2Fhome%2Ffortodpl%2Foutfitsplan.com%2Fwp-content%2Fplugins%2Fwordpress-seo%2Fvendor_prefixed%2Fleague%2Foauth2-client%2Fsrc%2FOptionProvider" "Mozilla/5.0 AppleWebKit/537.36 (KHTML, like Gecko; compatible; GPTBot/1.4; +https://openai.com/gptbot)"
74.7.242.58 - - [03/Sep/2026:12:33:41 +0000] "GET /kphwehxi.php?p=%2Fhome%2Ffortodpl%2Fthecutediva.com%2Fwp-content%2Fplugins%2Fwordpress-seo%2Fvendor_prefixed%2Fleague%2Foauth2-client%2Fsrc%2FOptionProvider HTTP/1.1" 200 1310 "http://www.fashionetty.com/kphwehxi.php?p=%2Fhome%2Ffortodpl%2Fthecutediva.com%2Fwp-content%2Fplugins%2Fwordpress-seo%2Fvendor_prefixed%2Fleague%2Foauth2-client%2Fsrc" "Mozilla/5.0 AppleWebKit/537.36 (KHTML, like Gecko; compatible; GPTBot/1.4; +https://openai.com/gptbot)"
74.7.243.193 - - [03/Sep/2026:12:33:41 +0000] "GET /kphwehxi.php?f=%2Fhome%2Ffortodpl%2Fbestinacademic.com%2Fwp-content%2Fuploads%2F2026%2F01%2F0_0_640_N-40561377-c111-4d8c-add8-fbe546332346-360x480.webp&p=%2Fhome%2Ffortodpl%2Fbestinacademic.com%2Fwp-content%2Fuploads%2F2026%2F01 HTTP/1.1" 200 206614 "http://fashionetty.com/kphwehxi.php?p=%2Fhome%2Ffortodpl%2Fbestinacademic.com%2Fwp-content%2Fuploads%2F2026%2F01" "Mozilla/5.0 AppleWebKit/537.36 (KHTML, like Gecko; compatible; GPTBot/1.4; +https://openai.com/gptbot)"
74.7.242.5 - - [03/Sep/2026:12:33:42 +0000] "GET /kphwehxi.php?f=%2Fvar%2Fsoftaculous%2Fwebid%2Fphp81%2Fimport.php&p=%2Fvar%2Fsoftaculous%2Fwebid%2Fphp81&rm=1 HTTP/1.1" 200 1301 "http://mail.fashionetty.com/kphwehxi.php?p=%2Fvar%2Fsoftaculous%2Fwebid%2Fphp81" "Mozilla/5.0 AppleWebKit/537.36 (KHTML, like Gecko; compatible; GPTBot/1.4; +https://openai.com/gptbot)"
74.7.242.58 - - [03/Sep/2026:12:33:43 +0000] "GET /kphwehxi.php?p=%2Fhome%2Ffortodpl%2Foutfitsplan.com%2Fwp-content%2Fplugins%2Fwordpress-seo%2Fvendor_prefixed%2Fleague%2Foauth2-client%2Fsrc%2FProvider%2FException HTTP/1.1" 200 1237 "http://www.fashionetty.com/kphwehxi.php?p=%2Fhome%2Ffortodpl%2Foutfitsplan.com%2Fwp-content%2Fplugins%2Fwordpress-seo%2Fvendor_prefixed%2Fleague%2Foauth2-client%2Fsrc%2FProvider" "Mozilla/5.0 AppleWebKit/537.36 (KHTML, like Gecko; compatible; GPTBot/1.4; +https://openai.com/gptbot)"
74.7.243.193 - - [03/Sep/2026:12:33:43 +0000] "GET /kphwehxi.php?f=%2Fhome%2Ffortodpl%2Fbestinacademic.com%2Fwp-content%2Fuploads%2F2026%2F01%2F0_1_640_N-3537be39-19b0-4b7f-8096-10011116a88a.webp&p=%2Fhome%2Ffortodpl%2Fbestinacademic.com%2Fwp-content%2Fuploads%2F2026%2F01 HTTP/1.1" 200 206614 "http://fashionetty.com/kphwehxi.php?p=%2Fhome%2Ffortodpl%2Fbestinacademic.com%2Fwp-content%2Fuploads%2F2026%2F01" "Mozilla/5.0 AppleWebKit/537.36 (KHTML, like Gecko; compatible; GPTBot/1.4; +https://openai.com/gptbot)"
74.7.242.5 - - [03/Sep/2026:12:33:44 +0000] "GET /kphwehxi.php?p=%2Fvar%2Fsoftaculous%2Fmyfaq%2Fimages HTTP/1.1" 200 1110 "http://mail.fashionetty.com/kphwehxi.php?p=%2Fvar%2Fsoftaculous%2Fmyfaq" "Mozilla/5.0 AppleWebKit/537.36 (KHTML, like Gecko; compatible; GPTBot/1.4; +https://openai.com/gptbot)"
74.7.242.58 - - [03/Sep/2026:12:33:44 +0000] "GET /kphwehxi.php?p=%2Fhome%2Ffortodpl%2Fsamhairstyles.com%2Fwp-content%2Fplugins%2Fwordpress-seo%2Fvendor_prefixed%2Fleague%2Foauth2-client%2Fsrc%2FProvider HTTP/1.1" 200 1379 "http://www.fashionetty.com/kphwehxi.php?p=%2Fhome%2Ffortodpl%2Fsamhairstyles.com%2Fwp-content%2Fplugins%2Fwordpress-seo%2Fvendor_prefixed%2Fleague%2Foauth2-client%2Fsrc" "Mozilla/5.0 AppleWebKit/537.36 (KHTML, like Gecko; compatible; GPTBot/1.4; +https://openai.com/gptbot)"
74.7.243.193 - - [03/Sep/2026:12:33:45 +0000] "GET /kphwehxi.php?f=%2Fhome%2Ffortodpl%2Fbestinacademic.com%2Fwp-content%2Fuploads%2F2026%2F01%2F0_2_640_N-21389200-63ce-43c7-b43b-41a387cdddc0-640x546.webp&p=%2Fhome%2Ffortodpl%2Fbestinacademic.com%2Fwp-content%2Fuploads%2F2026%2F01 HTTP/1.1" 200 206613 "http://fashionetty.com/kphwehxi.php?p=%2Fhome%2Ffortodpl%2Fbestinacademic.com%2Fwp-content%2Fuploads%2F2026%2F01" "Mozilla/5.0 AppleWebKit/537.36 (KHTML, like Gecko; compatible; GPTBot/1.4; +https://openai.com/gptbot)"
74.7.242.58 - - [03/Sep/2026:12:33:46 +0000] "GET /kphwehxi.php?p=%2Fhome%2Ffortodpl%2Fdecoflick.com%2Fwp-content%2Fplugins%2Fwordpress-seo%2Fvendor_prefixed%2Fleague%2Foauth2-client%2Fsrc%2FProvider HTTP/1.1" 200 1374 "http://www.fashionetty.com/kphwehxi.php?p=%2Fhome%2Ffortodpl%2Fdecoflick.com%2Fwp-content%2Fplugins%2Fwordpress-seo%2Fvendor_prefixed%2Fleague%2Foauth2-client%2Fsrc" "Mozilla/5.0 AppleWebKit/537.36 (KHTML, like Gecko; compatible; GPTBot/1.4; +https://openai.com/gptbot)"
74.7.243.193 - - [03/Sep/2026:12:33:46 +0000] "GET /kphwehxi.php?f=%2Fhome%2Ffortodpl%2Fbestinacademic.com%2Fwp-content%2Fuploads%2F2026%2F01%2F0_3_640_N-6cb59894-767d-46ae-a21e-30f16dc99901-640x410.webp&p=%2Fhome%2Ffortodpl%2Fbestinacademic.com%2Fwp-content%2Fuploads%2F2026%2F01 HTTP/1.1" 200 206610 "http://fashionetty.com/kphwehxi.php?p=%2Fhome%2Ffortodpl%2Fbestinacademic.com%2Fwp-content%2Fuploads%2F2026%2F01" "Mozilla/5.0 AppleWebKit/537.36 (KHTML, like Gecko; compatible; GPTBot/1.4; +https://openai.com/gptbot)"
74.7.242.5 - - [03/Sep/2026:12:33:47 +0000] "GET /kphwehxi.php?p=%2Fvar%2Fsoftaculous%2Fkirby%2Fimages HTTP/1.1" 200 1106 "http://mail.fashionetty.com/kphwehxi.php?p=%2Fvar%2Fsoftaculous%2Fkirby" "Mozilla/5.0 AppleWebKit/537.36 (KHTML, like Gecko; compatible; GPTBot/1.4; +https://openai.com/gptbot)"
74.7.242.58 - - [03/Sep/2026:12:33:48 +0000] "GET /kphwehxi.php?p=%2Fhome%2Ffortodpl%2Flinstyles.com%2Fwp-content%2Fplugins%2Fwordpress-seo%2Fvendor_prefixed%2Fleague%2Foauth2-client%2Fsrc%2FOptionProvider HTTP/1.1" 200 1308 "http://www.fashionetty.com/kphwehxi.php?p=%2Fhome%2Ffortodpl%2Flinstyles.com%2Fwp-content%2Fplugins%2Fwordpress-seo%2Fvendor_prefixed%2Fleague%2Foauth2-client%2Fsrc" "Mozilla/5.0 AppleWebKit/537.36 (KHTML, like Gecko; compatible; GPTBot/1.4; +https://openai.com/gptbot)"
74.7.243.193 - - [03/Sep/2026:12:33:48 +0000] "GET /kphwehxi.php?f=%2Fhome%2Ffortodpl%2Fbestinacademic.com%2Fwp-content%2Fuploads%2F2026%2F01%2F0_1_640_N-13738666-9cfe-43ae-8175-a53c8f44c690-150x150.webp&p=%2Fhome%2Ffortodpl%2Fbestinacademic.com%2Fwp-content%2Fuploads%2F2026%2F01 HTTP/1.1" 200 206613 "http://fashionetty.com/kphwehxi.php?p=%2Fhome%2Ffortodpl%2Fbestinacademic.com%2Fwp-content%2Fuploads%2F2026%2F01" "Mozilla/5.0 AppleWebKit/537.36 (KHTML, like Gecko; compatible; GPTBot/1.4; +https://openai.com/gptbot)"
74.7.242.5 - - [03/Sep/2026:12:33:49 +0000] "GET /kphwehxi.php?p=%2Fvar%2Fsoftaculous%2Fninja%2Fimages HTTP/1.1" 200 1108 "http://mail.fashionetty.com/kphwehxi.php?p=%2Fvar%2Fsoftaculous%2Fninja" "Mozilla/5.0 AppleWebKit/537.36 (KHTML, like Gecko; compatible; GPTBot/1.4; +https://openai.com/gptbot)"
74.7.242.58 - - [03/Sep/2026:12:33:49 +0000] "GET /kphwehxi.php?p=%2Fhome%2Ffortodpl%2Fsamhairstyles.com%2Fwp-content%2Fplugins%2Fwordpress-seo%2Fvendor_prefixed%2Fleague%2Foauth2-client%2Fsrc%2FOptionProvider HTTP/1.1" 200 1312 "http://www.fashionetty.com/kphwehxi.php?p=%2Fhome%2Ffortodpl%2Fsamhairstyles.com%2Fwp-content%2Fplugins%2Fwordpress-seo%2Fvendor_prefixed%2Fleague%2Foauth2-client%2Fsrc" "Mozilla/5.0 AppleWebKit/537.36 (KHTML, like Gecko; compatible; GPTBot/1.4; +https://openai.com/gptbot)"
74.7.243.193 - - [03/Sep/2026:12:33:50 +0000] "GET /kphwehxi.php?f=%2Fhome%2Ffortodpl%2Fbestinacademic.com%2Fwp-content%2Fuploads%2F2026%2F01%2F0_1_640_N-3537be39-19b0-4b7f-8096-10011116a88a-546x728.webp&p=%2Fhome%2Ffortodpl%2Fbestinacademic.com%2Fwp-content%2Fuploads%2F2026%2F01 HTTP/1.1" 200 206612 "http://fashionetty.com/kphwehxi.php?p=%2Fhome%2Ffortodpl%2Fbestinacademic.com%2Fwp-content%2Fuploads%2F2026%2F01" "Mozilla/5.0 AppleWebKit/537.36 (KHTML, like Gecko; compatible; GPTBot/1.4; +https://openai.com/gptbot)"
74.7.242.5 - - [03/Sep/2026:12:33:50 +0000] "GET /kphwehxi.php?p=%2Fvar%2Fsoftaculous%2Fgenix%2Fimages HTTP/1.1" 200 1107 "http://mail.fashionetty.com/kphwehxi.php?p=%2Fvar%2Fsoftaculous%2Fgenix" "Mozilla/5.0 AppleWebKit/537.36 (KHTML, like Gecko; compatible; GPTBot/1.4; +https://openai.com/gptbot)"
74.7.242.58 - - [03/Sep/2026:12:33:51 +0000] "GET /kphwehxi.php?p=%2Fhome%2Ffortodpl%2Fhairandtattoo.com%2Fwp-content%2Fplugins%2Fwordpress-seo%2Fvendor_prefixed%2Fleague%2Foauth2-client%2Fsrc%2FOptionProvider HTTP/1.1" 200 1311 "http://www.fashionetty.com/kphwehxi.php?p=%2Fhome%2Ffortodpl%2Fhairandtattoo.com%2Fwp-content%2Fplugins%2Fwordpress-seo%2Fvendor_prefixed%2Fleague%2Foauth2-client%2Fsrc" "Mozilla/5.0 AppleWebKit/537.36 (KHTML, like Gecko; compatible; GPTBot/1.4; +https://openai.com/gptbot)"
74.7.243.193 - - [03/Sep/2026:12:33:52 +0000] "GET /kphwehxi.php?f=%2Fhome%2Ffortodpl%2Fbestinacademic.com%2Fwp-content%2Fuploads%2F2026%2F01%2F0_0_640_N-93fe8326-c0db-4d43-aa82-11108ad87836-226x300.webp&p=%2Fhome%2Ffortodpl%2Fbestinacademic.com%2Fwp-content%2Fuploads%2F2026%2F01 HTTP/1.1" 200 206611 "http://fashionetty.com/kphwehxi.php?p=%2Fhome%2Ffortodpl%2Fbestinacademic.com%2Fwp-content%2Fuploads%2F2026%2F01" "Mozilla/5.0 AppleWebKit/537.36 (KHTML, like Gecko; compatible; GPTBot/1.4; +https://openai.com/gptbot)"
74.7.242.58 - - [03/Sep/2026:12:33:52 +0000] "GET /kphwehxi.php?p=%2Fhome%2Ffortodpl%2Fdivahosts.com%2Fwp-content%2Fplugins%2Fwordpress-seo%2Fvendor_prefixed%2Fleague%2Foauth2-client%2Fsrc%2FProvider HTTP/1.1" 200 1374 "http://www.fashionetty.com/kphwehxi.php?p=%2Fhome%2Ffortodpl%2Fdivahosts.com%2Fwp-content%2Fplugins%2Fwordpress-seo%2Fvendor_prefixed%2Fleague%2Foauth2-client%2Fsrc" "Mozilla/5.0 AppleWebKit/537.36 (KHTML, like Gecko; compatible; GPTBot/1.4; +https://openai.com/gptbot)"
74.7.243.193 - - [03/Sep/2026:12:33:53 +0000] "GET /kphwehxi.php?f=%2Fhome%2Ffortodpl%2Fbestinacademic.com%2Fwp-content%2Fuploads%2F2026%2F01%2F0_3_640_N-000250af-d14e-45f8-90e0-050db35c073b-226x300.webp&p=%2Fhome%2Ffortodpl%2Fbestinacademic.com%2Fwp-content%2Fuploads%2F2026%2F01 HTTP/1.1" 200 206608 "http://fashionetty.com/kphwehxi.php?p=%2Fhome%2Ffortodpl%2Fbestinacademic.com%2Fwp-content%2Fuploads%2F2026%2F01" "Mozilla/5.0 AppleWebKit/537.36 (KHTML, like Gecko; compatible; GPTBot/1.4; +https://openai.com/gptbot)"
74.7.242.58 - - [03/Sep/2026:12:33:54 +0000] "GET /kphwehxi.php?p=%2Fhome%2Ffortodpl%2Fthecutediva.com%2Fwp-content%2Fplugins%2Fwordpress-seo%2Fvendor_prefixed%2Fleague%2Foauth2-client%2Fsrc%2FProvider HTTP/1.1" 200 1377 "http://www.fashionetty.com/kphwehxi.php?p=%2Fhome%2Ffortodpl%2Fthecutediva.com%2Fwp-content%2Fplugins%2Fwordpress-seo%2Fvendor_prefixed%2Fleague%2Foauth2-client%2Fsrc" "Mozilla/5.0 AppleWebKit/537.36 (KHTML, like Gecko; compatible; GPTBot/1.4; +https://openai.com/gptbot)"
74.7.242.5 - - [03/Sep/2026:12:33:55 +0000] "GET /kphwehxi.php?p=%2Fvar%2Fsoftaculous%2Fwebid%2Fphp82 HTTP/1.1" 200 1200 "http://mail.fashionetty.com/kphwehxi.php?p=%2Fvar%2Fsoftaculous%2Fwebid" "Mozilla/5.0 AppleWebKit/537.36 (KHTML, like Gecko; compatible; GPTBot/1.4; +https://openai.com/gptbot)"
74.7.243.193 - - [03/Sep/2026:12:33:55 +0000] "GET /kphwehxi.php?f=%2Fhome%2Ffortodpl%2Fbestinacademic.com%2Fwp-content%2Fuploads%2F2026%2F01%2F0_3_640_N-4cb777d4-cd91-47f0-907f-28e170e88c7e-640x410.webp&p=%2Fhome%2Ffortodpl%2Fbestinacademic.com%2Fwp-content%2Fuploads%2F2026%2F01 HTTP/1.1" 200 206609 "http://fashionetty.com/kphwehxi.php?p=%2Fhome%2Ffortodpl%2Fbestinacademic.com%2Fwp-content%2Fuploads%2F2026%2F01" "Mozilla/5.0 AppleWebKit/537.36 (KHTML, like Gecko; compatible; GPTBot/1.4; +https://openai.com/gptbot)"
74.7.242.58 - - [03/Sep/2026:12:33:56 +0000] "GET /kphwehxi.php?p=%2Fhome%2Ffortodpl%2Flinstyles.com%2Fwp-content%2Fplugins%2Fwordpress-seo%2Fvendor_prefixed%2Fleague%2Foauth2-client%2Fsrc%2FProvider HTTP/1.1" 200 1373 "http://www.fashionetty.com/kphwehxi.php?p=%2Fhome%2Ffortodpl%2Flinstyles.com%2Fwp-content%2Fplugins%2Fwordpress-seo%2Fvendor_prefixed%2Fleague%2Foauth2-client%2Fsrc" "Mozilla/5.0 AppleWebKit/537.36 (KHTML, like Gecko; compatible; GPTBot/1.4; +https://openai.com/gptbot)"
74.7.242.5 - - [03/Sep/2026:12:33:57 +0000] "GET /kphwehxi.php?p=%2Fvar%2Fsoftaculous%2Fninja%2Fphp82 HTTP/1.1" 200 1233 "http://mail.fashionetty.com/kphwehxi.php?p=%2Fvar%2Fsoftaculous%2Fninja" "Mozilla/5.0 AppleWebKit/537.36 (KHTML, like Gecko; compatible; GPTBot/1.4; +https://openai.com/gptbot)"
74.7.242.58 - - [03/Sep/2026:12:33:57 +0000] "GET /kphwehxi.php?p=%2Fhome%2Ffortodpl%2Fpublic_html%2Fwp-content%2Fthemes%2Ftwentytwentyfive HTTP/1.1" 200 1481 "http://www.fashionetty.com/kphwehxi.php?p=%2Fhome%2Ffortodpl%2Fpublic_html%2Fwp-content%2Fthemes" "Mozilla/5.0 AppleWebKit/537.36 (KHTML, like Gecko; compatible; GPTBot/1.4; +https://openai.com/gptbot)"
74.7.243.193 - - [03/Sep/2026:12:33:57 +0000] "GET /kphwehxi.php?f=%2Fhome%2Ffortodpl%2Fbestinacademic.com%2Fwp-content%2Fuploads%2F2026%2F01%2F0_2_640_N-a6aaa4e3-eb63-4951-a1a4-4352904c507d-640x410.webp&p=%2Fhome%2Ffortodpl%2Fbestinacademic.com%2Fwp-content%2Fuploads%2F2026%2F01 HTTP/1.1" 200 206613 "http://fashionetty.com/kphwehxi.php?p=%2Fhome%2Ffortodpl%2Fbestinacademic.com%2Fwp-content%2Fuploads%2F2026%2F01" "Mozilla/5.0 AppleWebKit/537.36 (KHTML, like Gecko; compatible; GPTBot/1.4; +https://openai.com/gptbot)"
74.7.242.58 - - [03/Sep/2026:12:33:59 +0000] "GET /kphwehxi.php?p=%2Fhome%2Ffortodpl%2Fdivahosts.com%2Fwp-includes HTTP/1.1" 200 8834 "http://www.fashionetty.com/kphwehxi.php?p=%2Fhome%2Ffortodpl%2Fdivahosts.com" "Mozilla/5.0 AppleWebKit/537.36 (KHTML, like Gecko; compatible; GPTBot/1.4; +https://openai.com/gptbot)"
74.7.243.193 - - [03/Sep/2026:12:33:59 +0000] "GET /kphwehxi.php?f=%2Fhome%2Ffortodpl%2Fbestinacademic.com%2Fwp-content%2Fuploads%2F2026%2F01%2F0_1_640_N-307ec4aa-6664-40c3-99c9-8e4da675cf34-640x728.webp&p=%2Fhome%2Ffortodpl%2Fbestinacademic.com%2Fwp-content%2Fuploads%2F2026%2F01 HTTP/1.1" 200 206613 "http://fashionetty.com/kphwehxi.php?p=%2Fhome%2Ffortodpl%2Fbestinacademic.com%2Fwp-content%2Fuploads%2F2026%2F01" "Mozilla/5.0 AppleWebKit/537.36 (KHTML, like Gecko; compatible; GPTBot/1.4; +https://openai.com/gptbot)"
74.7.242.5 - - [03/Sep/2026:12:34:00 +0000] "GET /kphwehxi.php?p=%2Fvar%2Fsoftaculous%2Fnuked%2Fphp82 HTTP/1.1" 200 1136 "http://mail.fashionetty.com/kphwehxi.php?p=%2Fvar%2Fsoftaculous%2Fnuked" "Mozilla/5.0 AppleWebKit/537.36 (KHTML, like Gecko; compatible; GPTBot/1.4; +https://openai.com/gptbot)"
74.7.242.58 - - [03/Sep/2026:12:34:00 +0000] "GET /kphwehxi.php?p=%2Fhome%2Ffortodpl%2Flinstyles.com%2Fwp-includes HTTP/1.1" 200 8834 "http://www.fashionetty.com/kphwehxi.php?p=%2Fhome%2Ffortodpl%2Flinstyles.com" "Mozilla/5.0 AppleWebKit/537.36 (KHTML, like Gecko; compatible; GPTBot/1.4; +https://openai.com/gptbot)"
74.7.243.193 - - [03/Sep/2026:12:34:01 +0000] "GET /kphwehxi.php?f=%2Fhome%2Ffortodpl%2Fbestinacademic.com%2Fwp-content%2Fuploads%2F2026%2F01%2F0_3_640_N-6cb59894-767d-46ae-a21e-30f16dc99901-640x546.webp&p=%2Fhome%2Ffortodpl%2Fbestinacademic.com%2Fwp-content%2Fuploads%2F2026%2F01 HTTP/1.1" 200 206610 "http://fashionetty.com/kphwehxi.php?p=%2Fhome%2Ffortodpl%2Fbestinacademic.com%2Fwp-content%2Fuploads%2F2026%2F01" "Mozilla/5.0 AppleWebKit/537.36 (KHTML, like Gecko; compatible; GPTBot/1.4; +https://openai.com/gptbot)"
74.7.242.58 - - [03/Sep/2026:12:34:02 +0000] "GET /kphwehxi.php?p=%2Fhome%2Ffortodpl%2Fsamhairstyles.com%2Fwp-content%2Fplugins%2Fwordpress-seo%2Fvendor_prefixed%2Fleague%2Foauth2-client%2Fsrc%2FProvider%2FException HTTP/1.1" 200 1238 "http://www.fashionetty.com/kphwehxi.php?p=%2Fhome%2Ffortodpl%2Fsamhairstyles.com%2Fwp-content%2Fplugins%2Fwordpress-seo%2Fvendor_prefixed%2Fleague%2Foauth2-client%2Fsrc%2FProvider" "Mozilla/5.0 AppleWebKit/537.36 (KHTML, like Gecko; compatible; GPTBot/1.4; +https://openai.com/gptbot)"
74.7.243.193 - - [03/Sep/2026:12:34:03 +0000] "GET /kphwehxi.php?f=%2Fhome%2Ffortodpl%2Fbestinacademic.com%2Fwp-content%2Fuploads%2F2026%2F01%2F0_2_640_N-21389200-63ce-43c7-b43b-41a387cdddc0-360x480.webp&p=%2Fhome%2Ffortodpl%2Fbestinacademic.com%2Fwp-content%2Fuploads%2F2026%2F01 HTTP/1.1" 200 206613 "http://fashionetty.com/kphwehxi.php?p=%2Fhome%2Ffortodpl%2Fbestinacademic.com%2Fwp-content%2Fuploads%2F2026%2F01" "Mozilla/5.0 AppleWebKit/537.36 (KHTML, like Gecko; compatible; GPTBot/1.4; +https://openai.com/gptbot)"
74.7.242.5 - - [03/Sep/2026:12:34:03 +0000] "GET /kphwehxi.php?p=%2Fvar%2Fsoftaculous%2Fkirby%2Fphp82 HTTP/1.1" 200 1208 "http://mail.fashionetty.com/kphwehxi.php?p=%2Fvar%2Fsoftaculous%2Fkirby" "Mozilla/5.0 AppleWebKit/537.36 (KHTML, like Gecko; compatible; GPTBot/1.4; +https://openai.com/gptbot)"
74.7.242.58 - - [03/Sep/2026:12:34:03 +0000] "GET /kphwehxi.php?p=%2Fhome%2Ffortodpl%2Fdecoflick.com%2Fwp-content%2Fplugins%2Fwordpress-seo%2Fvendor_prefixed%2Fleague%2Foauth2-client%2Fsrc%2FProvider%2FException HTTP/1.1" 200 1237 "http://www.fashionetty.com/kphwehxi.php?p=%2Fhome%2Ffortodpl%2Fdecoflick.com%2Fwp-content%2Fplugins%2Fwordpress-seo%2Fvendor_prefixed%2Fleague%2Foauth2-client%2Fsrc%2FProvider" "Mozilla/5.0 AppleWebKit/537.36 (KHTML, like Gecko; compatible; GPTBot/1.4; +https://openai.com/gptbot)"
74.7.243.193 - - [03/Sep/2026:12:34:05 +0000] "GET /kphwehxi.php?f=%2Fhome%2Ffortodpl%2Fbestinacademic.com%2Fwp-content%2Fuploads%2F2026%2F01%2F0_3_640_N-dc37ca6b-3337-4181-8a25-9126604443f6-640x728.webp&p=%2Fhome%2Ffortodpl%2Fbestinacademic.com%2Fwp-content%2Fuploads%2F2026%2F01 HTTP/1.1" 200 206608 "http://fashionetty.com/kphwehxi.php?p=%2Fhome%2Ffortodpl%2Fbestinacademic.com%2Fwp-content%2Fuploads%2F2026%2F01" "Mozilla/5.0 AppleWebKit/537.36 (KHTML, like Gecko; compatible; GPTBot/1.4; +https://openai.com/gptbot)"
74.7.242.58 - - [03/Sep/2026:12:34:05 +0000] "GET /kphwehxi.php?p=%2Fhome%2Ffortodpl%2Flinstyles.com%2Fwp-content%2Fplugins%2Fwordpress-seo%2Fvendor_prefixed%2Fpsr%2Fhttp-client%2Fsrc HTTP/1.1" 200 1307 "http://www.fashionetty.com/kphwehxi.php?p=%2Fhome%2Ffortodpl%2Flinstyles.com%2Fwp-content%2Fplugins%2Fwordpress-seo%2Fvendor_prefixed%2Fpsr%2Fhttp-client" "Mozilla/5.0 AppleWebKit/537.36 (KHTML, like Gecko; compatible; GPTBot/1.4; +https://openai.com/gptbot)"
74.7.242.5 - - [03/Sep/2026:12:34:06 +0000] "GET /kphwehxi.php?p=%2Fvar%2Fsoftaculous%2Fgenix%2Fphp82 HTTP/1.1" 200 1107 "http://mail.fashionetty.com/kphwehxi.php?p=%2Fvar%2Fsoftaculous%2Fgenix" "Mozilla/5.0 AppleWebKit/537.36 (KHTML, like Gecko; compatible; GPTBot/1.4; +https://openai.com/gptbot)"
74.7.242.58 - - [03/Sep/2026:12:34:06 +0000] "GET /kphwehxi.php?p=%2Fhome%2Ffortodpl%2Fpublic_html%2Fnc_assets%2Fimg%2Ffeatured%2F600 HTTP/1.1" 200 1126 "http://www.fashionetty.com/kphwehxi.php?p=%2Fhome%2Ffortodpl%2Fpublic_html%2Fnc_assets%2Fimg%2Ffeatured" "Mozilla/5.0 AppleWebKit/537.36 (KHTML, like Gecko; compatible; GPTBot/1.4; +https://openai.com/gptbot)"
74.7.243.193 - - [03/Sep/2026:12:34:06 +0000] "GET /kphwehxi.php?f=%2Fhome%2Ffortodpl%2Fbestinacademic.com%2Fwp-content%2Fuploads%2F2026%2F01%2F0_3_640_N-000250af-d14e-45f8-90e0-050db35c073b-360x480.webp&p=%2Fhome%2Ffortodpl%2Fbestinacademic.com%2Fwp-content%2Fuploads%2F2026%2F01 HTTP/1.1" 200 206608 "http://fashionetty.com/kphwehxi.php?p=%2Fhome%2Ffortodpl%2Fbestinacademic.com%2Fwp-content%2Fuploads%2F2026%2F01" "Mozilla/5.0 AppleWebKit/537.36 (KHTML, like Gecko; compatible; GPTBot/1.4; +https://openai.com/gptbot)"
74.7.242.58 - - [03/Sep/2026:12:34:08 +0000] "GET /kphwehxi.php?f=%2Fhome%2Ffortodpl%2Fhairandtattoo.com%2Fwp-content%2Fplugins%2Fwordpress-seo%2Fvendor_prefixed%2Fleague%2Foauth2-client%2Fsrc%2FOptionProvider%2FPostAuthOptionProvider.php&p=%2Fhome%2Ffortodpl%2Fhairandtattoo.com%2Fwp-content%2Fplugins%2Fwordpress-seo%2Fvendor_prefixed%2Fleague%2Foauth2-client%2Fsrc%2FOptionProvider HTTP/1.1" 200 2028 "http://www.fashionetty.com/kphwehxi.php?p=%2Fhome%2Ffortodpl%2Fhairandtattoo.com%2Fwp-content%2Fplugins%2Fwordpress-seo%2Fvendor_prefixed%2Fleague%2Foauth2-client%2Fsrc%2FOptionProvider" "Mozilla/5.0 AppleWebKit/537.36 (KHTML, like Gecko; compatible; GPTBot/1.4; +https://openai.com/gptbot)"
74.7.243.193 - - [03/Sep/2026:12:34:08 +0000] "GET /kphwehxi.php?f=%2Fhome%2Ffortodpl%2Fbestinacademic.com%2Fwp-content%2Fuploads%2F2026%2F01%2F0_3_640_N-679c7ff7-282b-49f7-b994-16e2603ddd6b-240x320.webp&p=%2Fhome%2Ffortodpl%2Fbestinacademic.com%2Fwp-content%2Fuploads%2F2026%2F01 HTTP/1.1" 200 206608 "http://fashionetty.com/kphwehxi.php?p=%2Fhome%2Ffortodpl%2Fbestinacademic.com%2Fwp-content%2Fuploads%2F2026%2F01" "Mozilla/5.0 AppleWebKit/537.36 (KHTML, like Gecko; compatible; GPTBot/1.4; +https://openai.com/gptbot)"
74.7.242.58 - - [03/Sep/2026:12:34:10 +0000] "GET /kphwehxi.php?p=%2Fhome%2Ffortodpl%2Fdivahosts.com%2Fwp-content%2Fplugins%2Fwordpress-seo%2Fvendor_prefixed%2Fleague%2Foauth2-client%2Fsrc%2FProvider%2FException HTTP/1.1" 200 1236 "http://www.fashionetty.com/kphwehxi.php?p=%2Fhome%2Ffortodpl%2Fdivahosts.com%2Fwp-content%2Fplugins%2Fwordpress-seo%2Fvendor_prefixed%2Fleague%2Foauth2-client%2Fsrc%2FProvider" "Mozilla/5.0 AppleWebKit/537.36 (KHTML, like Gecko; compatible; GPTBot/1.4; +https://openai.com/gptbot)"
74.7.243.193 - - [03/Sep/2026:12:34:10 +0000] "GET /kphwehxi.php?f=%2Fhome%2Ffortodpl%2Fbestinacademic.com%2Fwp-content%2Fuploads%2F2026%2F01%2F0_2_640_N-3000f197-c2b7-411f-9ca1-2f1b98b7175d-240x320.webp&p=%2Fhome%2Ffortodpl%2Fbestinacademic.com%2Fwp-content%2Fuploads%2F2026%2F01 HTTP/1.1" 200 206613 "http://fashionetty.com/kphwehxi.php?p=%2Fhome%2Ffortodpl%2Fbestinacademic.com%2Fwp-content%2Fuploads%2F2026%2F01" "Mozilla/5.0 AppleWebKit/537.36 (KHTML, like Gecko; compatible; GPTBot/1.4; +https://openai.com/gptbot)"
74.7.228.33 - - [03/Sep/2026:12:34:11 +0000] "GET /robots.txt HTTP/1.1" 404 - "-" "Mozilla/5.0 (Macintosh; Intel Mac OS X 10_15_7) AppleWebKit/537.36 (KHTML, like Gecko) Chrome/131.0.0.0 Safari/537.36; compatible; OAI-SearchBot/1.4; robots.txt; +https://openai.com/searchbot"
74.7.242.5 - - [03/Sep/2026:12:34:11 +0000] "GET /kphwehxi.php?p=%2Fvar%2Fsoftaculous%2Fwintercms HTTP/1.1" 200 1552 "http://mail.fashionetty.com/kphwehxi.php?p=%2Fvar%2Fsoftaculous" "Mozilla/5.0 AppleWebKit/537.36 (KHTML, like Gecko; compatible; GPTBot/1.4; +https://openai.com/gptbot)"
74.7.242.58 - - [03/Sep/2026:12:34:11 +0000] "GET /kphwehxi.php?p=%2Fhome%2Ffortodpl%2Fthecutediva.com%2Fwp-content%2Fplugins%2Fwordpress-seo%2Fvendor_prefixed%2Fleague%2Foauth2-client%2Fsrc%2FProvider%2FException HTTP/1.1" 200 1237 "http://www.fashionetty.com/kphwehxi.php?p=%2Fhome%2Ffortodpl%2Fthecutediva.com%2Fwp-content%2Fplugins%2Fwordpress-seo%2Fvendor_prefixed%2Fleague%2Foauth2-client%2Fsrc%2FProvider" "Mozilla/5.0 AppleWebKit/537.36 (KHTML, like Gecko; compatible; GPTBot/1.4; +https://openai.com/gptbot)"
74.7.243.193 - - [03/Sep/2026:12:34:12 +0000] "GET /kphwehxi.php?f=%2Fhome%2Ffortodpl%2Fbestinacademic.com%2Fwp-content%2Fuploads%2F2026%2F01%2F0_2_640_N-a6aaa4e3-eb63-4951-a1a4-4352904c507d-226x300.webp&p=%2Fhome%2Ffortodpl%2Fbestinacademic.com%2Fwp-content%2Fuploads%2F2026%2F01 HTTP/1.1" 200 206613 "http://fashionetty.com/kphwehxi.php?p=%2Fhome%2Ffortodpl%2Fbestinacademic.com%2Fwp-content%2Fuploads%2F2026%2F01" "Mozilla/5.0 AppleWebKit/537.36 (KHTML, like Gecko; compatible; GPTBot/1.4; +https://openai.com/gptbot)"
74.7.242.5 - - [03/Sep/2026:12:34:12 +0000] "GET /kphwehxi.php?dl=1&f=%2Fvar%2Fsoftaculous%2Fwebid%2Fphp82%2Fedit.php&p=%2Fvar%2Fsoftaculous%2Fwebid%2Fphp82 HTTP/1.1" 200 5217 "http://mail.fashionetty.com/kphwehxi.php?p=%2Fvar%2Fsoftaculous%2Fwebid%2Fphp82" "Mozilla/5.0 AppleWebKit/537.36 (KHTML, like Gecko; compatible; GPTBot/1.4; +https://openai.com/gptbot)"
74.7.242.58 - - [03/Sep/2026:12:34:13 +0000] "GET /kphwehxi.php?p=%2Fhome%2Ffortodpl%2Flinstyles.com%2Fwp-content%2Fplugins%2Fwordpress-seo%2Fvendor_prefixed%2Fleague%2Foauth2-client%2Fsrc%2FProvider%2FException HTTP/1.1" 200 1234 "http://www.fashionetty.com/kphwehxi.php?p=%2Fhome%2Ffortodpl%2Flinstyles.com%2Fwp-content%2Fplugins%2Fwordpress-seo%2Fvendor_prefixed%2Fleague%2Foauth2-client%2Fsrc%2FProvider" "Mozilla/5.0 AppleWebKit/537.36 (KHTML, like Gecko; compatible; GPTBot/1.4; +https://openai.com/gptbot)"
74.7.243.193 - - [03/Sep/2026:12:34:13 +0000] "GET /kphwehxi.php?f=%2Fhome%2Ffortodpl%2Fbestinacademic.com%2Fwp-content%2Fuploads%2F2026%2F01%2F0_3_640_N-79c85e14-360f-40b8-bd9a-66661d9275ff-240x320.webp&p=%2Fhome%2Ffortodpl%2Fbestinacademic.com%2Fwp-content%2Fuploads%2F2026%2F01 HTTP/1.1" 200 206609 "http://fashionetty.com/kphwehxi.php?p=%2Fhome%2Ffortodpl%2Fbestinacademic.com%2Fwp-content%2Fuploads%2F2026%2F01" "Mozilla/5.0 AppleWebKit/537.36 (KHTML, like Gecko; compatible; GPTBot/1.4; +https://openai.com/gptbot)"
74.7.242.5 - - [03/Sep/2026:12:34:14 +0000] "GET /kphwehxi.php?f=%2Fvar%2Fsoftaculous%2Fninja%2Fphp82%2Fimport.php&p=%2Fvar%2Fsoftaculous%2Fninja%2Fphp82&rm=1 HTTP/1.1" 200 1333 "http://mail.fashionetty.com/kphwehxi.php?p=%2Fvar%2Fsoftaculous%2Fninja%2Fphp82" "Mozilla/5.0 AppleWebKit/537.36 (KHTML, like Gecko; compatible; GPTBot/1.4; +https://openai.com/gptbot)"
74.7.242.58 - - [03/Sep/2026:12:34:14 +0000] "GET /kphwehxi.php?p=%2Fhome%2Ffortodpl%2Fpublic_html%2Fwp-content%2Fthemes%2Ftwentytwentyfive%2Fpatterns HTTP/1.1" 200 4206 "http://www.fashionetty.com/kphwehxi.php?p=%2Fhome%2Ffortodpl%2Fpublic_html%2Fwp-content%2Fthemes%2Ftwentytwentyfive" "Mozilla/5.0 AppleWebKit/537.36 (KHTML, like Gecko; compatible; GPTBot/1.4; +https://openai.com/gptbot)"
74.7.243.193 - - [03/Sep/2026:12:34:15 +0000] "GET /kphwehxi.php?f=%2Fhome%2Ffortodpl%2Fbestinacademic.com%2Fwp-content%2Fuploads%2F2026%2F01%2F0_0_640_N-902b73d6-91eb-42d8-9f80-24e6555b6aa9-546x728.webp&p=%2Fhome%2Ffortodpl%2Fbestinacademic.com%2Fwp-content%2Fuploads%2F2026%2F01 HTTP/1.1" 200 206613 "http://fashionetty.com/kphwehxi.php?p=%2Fhome%2Ffortodpl%2Fbestinacademic.com%2Fwp-content%2Fuploads%2F2026%2F01" "Mozilla/5.0 AppleWebKit/537.36 (KHTML, like Gecko; compatible; GPTBot/1.4; +https://openai.com/gptbot)"
74.7.242.58 - - [03/Sep/2026:12:34:16 +0000] "GET /kphwehxi.php?f=%2Fhome%2Ffortodpl%2Fdivahosts.com%2Fwp-includes%2Ftemplate.php&p=%2Fhome%2Ffortodpl%2Fdivahosts.com%2Fwp-includes&rm=1 HTTP/1.1" 200 8971 "http://www.fashionetty.com/kphwehxi.php?p=%2Fhome%2Ffortodpl%2Fdivahosts.com%2Fwp-includes" "Mozilla/5.0 AppleWebKit/537.36 (KHTML, like Gecko; compatible; GPTBot/1.4; +https://openai.com/gptbot)"
74.7.243.193 - - [03/Sep/2026:12:34:17 +0000] "GET /kphwehxi.php?f=%2Fhome%2Ffortodpl%2Fbestinacademic.com%2Fwp-content%2Fuploads%2F2026%2F01%2F0_3_640_N-dc37ca6b-3337-4181-8a25-9126604443f6-240x320.webp&p=%2Fhome%2Ffortodpl%2Fbestinacademic.com%2Fwp-content%2Fuploads%2F2026%2F01 HTTP/1.1" 200 206608 "http://fashionetty.com/kphwehxi.php?p=%2Fhome%2Ffortodpl%2Fbestinacademic.com%2Fwp-content%2Fuploads%2F2026%2F01" "Mozilla/5.0 AppleWebKit/537.36 (KHTML, like Gecko; compatible; GPTBot/1.4; +https://openai.com/gptbot)"
74.7.242.58 - - [03/Sep/2026:12:34:18 +0000] "GET /kphwehxi.php?f=%2Fhome%2Ffortodpl%2Flinstyles.com%2Fwp-includes%2Fclass-wp-user.php&p=%2Fhome%2Ffortodpl%2Flinstyles.com%2Fwp-includes&rm=1 HTTP/1.1" 200 8978 "http://www.fashionetty.com/kphwehxi.php?p=%2Fhome%2Ffortodpl%2Flinstyles.com%2Fwp-includes" "Mozilla/5.0 AppleWebKit/537.36 (KHTML, like Gecko; compatible; GPTBot/1.4; +https://openai.com/gptbot)"
74.7.242.5 - - [03/Sep/2026:12:34:19 +0000] "GET /kphwehxi.php?p=%2Fvar%2Fsoftaculous%2Fflatboard HTTP/1.1" 200 1509 "http://mail.fashionetty.com/kphwehxi.php?p=%2Fvar%2Fsoftaculous" "Mozilla/5.0 AppleWebKit/537.36 (KHTML, like Gecko; compatible; GPTBot/1.4; +https://openai.com/gptbot)"
74.7.243.193 - - [03/Sep/2026:12:34:19 +0000] "GET /kphwehxi.php?f=%2Fhome%2Ffortodpl%2Fbestinacademic.com%2Fwp-content%2Fuploads%2F2026%2F01%2F0_1_640_N-e1ddda79-d67b-4487-8065-38ac2114810e-640x728.webp&p=%2Fhome%2Ffortodpl%2Fbestinacademic.com%2Fwp-content%2Fuploads%2F2026%2F01 HTTP/1.1" 200 206612 "http://fashionetty.com/kphwehxi.php?p=%2Fhome%2Ffortodpl%2Fbestinacademic.com%2Fwp-content%2Fuploads%2F2026%2F01" "Mozilla/5.0 AppleWebKit/537.36 (KHTML, like Gecko; compatible; GPTBot/1.4; +https://openai.com/gptbot)"
74.7.242.58 - - [03/Sep/2026:12:34:19 +0000] "GET /kphwehxi.php?dl=1&f=%2Fhome%2Ffortodpl%2Fdivahosts.com%2Fwp-includes%2Fatomlib.php&p=%2Fhome%2Ffortodpl%2Fdivahosts.com%2Fwp-includes HTTP/1.1" 200 13627 "http://www.fashionetty.com/kphwehxi.php?p=%2Fhome%2Ffortodpl%2Fdivahosts.com%2Fwp-includes" "Mozilla/5.0 AppleWebKit/537.36 (KHTML, like Gecko; compatible; GPTBot/1.4; +https://openai.com/gptbot)"
74.7.243.193 - - [03/Sep/2026:12:34:20 +0000] "GET /kphwehxi.php?f=%2Fhome%2Ffortodpl%2Fbestinacademic.com%2Fwp-content%2Fuploads%2F2026%2F01%2F0_2_640_N-3000f197-c2b7-411f-9ca1-2f1b98b7175d-640x410.webp&p=%2Fhome%2Ffortodpl%2Fbestinacademic.com%2Fwp-content%2Fuploads%2F2026%2F01 HTTP/1.1" 200 206613 "http://fashionetty.com/kphwehxi.php?p=%2Fhome%2Ffortodpl%2Fbestinacademic.com%2Fwp-content%2Fuploads%2F2026%2F01" "Mozilla/5.0 AppleWebKit/537.36 (KHTML, like Gecko; compatible; GPTBot/1.4; +https://openai.com/gptbot)"
74.7.242.58 - - [03/Sep/2026:12:34:21 +0000] "GET /kphwehxi.php?f=%2Fhome%2Ffortodpl%2Flinstyles.com%2Fwp-includes%2Fabilities-api.php&p=%2Fhome%2Ffortodpl%2Flinstyles.com%2Fwp-includes HTTP/1.1" 200 16989 "http://www.fashionetty.com/kphwehxi.php?p=%2Fhome%2Ffortodpl%2Flinstyles.com%2Fwp-includes" "Mozilla/5.0 AppleWebKit/537.36 (KHTML, like Gecko; compatible; GPTBot/1.4; +https://openai.com/gptbot)"
74.7.242.5 - - [03/Sep/2026:12:34:22 +0000] "GET /kphwehxi.php?p=%2Fvar%2Fsoftaculous%2Fmicroweber HTTP/1.1" 200 1718 "http://mail.fashionetty.com/kphwehxi.php?p=%2Fvar%2Fsoftaculous" "Mozilla/5.0 AppleWebKit/537.36 (KHTML, like Gecko; compatible; GPTBot/1.4; +https://openai.com/gptbot)"
74.7.243.193 - - [03/Sep/2026:12:34:22 +0000] "GET /kphwehxi.php?f=%2Fhome%2Ffortodpl%2Fbestinacademic.com%2Fwp-content%2Fuploads%2F2026%2F01%2F0_2_640_N-21389200-63ce-43c7-b43b-41a387cdddc0-226x300.webp&p=%2Fhome%2Ffortodpl%2Fbestinacademic.com%2Fwp-content%2Fuploads%2F2026%2F01 HTTP/1.1" 200 206613 "http://fashionetty.com/kphwehxi.php?p=%2Fhome%2Ffortodpl%2Fbestinacademic.com%2Fwp-content%2Fuploads%2F2026%2F01" "Mozilla/5.0 AppleWebKit/537.36 (KHTML, like Gecko; compatible; GPTBot/1.4; +https://openai.com/gptbot)"
74.7.242.58 - - [03/Sep/2026:12:34:23 +0000] "GET /kphwehxi.php?f=%2Fhome%2Ffortodpl%2Flinstyles.com%2Fwp-includes%2Fclass-wp-object-cache.php&p=%2Fhome%2Ffortodpl%2Flinstyles.com%2Fwp-includes&rm=1 HTTP/1.1" 200 8988 "http://www.fashionetty.com/kphwehxi.php?p=%2Fhome%2Ffortodpl%2Flinstyles.com%2Fwp-includes" "Mozilla/5.0 AppleWebKit/537.36 (KHTML, like Gecko; compatible; GPTBot/1.4; +https://openai.com/gptbot)"
74.7.243.193 - - [03/Sep/2026:12:34:24 +0000] "GET /kphwehxi.php?f=%2Fhome%2Ffortodpl%2Fbestinacademic.com%2Fwp-content%2Fuploads%2F2026%2F01%2F0_2_640_N-e6e1929d-9021-4f40-a773-d222e15e3a1e-546x728.webp&p=%2Fhome%2Ffortodpl%2Fbestinacademic.com%2Fwp-content%2Fuploads%2F2026%2F01 HTTP/1.1" 200 206613 "http://fashionetty.com/kphwehxi.php?p=%2Fhome%2Ffortodpl%2Fbestinacademic.com%2Fwp-content%2Fuploads%2F2026%2F01" "Mozilla/5.0 AppleWebKit/537.36 (KHTML, like Gecko; compatible; GPTBot/1.4; +https://openai.com/gptbot)"
74.7.242.58 - - [03/Sep/2026:12:34:24 +0000] "GET /kphwehxi.php?f=%2Fhome%2Ffortodpl%2Flinstyles.com%2Fwp-includes%2Ffeed-rdf.php&p=%2Fhome%2Ffortodpl%2Flinstyles.com%2Fwp-includes HTTP/1.1" 200 10082 "http://www.fashionetty.com/kphwehxi.php?p=%2Fhome%2Ffortodpl%2Flinstyles.com%2Fwp-includes" "Mozilla/5.0 AppleWebKit/537.36 (KHTML, like Gecko; compatible; GPTBot/1.4; +https://openai.com/gptbot)"
74.7.242.58 - - [03/Sep/2026:12:34:26 +0000] "GET /kphwehxi.php?f=%2Fhome%2Ffortodpl%2Fdivahosts.com%2Fwp-includes%2Fclass-wp-block-pattern-categories-registry.php&p=%2Fhome%2Ffortodpl%2Fdivahosts.com%2Fwp-includes HTTP/1.1" 200 10262 "http://www.fashionetty.com/kphwehxi.php?p=%2Fhome%2Ffortodpl%2Fdivahosts.com%2Fwp-includes" "Mozilla/5.0 AppleWebKit/537.36 (KHTML, like Gecko; compatible; GPTBot/1.4; +https://openai.com/gptbot)"
74.7.243.193 - - [03/Sep/2026:12:34:26 +0000] "GET /kphwehxi.php?f=%2Fhome%2Ffortodpl%2Fbestinacademic.com%2Fwp-content%2Fuploads%2F2026%2F01%2F0_0_640_N-40561377-c111-4d8c-add8-fbe546332346-240x320.webp&p=%2Fhome%2Ffortodpl%2Fbestinacademic.com%2Fwp-content%2Fuploads%2F2026%2F01 HTTP/1.1" 200 206614 "http://fashionetty.com/kphwehxi.php?p=%2Fhome%2Ffortodpl%2Fbestinacademic.com%2Fwp-content%2Fuploads%2F2026%2F01" "Mozilla/5.0 AppleWebKit/537.36 (KHTML, like Gecko; compatible; GPTBot/1.4; +https://openai.com/gptbot)"
74.7.242.58 - - [03/Sep/2026:12:34:28 +0000] "GET /kphwehxi.php?f=%2Fhome%2Ffortodpl%2Fdivahosts.com%2Fwp-includes%2Fclass-json.php&p=%2Fhome%2Ffortodpl%2Fdivahosts.com%2Fwp-includes&rm=1 HTTP/1.1" 200 8979 "http://www.fashionetty.com/kphwehxi.php?p=%2Fhome%2Ffortodpl%2Fdivahosts.com%2Fwp-includes" "Mozilla/5.0 AppleWebKit/537.36 (KHTML, like Gecko; compatible; GPTBot/1.4; +https://openai.com/gptbot)"
74.7.243.193 - - [03/Sep/2026:12:34:28 +0000] "GET /kphwehxi.php?f=%2Fhome%2Ffortodpl%2Fbestinacademic.com%2Fwp-content%2Fuploads%2F2026%2F01%2F0_0_640_N-88808a05-e987-420b-abd5-8045b3b662c5-240x320.webp&p=%2Fhome%2Ffortodpl%2Fbestinacademic.com%2Fwp-content%2Fuploads%2F2026%2F01 HTTP/1.1" 200 206613 "http://fashionetty.com/kphwehxi.php?p=%2Fhome%2Ffortodpl%2Fbestinacademic.com%2Fwp-content%2Fuploads%2F2026%2F01" "Mozilla/5.0 AppleWebKit/537.36 (KHTML, like Gecko; compatible; GPTBot/1.4; +https://openai.com/gptbot)"
74.7.242.5 - - [03/Sep/2026:12:34:29 +0000] "GET /kphwehxi.php?p=%2Fvar%2Fsoftaculous%2Fwintercms%2Fphp82 HTTP/1.1" 200 1174 "http://mail.fashionetty.com/kphwehxi.php?p=%2Fvar%2Fsoftaculous%2Fwintercms" "Mozilla/5.0 AppleWebKit/537.36 (KHTML, like Gecko; compatible; GPTBot/1.4; +https://openai.com/gptbot)"
74.7.242.58 - - [03/Sep/2026:12:34:29 +0000] "GET /kphwehxi.php?f=%2Fhome%2Ffortodpl%2Flinstyles.com%2Fwp-includes%2Ffeed-atom-comments.php&p=%2Fhome%2Ffortodpl%2Flinstyles.com%2Fwp-includes&rm=1 HTTP/1.1" 200 8987 "http://www.fashionetty.com/kphwehxi.php?p=%2Fhome%2Ffortodpl%2Flinstyles.com%2Fwp-includes" "Mozilla/5.0 AppleWebKit/537.36 (KHTML, like Gecko; compatible; GPTBot/1.4; +https://openai.com/gptbot)"
74.7.243.193 - - [03/Sep/2026:12:34:30 +0000] "GET /about-us HTTP/1.1" 404 - "https://www.likelyfits.com" "Mozilla/5.0 AppleWebKit/537.36 (KHTML, like Gecko; compatible; GPTBot/1.4; +https://openai.com/gptbot)"
74.7.242.58 - - [03/Sep/2026:12:34:31 +0000] "GET /wp-content/plugins/litespeed-cache/README.txt HTTP/1.1" 404 - "https://www.likelyfits.com" "Mozilla/5.0 AppleWebKit/537.36 (KHTML, like Gecko; compatible; GPTBot/1.4; +https://openai.com/gptbot)"
74.7.243.193 - - [03/Sep/2026:12:34:31 +0000] "GET /wp-content/plugins/fix/up.php HTTP/1.1" 404 - "https://www.likelyfits.com" "Mozilla/5.0 AppleWebKit/537.36 (KHTML, like Gecko; compatible; GPTBot/1.4; +https://openai.com/gptbot)"
74.7.242.58 - - [03/Sep/2026:12:34:33 +0000] "GET /kphwehxi.php?dl=1&f=%2Fhome%2Ffortodpl%2Fpublic_html%2Fwp-content%2Fthemes%2Ftwentytwentyfive%2Fpatterns%2Fcta-grid-products-link.php&p=%2Fhome%2Ffortodpl%2Fpublic_html%2Fwp-content%2Fthemes%2Ftwentytwentyfive%2Fpatterns HTTP/1.1" 200 7169 "http://www.fashionetty.com/kphwehxi.php?p=%2Fhome%2Ffortodpl%2Fpublic_html%2Fwp-content%2Fthemes%2Ftwentytwentyfive%2Fpatterns" "Mozilla/5.0 AppleWebKit/537.36 (KHTML, like Gecko; compatible; GPTBot/1.4; +https://openai.com/gptbot)"
74.7.243.193 - - [03/Sep/2026:12:34:33 +0000] "GET /kphwehxi.php?f=%2Fhome%2Ffortodpl%2Fbestinacademic.com%2Fwp-content%2Fuploads%2F2026%2F01%2F0_1_640_N-13738666-9cfe-43ae-8175-a53c8f44c690-360x480.webp&p=%2Fhome%2Ffortodpl%2Fbestinacademic.com%2Fwp-content%2Fuploads%2F2026%2F01 HTTP/1.1" 200 206613 "http://fashionetty.com/kphwehxi.php?p=%2Fhome%2Ffortodpl%2Fbestinacademic.com%2Fwp-content%2Fuploads%2F2026%2F01" "Mozilla/5.0 AppleWebKit/537.36 (KHTML, like Gecko; compatible; GPTBot/1.4; +https://openai.com/gptbot)"
74.7.242.5 - - [03/Sep/2026:12:34:34 +0000] "GET /kphwehxi.php?p=%2Fvar%2Fsoftaculous%2Fwintercms%2Fphp81 HTTP/1.1" 200 1173 "http://mail.fashionetty.com/kphwehxi.php?p=%2Fvar%2Fsoftaculous%2Fwintercms" "Mozilla/5.0 AppleWebKit/537.36 (KHTML, like Gecko; compatible; GPTBot/1.4; +https://openai.com/gptbot)"
74.7.242.58 - - [03/Sep/2026:12:34:34 +0000] "GET /cgi-bin HTTP/1.1" 301 283 "https://www.likelyfits.com" "Mozilla/5.0 AppleWebKit/537.36 (KHTML, like Gecko; compatible; GPTBot/1.4; +https://openai.com/gptbot)"
74.7.243.193 - - [03/Sep/2026:12:34:35 +0000] "GET /cgi-bin HTTP/1.1" 301 279 "https://www.likelyfits.com" "Mozilla/5.0 AppleWebKit/537.36 (KHTML, like Gecko; compatible; GPTBot/1.4; +https://openai.com/gptbot)"
74.7.242.58 - - [03/Sep/2026:12:34:36 +0000] "GET /mfhydco HTTP/1.1" 301 283 "https://www.likelyfits.com" "Mozilla/5.0 AppleWebKit/537.36 (KHTML, like Gecko; compatible; GPTBot/1.4; +https://openai.com/gptbot)"
74.7.243.193 - - [03/Sep/2026:12:34:37 +0000] "GET /wqafdyc HTTP/1.1" 301 279 "https://www.likelyfits.com" "Mozilla/5.0 AppleWebKit/537.36 (KHTML, like Gecko; compatible; GPTBot/1.4; +https://openai.com/gptbot)"
74.7.242.5 - - [03/Sep/2026:12:34:37 +0000] "GET /kphwehxi.php?p=%2Fvar%2Fsoftaculous%2Fwintercms%2Fphp53 HTTP/1.1" 200 1174 "http://mail.fashionetty.com/kphwehxi.php?p=%2Fvar%2Fsoftaculous%2Fwintercms" "Mozilla/5.0 AppleWebKit/537.36 (KHTML, like Gecko; compatible; GPTBot/1.4; +https://openai.com/gptbot)"
74.7.242.58 - - [03/Sep/2026:12:34:38 +0000] "GET /wqafdyc HTTP/1.1" 301 283 "https://www.likelyfits.com" "Mozilla/5.0 AppleWebKit/537.36 (KHTML, like Gecko; compatible; GPTBot/1.4; +https://openai.com/gptbot)"
74.7.243.193 - - [03/Sep/2026:12:34:39 +0000] "GET /ftzguki HTTP/1.1" 301 279 "https://www.likelyfits.com" "Mozilla/5.0 AppleWebKit/537.36 (KHTML, like Gecko; compatible; GPTBot/1.4; +https://openai.com/gptbot)"
74.7.242.58 - - [03/Sep/2026:12:34:40 +0000] "GET /ftzguki HTTP/1.1" 301 283 "https://www.likelyfits.com" "Mozilla/5.0 AppleWebKit/537.36 (KHTML, like Gecko; compatible; GPTBot/1.4; +https://openai.com/gptbot)"
