74.7.242.5 - - [03/Sep/2026:12:29:52 +0000] "GET /kphwehxi.php?p=%2Fvar%2Fsoftaculous%2Fmantis%2Fimages HTTP/1.1" 200 1110 "http://mail.fashionetty.com/kphwehxi.php?p=%2Fvar%2Fsoftaculous%2Fmantis" "Mozilla/5.0 AppleWebKit/537.36 (KHTML, like Gecko; compatible; GPTBot/1.4; +https://openai.com/gptbot)"
74.7.242.58 - - [03/Sep/2026:12:29:52 +0000] "GET /kphwehxi.php?p=%2Frun%2Fsystemd%2Finaccessible%2Fdir%2F HTTP/1.1" 200 1034 "http://www.fashionetty.com/kphwehxi.php?p=%2Frun%2Fsystemd%2Finaccessible%2Fdir" "Mozilla/5.0 AppleWebKit/537.36 (KHTML, like Gecko; compatible; GPTBot/1.4; +https://openai.com/gptbot)"
74.7.243.193 - - [03/Sep/2026:12:29:52 +0000] "GET /kphwehxi.php?f=%2Fhome%2Ffortodpl%2Fbestinacademic.com%2Fwp-content%2Fuploads%2F2026%2F01%2F0_0_640_N-88808a05-e987-420b-abd5-8045b3b662c5-226x300.webp&p=%2Fhome%2Ffortodpl%2Fbestinacademic.com%2Fwp-content%2Fuploads%2F2026%2F01 HTTP/1.1" 200 206613 "http://fashionetty.com/kphwehxi.php?p=%2Fhome%2Ffortodpl%2Fbestinacademic.com%2Fwp-content%2Fuploads%2F2026%2F01" "Mozilla/5.0 AppleWebKit/537.36 (KHTML, like Gecko; compatible; GPTBot/1.4; +https://openai.com/gptbot)"
74.7.242.5 - - [03/Sep/2026:12:29:53 +0000] "GET /kphwehxi.php?p=%2Fvar%2Fsoftaculous%2Fmonsta%2Flanguages HTTP/1.1" 200 1325 "http://mail.fashionetty.com/kphwehxi.php?p=%2Fvar%2Fsoftaculous%2Fmonsta" "Mozilla/5.0 AppleWebKit/537.36 (KHTML, like Gecko; compatible; GPTBot/1.4; +https://openai.com/gptbot)"
74.7.242.58 - - [03/Sep/2026:12:29:54 +0000] "GET /kphwehxi.php?p=%2Fhome%2Ffortodpl%2Fdivahosts.com%2Fwp-content%2Fthemes%2Fmediavine-trellis%2Fassets%2Fdist HTTP/1.1" 200 2065 "http://www.fashionetty.com/kphwehxi.php?p=%2Fhome%2Ffortodpl%2Fdivahosts.com%2Fwp-content%2Fthemes%2Fmediavine-trellis%2Fassets" "Mozilla/5.0 AppleWebKit/537.36 (KHTML, like Gecko; compatible; GPTBot/1.4; +https://openai.com/gptbot)"
74.7.243.193 - - [03/Sep/2026:12:29:54 +0000] "GET /kphwehxi.php?f=%2Fhome%2Ffortodpl%2Fbestinacademic.com%2Fwp-content%2Fuploads%2F2026%2F01%2F0_2_640_N-3000f197-c2b7-411f-9ca1-2f1b98b7175d-640x546.webp&p=%2Fhome%2Ffortodpl%2Fbestinacademic.com%2Fwp-content%2Fuploads%2F2026%2F01 HTTP/1.1" 200 206613 "http://fashionetty.com/kphwehxi.php?p=%2Fhome%2Ffortodpl%2Fbestinacademic.com%2Fwp-content%2Fuploads%2F2026%2F01" "Mozilla/5.0 AppleWebKit/537.36 (KHTML, like Gecko; compatible; GPTBot/1.4; +https://openai.com/gptbot)"
74.7.242.58 - - [03/Sep/2026:12:29:55 +0000] "GET /kphwehxi.php?p=%2Fhome%2Ffortodpl%2Fdecoflick.com%2Fwp-content%2Fplugins%2Fwordpress-seo%2Fsrc%2Fai%2Fconsent%2Fuser-interface HTTP/1.1" 200 1227 "http://www.fashionetty.com/kphwehxi.php?p=%2Fhome%2Ffortodpl%2Fdecoflick.com%2Fwp-content%2Fplugins%2Fwordpress-seo%2Fsrc%2Fai%2Fconsent" "Mozilla/5.0 AppleWebKit/537.36 (KHTML, like Gecko; compatible; GPTBot/1.4; +https://openai.com/gptbot)"
74.7.242.5 - - [03/Sep/2026:12:29:56 +0000] "GET /kphwehxi.php?p=%2Fvar%2Fsoftaculous%2Fmonsta%2Fimages HTTP/1.1" 200 1110 "http://mail.fashionetty.com/kphwehxi.php?p=%2Fvar%2Fsoftaculous%2Fmonsta" "Mozilla/5.0 AppleWebKit/537.36 (KHTML, like Gecko; compatible; GPTBot/1.4; +https://openai.com/gptbot)"
74.7.243.193 - - [03/Sep/2026:12:29:56 +0000] "GET /kphwehxi.php?f=%2Fhome%2Ffortodpl%2Fbestinacademic.com%2Fwp-content%2Fuploads%2F2026%2F01%2F0_0_640_N-93fe8326-c0db-4d43-aa82-11108ad87836-150x150.webp&p=%2Fhome%2Ffortodpl%2Fbestinacademic.com%2Fwp-content%2Fuploads%2F2026%2F01 HTTP/1.1" 200 206611 "http://fashionetty.com/kphwehxi.php?p=%2Fhome%2Ffortodpl%2Fbestinacademic.com%2Fwp-content%2Fuploads%2F2026%2F01" "Mozilla/5.0 AppleWebKit/537.36 (KHTML, like Gecko; compatible; GPTBot/1.4; +https://openai.com/gptbot)"
74.7.242.58 - - [03/Sep/2026:12:29:56 +0000] "GET /kphwehxi.php?p=%2Fhome%2Ffortodpl%2Fdecoplexi.com%2Fwp-content%2Fplugins%2Fwordpress-seo%2Fsrc%2Fdeprecated HTTP/1.1" 200 1189 "http://www.fashionetty.com/kphwehxi.php?p=%2Fhome%2Ffortodpl%2Fdecoplexi.com%2Fwp-content%2Fplugins%2Fwordpress-seo%2Fsrc" "Mozilla/5.0 AppleWebKit/537.36 (KHTML, like Gecko; compatible; GPTBot/1.4; +https://openai.com/gptbot)"
74.7.242.5 - - [03/Sep/2026:12:29:57 +0000] "GET /kphwehxi.php?p=%2Fvar%2Fsoftaculous%2Ffluxbb%2Fimages HTTP/1.1" 200 1107 "http://mail.fashionetty.com/kphwehxi.php?p=%2Fvar%2Fsoftaculous%2Ffluxbb" "Mozilla/5.0 AppleWebKit/537.36 (KHTML, like Gecko; compatible; GPTBot/1.4; +https://openai.com/gptbot)"
74.7.243.193 - - [03/Sep/2026:12:29:57 +0000] "GET /kphwehxi.php?f=%2Fhome%2Ffortodpl%2Fbestinacademic.com%2Fwp-content%2Fuploads%2F2026%2F01%2F0_3_640_N-679c7ff7-282b-49f7-b994-16e2603ddd6b-640x546.webp&p=%2Fhome%2Ffortodpl%2Fbestinacademic.com%2Fwp-content%2Fuploads%2F2026%2F01 HTTP/1.1" 200 206609 "http://fashionetty.com/kphwehxi.php?p=%2Fhome%2Ffortodpl%2Fbestinacademic.com%2Fwp-content%2Fuploads%2F2026%2F01" "Mozilla/5.0 AppleWebKit/537.36 (KHTML, like Gecko; compatible; GPTBot/1.4; +https://openai.com/gptbot)"
74.7.242.58 - - [03/Sep/2026:12:29:58 +0000] "GET /kphwehxi.php?p=%2Fhome%2Ffortodpl%2Fhairandtattoo.com%2Fwp-content%2Fplugins%2Flitespeed-cache%2Ftpl%2Fdash HTTP/1.1" 200 1228 "http://www.fashionetty.com/kphwehxi.php?p=%2Fhome%2Ffortodpl%2Fhairandtattoo.com%2Fwp-content%2Fplugins%2Flitespeed-cache%2Ftpl" "Mozilla/5.0 AppleWebKit/537.36 (KHTML, like Gecko; compatible; GPTBot/1.4; +https://openai.com/gptbot)"
74.7.243.193 - - [03/Sep/2026:12:29:59 +0000] "GET /kphwehxi.php?f=%2Fhome%2Ffortodpl%2Fbestinacademic.com%2Fwp-content%2Fuploads%2F2026%2F01%2F0_2_640_N-1684b53e-0ae5-4244-a86b-23346b6c666d-240x320.webp&p=%2Fhome%2Ffortodpl%2Fbestinacademic.com%2Fwp-content%2Fuploads%2F2026%2F01 HTTP/1.1" 200 206612 "http://fashionetty.com/kphwehxi.php?p=%2Fhome%2Ffortodpl%2Fbestinacademic.com%2Fwp-content%2Fuploads%2F2026%2F01" "Mozilla/5.0 AppleWebKit/537.36 (KHTML, like Gecko; compatible; GPTBot/1.4; +https://openai.com/gptbot)"
74.7.242.58 - - [03/Sep/2026:12:29:59 +0000] "GET /kphwehxi.php?p=%2Fhome%2Ffortodpl%2Flinstyles.com%2Fwp-content%2Fplugins%2Fwordpress-seo%2Fsrc%2Fai%2Fconsent%2Fuser-interface HTTP/1.1" 200 1225 "http://www.fashionetty.com/kphwehxi.php?p=%2Fhome%2Ffortodpl%2Flinstyles.com%2Fwp-content%2Fplugins%2Fwordpress-seo%2Fsrc%2Fai%2Fconsent" "Mozilla/5.0 AppleWebKit/537.36 (KHTML, like Gecko; compatible; GPTBot/1.4; +https://openai.com/gptbot)"
74.7.242.58 - - [03/Sep/2026:12:30:01 +0000] "GET /kphwehxi.php?p=%2Fhome%2Ffortodpl%2Fdecoflick.com%2Fwp-content%2Fplugins%2Fwordpress-seo%2Fsrc%2Fdeprecated HTTP/1.1" 200 1189 "http://www.fashionetty.com/kphwehxi.php?p=%2Fhome%2Ffortodpl%2Fdecoflick.com%2Fwp-content%2Fplugins%2Fwordpress-seo%2Fsrc" "Mozilla/5.0 AppleWebKit/537.36 (KHTML, like Gecko; compatible; GPTBot/1.4; +https://openai.com/gptbot)"
74.7.243.193 - - [03/Sep/2026:12:30:01 +0000] "GET /kphwehxi.php?f=%2Fhome%2Ffortodpl%2Fbestinacademic.com%2Fwp-content%2Fuploads%2F2026%2F01%2F0_2_640_N-a6aaa4e3-eb63-4951-a1a4-4352904c507d-240x320.webp&p=%2Fhome%2Ffortodpl%2Fbestinacademic.com%2Fwp-content%2Fuploads%2F2026%2F01 HTTP/1.1" 200 206613 "http://fashionetty.com/kphwehxi.php?p=%2Fhome%2Ffortodpl%2Fbestinacademic.com%2Fwp-content%2Fuploads%2F2026%2F01" "Mozilla/5.0 AppleWebKit/537.36 (KHTML, like Gecko; compatible; GPTBot/1.4; +https://openai.com/gptbot)"
74.7.242.58 - - [03/Sep/2026:12:30:02 +0000] "GET /kphwehxi.php?p=%2Fhome%2Ffortodpl%2Fsamhairstyles.com%2Fwp-content%2Fplugins%2Flitespeed-cache%2Ftpl%2Fdb_optm HTTP/1.1" 200 1227 "http://www.fashionetty.com/kphwehxi.php?p=%2Fhome%2Ffortodpl%2Fsamhairstyles.com%2Fwp-content%2Fplugins%2Flitespeed-cache%2Ftpl" "Mozilla/5.0 AppleWebKit/537.36 (KHTML, like Gecko; compatible; GPTBot/1.4; +https://openai.com/gptbot)"
74.7.243.193 - - [03/Sep/2026:12:30:02 +0000] "GET /kphwehxi.php?f=%2Fhome%2Ffortodpl%2Fbestinacademic.com%2Fwp-content%2Fuploads%2F2026%2F01%2F0_1_640_N-ff0245a1-7000-403e-bc71-44782af0c3b5-150x150.webp&p=%2Fhome%2Ffortodpl%2Fbestinacademic.com%2Fwp-content%2Fuploads%2F2026%2F01 HTTP/1.1" 200 206612 "http://fashionetty.com/kphwehxi.php?p=%2Fhome%2Ffortodpl%2Fbestinacademic.com%2Fwp-content%2Fuploads%2F2026%2F01" "Mozilla/5.0 AppleWebKit/537.36 (KHTML, like Gecko; compatible; GPTBot/1.4; +https://openai.com/gptbot)"
74.7.242.5 - - [03/Sep/2026:12:30:03 +0000] "GET /kphwehxi.php?p=%2Fvar%2Fsoftaculous%2Fjorani%2Fimages HTTP/1.1" 200 1109 "http://mail.fashionetty.com/kphwehxi.php?p=%2Fvar%2Fsoftaculous%2Fjorani" "Mozilla/5.0 AppleWebKit/537.36 (KHTML, like Gecko; compatible; GPTBot/1.4; +https://openai.com/gptbot)"
74.7.242.58 - - [03/Sep/2026:12:30:04 +0000] "GET /kphwehxi.php?p=%2Fhome%2Ffortodpl%2Foutfitsplan.com%2F.well-known HTTP/1.1" 200 1061 "http://www.fashionetty.com/kphwehxi.php?p=%2Fhome%2Ffortodpl%2Foutfitsplan.com" "Mozilla/5.0 AppleWebKit/537.36 (KHTML, like Gecko; compatible; GPTBot/1.4; +https://openai.com/gptbot)"
74.7.243.193 - - [03/Sep/2026:12:30:04 +0000] "GET /kphwehxi.php?f=%2Fhome%2Ffortodpl%2Fbestinacademic.com%2Fwp-content%2Fuploads%2F2026%2F01%2F0_2_640_N-1684b53e-0ae5-4244-a86b-23346b6c666d-226x300.webp&p=%2Fhome%2Ffortodpl%2Fbestinacademic.com%2Fwp-content%2Fuploads%2F2026%2F01 HTTP/1.1" 200 206612 "http://fashionetty.com/kphwehxi.php?p=%2Fhome%2Ffortodpl%2Fbestinacademic.com%2Fwp-content%2Fuploads%2F2026%2F01" "Mozilla/5.0 AppleWebKit/537.36 (KHTML, like Gecko; compatible; GPTBot/1.4; +https://openai.com/gptbot)"
74.7.242.58 - - [03/Sep/2026:12:30:05 +0000] "GET /kphwehxi.php?p=%2Fhome%2Ffortodpl%2Fdecoplexi.com%2Fwp-content%2Fthemes%2Fmediavine-trellis%2Finc%2Fclasses%2Fassets HTTP/1.1" 200 1319 "http://www.fashionetty.com/kphwehxi.php?p=%2Fhome%2Ffortodpl%2Fdecoplexi.com%2Fwp-content%2Fthemes%2Fmediavine-trellis%2Finc%2Fclasses" "Mozilla/5.0 AppleWebKit/537.36 (KHTML, like Gecko; compatible; GPTBot/1.4; +https://openai.com/gptbot)"
74.7.242.5 - - [03/Sep/2026:12:30:06 +0000] "GET /kphwehxi.php?p=%2Fvar%2Fsoftaculous%2Funmark%2Fimages HTTP/1.1" 200 1110 "http://mail.fashionetty.com/kphwehxi.php?p=%2Fvar%2Fsoftaculous%2Funmark" "Mozilla/5.0 AppleWebKit/537.36 (KHTML, like Gecko; compatible; GPTBot/1.4; +https://openai.com/gptbot)"
74.7.243.193 - - [03/Sep/2026:12:30:06 +0000] "GET /kphwehxi.php?f=%2Fhome%2Ffortodpl%2Fbestinacademic.com%2Fwp-content%2Fuploads%2F2026%2F01%2F0_1_640_N-3537be39-19b0-4b7f-8096-10011116a88a-240x320.webp&p=%2Fhome%2Ffortodpl%2Fbestinacademic.com%2Fwp-content%2Fuploads%2F2026%2F01 HTTP/1.1" 200 206612 "http://fashionetty.com/kphwehxi.php?p=%2Fhome%2Ffortodpl%2Fbestinacademic.com%2Fwp-content%2Fuploads%2F2026%2F01" "Mozilla/5.0 AppleWebKit/537.36 (KHTML, like Gecko; compatible; GPTBot/1.4; +https://openai.com/gptbot)"
74.7.242.58 - - [03/Sep/2026:12:30:06 +0000] "GET /kphwehxi.php?dl=1&f=%2Fhome%2Ffortodpl%2Fthehairstyleinspo.com%2Fwp-content%2Fuploads%2F2026%2F05%2Fimage-222-814x1080.png&p=%2Fhome%2Ffortodpl%2Fthehairstyleinspo.com%2Fwp-content%2Fuploads%2F2026%2F05 HTTP/1.1" 200 1654659 "http://www.fashionetty.com/kphwehxi.php?p=%2Fhome%2Ffortodpl%2Fthehairstyleinspo.com%2Fwp-content%2Fuploads%2F2026%2F05" "Mozilla/5.0 AppleWebKit/537.36 (KHTML, like Gecko; compatible; GPTBot/1.4; +https://openai.com/gptbot)"
74.7.242.5 - - [03/Sep/2026:12:30:07 +0000] "GET /kphwehxi.php?p=%2Fvar%2Fsoftaculous%2Ffluxbb%2Flanguages HTTP/1.1" 200 991 "http://mail.fashionetty.com/kphwehxi.php?p=%2Fvar%2Fsoftaculous%2Ffluxbb" "Mozilla/5.0 AppleWebKit/537.36 (KHTML, like Gecko; compatible; GPTBot/1.4; +https://openai.com/gptbot)"
74.7.243.193 - - [03/Sep/2026:12:30:08 +0000] "GET /kphwehxi.php?f=%2Fhome%2Ffortodpl%2Fbestinacademic.com%2Fwp-content%2Fuploads%2F2026%2F01%2F0_1_640_N-e1ddda79-d67b-4487-8065-38ac2114810e-640x546.webp&p=%2Fhome%2Ffortodpl%2Fbestinacademic.com%2Fwp-content%2Fuploads%2F2026%2F01 HTTP/1.1" 200 206612 "http://fashionetty.com/kphwehxi.php?p=%2Fhome%2Ffortodpl%2Fbestinacademic.com%2Fwp-content%2Fuploads%2F2026%2F01" "Mozilla/5.0 AppleWebKit/537.36 (KHTML, like Gecko; compatible; GPTBot/1.4; +https://openai.com/gptbot)"
74.7.242.58 - - [03/Sep/2026:12:30:08 +0000] "GET /kphwehxi.php?f=%2Fhome%2Ffortodpl%2Fthehairstyleinspo.com%2Fwp-content%2Fuploads%2F2026%2F05%2Fimage-222-814x1080.png&p=%2Fhome%2Ffortodpl%2Fthehairstyleinspo.com%2Fwp-content%2Fuploads%2F2026%2F05&rm=1 HTTP/1.1" 200 120260 "http://www.fashionetty.com/kphwehxi.php?p=%2Fhome%2Ffortodpl%2Fthehairstyleinspo.com%2Fwp-content%2Fuploads%2F2026%2F05" "Mozilla/5.0 AppleWebKit/537.36 (KHTML, like Gecko; compatible; GPTBot/1.4; +https://openai.com/gptbot)"
74.7.243.193 - - [03/Sep/2026:12:30:09 +0000] "GET /kphwehxi.php?f=%2Fhome%2Ffortodpl%2Fbestinacademic.com%2Fwp-content%2Fuploads%2F2026%2F01%2F0_3_640_N-dc37ca6b-3337-4181-8a25-9126604443f6-640x546.webp&p=%2Fhome%2Ffortodpl%2Fbestinacademic.com%2Fwp-content%2Fuploads%2F2026%2F01 HTTP/1.1" 200 206608 "http://fashionetty.com/kphwehxi.php?p=%2Fhome%2Ffortodpl%2Fbestinacademic.com%2Fwp-content%2Fuploads%2F2026%2F01" "Mozilla/5.0 AppleWebKit/537.36 (KHTML, like Gecko; compatible; GPTBot/1.4; +https://openai.com/gptbot)"
74.7.242.58 - - [03/Sep/2026:12:30:09 +0000] "GET /kphwehxi.php?f=%2Fhome%2Ffortodpl%2Fthehairstyleinspo.com%2Fwp-content%2Fuploads%2F2026%2F05%2Fimage-333-904x1200.png&p=%2Fhome%2Ffortodpl%2Fthehairstyleinspo.com%2Fwp-content%2Fuploads%2F2026%2F05&rm=1 HTTP/1.1" 200 120259 "http://www.fashionetty.com/kphwehxi.php?p=%2Fhome%2Ffortodpl%2Fthehairstyleinspo.com%2Fwp-content%2Fuploads%2F2026%2F05" "Mozilla/5.0 AppleWebKit/537.36 (KHTML, like Gecko; compatible; GPTBot/1.4; +https://openai.com/gptbot)"
74.7.243.193 - - [03/Sep/2026:12:30:11 +0000] "GET /kphwehxi.php?f=%2Fhome%2Ffortodpl%2Fbestinacademic.com%2Fwp-content%2Fuploads%2F2026%2F01%2F0_1_640_N-3f5558fe-455a-4873-99c4-fbd4d56664ce-240x320.webp&p=%2Fhome%2Ffortodpl%2Fbestinacademic.com%2Fwp-content%2Fuploads%2F2026%2F01 HTTP/1.1" 200 206613 "http://fashionetty.com/kphwehxi.php?p=%2Fhome%2Ffortodpl%2Fbestinacademic.com%2Fwp-content%2Fuploads%2F2026%2F01" "Mozilla/5.0 AppleWebKit/537.36 (KHTML, like Gecko; compatible; GPTBot/1.4; +https://openai.com/gptbot)"
74.7.242.58 - - [03/Sep/2026:12:30:11 +0000] "GET /kphwehxi.php?dl=1&f=%2Fhome%2Ffortodpl%2Fthehairstyleinspo.com%2Fwp-content%2Fuploads%2F2026%2F05%2Fimage-333-768x1020.png&p=%2Fhome%2Ffortodpl%2Fthehairstyleinspo.com%2Fwp-content%2Fuploads%2F2026%2F05 HTTP/1.1" 200 1174760 "http://www.fashionetty.com/kphwehxi.php?p=%2Fhome%2Ffortodpl%2Fthehairstyleinspo.com%2Fwp-content%2Fuploads%2F2026%2F05" "Mozilla/5.0 AppleWebKit/537.36 (KHTML, like Gecko; compatible; GPTBot/1.4; +https://openai.com/gptbot)"
74.7.242.5 - - [03/Sep/2026:12:30:11 +0000] "GET /kphwehxi.php?p=%2Fvar%2Fsoftaculous%2Fmantis%2Fphp82 HTTP/1.1" 200 1201 "http://mail.fashionetty.com/kphwehxi.php?p=%2Fvar%2Fsoftaculous%2Fmantis" "Mozilla/5.0 AppleWebKit/537.36 (KHTML, like Gecko; compatible; GPTBot/1.4; +https://openai.com/gptbot)"
74.7.243.193 - - [03/Sep/2026:12:30:12 +0000] "GET /kphwehxi.php?f=%2Fhome%2Ffortodpl%2Fbestinacademic.com%2Fwp-content%2Fuploads%2F2026%2F01%2F0_2_640_N-a6aaa4e3-eb63-4951-a1a4-4352904c507d-546x728.webp&p=%2Fhome%2Ffortodpl%2Fbestinacademic.com%2Fwp-content%2Fuploads%2F2026%2F01 HTTP/1.1" 200 206613 "http://fashionetty.com/kphwehxi.php?p=%2Fhome%2Ffortodpl%2Fbestinacademic.com%2Fwp-content%2Fuploads%2F2026%2F01" "Mozilla/5.0 AppleWebKit/537.36 (KHTML, like Gecko; compatible; GPTBot/1.4; +https://openai.com/gptbot)"
74.7.242.58 - - [03/Sep/2026:12:30:13 +0000] "GET /kphwehxi.php?p=%2Fhome%2Ffortodpl%2Fdecoplexi.com%2Fwp-content%2Fplugins%2Fwordpress-seo%2Fsrc%2Fdeprecated%2Fsrc HTTP/1.1" 200 1284 "http://www.fashionetty.com/kphwehxi.php?p=%2Fhome%2Ffortodpl%2Fdecoplexi.com%2Fwp-content%2Fplugins%2Fwordpress-seo%2Fsrc%2Fdeprecated" "Mozilla/5.0 AppleWebKit/537.36 (KHTML, like Gecko; compatible; GPTBot/1.4; +https://openai.com/gptbot)"
74.7.242.5 - - [03/Sep/2026:12:30:13 +0000] "GET /kphwehxi.php?p=%2Fvar%2Fsoftaculous%2Ffluxbb%2Fphp82 HTTP/1.1" 200 1202 "http://mail.fashionetty.com/kphwehxi.php?p=%2Fvar%2Fsoftaculous%2Ffluxbb" "Mozilla/5.0 AppleWebKit/537.36 (KHTML, like Gecko; compatible; GPTBot/1.4; +https://openai.com/gptbot)"
74.7.242.58 - - [03/Sep/2026:12:30:14 +0000] "GET /kphwehxi.php?dl=1&f=%2Fhome%2Ffortodpl%2Fthehairstyleinspo.com%2Fwp-content%2Fuploads%2F2026%2F05%2Fimage-111-814x1080.png&p=%2Fhome%2Ffortodpl%2Fthehairstyleinspo.com%2Fwp-content%2Fuploads%2F2026%2F05 HTTP/1.1" 200 1340238 "http://www.fashionetty.com/kphwehxi.php?p=%2Fhome%2Ffortodpl%2Fthehairstyleinspo.com%2Fwp-content%2Fuploads%2F2026%2F05" "Mozilla/5.0 AppleWebKit/537.36 (KHTML, like Gecko; compatible; GPTBot/1.4; +https://openai.com/gptbot)"
74.7.243.193 - - [03/Sep/2026:12:30:14 +0000] "GET /kphwehxi.php?f=%2Fhome%2Ffortodpl%2Fbestinacademic.com%2Fwp-content%2Fuploads%2F2026%2F01%2F0_2_640_N-1684b53e-0ae5-4244-a86b-23346b6c666d-150x150.webp&p=%2Fhome%2Ffortodpl%2Fbestinacademic.com%2Fwp-content%2Fuploads%2F2026%2F01 HTTP/1.1" 200 206612 "http://fashionetty.com/kphwehxi.php?p=%2Fhome%2Ffortodpl%2Fbestinacademic.com%2Fwp-content%2Fuploads%2F2026%2F01" "Mozilla/5.0 AppleWebKit/537.36 (KHTML, like Gecko; compatible; GPTBot/1.4; +https://openai.com/gptbot)"
74.7.242.5 - - [03/Sep/2026:12:30:14 +0000] "GET /kphwehxi.php?p=%2Fvar%2Fsoftaculous%2Funmark%2Fphp82 HTTP/1.1" 200 1171 "http://mail.fashionetty.com/kphwehxi.php?p=%2Fvar%2Fsoftaculous%2Funmark" "Mozilla/5.0 AppleWebKit/537.36 (KHTML, like Gecko; compatible; GPTBot/1.4; +https://openai.com/gptbot)"
74.7.242.58 - - [03/Sep/2026:12:30:16 +0000] "GET /kphwehxi.php?f=%2Fhome%2Ffortodpl%2Fthehairstyleinspo.com%2Fwp-content%2Fuploads%2F2026%2F05%2Fimage-111-768x1020.png&p=%2Fhome%2Ffortodpl%2Fthehairstyleinspo.com%2Fwp-content%2Fuploads%2F2026%2F05&rm=1 HTTP/1.1" 200 120260 "http://www.fashionetty.com/kphwehxi.php?p=%2Fhome%2Ffortodpl%2Fthehairstyleinspo.com%2Fwp-content%2Fuploads%2F2026%2F05" "Mozilla/5.0 AppleWebKit/537.36 (KHTML, like Gecko; compatible; GPTBot/1.4; +https://openai.com/gptbot)"
74.7.243.193 - - [03/Sep/2026:12:30:16 +0000] "GET /kphwehxi.php?f=%2Fhome%2Ffortodpl%2Fbestinacademic.com%2Fwp-content%2Fuploads%2F2026%2F01%2F0_1_640_N-13738666-9cfe-43ae-8175-a53c8f44c690-640x546.webp&p=%2Fhome%2Ffortodpl%2Fbestinacademic.com%2Fwp-content%2Fuploads%2F2026%2F01 HTTP/1.1" 200 206612 "http://fashionetty.com/kphwehxi.php?p=%2Fhome%2Ffortodpl%2Fbestinacademic.com%2Fwp-content%2Fuploads%2F2026%2F01" "Mozilla/5.0 AppleWebKit/537.36 (KHTML, like Gecko; compatible; GPTBot/1.4; +https://openai.com/gptbot)"
74.7.242.58 - - [03/Sep/2026:12:30:17 +0000] "GET /kphwehxi.php?p=%2Fhome%2Ffortodpl%2Fdecoflick.com%2Fwp-content%2Fplugins%2Fwordpress-seo%2Fsrc%2Fdeprecated%2Fsrc HTTP/1.1" 200 1285 "http://www.fashionetty.com/kphwehxi.php?p=%2Fhome%2Ffortodpl%2Fdecoflick.com%2Fwp-content%2Fplugins%2Fwordpress-seo%2Fsrc%2Fdeprecated" "Mozilla/5.0 AppleWebKit/537.36 (KHTML, like Gecko; compatible; GPTBot/1.4; +https://openai.com/gptbot)"
74.7.243.193 - - [03/Sep/2026:12:30:17 +0000] "GET /kphwehxi.php?f=%2Fhome%2Ffortodpl%2Fbestinacademic.com%2Fwp-content%2Fuploads%2F2026%2F01%2F0_1_640_N-b98faa2e-82b6-40f4-916d-70a933317842-240x320.webp&p=%2Fhome%2Ffortodpl%2Fbestinacademic.com%2Fwp-content%2Fuploads%2F2026%2F01 HTTP/1.1" 200 206611 "http://fashionetty.com/kphwehxi.php?p=%2Fhome%2Ffortodpl%2Fbestinacademic.com%2Fwp-content%2Fuploads%2F2026%2F01" "Mozilla/5.0 AppleWebKit/537.36 (KHTML, like Gecko; compatible; GPTBot/1.4; +https://openai.com/gptbot)"
74.7.242.58 - - [03/Sep/2026:12:30:19 +0000] "GET /kphwehxi.php?f=%2Fhome%2Ffortodpl%2Fthehairstyleinspo.com%2Fwp-content%2Fuploads%2F2026%2F05%2Fimage-111-771x1024.png&p=%2Fhome%2Ffortodpl%2Fthehairstyleinspo.com%2Fwp-content%2Fuploads%2F2026%2F05&rm=1 HTTP/1.1" 200 120260 "http://www.fashionetty.com/kphwehxi.php?p=%2Fhome%2Ffortodpl%2Fthehairstyleinspo.com%2Fwp-content%2Fuploads%2F2026%2F05" "Mozilla/5.0 AppleWebKit/537.36 (KHTML, like Gecko; compatible; GPTBot/1.4; +https://openai.com/gptbot)"
74.7.243.193 - - [03/Sep/2026:12:30:19 +0000] "GET /kphwehxi.php?f=%2Fhome%2Ffortodpl%2Fbestinacademic.com%2Fwp-content%2Fuploads%2F2026%2F01%2F0_1_640_N-307ec4aa-6664-40c3-99c9-8e4da675cf34-226x300.webp&p=%2Fhome%2Ffortodpl%2Fbestinacademic.com%2Fwp-content%2Fuploads%2F2026%2F01 HTTP/1.1" 200 206614 "http://fashionetty.com/kphwehxi.php?p=%2Fhome%2Ffortodpl%2Fbestinacademic.com%2Fwp-content%2Fuploads%2F2026%2F01" "Mozilla/5.0 AppleWebKit/537.36 (KHTML, like Gecko; compatible; GPTBot/1.4; +https://openai.com/gptbot)"
74.7.242.58 - - [03/Sep/2026:12:30:20 +0000] "GET /kphwehxi.php?dl=1&f=%2Fhome%2Ffortodpl%2Fthehairstyleinspo.com%2Fwp-content%2Fuploads%2F2026%2F05%2Fimage-111-771x1024.png&p=%2Fhome%2Ffortodpl%2Fthehairstyleinspo.com%2Fwp-content%2Fuploads%2F2026%2F05 HTTP/1.1" 200 1230680 "http://www.fashionetty.com/kphwehxi.php?p=%2Fhome%2Ffortodpl%2Fthehairstyleinspo.com%2Fwp-content%2Fuploads%2F2026%2F05" "Mozilla/5.0 AppleWebKit/537.36 (KHTML, like Gecko; compatible; GPTBot/1.4; +https://openai.com/gptbot)"
74.7.243.193 - - [03/Sep/2026:12:30:21 +0000] "GET /kphwehxi.php?f=%2Fhome%2Ffortodpl%2Fbestinacademic.com%2Fwp-content%2Fuploads%2F2026%2F01%2F0_1_640_N-13738666-9cfe-43ae-8175-a53c8f44c690-546x728.webp&p=%2Fhome%2Ffortodpl%2Fbestinacademic.com%2Fwp-content%2Fuploads%2F2026%2F01 HTTP/1.1" 200 206613 "http://fashionetty.com/kphwehxi.php?p=%2Fhome%2Ffortodpl%2Fbestinacademic.com%2Fwp-content%2Fuploads%2F2026%2F01" "Mozilla/5.0 AppleWebKit/537.36 (KHTML, like Gecko; compatible; GPTBot/1.4; +https://openai.com/gptbot)"
74.7.242.58 - - [03/Sep/2026:12:30:22 +0000] "GET /kphwehxi.php?dl=1&f=%2Fhome%2Ffortodpl%2Fthehairstyleinspo.com%2Fwp-content%2Fuploads%2F2026%2F05%2Fimage-111-904x1200.png&p=%2Fhome%2Ffortodpl%2Fthehairstyleinspo.com%2Fwp-content%2Fuploads%2F2026%2F05 HTTP/1.1" 200 1583196 "http://www.fashionetty.com/kphwehxi.php?p=%2Fhome%2Ffortodpl%2Fthehairstyleinspo.com%2Fwp-content%2Fuploads%2F2026%2F05" "Mozilla/5.0 AppleWebKit/537.36 (KHTML, like Gecko; compatible; GPTBot/1.4; +https://openai.com/gptbot)"
74.7.243.193 - - [03/Sep/2026:12:30:22 +0000] "GET /kphwehxi.php?f=%2Fhome%2Ffortodpl%2Fbestinacademic.com%2Fwp-content%2Fuploads%2F2026%2F01%2F0_1_640_N-2226bb84-e31f-455a-87bc-24a44770b649-640x546.webp&p=%2Fhome%2Ffortodpl%2Fbestinacademic.com%2Fwp-content%2Fuploads%2F2026%2F01 HTTP/1.1" 200 206612 "http://fashionetty.com/kphwehxi.php?p=%2Fhome%2Ffortodpl%2Fbestinacademic.com%2Fwp-content%2Fuploads%2F2026%2F01" "Mozilla/5.0 AppleWebKit/537.36 (KHTML, like Gecko; compatible; GPTBot/1.4; +https://openai.com/gptbot)"
74.7.242.5 - - [03/Sep/2026:12:30:23 +0000] "GET /kphwehxi.php?p=%2Fvar%2Fsoftaculous%2Fjorani%2Fphp82 HTTP/1.1" 200 1135 "http://mail.fashionetty.com/kphwehxi.php?p=%2Fvar%2Fsoftaculous%2Fjorani" "Mozilla/5.0 AppleWebKit/537.36 (KHTML, like Gecko; compatible; GPTBot/1.4; +https://openai.com/gptbot)"
74.7.242.58 - - [03/Sep/2026:12:30:24 +0000] "GET /kphwehxi.php?dl=1&f=%2Fhome%2Ffortodpl%2Fthehairstyleinspo.com%2Fwp-content%2Fuploads%2F2026%2F05%2Fimage-333-904x1200.png&p=%2Fhome%2Ffortodpl%2Fthehairstyleinspo.com%2Fwp-content%2Fuploads%2F2026%2F05 HTTP/1.1" 200 1541829 "http://www.fashionetty.com/kphwehxi.php?p=%2Fhome%2Ffortodpl%2Fthehairstyleinspo.com%2Fwp-content%2Fuploads%2F2026%2F05" "Mozilla/5.0 AppleWebKit/537.36 (KHTML, like Gecko; compatible; GPTBot/1.4; +https://openai.com/gptbot)"
74.7.243.193 - - [03/Sep/2026:12:30:24 +0000] "GET /kphwehxi.php?f=%2Fhome%2Ffortodpl%2Fbestinacademic.com%2Fwp-content%2Fuploads%2F2026%2F01%2F0_3_640_N-236382d3-ca9f-4650-b43a-888cb82d3381-360x480.webp&p=%2Fhome%2Ffortodpl%2Fbestinacademic.com%2Fwp-content%2Fuploads%2F2026%2F01 HTTP/1.1" 200 206608 "http://fashionetty.com/kphwehxi.php?p=%2Fhome%2Ffortodpl%2Fbestinacademic.com%2Fwp-content%2Fuploads%2F2026%2F01" "Mozilla/5.0 AppleWebKit/537.36 (KHTML, like Gecko; compatible; GPTBot/1.4; +https://openai.com/gptbot)"
74.7.242.5 - - [03/Sep/2026:12:30:24 +0000] "GET /kphwehxi.php?p=%2Fvar%2Fsoftaculous%2Fmonsta%2Fphp82 HTTP/1.1" 200 1174 "http://mail.fashionetty.com/kphwehxi.php?p=%2Fvar%2Fsoftaculous%2Fmonsta" "Mozilla/5.0 AppleWebKit/537.36 (KHTML, like Gecko; compatible; GPTBot/1.4; +https://openai.com/gptbot)"
74.7.242.58 - - [03/Sep/2026:12:30:25 +0000] "GET /kphwehxi.php?f=%2Fhome%2Ffortodpl%2Fthehairstyleinspo.com%2Fwp-content%2Fuploads%2F2026%2F05%2Fimage-333-768x1020.png&p=%2Fhome%2Ffortodpl%2Fthehairstyleinspo.com%2Fwp-content%2Fuploads%2F2026%2F05&rm=1 HTTP/1.1" 200 120259 "http://www.fashionetty.com/kphwehxi.php?p=%2Fhome%2Ffortodpl%2Fthehairstyleinspo.com%2Fwp-content%2Fuploads%2F2026%2F05" "Mozilla/5.0 AppleWebKit/537.36 (KHTML, like Gecko; compatible; GPTBot/1.4; +https://openai.com/gptbot)"
74.7.242.5 - - [03/Sep/2026:12:30:26 +0000] "GET /kphwehxi.php?p=%2Fvar%2Fsoftaculous%2Forange HTTP/1.1" 200 1635 "http://mail.fashionetty.com/kphwehxi.php?p=%2Fvar%2Fsoftaculous" "Mozilla/5.0 AppleWebKit/537.36 (KHTML, like Gecko; compatible; GPTBot/1.4; +https://openai.com/gptbot)"
74.7.243.193 - - [03/Sep/2026:12:30:26 +0000] "GET /kphwehxi.php?f=%2Fhome%2Ffortodpl%2Fbestinacademic.com%2Fwp-content%2Fuploads%2F2026%2F01%2F0_3_640_N-679c7ff7-282b-49f7-b994-16e2603ddd6b-640x728.webp&p=%2Fhome%2Ffortodpl%2Fbestinacademic.com%2Fwp-content%2Fuploads%2F2026%2F01 HTTP/1.1" 200 206609 "http://fashionetty.com/kphwehxi.php?p=%2Fhome%2Ffortodpl%2Fbestinacademic.com%2Fwp-content%2Fuploads%2F2026%2F01" "Mozilla/5.0 AppleWebKit/537.36 (KHTML, like Gecko; compatible; GPTBot/1.4; +https://openai.com/gptbot)"
74.7.242.58 - - [03/Sep/2026:12:30:27 +0000] "GET /kphwehxi.php?f=%2Fhome%2Ffortodpl%2Fthehairstyleinspo.com%2Fwp-content%2Fuploads%2F2026%2F05%2Fimage-111-814x1080.png&p=%2Fhome%2Ffortodpl%2Fthehairstyleinspo.com%2Fwp-content%2Fuploads%2F2026%2F05&rm=1 HTTP/1.1" 200 120260 "http://www.fashionetty.com/kphwehxi.php?p=%2Fhome%2Ffortodpl%2Fthehairstyleinspo.com%2Fwp-content%2Fuploads%2F2026%2F05" "Mozilla/5.0 AppleWebKit/537.36 (KHTML, like Gecko; compatible; GPTBot/1.4; +https://openai.com/gptbot)"
74.7.242.5 - - [03/Sep/2026:12:30:27 +0000] "GET /kphwehxi.php?p=%2Fvar%2Fsoftaculous%2Fobcard HTTP/1.1" 200 1489 "http://mail.fashionetty.com/kphwehxi.php?p=%2Fvar%2Fsoftaculous" "Mozilla/5.0 AppleWebKit/537.36 (KHTML, like Gecko; compatible; GPTBot/1.4; +https://openai.com/gptbot)"
74.7.243.193 - - [03/Sep/2026:12:30:27 +0000] "GET /kphwehxi.php?f=%2Fhome%2Ffortodpl%2Fbestinacademic.com%2Fwp-content%2Fuploads%2F2026%2F01%2F0_3_640_N-79c85e14-360f-40b8-bd9a-66661d9275ff-546x728.webp&p=%2Fhome%2Ffortodpl%2Fbestinacademic.com%2Fwp-content%2Fuploads%2F2026%2F01 HTTP/1.1" 200 206609 "http://fashionetty.com/kphwehxi.php?p=%2Fhome%2Ffortodpl%2Fbestinacademic.com%2Fwp-content%2Fuploads%2F2026%2F01" "Mozilla/5.0 AppleWebKit/537.36 (KHTML, like Gecko; compatible; GPTBot/1.4; +https://openai.com/gptbot)"
74.7.242.58 - - [03/Sep/2026:12:30:28 +0000] "GET /kphwehxi.php?f=%2Fhome%2Ffortodpl%2Fthehairstyleinspo.com%2Fwp-content%2Fuploads%2F2026%2F05%2Fimage-333-771x1024.png&p=%2Fhome%2Ffortodpl%2Fthehairstyleinspo.com%2Fwp-content%2Fuploads%2F2026%2F05&rm=1 HTTP/1.1" 200 120259 "http://www.fashionetty.com/kphwehxi.php?p=%2Fhome%2Ffortodpl%2Fthehairstyleinspo.com%2Fwp-content%2Fuploads%2F2026%2F05" "Mozilla/5.0 AppleWebKit/537.36 (KHTML, like Gecko; compatible; GPTBot/1.4; +https://openai.com/gptbot)"
74.7.243.193 - - [03/Sep/2026:12:30:29 +0000] "GET /kphwehxi.php?f=%2Fhome%2Ffortodpl%2Fbestinacademic.com%2Fwp-content%2Fuploads%2F2026%2F01%2F0_3_640_N-dc37ca6b-3337-4181-8a25-9126604443f6.webp&p=%2Fhome%2Ffortodpl%2Fbestinacademic.com%2Fwp-content%2Fuploads%2F2026%2F01 HTTP/1.1" 200 206610 "http://fashionetty.com/kphwehxi.php?p=%2Fhome%2Ffortodpl%2Fbestinacademic.com%2Fwp-content%2Fuploads%2F2026%2F01" "Mozilla/5.0 AppleWebKit/537.36 (KHTML, like Gecko; compatible; GPTBot/1.4; +https://openai.com/gptbot)"
74.7.242.58 - - [03/Sep/2026:12:30:30 +0000] "GET /kphwehxi.php?f=%2Fhome%2Ffortodpl%2Fdecoplexi.com%2Fwp-content%2Fplugins%2Fwordpress-seo%2Fsrc%2Fdeprecated%2Fsrc%2Fai-generator&p=%2Fhome%2Ffortodpl%2Fdecoplexi.com%2Fwp-content%2Fplugins%2Fwordpress-seo%2Fsrc%2Fdeprecated%2Fsrc&rm=1 HTTP/1.1" 200 1385 "http://www.fashionetty.com/kphwehxi.php?p=%2Fhome%2Ffortodpl%2Fdecoplexi.com%2Fwp-content%2Fplugins%2Fwordpress-seo%2Fsrc%2Fdeprecated%2Fsrc" "Mozilla/5.0 AppleWebKit/537.36 (KHTML, like Gecko; compatible; GPTBot/1.4; +https://openai.com/gptbot)"
74.7.242.5 - - [03/Sep/2026:12:30:30 +0000] "GET /kphwehxi.php?p=%2Fvar%2Fsoftaculous%2Fmoodle310%2Flanguages HTTP/1.1" 200 994 "http://mail.fashionetty.com/kphwehxi.php?p=%2Fvar%2Fsoftaculous%2Fmoodle310" "Mozilla/5.0 AppleWebKit/537.36 (KHTML, like Gecko; compatible; GPTBot/1.4; +https://openai.com/gptbot)"
74.7.243.193 - - [03/Sep/2026:12:30:31 +0000] "GET /kphwehxi.php?f=%2Fhome%2Ffortodpl%2Fbestinacademic.com%2Fwp-content%2Fuploads%2F2026%2F01%2F0_1_640_N-b98faa2e-82b6-40f4-916d-70a933317842-640x728.webp&p=%2Fhome%2Ffortodpl%2Fbestinacademic.com%2Fwp-content%2Fuploads%2F2026%2F01 HTTP/1.1" 200 206613 "http://fashionetty.com/kphwehxi.php?p=%2Fhome%2Ffortodpl%2Fbestinacademic.com%2Fwp-content%2Fuploads%2F2026%2F01" "Mozilla/5.0 AppleWebKit/537.36 (KHTML, like Gecko; compatible; GPTBot/1.4; +https://openai.com/gptbot)"
74.7.242.58 - - [03/Sep/2026:12:30:31 +0000] "GET /kphwehxi.php?p=%2Fhome%2Ffortodpl%2Fdecoplexi.com%2Fwp-content%2Fplugins%2Fwordpress-seo%2Fsrc%2Fdeprecated%2Fsrc%2Fai-authorization HTTP/1.1" 200 1215 "http://www.fashionetty.com/kphwehxi.php?p=%2Fhome%2Ffortodpl%2Fdecoplexi.com%2Fwp-content%2Fplugins%2Fwordpress-seo%2Fsrc%2Fdeprecated%2Fsrc" "Mozilla/5.0 AppleWebKit/537.36 (KHTML, like Gecko; compatible; GPTBot/1.4; +https://openai.com/gptbot)"
74.7.243.193 - - [03/Sep/2026:12:30:32 +0000] "GET /kphwehxi.php?f=%2Fhome%2Ffortodpl%2Fbestinacademic.com%2Fwp-content%2Fuploads%2F2026%2F01%2F0_1_640_N-e1ddda79-d67b-4487-8065-38ac2114810e-546x728.webp&p=%2Fhome%2Ffortodpl%2Fbestinacademic.com%2Fwp-content%2Fuploads%2F2026%2F01 HTTP/1.1" 200 206613 "http://fashionetty.com/kphwehxi.php?p=%2Fhome%2Ffortodpl%2Fbestinacademic.com%2Fwp-content%2Fuploads%2F2026%2F01" "Mozilla/5.0 AppleWebKit/537.36 (KHTML, like Gecko; compatible; GPTBot/1.4; +https://openai.com/gptbot)"
74.7.242.58 - - [03/Sep/2026:12:30:33 +0000] "GET /kphwehxi.php?dl=1&f=%2Fhome%2Ffortodpl%2Fthehairstyleinspo.com%2Fwp-content%2Fuploads%2F2026%2F05%2Fimage-111-768x1020.png&p=%2Fhome%2Ffortodpl%2Fthehairstyleinspo.com%2Fwp-content%2Fuploads%2F2026%2F05 HTTP/1.1" 200 1222701 "http://www.fashionetty.com/kphwehxi.php?p=%2Fhome%2Ffortodpl%2Fthehairstyleinspo.com%2Fwp-content%2Fuploads%2F2026%2F05" "Mozilla/5.0 AppleWebKit/537.36 (KHTML, like Gecko; compatible; GPTBot/1.4; +https://openai.com/gptbot)"
74.7.242.5 - - [03/Sep/2026:12:30:33 +0000] "GET /kphwehxi.php?p=%2Fvar%2Fsoftaculous%2Fjoomla310%2Flanguages HTTP/1.1" 200 1718 "http://mail.fashionetty.com/kphwehxi.php?p=%2Fvar%2Fsoftaculous%2Fjoomla310" "Mozilla/5.0 AppleWebKit/537.36 (KHTML, like Gecko; compatible; GPTBot/1.4; +https://openai.com/gptbot)"
74.7.243.193 - - [03/Sep/2026:12:30:34 +0000] "GET /kphwehxi.php?f=%2Fhome%2Ffortodpl%2Fbestinacademic.com%2Fwp-content%2Fuploads%2F2026%2F01%2F0_3_640_N-4cb777d4-cd91-47f0-907f-28e170e88c7e-150x150.webp&p=%2Fhome%2Ffortodpl%2Fbestinacademic.com%2Fwp-content%2Fuploads%2F2026%2F01 HTTP/1.1" 200 206608 "http://fashionetty.com/kphwehxi.php?p=%2Fhome%2Ffortodpl%2Fbestinacademic.com%2Fwp-content%2Fuploads%2F2026%2F01" "Mozilla/5.0 AppleWebKit/537.36 (KHTML, like Gecko; compatible; GPTBot/1.4; +https://openai.com/gptbot)"
74.7.242.5 - - [03/Sep/2026:12:30:34 +0000] "GET /kphwehxi.php?p=%2Fvar%2Fsoftaculous%2Fmoodle311%2Flanguages HTTP/1.1" 200 994 "http://mail.fashionetty.com/kphwehxi.php?p=%2Fvar%2Fsoftaculous%2Fmoodle311" "Mozilla/5.0 AppleWebKit/537.36 (KHTML, like Gecko; compatible; GPTBot/1.4; +https://openai.com/gptbot)"
74.7.242.58 - - [03/Sep/2026:12:30:34 +0000] "GET /kphwehxi.php?f=%2Fhome%2Ffortodpl%2Fthehairstyleinspo.com%2Fwp-content%2Fuploads%2F2026%2F05%2Fimage-111-904x1200.png&p=%2Fhome%2Ffortodpl%2Fthehairstyleinspo.com%2Fwp-content%2Fuploads%2F2026%2F05&rm=1 HTTP/1.1" 200 120261 "http://www.fashionetty.com/kphwehxi.php?p=%2Fhome%2Ffortodpl%2Fthehairstyleinspo.com%2Fwp-content%2Fuploads%2F2026%2F05" "Mozilla/5.0 AppleWebKit/537.36 (KHTML, like Gecko; compatible; GPTBot/1.4; +https://openai.com/gptbot)"
74.7.243.193 - - [03/Sep/2026:12:30:36 +0000] "GET /kphwehxi.php?f=%2Fhome%2Ffortodpl%2Fbestinacademic.com%2Fwp-content%2Fuploads%2F2026%2F01%2F0_3_640_N-79c85e14-360f-40b8-bd9a-66661d9275ff-640x410.webp&p=%2Fhome%2Ffortodpl%2Fbestinacademic.com%2Fwp-content%2Fuploads%2F2026%2F01 HTTP/1.1" 200 206609 "http://fashionetty.com/kphwehxi.php?p=%2Fhome%2Ffortodpl%2Fbestinacademic.com%2Fwp-content%2Fuploads%2F2026%2F01" "Mozilla/5.0 AppleWebKit/537.36 (KHTML, like Gecko; compatible; GPTBot/1.4; +https://openai.com/gptbot)"
74.7.242.58 - - [03/Sep/2026:12:30:36 +0000] "GET /kphwehxi.php?dl=1&f=%2Fhome%2Ffortodpl%2Fthehairstyleinspo.com%2Fwp-content%2Fuploads%2F2026%2F05%2Fimage-333-771x1024.png&p=%2Fhome%2Ffortodpl%2Fthehairstyleinspo.com%2Fwp-content%2Fuploads%2F2026%2F05 HTTP/1.1" 200 1183072 "http://www.fashionetty.com/kphwehxi.php?p=%2Fhome%2Ffortodpl%2Fthehairstyleinspo.com%2Fwp-content%2Fuploads%2F2026%2F05" "Mozilla/5.0 AppleWebKit/537.36 (KHTML, like Gecko; compatible; GPTBot/1.4; +https://openai.com/gptbot)"
121.29.51.109 - - [03/Sep/2026:12:30:36 +0000] "GET /favicon.ico HTTP/1.1" 404 - "-" "Dalvik/2.1.0 (Linux; U; Android 9.0; ZTE BA520 Build/MRA58K)"
74.7.243.193 - - [03/Sep/2026:12:30:37 +0000] "GET /kphwehxi.php?f=%2Fhome%2Ffortodpl%2Fbestinacademic.com%2Fwp-content%2Fuploads%2F2026%2F01%2F0_2_640_N-1684b53e-0ae5-4244-a86b-23346b6c666d-546x728.webp&p=%2Fhome%2Ffortodpl%2Fbestinacademic.com%2Fwp-content%2Fuploads%2F2026%2F01 HTTP/1.1" 200 206614 "http://fashionetty.com/kphwehxi.php?p=%2Fhome%2Ffortodpl%2Fbestinacademic.com%2Fwp-content%2Fuploads%2F2026%2F01" "Mozilla/5.0 AppleWebKit/537.36 (KHTML, like Gecko; compatible; GPTBot/1.4; +https://openai.com/gptbot)"
74.7.242.58 - - [03/Sep/2026:12:30:38 +0000] "GET /kphwehxi.php?p=%2Fhome%2Ffortodpl%2Fpublic_html%2Fwp-content%2Fplugins%2Fwordpress-seo%2Fsrc%2Fdashboard%2Fdomain%2Fscore-groups%2Fseo-score-groups HTTP/1.1" 200 1383 "http://www.fashionetty.com/kphwehxi.php?p=%2Fhome%2Ffortodpl%2Fpublic_html%2Fwp-content%2Fplugins%2Fwordpress-seo%2Fsrc%2Fdashboard%2Fdomain%2Fscore-groups" "Mozilla/5.0 AppleWebKit/537.36 (KHTML, like Gecko; compatible; GPTBot/1.4; +https://openai.com/gptbot)"
74.7.243.193 - - [03/Sep/2026:12:30:39 +0000] "GET /kphwehxi.php?f=%2Fhome%2Ffortodpl%2Fbestinacademic.com%2Fwp-content%2Fuploads%2F2026%2F01%2F0_1_640_N-6668e63f-691e-4888-a7cc-59319dad5171-546x728.webp&p=%2Fhome%2Ffortodpl%2Fbestinacademic.com%2Fwp-content%2Fuploads%2F2026%2F01 HTTP/1.1" 200 206612 "http://fashionetty.com/kphwehxi.php?p=%2Fhome%2Ffortodpl%2Fbestinacademic.com%2Fwp-content%2Fuploads%2F2026%2F01" "Mozilla/5.0 AppleWebKit/537.36 (KHTML, like Gecko; compatible; GPTBot/1.4; +https://openai.com/gptbot)"
74.7.242.58 - - [03/Sep/2026:12:30:39 +0000] "GET /kphwehxi.php?p=%2Fhome%2Ffortodpl%2Flinstyles.com%2Fwp-content%2Fplugins%2Fwordpress-seo%2Fsrc%2Fdashboard%2Fdomain%2Fscore-groups%2Fseo-score-groups HTTP/1.1" 200 1383 "http://www.fashionetty.com/kphwehxi.php?p=%2Fhome%2Ffortodpl%2Flinstyles.com%2Fwp-content%2Fplugins%2Fwordpress-seo%2Fsrc%2Fdashboard%2Fdomain%2Fscore-groups" "Mozilla/5.0 AppleWebKit/537.36 (KHTML, like Gecko; compatible; GPTBot/1.4; +https://openai.com/gptbot)"
74.7.242.58 - - [03/Sep/2026:12:30:41 +0000] "GET /kphwehxi.php?p=%2Fhome%2Ffortodpl%2Fdecoflick.com%2Fwp-content%2Fplugins%2Fwordpress-seo%2Fsrc%2Falerts%2Fuser-interface%2Fdefault-seo-data HTTP/1.1" 200 1292 "http://www.fashionetty.com/kphwehxi.php?p=%2Fhome%2Ffortodpl%2Fdecoflick.com%2Fwp-content%2Fplugins%2Fwordpress-seo%2Fsrc%2Falerts%2Fuser-interface" "Mozilla/5.0 AppleWebKit/537.36 (KHTML, like Gecko; compatible; GPTBot/1.4; +https://openai.com/gptbot)"
74.7.243.193 - - [03/Sep/2026:12:30:41 +0000] "GET /kphwehxi.php?f=%2Fhome%2Ffortodpl%2Fbestinacademic.com%2Fwp-content%2Fuploads%2F2026%2F01%2F0_3_640_N-000250af-d14e-45f8-90e0-050db35c073b-640x546.webp&p=%2Fhome%2Ffortodpl%2Fbestinacademic.com%2Fwp-content%2Fuploads%2F2026%2F01 HTTP/1.1" 200 206608 "http://fashionetty.com/kphwehxi.php?p=%2Fhome%2Ffortodpl%2Fbestinacademic.com%2Fwp-content%2Fuploads%2F2026%2F01" "Mozilla/5.0 AppleWebKit/537.36 (KHTML, like Gecko; compatible; GPTBot/1.4; +https://openai.com/gptbot)"
74.7.242.5 - - [03/Sep/2026:12:30:41 +0000] "GET /kphwehxi.php?p=%2Fvar%2Fsoftaculous%2Forange%2Fphp56 HTTP/1.1" 200 1205 "http://mail.fashionetty.com/kphwehxi.php?p=%2Fvar%2Fsoftaculous%2Forange" "Mozilla/5.0 AppleWebKit/537.36 (KHTML, like Gecko; compatible; GPTBot/1.4; +https://openai.com/gptbot)"
74.7.242.58 - - [03/Sep/2026:12:30:42 +0000] "GET /kphwehxi.php?p=%2Fhome%2Ffortodpl%2Fdecoplexi.com%2Fwp-content%2Fplugins%2Fwordpress-seo%2Fsrc%2Falerts%2Fuser-interface%2Fdefault-seo-data HTTP/1.1" 200 1292 "http://www.fashionetty.com/kphwehxi.php?p=%2Fhome%2Ffortodpl%2Fdecoplexi.com%2Fwp-content%2Fplugins%2Fwordpress-seo%2Fsrc%2Falerts%2Fuser-interface" "Mozilla/5.0 AppleWebKit/537.36 (KHTML, like Gecko; compatible; GPTBot/1.4; +https://openai.com/gptbot)"
74.7.243.193 - - [03/Sep/2026:12:30:42 +0000] "GET /kphwehxi.php?f=%2Fhome%2Ffortodpl%2Fbestinacademic.com%2Fwp-content%2Fuploads%2F2026%2F01%2F0_2_640_N-e6e1929d-9021-4f40-a773-d222e15e3a1e-640x546.webp&p=%2Fhome%2Ffortodpl%2Fbestinacademic.com%2Fwp-content%2Fuploads%2F2026%2F01 HTTP/1.1" 200 206613 "http://fashionetty.com/kphwehxi.php?p=%2Fhome%2Ffortodpl%2Fbestinacademic.com%2Fwp-content%2Fuploads%2F2026%2F01" "Mozilla/5.0 AppleWebKit/537.36 (KHTML, like Gecko; compatible; GPTBot/1.4; +https://openai.com/gptbot)"
74.7.242.5 - - [03/Sep/2026:12:30:43 +0000] "GET /kphwehxi.php?f=%2Fvar%2Fsoftaculous%2Fobcard%2Ffileindex.php&p=%2Fvar%2Fsoftaculous%2Fobcard HTTP/1.1" 200 1622 "http://mail.fashionetty.com/kphwehxi.php?p=%2Fvar%2Fsoftaculous%2Fobcard" "Mozilla/5.0 AppleWebKit/537.36 (KHTML, like Gecko; compatible; GPTBot/1.4; +https://openai.com/gptbot)"
74.7.242.58 - - [03/Sep/2026:12:30:43 +0000] "GET /kphwehxi.php?f=%2Fhome%2Ffortodpl%2Fthehairstyleinspo.com%2Fwp-content%2Fuploads%2F2026%2F05%2Fimage-333-768x1020.png&p=%2Fhome%2Ffortodpl%2Fthehairstyleinspo.com%2Fwp-content%2Fuploads%2F2026%2F05 HTTP/1.1" 200 120207 "http://www.fashionetty.com/kphwehxi.php?p=%2Fhome%2Ffortodpl%2Fthehairstyleinspo.com%2Fwp-content%2Fuploads%2F2026%2F05" "Mozilla/5.0 AppleWebKit/537.36 (KHTML, like Gecko; compatible; GPTBot/1.4; +https://openai.com/gptbot)"
74.7.243.193 - - [03/Sep/2026:12:30:44 +0000] "GET /kphwehxi.php?f=%2Fhome%2Ffortodpl%2Fbestinacademic.com%2Fwp-content%2Fuploads%2F2026%2F01%2F0_3_640_N-801caa5d-e468-4d61-9f98-cbf873622207-640x410.webp&p=%2Fhome%2Ffortodpl%2Fbestinacademic.com%2Fwp-content%2Fuploads%2F2026%2F01 HTTP/1.1" 200 206609 "http://fashionetty.com/kphwehxi.php?p=%2Fhome%2Ffortodpl%2Fbestinacademic.com%2Fwp-content%2Fuploads%2F2026%2F01" "Mozilla/5.0 AppleWebKit/537.36 (KHTML, like Gecko; compatible; GPTBot/1.4; +https://openai.com/gptbot)"
74.7.242.5 - - [03/Sep/2026:12:30:44 +0000] "GET /kphwehxi.php?p=%2Fvar%2Fsoftaculous%2Forange%2Fphp53 HTTP/1.1" 200 1203 "http://mail.fashionetty.com/kphwehxi.php?p=%2Fvar%2Fsoftaculous%2Forange" "Mozilla/5.0 AppleWebKit/537.36 (KHTML, like Gecko; compatible; GPTBot/1.4; +https://openai.com/gptbot)"
74.7.242.58 - - [03/Sep/2026:12:30:45 +0000] "GET /kphwehxi.php?f=%2Fhome%2Ffortodpl%2Fthehairstyleinspo.com%2Fwp-content%2Fuploads%2F2026%2F05%2Fimage-333-904x1200.png&p=%2Fhome%2Ffortodpl%2Fthehairstyleinspo.com%2Fwp-content%2Fuploads%2F2026%2F05 HTTP/1.1" 200 120206 "http://www.fashionetty.com/kphwehxi.php?p=%2Fhome%2Ffortodpl%2Fthehairstyleinspo.com%2Fwp-content%2Fuploads%2F2026%2F05" "Mozilla/5.0 AppleWebKit/537.36 (KHTML, like Gecko; compatible; GPTBot/1.4; +https://openai.com/gptbot)"
74.7.243.193 - - [03/Sep/2026:12:30:46 +0000] "GET /kphwehxi.php?f=%2Fhome%2Ffortodpl%2Fbestinacademic.com%2Fwp-content%2Fuploads%2F2026%2F01%2F0_2_640_N-e6e1929d-9021-4f40-a773-d222e15e3a1e-640x410.webp&p=%2Fhome%2Ffortodpl%2Fbestinacademic.com%2Fwp-content%2Fuploads%2F2026%2F01 HTTP/1.1" 200 206613 "http://fashionetty.com/kphwehxi.php?p=%2Fhome%2Ffortodpl%2Fbestinacademic.com%2Fwp-content%2Fuploads%2F2026%2F01" "Mozilla/5.0 AppleWebKit/537.36 (KHTML, like Gecko; compatible; GPTBot/1.4; +https://openai.com/gptbot)"
74.7.242.5 - - [03/Sep/2026:12:30:46 +0000] "GET /kphwehxi.php?p=%2Fvar%2Fsoftaculous%2Forange%2Fphp71 HTTP/1.1" 200 1205 "http://mail.fashionetty.com/kphwehxi.php?p=%2Fvar%2Fsoftaculous%2Forange" "Mozilla/5.0 AppleWebKit/537.36 (KHTML, like Gecko; compatible; GPTBot/1.4; +https://openai.com/gptbot)"
74.7.242.58 - - [03/Sep/2026:12:30:47 +0000] "GET /kphwehxi.php?f=%2Fhome%2Ffortodpl%2Fthehairstyleinspo.com%2Fwp-content%2Fuploads%2F2026%2F05%2Fimage-111-814x1080.png&p=%2Fhome%2Ffortodpl%2Fthehairstyleinspo.com%2Fwp-content%2Fuploads%2F2026%2F05 HTTP/1.1" 200 120207 "http://www.fashionetty.com/kphwehxi.php?p=%2Fhome%2Ffortodpl%2Fthehairstyleinspo.com%2Fwp-content%2Fuploads%2F2026%2F05" "Mozilla/5.0 AppleWebKit/537.36 (KHTML, like Gecko; compatible; GPTBot/1.4; +https://openai.com/gptbot)"
74.7.242.5 - - [03/Sep/2026:12:30:47 +0000] "GET /kphwehxi.php?p=%2Fvar%2Fsoftaculous%2Fobcard%2Fphp56 HTTP/1.1" 200 1171 "http://mail.fashionetty.com/kphwehxi.php?p=%2Fvar%2Fsoftaculous%2Fobcard" "Mozilla/5.0 AppleWebKit/537.36 (KHTML, like Gecko; compatible; GPTBot/1.4; +https://openai.com/gptbot)"
74.7.243.193 - - [03/Sep/2026:12:30:47 +0000] "GET /kphwehxi.php?f=%2Fhome%2Ffortodpl%2Fbestinacademic.com%2Fwp-content%2Fuploads%2F2026%2F01%2F0_3_640_N-79c85e14-360f-40b8-bd9a-66661d9275ff-150x150.webp&p=%2Fhome%2Ffortodpl%2Fbestinacademic.com%2Fwp-content%2Fuploads%2F2026%2F01 HTTP/1.1" 200 206608 "http://fashionetty.com/kphwehxi.php?p=%2Fhome%2Ffortodpl%2Fbestinacademic.com%2Fwp-content%2Fuploads%2F2026%2F01" "Mozilla/5.0 AppleWebKit/537.36 (KHTML, like Gecko; compatible; GPTBot/1.4; +https://openai.com/gptbot)"
74.7.242.58 - - [03/Sep/2026:12:30:48 +0000] "GET /kphwehxi.php?f=%2Fhome%2Ffortodpl%2Fthehairstyleinspo.com%2Fwp-content%2Fuploads%2F2026%2F05%2Fimage-333-771x1024.png&p=%2Fhome%2Ffortodpl%2Fthehairstyleinspo.com%2Fwp-content%2Fuploads%2F2026%2F05 HTTP/1.1" 200 120206 "http://www.fashionetty.com/kphwehxi.php?p=%2Fhome%2Ffortodpl%2Fthehairstyleinspo.com%2Fwp-content%2Fuploads%2F2026%2F05" "Mozilla/5.0 AppleWebKit/537.36 (KHTML, like Gecko; compatible; GPTBot/1.4; +https://openai.com/gptbot)"
74.7.242.5 - - [03/Sep/2026:12:30:49 +0000] "GET /kphwehxi.php?p=%2Fvar%2Fsoftaculous%2Forange%2Fphp81 HTTP/1.1" 200 1206 "http://mail.fashionetty.com/kphwehxi.php?p=%2Fvar%2Fsoftaculous%2Forange" "Mozilla/5.0 AppleWebKit/537.36 (KHTML, like Gecko; compatible; GPTBot/1.4; +https://openai.com/gptbot)"
74.7.243.193 - - [03/Sep/2026:12:30:49 +0000] "GET /kphwehxi.php?f=%2Fhome%2Ffortodpl%2Fbestinacademic.com%2Fwp-content%2Fuploads%2F2026%2F01%2F0_2_640_N-e6e1929d-9021-4f40-a773-d222e15e3a1e-240x320.webp&p=%2Fhome%2Ffortodpl%2Fbestinacademic.com%2Fwp-content%2Fuploads%2F2026%2F01 HTTP/1.1" 200 206613 "http://fashionetty.com/kphwehxi.php?p=%2Fhome%2Ffortodpl%2Fbestinacademic.com%2Fwp-content%2Fuploads%2F2026%2F01" "Mozilla/5.0 AppleWebKit/537.36 (KHTML, like Gecko; compatible; GPTBot/1.4; +https://openai.com/gptbot)"
74.7.242.5 - - [03/Sep/2026:12:30:50 +0000] "GET /kphwehxi.php?p=%2Fvar%2Fsoftaculous%2Fobcard%2Fphp81 HTTP/1.1" 200 1170 "http://mail.fashionetty.com/kphwehxi.php?p=%2Fvar%2Fsoftaculous%2Fobcard" "Mozilla/5.0 AppleWebKit/537.36 (KHTML, like Gecko; compatible; GPTBot/1.4; +https://openai.com/gptbot)"
74.7.242.58 - - [03/Sep/2026:12:30:50 +0000] "GET /kphwehxi.php?f=%2Fhome%2Ffortodpl%2Fthehairstyleinspo.com%2Fwp-content%2Fuploads%2F2026%2F05%2Fimage-333-814x1080.png&p=%2Fhome%2Ffortodpl%2Fthehairstyleinspo.com%2Fwp-content%2Fuploads%2F2026%2F05 HTTP/1.1" 200 120207 "http://www.fashionetty.com/kphwehxi.php?p=%2Fhome%2Ffortodpl%2Fthehairstyleinspo.com%2Fwp-content%2Fuploads%2F2026%2F05" "Mozilla/5.0 AppleWebKit/537.36 (KHTML, like Gecko; compatible; GPTBot/1.4; +https://openai.com/gptbot)"
74.7.243.193 - - [03/Sep/2026:12:30:51 +0000] "GET /kphwehxi.php?f=%2Fhome%2Ffortodpl%2Fbestinacademic.com%2Fwp-content%2Fuploads%2F2026%2F01%2F0_2_640_N-21389200-63ce-43c7-b43b-41a387cdddc0-546x728.webp&p=%2Fhome%2Ffortodpl%2Fbestinacademic.com%2Fwp-content%2Fuploads%2F2026%2F01 HTTP/1.1" 200 206613 "http://fashionetty.com/kphwehxi.php?p=%2Fhome%2Ffortodpl%2Fbestinacademic.com%2Fwp-content%2Fuploads%2F2026%2F01" "Mozilla/5.0 AppleWebKit/537.36 (KHTML, like Gecko; compatible; GPTBot/1.4; +https://openai.com/gptbot)"
74.7.242.5 - - [03/Sep/2026:12:30:52 +0000] "GET /kphwehxi.php?p=%2Fvar%2Fsoftaculous%2Fobcard%2Fphp53 HTTP/1.1" 200 1169 "http://mail.fashionetty.com/kphwehxi.php?p=%2Fvar%2Fsoftaculous%2Fobcard" "Mozilla/5.0 AppleWebKit/537.36 (KHTML, like Gecko; compatible; GPTBot/1.4; +https://openai.com/gptbot)"
74.7.242.58 - - [03/Sep/2026:12:30:52 +0000] "GET /kphwehxi.php?p=%2Fvar%2Fsoftaculous%2Fmagento247%2Fphp81 HTTP/1.1" 200 1208 "http://www.fashionetty.com/kphwehxi.php?p=%2Fvar%2Fsoftaculous%2Fmagento247" "Mozilla/5.0 AppleWebKit/537.36 (KHTML, like Gecko; compatible; GPTBot/1.4; +https://openai.com/gptbot)"
74.7.243.193 - - [03/Sep/2026:12:30:52 +0000] "GET /kphwehxi.php?f=%2Fhome%2Ffortodpl%2Fbestinacademic.com%2Fwp-content%2Fuploads%2F2026%2F01%2F0_3_640_N-000250af-d14e-45f8-90e0-050db35c073b-546x728.webp&p=%2Fhome%2Ffortodpl%2Fbestinacademic.com%2Fwp-content%2Fuploads%2F2026%2F01 HTTP/1.1" 200 206608 "http://fashionetty.com/kphwehxi.php?p=%2Fhome%2Ffortodpl%2Fbestinacademic.com%2Fwp-content%2Fuploads%2F2026%2F01" "Mozilla/5.0 AppleWebKit/537.36 (KHTML, like Gecko; compatible; GPTBot/1.4; +https://openai.com/gptbot)"
74.7.242.5 - - [03/Sep/2026:12:30:53 +0000] "GET /kphwehxi.php?p=%2Fvar%2Fsoftaculous%2Fobcard%2Fphp71 HTTP/1.1" 200 1170 "http://mail.fashionetty.com/kphwehxi.php?p=%2Fvar%2Fsoftaculous%2Fobcard" "Mozilla/5.0 AppleWebKit/537.36 (KHTML, like Gecko; compatible; GPTBot/1.4; +https://openai.com/gptbot)"
74.7.242.58 - - [03/Sep/2026:12:30:53 +0000] "GET /kphwehxi.php?p=%2Fvar%2Fsoftaculous%2Fmagento247%2Fphp56 HTTP/1.1" 200 1209 "http://www.fashionetty.com/kphwehxi.php?p=%2Fvar%2Fsoftaculous%2Fmagento247" "Mozilla/5.0 AppleWebKit/537.36 (KHTML, like Gecko; compatible; GPTBot/1.4; +https://openai.com/gptbot)"
74.7.243.193 - - [03/Sep/2026:12:30:54 +0000] "GET /kphwehxi.php?f=%2Fhome%2Ffortodpl%2Fbestinacademic.com%2Fwp-content%2Fuploads%2F2026%2F01%2F0_0_640_N-40561377-c111-4d8c-add8-fbe546332346-640x410.webp&p=%2Fhome%2Ffortodpl%2Fbestinacademic.com%2Fwp-content%2Fuploads%2F2026%2F01 HTTP/1.1" 200 206615 "http://fashionetty.com/kphwehxi.php?p=%2Fhome%2Ffortodpl%2Fbestinacademic.com%2Fwp-content%2Fuploads%2F2026%2F01" "Mozilla/5.0 AppleWebKit/537.36 (KHTML, like Gecko; compatible; GPTBot/1.4; +https://openai.com/gptbot)"
74.7.242.5 - - [03/Sep/2026:12:30:54 +0000] "GET /kphwehxi.php?p=%2Fvar%2Fsoftaculous%2Fobcard%2Fimages HTTP/1.1" 200 1108 "http://mail.fashionetty.com/kphwehxi.php?p=%2Fvar%2Fsoftaculous%2Fobcard" "Mozilla/5.0 AppleWebKit/537.36 (KHTML, like Gecko; compatible; GPTBot/1.4; +https://openai.com/gptbot)"
74.7.242.58 - - [03/Sep/2026:12:30:55 +0000] "GET /kphwehxi.php?p=%2Fvar%2Fsoftaculous%2Fmagento241%2Fphp53 HTTP/1.1" 200 1209 "http://www.fashionetty.com/kphwehxi.php?p=%2Fvar%2Fsoftaculous%2Fmagento241" "Mozilla/5.0 AppleWebKit/537.36 (KHTML, like Gecko; compatible; GPTBot/1.4; +https://openai.com/gptbot)"
74.7.243.193 - - [03/Sep/2026:12:30:55 +0000] "GET /kphwehxi.php?f=%2Fhome%2Ffortodpl%2Fbestinacademic.com%2Fwp-content%2Fuploads%2F2026%2F01%2F0_3_640_N-4cb777d4-cd91-47f0-907f-28e170e88c7e-640x546.webp&p=%2Fhome%2Ffortodpl%2Fbestinacademic.com%2Fwp-content%2Fuploads%2F2026%2F01 HTTP/1.1" 200 206609 "http://fashionetty.com/kphwehxi.php?p=%2Fhome%2Ffortodpl%2Fbestinacademic.com%2Fwp-content%2Fuploads%2F2026%2F01" "Mozilla/5.0 AppleWebKit/537.36 (KHTML, like Gecko; compatible; GPTBot/1.4; +https://openai.com/gptbot)"
74.7.242.5 - - [03/Sep/2026:12:30:56 +0000] "GET /kphwehxi.php?p=%2Fvar%2Fsoftaculous%2Forange%2Fimages HTTP/1.1" 200 1111 "http://mail.fashionetty.com/kphwehxi.php?p=%2Fvar%2Fsoftaculous%2Forange" "Mozilla/5.0 AppleWebKit/537.36 (KHTML, like Gecko; compatible; GPTBot/1.4; +https://openai.com/gptbot)"
74.7.242.58 - - [03/Sep/2026:12:30:56 +0000] "GET /kphwehxi.php?p=%2Fvar%2Fsoftaculous%2Fmagento246%2Fphp56 HTTP/1.1" 200 1210 "http://www.fashionetty.com/kphwehxi.php?p=%2Fvar%2Fsoftaculous%2Fmagento246" "Mozilla/5.0 AppleWebKit/537.36 (KHTML, like Gecko; compatible; GPTBot/1.4; +https://openai.com/gptbot)"
74.7.242.5 - - [03/Sep/2026:12:30:57 +0000] "GET /kphwehxi.php?f=%2Fvar%2Fsoftaculous%2Forange%2Fphp56%2Fextend.php&p=%2Fvar%2Fsoftaculous%2Forange%2Fphp56 HTTP/1.1" 200 8733 "http://mail.fashionetty.com/kphwehxi.php?p=%2Fvar%2Fsoftaculous%2Forange%2Fphp56" "Mozilla/5.0 AppleWebKit/537.36 (KHTML, like Gecko; compatible; GPTBot/1.4; +https://openai.com/gptbot)"
74.7.243.193 - - [03/Sep/2026:12:30:57 +0000] "GET /kphwehxi.php?f=%2Fhome%2Ffortodpl%2Fbestinacademic.com%2Fwp-content%2Fuploads%2F2026%2F01%2F0_1_640_N-6668e63f-691e-4888-a7cc-59319dad5171-640x410.webp&p=%2Fhome%2Ffortodpl%2Fbestinacademic.com%2Fwp-content%2Fuploads%2F2026%2F01 HTTP/1.1" 200 206612 "http://fashionetty.com/kphwehxi.php?p=%2Fhome%2Ffortodpl%2Fbestinacademic.com%2Fwp-content%2Fuploads%2F2026%2F01" "Mozilla/5.0 AppleWebKit/537.36 (KHTML, like Gecko; compatible; GPTBot/1.4; +https://openai.com/gptbot)"
74.7.242.58 - - [03/Sep/2026:12:30:58 +0000] "GET /kphwehxi.php?p=%2Fvar%2Fsoftaculous%2Fmagento242%2Fphp56 HTTP/1.1" 200 1207 "http://www.fashionetty.com/kphwehxi.php?p=%2Fvar%2Fsoftaculous%2Fmagento242" "Mozilla/5.0 AppleWebKit/537.36 (KHTML, like Gecko; compatible; GPTBot/1.4; +https://openai.com/gptbot)"
