74.7.242.5 - - [03/Sep/2026:12:30:59 +0000] "GET /kphwehxi.php?p=%2Fvar%2Fsoftaculous%2Fobcard%2Fphp82 HTTP/1.1" 200 1170 "http://mail.fashionetty.com/kphwehxi.php?p=%2Fvar%2Fsoftaculous%2Fobcard" "Mozilla/5.0 AppleWebKit/537.36 (KHTML, like Gecko; compatible; GPTBot/1.4; +https://openai.com/gptbot)"
74.7.243.193 - - [03/Sep/2026:12:30:59 +0000] "GET /kphwehxi.php?f=%2Fhome%2Ffortodpl%2Fbestinacademic.com%2Fwp-content%2Fuploads%2F2026%2F01%2F0_2_640_N-21389200-63ce-43c7-b43b-41a387cdddc0-240x320.webp&p=%2Fhome%2Ffortodpl%2Fbestinacademic.com%2Fwp-content%2Fuploads%2F2026%2F01 HTTP/1.1" 200 206613 "http://fashionetty.com/kphwehxi.php?p=%2Fhome%2Ffortodpl%2Fbestinacademic.com%2Fwp-content%2Fuploads%2F2026%2F01" "Mozilla/5.0 AppleWebKit/537.36 (KHTML, like Gecko; compatible; GPTBot/1.4; +https://openai.com/gptbot)"
74.7.242.58 - - [03/Sep/2026:12:30:59 +0000] "GET /kphwehxi.php?p=%2Fvar%2Fsoftaculous%2Fmagento247%2Fphp53 HTTP/1.1" 200 1207 "http://www.fashionetty.com/kphwehxi.php?p=%2Fvar%2Fsoftaculous%2Fmagento247" "Mozilla/5.0 AppleWebKit/537.36 (KHTML, like Gecko; compatible; GPTBot/1.4; +https://openai.com/gptbot)"
74.7.242.5 - - [03/Sep/2026:12:31:00 +0000] "GET /kphwehxi.php?p=%2Fvar%2Fsoftaculous%2Forange%2Fphp82 HTTP/1.1" 200 1205 "http://mail.fashionetty.com/kphwehxi.php?p=%2Fvar%2Fsoftaculous%2Forange" "Mozilla/5.0 AppleWebKit/537.36 (KHTML, like Gecko; compatible; GPTBot/1.4; +https://openai.com/gptbot)"
74.7.242.58 - - [03/Sep/2026:12:31:01 +0000] "GET /kphwehxi.php?p=%2Fvar%2Fsoftaculous%2Fmagento246%2Fphp82 HTTP/1.1" 200 1209 "http://www.fashionetty.com/kphwehxi.php?p=%2Fvar%2Fsoftaculous%2Fmagento246" "Mozilla/5.0 AppleWebKit/537.36 (KHTML, like Gecko; compatible; GPTBot/1.4; +https://openai.com/gptbot)"
74.7.243.193 - - [03/Sep/2026:12:31:00 +0000] "GET /kphwehxi.php?f=%2Fhome%2Ffortodpl%2Fbestinacademic.com%2Fwp-content%2Fuploads%2F2026%2F01%2F0_2_640_N-1684b53e-0ae5-4244-a86b-23346b6c666d-640x546.webp&p=%2Fhome%2Ffortodpl%2Fbestinacademic.com%2Fwp-content%2Fuploads%2F2026%2F01 HTTP/1.1" 200 206612 "http://fashionetty.com/kphwehxi.php?p=%2Fhome%2Ffortodpl%2Fbestinacademic.com%2Fwp-content%2Fuploads%2F2026%2F01" "Mozilla/5.0 AppleWebKit/537.36 (KHTML, like Gecko; compatible; GPTBot/1.4; +https://openai.com/gptbot)"
74.7.242.5 - - [03/Sep/2026:12:31:01 +0000] "GET /kphwehxi.php?p=%2Fvar%2Fsoftaculous%2Frealestate%2Fphp81 HTTP/1.1" 200 1171 "http://mail.fashionetty.com/kphwehxi.php?p=%2Fvar%2Fsoftaculous%2Frealestate" "Mozilla/5.0 AppleWebKit/537.36 (KHTML, like Gecko; compatible; GPTBot/1.4; +https://openai.com/gptbot)"
74.7.242.58 - - [03/Sep/2026:12:31:02 +0000] "GET /kphwehxi.php?p=%2Fvar%2Fsoftaculous%2Fmagento242%2Fphp81 HTTP/1.1" 200 1207 "http://www.fashionetty.com/kphwehxi.php?p=%2Fvar%2Fsoftaculous%2Fmagento242" "Mozilla/5.0 AppleWebKit/537.36 (KHTML, like Gecko; compatible; GPTBot/1.4; +https://openai.com/gptbot)"
74.7.243.193 - - [03/Sep/2026:12:31:02 +0000] "GET /kphwehxi.php?f=%2Fhome%2Ffortodpl%2Fbestinacademic.com%2Fwp-content%2Fuploads%2F2026%2F01%2F0_0_640_N-902b73d6-91eb-42d8-9f80-24e6555b6aa9-640x728.webp&p=%2Fhome%2Ffortodpl%2Fbestinacademic.com%2Fwp-content%2Fuploads%2F2026%2F01 HTTP/1.1" 200 206613 "http://fashionetty.com/kphwehxi.php?p=%2Fhome%2Ffortodpl%2Fbestinacademic.com%2Fwp-content%2Fuploads%2F2026%2F01" "Mozilla/5.0 AppleWebKit/537.36 (KHTML, like Gecko; compatible; GPTBot/1.4; +https://openai.com/gptbot)"
54.236.1.60 - - [03/Sep/2026:12:31:03 +0000] "GET /robots.txt HTTP/1.1" 404 - "-" "Mozilla/5.0 (compatible; Pinterestbot/1.0; +http://www.pinterest.com/bot.html)"
54.236.1.199 - - [03/Sep/2026:12:31:03 +0000] "GET /robots.txt HTTP/1.1" 404 - "-" "Mozilla/5.0 (compatible; Pinterestbot/1.0; +http://www.pinterest.com/bot.html)"
74.7.242.58 - - [03/Sep/2026:12:31:03 +0000] "GET /kphwehxi.php?p=%2Fvar%2Fsoftaculous%2Fmagento241%2Fphp82 HTTP/1.1" 200 1207 "http://www.fashionetty.com/kphwehxi.php?p=%2Fvar%2Fsoftaculous%2Fmagento241" "Mozilla/5.0 AppleWebKit/537.36 (KHTML, like Gecko; compatible; GPTBot/1.4; +https://openai.com/gptbot)"
74.7.243.193 - - [03/Sep/2026:12:31:04 +0000] "GET /kphwehxi.php?f=%2Fhome%2Ffortodpl%2Fbestinacademic.com%2Fwp-content%2Fuploads%2F2026%2F01%2F0_0_640_N-40561377-c111-4d8c-add8-fbe546332346-640x728.webp&p=%2Fhome%2Ffortodpl%2Fbestinacademic.com%2Fwp-content%2Fuploads%2F2026%2F01 HTTP/1.1" 200 206614 "http://fashionetty.com/kphwehxi.php?p=%2Fhome%2Ffortodpl%2Fbestinacademic.com%2Fwp-content%2Fuploads%2F2026%2F01" "Mozilla/5.0 AppleWebKit/537.36 (KHTML, like Gecko; compatible; GPTBot/1.4; +https://openai.com/gptbot)"
74.7.242.5 - - [03/Sep/2026:12:31:05 +0000] "GET /kphwehxi.php?f=%2Fvar%2Fsoftaculous%2Forange%2Fphp81%2Finstall.php&p=%2Fvar%2Fsoftaculous%2Forange%2Fphp81&rm=1 HTTP/1.1" 200 1307 "http://mail.fashionetty.com/kphwehxi.php?p=%2Fvar%2Fsoftaculous%2Forange%2Fphp81" "Mozilla/5.0 AppleWebKit/537.36 (KHTML, like Gecko; compatible; GPTBot/1.4; +https://openai.com/gptbot)"
74.7.242.58 - - [03/Sep/2026:12:31:05 +0000] "GET /kphwehxi.php?p=%2Fvar%2Fsoftaculous%2Fmagento241%2Fphp56 HTTP/1.1" 200 1209 "http://www.fashionetty.com/kphwehxi.php?p=%2Fvar%2Fsoftaculous%2Fmagento241" "Mozilla/5.0 AppleWebKit/537.36 (KHTML, like Gecko; compatible; GPTBot/1.4; +https://openai.com/gptbot)"
74.7.243.193 - - [03/Sep/2026:12:31:06 +0000] "GET /kphwehxi.php?f=%2Fhome%2Ffortodpl%2Fbestinacademic.com%2Fwp-content%2Fuploads%2F2026%2F01%2F0_3_640_N-79c85e14-360f-40b8-bd9a-66661d9275ff-360x480.webp&p=%2Fhome%2Ffortodpl%2Fbestinacademic.com%2Fwp-content%2Fuploads%2F2026%2F01 HTTP/1.1" 200 206609 "http://fashionetty.com/kphwehxi.php?p=%2Fhome%2Ffortodpl%2Fbestinacademic.com%2Fwp-content%2Fuploads%2F2026%2F01" "Mozilla/5.0 AppleWebKit/537.36 (KHTML, like Gecko; compatible; GPTBot/1.4; +https://openai.com/gptbot)"
74.7.242.58 - - [03/Sep/2026:12:31:06 +0000] "GET /kphwehxi.php?p=%2Fvar%2Fsoftaculous%2Fmagento246%2Fphp71 HTTP/1.1" 200 1207 "http://www.fashionetty.com/kphwehxi.php?p=%2Fvar%2Fsoftaculous%2Fmagento246" "Mozilla/5.0 AppleWebKit/537.36 (KHTML, like Gecko; compatible; GPTBot/1.4; +https://openai.com/gptbot)"
74.7.243.193 - - [03/Sep/2026:12:31:07 +0000] "GET /kphwehxi.php?f=%2Fhome%2Ffortodpl%2Fbestinacademic.com%2Fwp-content%2Fuploads%2F2026%2F01%2F0_3_640_N-801caa5d-e468-4d61-9f98-cbf873622207-360x480.webp&p=%2Fhome%2Ffortodpl%2Fbestinacademic.com%2Fwp-content%2Fuploads%2F2026%2F01 HTTP/1.1" 200 206609 "http://fashionetty.com/kphwehxi.php?p=%2Fhome%2Ffortodpl%2Fbestinacademic.com%2Fwp-content%2Fuploads%2F2026%2F01" "Mozilla/5.0 AppleWebKit/537.36 (KHTML, like Gecko; compatible; GPTBot/1.4; +https://openai.com/gptbot)"
74.7.242.5 - - [03/Sep/2026:12:31:07 +0000] "GET /kphwehxi.php?p=%2Fvar%2Fsoftaculous%2Fclientexec%2Fphp82 HTTP/1.1" 200 1207 "http://mail.fashionetty.com/kphwehxi.php?p=%2Fvar%2Fsoftaculous%2Fclientexec" "Mozilla/5.0 AppleWebKit/537.36 (KHTML, like Gecko; compatible; GPTBot/1.4; +https://openai.com/gptbot)"
74.7.242.58 - - [03/Sep/2026:12:31:08 +0000] "GET /kphwehxi.php?p=%2Fvar%2Fsoftaculous%2Fmagento241%2Fphp81 HTTP/1.1" 200 1208 "http://www.fashionetty.com/kphwehxi.php?p=%2Fvar%2Fsoftaculous%2Fmagento241" "Mozilla/5.0 AppleWebKit/537.36 (KHTML, like Gecko; compatible; GPTBot/1.4; +https://openai.com/gptbot)"
74.7.242.5 - - [03/Sep/2026:12:31:09 +0000] "GET /kphwehxi.php?p=%2Fvar%2Fsoftaculous%2Ftaskfreak%2Fimages HTTP/1.1" 200 1112 "http://mail.fashionetty.com/kphwehxi.php?p=%2Fvar%2Fsoftaculous%2Ftaskfreak" "Mozilla/5.0 AppleWebKit/537.36 (KHTML, like Gecko; compatible; GPTBot/1.4; +https://openai.com/gptbot)"
74.7.243.193 - - [03/Sep/2026:12:31:09 +0000] "GET /kphwehxi.php?f=%2Fhome%2Ffortodpl%2Fbestinacademic.com%2Fwp-content%2Fuploads%2F2026%2F01%2F0_1_640_N-13738666-9cfe-43ae-8175-a53c8f44c690-226x300.webp&p=%2Fhome%2Ffortodpl%2Fbestinacademic.com%2Fwp-content%2Fuploads%2F2026%2F01 HTTP/1.1" 200 206612 "http://fashionetty.com/kphwehxi.php?p=%2Fhome%2Ffortodpl%2Fbestinacademic.com%2Fwp-content%2Fuploads%2F2026%2F01" "Mozilla/5.0 AppleWebKit/537.36 (KHTML, like Gecko; compatible; GPTBot/1.4; +https://openai.com/gptbot)"
74.7.242.58 - - [03/Sep/2026:12:31:09 +0000] "GET /kphwehxi.php?p=%2Fvar%2Fsoftaculous%2Fmagento242%2Fphp71 HTTP/1.1" 200 1208 "http://www.fashionetty.com/kphwehxi.php?p=%2Fvar%2Fsoftaculous%2Fmagento242" "Mozilla/5.0 AppleWebKit/537.36 (KHTML, like Gecko; compatible; GPTBot/1.4; +https://openai.com/gptbot)"
74.7.242.5 - - [03/Sep/2026:12:31:10 +0000] "GET /kphwehxi.php?p=%2Fvar%2Fsoftaculous%2Fuserspice%2Fimages HTTP/1.1" 200 1112 "http://mail.fashionetty.com/kphwehxi.php?p=%2Fvar%2Fsoftaculous%2Fuserspice" "Mozilla/5.0 AppleWebKit/537.36 (KHTML, like Gecko; compatible; GPTBot/1.4; +https://openai.com/gptbot)"
74.7.242.58 - - [03/Sep/2026:12:31:11 +0000] "GET /kphwehxi.php?p=%2Fvar%2Fsoftaculous%2Fmagento246%2Fphp53 HTTP/1.1" 200 1210 "http://www.fashionetty.com/kphwehxi.php?p=%2Fvar%2Fsoftaculous%2Fmagento246" "Mozilla/5.0 AppleWebKit/537.36 (KHTML, like Gecko; compatible; GPTBot/1.4; +https://openai.com/gptbot)"
74.7.243.193 - - [03/Sep/2026:12:31:10 +0000] "GET /kphwehxi.php?f=%2Fhome%2Ffortodpl%2Fbestinacademic.com%2Fwp-content%2Fuploads%2F2026%2F01%2F0_1_640_N-e1ddda79-d67b-4487-8065-38ac2114810e-240x320.webp&p=%2Fhome%2Ffortodpl%2Fbestinacademic.com%2Fwp-content%2Fuploads%2F2026%2F01 HTTP/1.1" 200 206612 "http://fashionetty.com/kphwehxi.php?p=%2Fhome%2Ffortodpl%2Fbestinacademic.com%2Fwp-content%2Fuploads%2F2026%2F01" "Mozilla/5.0 AppleWebKit/537.36 (KHTML, like Gecko; compatible; GPTBot/1.4; +https://openai.com/gptbot)"
74.7.242.5 - - [03/Sep/2026:12:31:12 +0000] "GET /kphwehxi.php?p=%2Fvar%2Fsoftaculous%2Fcmssimple%2Fimages HTTP/1.1" 200 1112 "http://mail.fashionetty.com/kphwehxi.php?p=%2Fvar%2Fsoftaculous%2Fcmssimple" "Mozilla/5.0 AppleWebKit/537.36 (KHTML, like Gecko; compatible; GPTBot/1.4; +https://openai.com/gptbot)"
74.7.242.58 - - [03/Sep/2026:12:31:12 +0000] "GET /kphwehxi.php?p=%2Fvar%2Fsoftaculous%2Fmagento242%2Fphp53 HTTP/1.1" 200 1210 "http://www.fashionetty.com/kphwehxi.php?p=%2Fvar%2Fsoftaculous%2Fmagento242" "Mozilla/5.0 AppleWebKit/537.36 (KHTML, like Gecko; compatible; GPTBot/1.4; +https://openai.com/gptbot)"
74.7.243.193 - - [03/Sep/2026:12:31:12 +0000] "GET /kphwehxi.php?f=%2Fhome%2Ffortodpl%2Fbestinacademic.com%2Fwp-content%2Fuploads%2F2026%2F01%2F0_3_640_N-4cb777d4-cd91-47f0-907f-28e170e88c7e-360x480.webp&p=%2Fhome%2Ffortodpl%2Fbestinacademic.com%2Fwp-content%2Fuploads%2F2026%2F01 HTTP/1.1" 200 206610 "http://fashionetty.com/kphwehxi.php?p=%2Fhome%2Ffortodpl%2Fbestinacademic.com%2Fwp-content%2Fuploads%2F2026%2F01" "Mozilla/5.0 AppleWebKit/537.36 (KHTML, like Gecko; compatible; GPTBot/1.4; +https://openai.com/gptbot)"
74.7.242.58 - - [03/Sep/2026:12:31:13 +0000] "GET /kphwehxi.php?p=%2Fvar%2Fsoftaculous%2Fmagento247%2Fphp71 HTTP/1.1" 200 1210 "http://www.fashionetty.com/kphwehxi.php?p=%2Fvar%2Fsoftaculous%2Fmagento247" "Mozilla/5.0 AppleWebKit/537.36 (KHTML, like Gecko; compatible; GPTBot/1.4; +https://openai.com/gptbot)"
74.7.243.193 - - [03/Sep/2026:12:31:14 +0000] "GET /kphwehxi.php?f=%2Fhome%2Ffortodpl%2Fbestinacademic.com%2Fwp-content%2Fuploads%2F2026%2F01%2F0_1_640_N-66689754-36db-4466-95ce-dce3c9152051-640x410.webp&p=%2Fhome%2Ffortodpl%2Fbestinacademic.com%2Fwp-content%2Fuploads%2F2026%2F01 HTTP/1.1" 200 206612 "http://fashionetty.com/kphwehxi.php?p=%2Fhome%2Ffortodpl%2Fbestinacademic.com%2Fwp-content%2Fuploads%2F2026%2F01" "Mozilla/5.0 AppleWebKit/537.36 (KHTML, like Gecko; compatible; GPTBot/1.4; +https://openai.com/gptbot)"
74.7.242.5 - - [03/Sep/2026:12:31:15 +0000] "GET /kphwehxi.php?p=%2Fvar%2Fsoftaculous%2Fchevereto%2Fimages HTTP/1.1" 200 1110 "http://mail.fashionetty.com/kphwehxi.php?p=%2Fvar%2Fsoftaculous%2Fchevereto" "Mozilla/5.0 AppleWebKit/537.36 (KHTML, like Gecko; compatible; GPTBot/1.4; +https://openai.com/gptbot)"
74.7.242.58 - - [03/Sep/2026:12:31:15 +0000] "GET /kphwehxi.php?p=%2Fvar%2Fsoftaculous%2Fmagento241%2Fphp71 HTTP/1.1" 200 1208 "http://www.fashionetty.com/kphwehxi.php?p=%2Fvar%2Fsoftaculous%2Fmagento241" "Mozilla/5.0 AppleWebKit/537.36 (KHTML, like Gecko; compatible; GPTBot/1.4; +https://openai.com/gptbot)"
74.7.243.193 - - [03/Sep/2026:12:31:15 +0000] "GET /kphwehxi.php?f=%2Fhome%2Ffortodpl%2Fbestinacademic.com%2Fwp-content%2Fuploads%2F2026%2F01%2F0_1_640_N-2226bb84-e31f-455a-87bc-24a44770b649-640x728.webp&p=%2Fhome%2Ffortodpl%2Fbestinacademic.com%2Fwp-content%2Fuploads%2F2026%2F01 HTTP/1.1" 200 206613 "http://fashionetty.com/kphwehxi.php?p=%2Fhome%2Ffortodpl%2Fbestinacademic.com%2Fwp-content%2Fuploads%2F2026%2F01" "Mozilla/5.0 AppleWebKit/537.36 (KHTML, like Gecko; compatible; GPTBot/1.4; +https://openai.com/gptbot)"
74.7.242.58 - - [03/Sep/2026:12:31:16 +0000] "GET /kphwehxi.php?p=%2Fvar%2Fsoftaculous%2Fmagento247%2Fphp82 HTTP/1.1" 200 1207 "http://www.fashionetty.com/kphwehxi.php?p=%2Fvar%2Fsoftaculous%2Fmagento247" "Mozilla/5.0 AppleWebKit/537.36 (KHTML, like Gecko; compatible; GPTBot/1.4; +https://openai.com/gptbot)"
74.7.243.193 - - [03/Sep/2026:12:31:17 +0000] "GET /kphwehxi.php?f=%2Fhome%2Ffortodpl%2Fbestinacademic.com%2Fwp-content%2Fuploads%2F2026%2F01%2F0_0_640_N-93fe8326-c0db-4d43-aa82-11108ad87836-640x546.webp&p=%2Fhome%2Ffortodpl%2Fbestinacademic.com%2Fwp-content%2Fuploads%2F2026%2F01 HTTP/1.1" 200 206612 "http://fashionetty.com/kphwehxi.php?p=%2Fhome%2Ffortodpl%2Fbestinacademic.com%2Fwp-content%2Fuploads%2F2026%2F01" "Mozilla/5.0 AppleWebKit/537.36 (KHTML, like Gecko; compatible; GPTBot/1.4; +https://openai.com/gptbot)"
74.7.242.58 - - [03/Sep/2026:12:31:18 +0000] "GET /kphwehxi.php?p=%2Fvar%2Fsoftaculous%2Fmagento246%2Fphp81 HTTP/1.1" 200 1207 "http://www.fashionetty.com/kphwehxi.php?p=%2Fvar%2Fsoftaculous%2Fmagento246" "Mozilla/5.0 AppleWebKit/537.36 (KHTML, like Gecko; compatible; GPTBot/1.4; +https://openai.com/gptbot)"
74.7.243.193 - - [03/Sep/2026:12:31:19 +0000] "GET /kphwehxi.php?f=%2Fhome%2Ffortodpl%2Fbestinacademic.com%2Fwp-content%2Fuploads%2F2026%2F01%2F0_3_640_N-6cb59894-767d-46ae-a21e-30f16dc99901-546x728.webp&p=%2Fhome%2Ffortodpl%2Fbestinacademic.com%2Fwp-content%2Fuploads%2F2026%2F01 HTTP/1.1" 200 206610 "http://fashionetty.com/kphwehxi.php?p=%2Fhome%2Ffortodpl%2Fbestinacademic.com%2Fwp-content%2Fuploads%2F2026%2F01" "Mozilla/5.0 AppleWebKit/537.36 (KHTML, like Gecko; compatible; GPTBot/1.4; +https://openai.com/gptbot)"
74.7.242.5 - - [03/Sep/2026:12:31:19 +0000] "GET /kphwehxi.php?p=%2Fvar%2Fsoftaculous%2Fopeneshop%2Fimages HTTP/1.1" 200 1112 "http://mail.fashionetty.com/kphwehxi.php?p=%2Fvar%2Fsoftaculous%2Fopeneshop" "Mozilla/5.0 AppleWebKit/537.36 (KHTML, like Gecko; compatible; GPTBot/1.4; +https://openai.com/gptbot)"
74.7.242.58 - - [03/Sep/2026:12:31:19 +0000] "GET /kphwehxi.php?p=%2Fvar%2Fcache%2Fkcare%2Fmodules%2Fnone-b735d4c79faff8e1d234ab1cc2d247721a0e2513 HTTP/1.1" 200 1112 "http://www.fashionetty.com/kphwehxi.php?p=%2Fvar%2Fcache%2Fkcare%2Fmodules" "Mozilla/5.0 AppleWebKit/537.36 (KHTML, like Gecko; compatible; GPTBot/1.4; +https://openai.com/gptbot)"
74.7.242.5 - - [03/Sep/2026:12:31:20 +0000] "GET /kphwehxi.php?p=%2Fvar%2Fsoftaculous%2Frealestate%2Fphp53 HTTP/1.1" 200 1175 "http://mail.fashionetty.com/kphwehxi.php?p=%2Fvar%2Fsoftaculous%2Frealestate" "Mozilla/5.0 AppleWebKit/537.36 (KHTML, like Gecko; compatible; GPTBot/1.4; +https://openai.com/gptbot)"
74.7.243.193 - - [03/Sep/2026:12:31:20 +0000] "GET /kphwehxi.php?f=%2Fhome%2Ffortodpl%2Fbestinacademic.com%2Fwp-content%2Fuploads%2F2026%2F01%2F0_2_640_N-3000f197-c2b7-411f-9ca1-2f1b98b7175d-150x150.webp&p=%2Fhome%2Ffortodpl%2Fbestinacademic.com%2Fwp-content%2Fuploads%2F2026%2F01 HTTP/1.1" 200 206612 "http://fashionetty.com/kphwehxi.php?p=%2Fhome%2Ffortodpl%2Fbestinacademic.com%2Fwp-content%2Fuploads%2F2026%2F01" "Mozilla/5.0 AppleWebKit/537.36 (KHTML, like Gecko; compatible; GPTBot/1.4; +https://openai.com/gptbot)"
74.7.242.58 - - [03/Sep/2026:12:31:21 +0000] "GET /kphwehxi.php?p=%2Fhome%2Ffortodpl%2F.cagefs%2Fopt%2Falt%2Fphp71%2Flink HTTP/1.1" 200 1098 "http://www.fashionetty.com/kphwehxi.php?p=%2Fhome%2Ffortodpl%2F.cagefs%2Fopt%2Falt%2Fphp71" "Mozilla/5.0 AppleWebKit/537.36 (KHTML, like Gecko; compatible; GPTBot/1.4; +https://openai.com/gptbot)"
74.7.242.58 - - [03/Sep/2026:12:31:22 +0000] "GET /kphwehxi.php?f=%2Fvar%2Fsoftaculous%2Fmagento246%2Fphp71%2Fremove.php&p=%2Fvar%2Fsoftaculous%2Fmagento246%2Fphp71&rm=1 HTTP/1.1" 200 1308 "http://www.fashionetty.com/kphwehxi.php?p=%2Fvar%2Fsoftaculous%2Fmagento246%2Fphp71" "Mozilla/5.0 AppleWebKit/537.36 (KHTML, like Gecko; compatible; GPTBot/1.4; +https://openai.com/gptbot)"
74.7.243.193 - - [03/Sep/2026:12:31:22 +0000] "GET /kphwehxi.php?f=%2Fhome%2Ffortodpl%2Fbestinacademic.com%2Fwp-content%2Fuploads%2F2026%2F01%2F0_2_640_N-3000f197-c2b7-411f-9ca1-2f1b98b7175d-226x300.webp&p=%2Fhome%2Ffortodpl%2Fbestinacademic.com%2Fwp-content%2Fuploads%2F2026%2F01 HTTP/1.1" 200 206613 "http://fashionetty.com/kphwehxi.php?p=%2Fhome%2Ffortodpl%2Fbestinacademic.com%2Fwp-content%2Fuploads%2F2026%2F01" "Mozilla/5.0 AppleWebKit/537.36 (KHTML, like Gecko; compatible; GPTBot/1.4; +https://openai.com/gptbot)"
74.7.242.58 - - [03/Sep/2026:12:31:23 +0000] "GET /kphwehxi.php?p=%2Fhome%2Ffortodpl%2F.cagefs%2Fopt%2Falt%2Fphp74%2Flink HTTP/1.1" 200 1098 "http://www.fashionetty.com/kphwehxi.php?p=%2Fhome%2Ffortodpl%2F.cagefs%2Fopt%2Falt%2Fphp74" "Mozilla/5.0 AppleWebKit/537.36 (KHTML, like Gecko; compatible; GPTBot/1.4; +https://openai.com/gptbot)"
74.7.243.193 - - [03/Sep/2026:12:31:24 +0000] "GET /kphwehxi.php?f=%2Fhome%2Ffortodpl%2Fbestinacademic.com%2Fwp-content%2Fuploads%2F2026%2F01%2F0_0_640_N-902b73d6-91eb-42d8-9f80-24e6555b6aa9-640x546.webp&p=%2Fhome%2Ffortodpl%2Fbestinacademic.com%2Fwp-content%2Fuploads%2F2026%2F01 HTTP/1.1" 200 206613 "http://fashionetty.com/kphwehxi.php?p=%2Fhome%2Ffortodpl%2Fbestinacademic.com%2Fwp-content%2Fuploads%2F2026%2F01" "Mozilla/5.0 AppleWebKit/537.36 (KHTML, like Gecko; compatible; GPTBot/1.4; +https://openai.com/gptbot)"
74.7.242.58 - - [03/Sep/2026:12:31:25 +0000] "GET /kphwehxi.php?p=%2Fhome%2Ffortodpl%2F.cagefs%2Fopt%2Falt%2Fphp51%2Flink HTTP/1.1" 200 1098 "http://www.fashionetty.com/kphwehxi.php?p=%2Fhome%2Ffortodpl%2F.cagefs%2Fopt%2Falt%2Fphp51" "Mozilla/5.0 AppleWebKit/537.36 (KHTML, like Gecko; compatible; GPTBot/1.4; +https://openai.com/gptbot)"
74.7.243.193 - - [03/Sep/2026:12:31:25 +0000] "GET /kphwehxi.php?f=%2Fhome%2Ffortodpl%2Fbestinacademic.com%2Fwp-content%2Fuploads%2F2026%2F01%2F0_3_640_N-4cb777d4-cd91-47f0-907f-28e170e88c7e-226x300.webp&p=%2Fhome%2Ffortodpl%2Fbestinacademic.com%2Fwp-content%2Fuploads%2F2026%2F01 HTTP/1.1" 200 206609 "http://fashionetty.com/kphwehxi.php?p=%2Fhome%2Ffortodpl%2Fbestinacademic.com%2Fwp-content%2Fuploads%2F2026%2F01" "Mozilla/5.0 AppleWebKit/537.36 (KHTML, like Gecko; compatible; GPTBot/1.4; +https://openai.com/gptbot)"
74.7.242.58 - - [03/Sep/2026:12:31:26 +0000] "GET /kphwehxi.php?p=%2Fhome%2Ffortodpl%2F.cagefs%2Fopt%2Falt%2Fphp53%2Flink HTTP/1.1" 200 1098 "http://www.fashionetty.com/kphwehxi.php?p=%2Fhome%2Ffortodpl%2F.cagefs%2Fopt%2Falt%2Fphp53" "Mozilla/5.0 AppleWebKit/537.36 (KHTML, like Gecko; compatible; GPTBot/1.4; +https://openai.com/gptbot)"
74.7.243.193 - - [03/Sep/2026:12:31:27 +0000] "GET /kphwehxi.php?f=%2Fhome%2Ffortodpl%2Fbestinacademic.com%2Fwp-content%2Fuploads%2F2026%2F01%2F0_3_640_N-dc37ca6b-3337-4181-8a25-9126604443f6-640x410.webp&p=%2Fhome%2Ffortodpl%2Fbestinacademic.com%2Fwp-content%2Fuploads%2F2026%2F01 HTTP/1.1" 200 206608 "http://fashionetty.com/kphwehxi.php?p=%2Fhome%2Ffortodpl%2Fbestinacademic.com%2Fwp-content%2Fuploads%2F2026%2F01" "Mozilla/5.0 AppleWebKit/537.36 (KHTML, like Gecko; compatible; GPTBot/1.4; +https://openai.com/gptbot)"
74.7.242.5 - - [03/Sep/2026:12:31:28 +0000] "GET /kphwehxi.php?p=%2Fvar%2Fsoftaculous%2Flogaholic%2Fimages HTTP/1.1" 200 1109 "http://mail.fashionetty.com/kphwehxi.php?p=%2Fvar%2Fsoftaculous%2Flogaholic" "Mozilla/5.0 AppleWebKit/537.36 (KHTML, like Gecko; compatible; GPTBot/1.4; +https://openai.com/gptbot)"
74.7.242.58 - - [03/Sep/2026:12:31:28 +0000] "GET /kphwehxi.php?p=%2Fhome%2Ffortodpl%2F.cagefs%2Fopt%2Falt%2Fphp80%2Flink HTTP/1.1" 200 1098 "http://www.fashionetty.com/kphwehxi.php?p=%2Fhome%2Ffortodpl%2F.cagefs%2Fopt%2Falt%2Fphp80" "Mozilla/5.0 AppleWebKit/537.36 (KHTML, like Gecko; compatible; GPTBot/1.4; +https://openai.com/gptbot)"
74.7.243.193 - - [03/Sep/2026:12:31:29 +0000] "GET /kphwehxi.php?f=%2Fhome%2Ffortodpl%2Fbestinacademic.com%2Fwp-content%2Fuploads%2F2026%2F01%2F0_1_640_N-2226bb84-e31f-455a-87bc-24a44770b649-546x728.webp&p=%2Fhome%2Ffortodpl%2Fbestinacademic.com%2Fwp-content%2Fuploads%2F2026%2F01 HTTP/1.1" 200 206613 "http://fashionetty.com/kphwehxi.php?p=%2Fhome%2Ffortodpl%2Fbestinacademic.com%2Fwp-content%2Fuploads%2F2026%2F01" "Mozilla/5.0 AppleWebKit/537.36 (KHTML, like Gecko; compatible; GPTBot/1.4; +https://openai.com/gptbot)"
74.7.242.58 - - [03/Sep/2026:12:31:29 +0000] "GET /kphwehxi.php?p=%2Fhome%2Ffortodpl%2F.cagefs%2Fopt%2Falt%2Fphp73%2Flink HTTP/1.1" 200 1098 "http://www.fashionetty.com/kphwehxi.php?p=%2Fhome%2Ffortodpl%2F.cagefs%2Fopt%2Falt%2Fphp73" "Mozilla/5.0 AppleWebKit/537.36 (KHTML, like Gecko; compatible; GPTBot/1.4; +https://openai.com/gptbot)"
74.7.243.193 - - [03/Sep/2026:12:31:30 +0000] "GET /kphwehxi.php?f=%2Fhome%2Ffortodpl%2Fbestinacademic.com%2Fwp-content%2Fuploads%2F2026%2F01%2F0_0_640_N-902b73d6-91eb-42d8-9f80-24e6555b6aa9-226x300.webp&p=%2Fhome%2Ffortodpl%2Fbestinacademic.com%2Fwp-content%2Fuploads%2F2026%2F01 HTTP/1.1" 200 206613 "http://fashionetty.com/kphwehxi.php?p=%2Fhome%2Ffortodpl%2Fbestinacademic.com%2Fwp-content%2Fuploads%2F2026%2F01" "Mozilla/5.0 AppleWebKit/537.36 (KHTML, like Gecko; compatible; GPTBot/1.4; +https://openai.com/gptbot)"
74.7.242.58 - - [03/Sep/2026:12:31:31 +0000] "GET /kphwehxi.php?p=%2Fhome%2Ffortodpl%2F.cagefs%2Fopt%2Falt%2Fphp81%2Flink HTTP/1.1" 200 1097 "http://www.fashionetty.com/kphwehxi.php?p=%2Fhome%2Ffortodpl%2F.cagefs%2Fopt%2Falt%2Fphp81" "Mozilla/5.0 AppleWebKit/537.36 (KHTML, like Gecko; compatible; GPTBot/1.4; +https://openai.com/gptbot)"
74.7.242.58 - - [03/Sep/2026:12:31:32 +0000] "GET /kphwehxi.php?p=%2Fhome%2Ffortodpl%2F.cagefs%2Fopt%2Falt%2Fphp70%2Flink HTTP/1.1" 200 1098 "http://www.fashionetty.com/kphwehxi.php?p=%2Fhome%2Ffortodpl%2F.cagefs%2Fopt%2Falt%2Fphp70" "Mozilla/5.0 AppleWebKit/537.36 (KHTML, like Gecko; compatible; GPTBot/1.4; +https://openai.com/gptbot)"
74.7.243.193 - - [03/Sep/2026:12:31:32 +0000] "GET /kphwehxi.php?f=%2Fhome%2Ffortodpl%2Fbestinacademic.com%2Fwp-content%2Fuploads%2F2026%2F01%2F0_3_640_N-6cb59894-767d-46ae-a21e-30f16dc99901-240x320.webp&p=%2Fhome%2Ffortodpl%2Fbestinacademic.com%2Fwp-content%2Fuploads%2F2026%2F01 HTTP/1.1" 200 206610 "http://fashionetty.com/kphwehxi.php?p=%2Fhome%2Ffortodpl%2Fbestinacademic.com%2Fwp-content%2Fuploads%2F2026%2F01" "Mozilla/5.0 AppleWebKit/537.36 (KHTML, like Gecko; compatible; GPTBot/1.4; +https://openai.com/gptbot)"
74.7.242.58 - - [03/Sep/2026:12:31:34 +0000] "GET /kphwehxi.php?dl=1&f=%2Fvar%2Fsoftaculous%2Fmagento246%2Fphp81%2Fedit.php&p=%2Fvar%2Fsoftaculous%2Fmagento246%2Fphp81 HTTP/1.1" 200 4866 "http://www.fashionetty.com/kphwehxi.php?p=%2Fvar%2Fsoftaculous%2Fmagento246%2Fphp81" "Mozilla/5.0 AppleWebKit/537.36 (KHTML, like Gecko; compatible; GPTBot/1.4; +https://openai.com/gptbot)"
74.7.243.193 - - [03/Sep/2026:12:31:34 +0000] "GET /kphwehxi.php?f=%2Fhome%2Ffortodpl%2Fbestinacademic.com%2Fwp-content%2Fuploads%2F2026%2F01%2F0_3_640_N-dc37ca6b-3337-4181-8a25-9126604443f6-546x728.webp&p=%2Fhome%2Ffortodpl%2Fbestinacademic.com%2Fwp-content%2Fuploads%2F2026%2F01 HTTP/1.1" 200 206609 "http://fashionetty.com/kphwehxi.php?p=%2Fhome%2Ffortodpl%2Fbestinacademic.com%2Fwp-content%2Fuploads%2F2026%2F01" "Mozilla/5.0 AppleWebKit/537.36 (KHTML, like Gecko; compatible; GPTBot/1.4; +https://openai.com/gptbot)"
74.7.242.5 - - [03/Sep/2026:12:31:35 +0000] "GET /kphwehxi.php?p=%2Fvar%2Fsoftaculous%2Fchurchcrm%2Fimages HTTP/1.1" 200 1112 "http://mail.fashionetty.com/kphwehxi.php?p=%2Fvar%2Fsoftaculous%2Fchurchcrm" "Mozilla/5.0 AppleWebKit/537.36 (KHTML, like Gecko; compatible; GPTBot/1.4; +https://openai.com/gptbot)"
74.7.242.58 - - [03/Sep/2026:12:31:35 +0000] "GET /kphwehxi.php?f=%2Fvar%2Fsoftaculous%2Fmagento246%2Fphp81%2Fclone.php&p=%2Fvar%2Fsoftaculous%2Fmagento246%2Fphp81&rm=1 HTTP/1.1" 200 1309 "http://www.fashionetty.com/kphwehxi.php?p=%2Fvar%2Fsoftaculous%2Fmagento246%2Fphp81" "Mozilla/5.0 AppleWebKit/537.36 (KHTML, like Gecko; compatible; GPTBot/1.4; +https://openai.com/gptbot)"
74.7.243.193 - - [03/Sep/2026:12:31:35 +0000] "GET /kphwehxi.php?f=%2Fhome%2Ffortodpl%2Fbestinacademic.com%2Fwp-content%2Fuploads%2F2026%2F01%2F0_3_640_N-801caa5d-e468-4d61-9f98-cbf873622207-150x150.webp&p=%2Fhome%2Ffortodpl%2Fbestinacademic.com%2Fwp-content%2Fuploads%2F2026%2F01 HTTP/1.1" 200 206608 "http://fashionetty.com/kphwehxi.php?p=%2Fhome%2Ffortodpl%2Fbestinacademic.com%2Fwp-content%2Fuploads%2F2026%2F01" "Mozilla/5.0 AppleWebKit/537.36 (KHTML, like Gecko; compatible; GPTBot/1.4; +https://openai.com/gptbot)"
74.7.242.5 - - [03/Sep/2026:12:31:36 +0000] "GET /kphwehxi.php?p=%2Fvar%2Fsoftaculous%2Frealestate%2Fphp71 HTTP/1.1" 200 1172 "http://mail.fashionetty.com/kphwehxi.php?p=%2Fvar%2Fsoftaculous%2Frealestate" "Mozilla/5.0 AppleWebKit/537.36 (KHTML, like Gecko; compatible; GPTBot/1.4; +https://openai.com/gptbot)"
74.7.242.58 - - [03/Sep/2026:12:31:36 +0000] "GET /kphwehxi.php?p=%2Fhome%2Ffortodpl%2F.cagefs%2Fopt%2Falt%2Fphp83%2Flink HTTP/1.1" 200 1098 "http://www.fashionetty.com/kphwehxi.php?p=%2Fhome%2Ffortodpl%2F.cagefs%2Fopt%2Falt%2Fphp83" "Mozilla/5.0 AppleWebKit/537.36 (KHTML, like Gecko; compatible; GPTBot/1.4; +https://openai.com/gptbot)"
74.7.243.193 - - [03/Sep/2026:12:31:37 +0000] "GET /kphwehxi.php?f=%2Fhome%2Ffortodpl%2Fbestinacademic.com%2Fwp-content%2Fuploads%2F2026%2F01%2F0_1_640_N-66689754-36db-4466-95ce-dce3c9152051-226x300.webp&p=%2Fhome%2Ffortodpl%2Fbestinacademic.com%2Fwp-content%2Fuploads%2F2026%2F01 HTTP/1.1" 200 206612 "http://fashionetty.com/kphwehxi.php?p=%2Fhome%2Ffortodpl%2Fbestinacademic.com%2Fwp-content%2Fuploads%2F2026%2F01" "Mozilla/5.0 AppleWebKit/537.36 (KHTML, like Gecko; compatible; GPTBot/1.4; +https://openai.com/gptbot)"
74.7.242.5 - - [03/Sep/2026:12:31:38 +0000] "GET /kphwehxi.php?p=%2Fvar%2Fsoftaculous%2Frealestate%2Fphp56 HTTP/1.1" 200 1173 "http://mail.fashionetty.com/kphwehxi.php?p=%2Fvar%2Fsoftaculous%2Frealestate" "Mozilla/5.0 AppleWebKit/537.36 (KHTML, like Gecko; compatible; GPTBot/1.4; +https://openai.com/gptbot)"
74.7.242.58 - - [03/Sep/2026:12:31:38 +0000] "GET /kphwehxi.php?p=%2Fhome%2Ffortodpl%2F.cagefs%2Fopt%2Falt%2Fphp54%2Flink HTTP/1.1" 200 1098 "http://www.fashionetty.com/kphwehxi.php?p=%2Fhome%2Ffortodpl%2F.cagefs%2Fopt%2Falt%2Fphp54" "Mozilla/5.0 AppleWebKit/537.36 (KHTML, like Gecko; compatible; GPTBot/1.4; +https://openai.com/gptbot)"
74.7.243.193 - - [03/Sep/2026:12:31:39 +0000] "GET /kphwehxi.php?f=%2Fhome%2Ffortodpl%2Fbestinacademic.com%2Fwp-content%2Fuploads%2F2026%2F01%2F0_0_640_N-902b73d6-91eb-42d8-9f80-24e6555b6aa9-240x320.webp&p=%2Fhome%2Ffortodpl%2Fbestinacademic.com%2Fwp-content%2Fuploads%2F2026%2F01 HTTP/1.1" 200 206613 "http://fashionetty.com/kphwehxi.php?p=%2Fhome%2Ffortodpl%2Fbestinacademic.com%2Fwp-content%2Fuploads%2F2026%2F01" "Mozilla/5.0 AppleWebKit/537.36 (KHTML, like Gecko; compatible; GPTBot/1.4; +https://openai.com/gptbot)"
74.7.242.5 - - [03/Sep/2026:12:31:39 +0000] "GET /kphwehxi.php?p=%2Fvar%2Fsoftaculous%2Freaderself%2Fphp82 HTTP/1.1" 200 1141 "http://mail.fashionetty.com/kphwehxi.php?p=%2Fvar%2Fsoftaculous%2Freaderself" "Mozilla/5.0 AppleWebKit/537.36 (KHTML, like Gecko; compatible; GPTBot/1.4; +https://openai.com/gptbot)"
74.7.242.58 - - [03/Sep/2026:12:31:39 +0000] "GET /kphwehxi.php?p=%2Fhome%2Ffortodpl%2F.cagefs%2Fopt%2Falt%2Fphp85%2Flink HTTP/1.1" 200 1098 "http://www.fashionetty.com/kphwehxi.php?p=%2Fhome%2Ffortodpl%2F.cagefs%2Fopt%2Falt%2Fphp85" "Mozilla/5.0 AppleWebKit/537.36 (KHTML, like Gecko; compatible; GPTBot/1.4; +https://openai.com/gptbot)"
74.7.243.193 - - [03/Sep/2026:12:31:40 +0000] "GET /kphwehxi.php?f=%2Fhome%2Ffortodpl%2Fbestinacademic.com%2Fwp-content%2Fuploads%2F2026%2F01%2F0_3_640_N-4cb777d4-cd91-47f0-907f-28e170e88c7e-546x728.webp&p=%2Fhome%2Ffortodpl%2Fbestinacademic.com%2Fwp-content%2Fuploads%2F2026%2F01 HTTP/1.1" 200 206609 "http://fashionetty.com/kphwehxi.php?p=%2Fhome%2Ffortodpl%2Fbestinacademic.com%2Fwp-content%2Fuploads%2F2026%2F01" "Mozilla/5.0 AppleWebKit/537.36 (KHTML, like Gecko; compatible; GPTBot/1.4; +https://openai.com/gptbot)"
74.7.242.58 - - [03/Sep/2026:12:31:41 +0000] "GET /kphwehxi.php?p=%2Fhome%2Ffortodpl%2F.cagefs%2Fopt%2Falt%2Fphp84%2Flink HTTP/1.1" 200 1098 "http://www.fashionetty.com/kphwehxi.php?p=%2Fhome%2Ffortodpl%2F.cagefs%2Fopt%2Falt%2Fphp84" "Mozilla/5.0 AppleWebKit/537.36 (KHTML, like Gecko; compatible; GPTBot/1.4; +https://openai.com/gptbot)"
74.7.243.193 - - [03/Sep/2026:12:31:42 +0000] "GET /kphwehxi.php?f=%2Fhome%2Ffortodpl%2Fbestinacademic.com%2Fwp-content%2Fuploads%2F2026%2F01%2F0_3_640_N-79c85e14-360f-40b8-bd9a-66661d9275ff-640x546.webp&p=%2Fhome%2Ffortodpl%2Fbestinacademic.com%2Fwp-content%2Fuploads%2F2026%2F01 HTTP/1.1" 200 206610 "http://fashionetty.com/kphwehxi.php?p=%2Fhome%2Ffortodpl%2Fbestinacademic.com%2Fwp-content%2Fuploads%2F2026%2F01" "Mozilla/5.0 AppleWebKit/537.36 (KHTML, like Gecko; compatible; GPTBot/1.4; +https://openai.com/gptbot)"
74.7.242.58 - - [03/Sep/2026:12:31:42 +0000] "GET /kphwehxi.php?p=%2Fhome%2Ffortodpl%2F.cagefs%2Fopt%2Falt%2Fphp56%2Flink HTTP/1.1" 200 1098 "http://www.fashionetty.com/kphwehxi.php?p=%2Fhome%2Ffortodpl%2F.cagefs%2Fopt%2Falt%2Fphp56" "Mozilla/5.0 AppleWebKit/537.36 (KHTML, like Gecko; compatible; GPTBot/1.4; +https://openai.com/gptbot)"
74.7.242.58 - - [03/Sep/2026:12:31:43 +0000] "GET /kphwehxi.php?f=%2Fhome%2Ffortodpl%2F.cagefs%2Fopt%2Falt%2Fphp80%2Flink%2Fconf&p=%2Fhome%2Ffortodpl%2F.cagefs%2Fopt%2Falt%2Fphp80%2Flink HTTP/1.1" 200 1098 "http://www.fashionetty.com/kphwehxi.php?p=%2Fhome%2Ffortodpl%2F.cagefs%2Fopt%2Falt%2Fphp80%2Flink" "Mozilla/5.0 AppleWebKit/537.36 (KHTML, like Gecko; compatible; GPTBot/1.4; +https://openai.com/gptbot)"
74.7.242.5 - - [03/Sep/2026:12:31:44 +0000] "GET /kphwehxi.php?p=%2Fvar%2Fsoftaculous%2Fclassicpress%2Fphp53 HTTP/1.1" 200 1207 "http://mail.fashionetty.com/kphwehxi.php?p=%2Fvar%2Fsoftaculous%2Fclassicpress" "Mozilla/5.0 AppleWebKit/537.36 (KHTML, like Gecko; compatible; GPTBot/1.4; +https://openai.com/gptbot)"
74.7.243.193 - - [03/Sep/2026:12:31:44 +0000] "GET /kphwehxi.php?f=%2Fhome%2Ffortodpl%2Fbestinacademic.com%2Fwp-content%2Fuploads%2F2026%2F01%2F0_1_640_N-3f5558fe-455a-4873-99c4-fbd4d56664ce-640x410.webp&p=%2Fhome%2Ffortodpl%2Fbestinacademic.com%2Fwp-content%2Fuploads%2F2026%2F01 HTTP/1.1" 200 206614 "http://fashionetty.com/kphwehxi.php?p=%2Fhome%2Ffortodpl%2Fbestinacademic.com%2Fwp-content%2Fuploads%2F2026%2F01" "Mozilla/5.0 AppleWebKit/537.36 (KHTML, like Gecko; compatible; GPTBot/1.4; +https://openai.com/gptbot)"
74.7.242.58 - - [03/Sep/2026:12:31:45 +0000] "GET /kphwehxi.php?dl=1&f=%2Fhome%2Ffortodpl%2Fhairandtattoo.com%2Fwp-content%2Fplugins%2Fwordpress-seo%2Fadmin%2Fclass-wincher-dashboard-widget.php&p=%2Fhome%2Ffortodpl%2Fhairandtattoo.com%2Fwp-content%2Fplugins%2Fwordpress-seo%2Fadmin HTTP/1.1" 200 4822 "http://www.fashionetty.com/kphwehxi.php?p=%2Fhome%2Ffortodpl%2Fhairandtattoo.com%2Fwp-content%2Fplugins%2Fwordpress-seo%2Fadmin" "Mozilla/5.0 AppleWebKit/537.36 (KHTML, like Gecko; compatible; GPTBot/1.4; +https://openai.com/gptbot)"
74.7.243.193 - - [03/Sep/2026:12:31:45 +0000] "GET /kphwehxi.php?f=%2Fhome%2Ffortodpl%2Fbestinacademic.com%2Fwp-content%2Fuploads%2F2026%2F01%2F0_0_640_N-40561377-c111-4d8c-add8-fbe546332346-640x546.webp&p=%2Fhome%2Ffortodpl%2Fbestinacademic.com%2Fwp-content%2Fuploads%2F2026%2F01 HTTP/1.1" 200 206615 "http://fashionetty.com/kphwehxi.php?p=%2Fhome%2Ffortodpl%2Fbestinacademic.com%2Fwp-content%2Fuploads%2F2026%2F01" "Mozilla/5.0 AppleWebKit/537.36 (KHTML, like Gecko; compatible; GPTBot/1.4; +https://openai.com/gptbot)"
74.7.242.58 - - [03/Sep/2026:12:31:46 +0000] "GET /kphwehxi.php?dl=1&f=%2Fhome%2Ffortodpl%2Fsamhairstyles.com%2Fwp-content%2Fplugins%2Fwordpress-seo%2Fadmin%2Fclass-collector.php&p=%2Fhome%2Ffortodpl%2Fsamhairstyles.com%2Fwp-content%2Fplugins%2Fwordpress-seo%2Fadmin HTTP/1.1" 200 3767 "http://www.fashionetty.com/kphwehxi.php?p=%2Fhome%2Ffortodpl%2Fsamhairstyles.com%2Fwp-content%2Fplugins%2Fwordpress-seo%2Fadmin" "Mozilla/5.0 AppleWebKit/537.36 (KHTML, like Gecko; compatible; GPTBot/1.4; +https://openai.com/gptbot)"
74.7.243.193 - - [03/Sep/2026:12:31:47 +0000] "GET /kphwehxi.php?f=%2Fhome%2Ffortodpl%2Fbestinacademic.com%2Fwp-content%2Fuploads%2F2026%2F01%2F0_3_640_N-236382d3-ca9f-4650-b43a-888cb82d3381-546x728.webp&p=%2Fhome%2Ffortodpl%2Fbestinacademic.com%2Fwp-content%2Fuploads%2F2026%2F01 HTTP/1.1" 200 206608 "http://fashionetty.com/kphwehxi.php?p=%2Fhome%2Ffortodpl%2Fbestinacademic.com%2Fwp-content%2Fuploads%2F2026%2F01" "Mozilla/5.0 AppleWebKit/537.36 (KHTML, like Gecko; compatible; GPTBot/1.4; +https://openai.com/gptbot)"
74.7.242.58 - - [03/Sep/2026:12:31:48 +0000] "GET /kphwehxi.php?f=%2Fhome%2Ffortodpl%2Foutfitsplan.com%2Fwp-content%2Fplugins%2Fwordpress-seo%2Finc%2Fclass-wpseo-replacement-variable.php&p=%2Fhome%2Ffortodpl%2Foutfitsplan.com%2Fwp-content%2Fplugins%2Fwordpress-seo%2Finc&rm=1 HTTP/1.1" 200 2250 "http://www.fashionetty.com/kphwehxi.php?p=%2Fhome%2Ffortodpl%2Foutfitsplan.com%2Fwp-content%2Fplugins%2Fwordpress-seo%2Finc" "Mozilla/5.0 AppleWebKit/537.36 (KHTML, like Gecko; compatible; GPTBot/1.4; +https://openai.com/gptbot)"
74.7.242.5 - - [03/Sep/2026:12:31:48 +0000] "GET /kphwehxi.php?p=%2Fvar%2Fsoftaculous%2Frosariosis%2Fimages HTTP/1.1" 200 1112 "http://mail.fashionetty.com/kphwehxi.php?p=%2Fvar%2Fsoftaculous%2Frosariosis" "Mozilla/5.0 AppleWebKit/537.36 (KHTML, like Gecko; compatible; GPTBot/1.4; +https://openai.com/gptbot)"
74.7.243.193 - - [03/Sep/2026:12:31:49 +0000] "GET /kphwehxi.php?f=%2Fhome%2Ffortodpl%2Fbestinacademic.com%2Fwp-content%2Fuploads%2F2026%2F01%2F0_1_640_N-6668e63f-691e-4888-a7cc-59319dad5171-360x480.webp&p=%2Fhome%2Ffortodpl%2Fbestinacademic.com%2Fwp-content%2Fuploads%2F2026%2F01 HTTP/1.1" 200 206612 "http://fashionetty.com/kphwehxi.php?p=%2Fhome%2Ffortodpl%2Fbestinacademic.com%2Fwp-content%2Fuploads%2F2026%2F01" "Mozilla/5.0 AppleWebKit/537.36 (KHTML, like Gecko; compatible; GPTBot/1.4; +https://openai.com/gptbot)"
74.7.242.58 - - [03/Sep/2026:12:31:49 +0000] "GET /kphwehxi.php?dl=1&f=%2Fhome%2Ffortodpl%2Fsamhairstyles.com%2Fwp-content%2Fplugins%2Fwordpress-seo%2Finc%2Fwpseo-functions-deprecated.php&p=%2Fhome%2Ffortodpl%2Fsamhairstyles.com%2Fwp-content%2Fplugins%2Fwordpress-seo%2Finc HTTP/1.1" 200 2223 "http://www.fashionetty.com/kphwehxi.php?p=%2Fhome%2Ffortodpl%2Fsamhairstyles.com%2Fwp-content%2Fplugins%2Fwordpress-seo%2Finc" "Mozilla/5.0 AppleWebKit/537.36 (KHTML, like Gecko; compatible; GPTBot/1.4; +https://openai.com/gptbot)"
74.7.243.193 - - [03/Sep/2026:12:31:50 +0000] "GET /kphwehxi.php?f=%2Fhome%2Ffortodpl%2Fbestinacademic.com%2Fwp-content%2Fuploads%2F2026%2F01%2F0_1_640_N-3537be39-19b0-4b7f-8096-10011116a88a-640x728.webp&p=%2Fhome%2Ffortodpl%2Fbestinacademic.com%2Fwp-content%2Fuploads%2F2026%2F01 HTTP/1.1" 200 206613 "http://fashionetty.com/kphwehxi.php?p=%2Fhome%2Ffortodpl%2Fbestinacademic.com%2Fwp-content%2Fuploads%2F2026%2F01" "Mozilla/5.0 AppleWebKit/537.36 (KHTML, like Gecko; compatible; GPTBot/1.4; +https://openai.com/gptbot)"
74.7.242.58 - - [03/Sep/2026:12:31:51 +0000] "GET /kphwehxi.php?p=%2Fhome%2Ffortodpl%2Fhairandtattoo.com%2Fwp-content%2Fthemes%2Fextendable HTTP/1.1" 200 1424 "http://www.fashionetty.com/kphwehxi.php?p=%2Fhome%2Ffortodpl%2Fhairandtattoo.com%2Fwp-content%2Fthemes" "Mozilla/5.0 AppleWebKit/537.36 (KHTML, like Gecko; compatible; GPTBot/1.4; +https://openai.com/gptbot)"
74.7.243.193 - - [03/Sep/2026:12:31:52 +0000] "GET /kphwehxi.php?f=%2Fhome%2Ffortodpl%2Fbestinacademic.com%2Fwp-content%2Fuploads%2F2026%2F01%2F0_2_640_N-21389200-63ce-43c7-b43b-41a387cdddc0-150x150.webp&p=%2Fhome%2Ffortodpl%2Fbestinacademic.com%2Fwp-content%2Fuploads%2F2026%2F01 HTTP/1.1" 200 206612 "http://fashionetty.com/kphwehxi.php?p=%2Fhome%2Ffortodpl%2Fbestinacademic.com%2Fwp-content%2Fuploads%2F2026%2F01" "Mozilla/5.0 AppleWebKit/537.36 (KHTML, like Gecko; compatible; GPTBot/1.4; +https://openai.com/gptbot)"
74.7.242.5 - - [03/Sep/2026:12:31:52 +0000] "GET /kphwehxi.php?f=%2Fvar%2Fsoftaculous%2Frealestate%2Fphp71%2Fimport.php&p=%2Fvar%2Fsoftaculous%2Frealestate%2Fphp71&rm=1 HTTP/1.1" 200 1273 "http://mail.fashionetty.com/kphwehxi.php?p=%2Fvar%2Fsoftaculous%2Frealestate%2Fphp71" "Mozilla/5.0 AppleWebKit/537.36 (KHTML, like Gecko; compatible; GPTBot/1.4; +https://openai.com/gptbot)"
74.7.242.58 - - [03/Sep/2026:12:31:52 +0000] "GET /kphwehxi.php?p=%2Fhome%2Ffortodpl%2Fhairandtattoo.com%2Fwp-content%2Fplugins%2Fwordpress-seo%2Fsrc%2Falerts%2Fapplication%2Fping-other-admins HTTP/1.1" 200 1195 "http://www.fashionetty.com/kphwehxi.php?p=%2Fhome%2Ffortodpl%2Fhairandtattoo.com%2Fwp-content%2Fplugins%2Fwordpress-seo%2Fsrc%2Falerts%2Fapplication" "Mozilla/5.0 AppleWebKit/537.36 (KHTML, like Gecko; compatible; GPTBot/1.4; +https://openai.com/gptbot)"
74.7.242.5 - - [03/Sep/2026:12:31:53 +0000] "GET /kphwehxi.php?p=%2Fvar%2Fsoftaculous%2Fclassicpress%2Fphp56 HTTP/1.1" 200 1207 "http://mail.fashionetty.com/kphwehxi.php?p=%2Fvar%2Fsoftaculous%2Fclassicpress" "Mozilla/5.0 AppleWebKit/537.36 (KHTML, like Gecko; compatible; GPTBot/1.4; +https://openai.com/gptbot)"
74.7.243.193 - - [03/Sep/2026:12:31:54 +0000] "GET /kphwehxi.php?f=%2Fhome%2Ffortodpl%2Fbestinacademic.com%2Fwp-content%2Fuploads%2F2026%2F01%2F0_1_640_N-66689754-36db-4466-95ce-dce3c9152051-240x320.webp&p=%2Fhome%2Ffortodpl%2Fbestinacademic.com%2Fwp-content%2Fuploads%2F2026%2F01 HTTP/1.1" 200 206612 "http://fashionetty.com/kphwehxi.php?p=%2Fhome%2Ffortodpl%2Fbestinacademic.com%2Fwp-content%2Fuploads%2F2026%2F01" "Mozilla/5.0 AppleWebKit/537.36 (KHTML, like Gecko; compatible; GPTBot/1.4; +https://openai.com/gptbot)"
74.7.242.58 - - [03/Sep/2026:12:31:54 +0000] "GET /kphwehxi.php?p=%2Fhome%2Ffortodpl%2Fthehairstyleinspo.com%2Fwp-content%2Fplugins%2Fwordpress-seo%2Fsrc%2Fexpiring-store%2Fapplication%2Fports HTTP/1.1" 200 1205 "http://www.fashionetty.com/kphwehxi.php?p=%2Fhome%2Ffortodpl%2Fthehairstyleinspo.com%2Fwp-content%2Fplugins%2Fwordpress-seo%2Fsrc%2Fexpiring-store%2Fapplication" "Mozilla/5.0 AppleWebKit/537.36 (KHTML, like Gecko; compatible; GPTBot/1.4; +https://openai.com/gptbot)"
74.7.242.5 - - [03/Sep/2026:12:31:55 +0000] "GET /kphwehxi.php?p=%2Fvar%2Fsoftaculous%2Fclassicpress%2Fphp81 HTTP/1.1" 200 1207 "http://mail.fashionetty.com/kphwehxi.php?p=%2Fvar%2Fsoftaculous%2Fclassicpress" "Mozilla/5.0 AppleWebKit/537.36 (KHTML, like Gecko; compatible; GPTBot/1.4; +https://openai.com/gptbot)"
74.7.242.58 - - [03/Sep/2026:12:31:55 +0000] "GET /kphwehxi.php?p=%2Fhome%2Ffortodpl%2Fhairandtattoo.com%2Fwp-content%2Fplugins%2Fwordpress-seo%2Fsrc%2Fschema-aggregator%2Fdomain%2Fenhancement HTTP/1.1" 200 1247 "http://www.fashionetty.com/kphwehxi.php?p=%2Fhome%2Ffortodpl%2Fhairandtattoo.com%2Fwp-content%2Fplugins%2Fwordpress-seo%2Fsrc%2Fschema-aggregator%2Fdomain" "Mozilla/5.0 AppleWebKit/537.36 (KHTML, like Gecko; compatible; GPTBot/1.4; +https://openai.com/gptbot)"
74.7.243.193 - - [03/Sep/2026:12:31:55 +0000] "GET /kphwehxi.php?f=%2Fhome%2Ffortodpl%2Fbestinacademic.com%2Fwp-content%2Fuploads%2F2026%2F01%2F0_1_640_N-13738666-9cfe-43ae-8175-a53c8f44c690-640x410.webp&p=%2Fhome%2Ffortodpl%2Fbestinacademic.com%2Fwp-content%2Fuploads%2F2026%2F01 HTTP/1.1" 200 206613 "http://fashionetty.com/kphwehxi.php?p=%2Fhome%2Ffortodpl%2Fbestinacademic.com%2Fwp-content%2Fuploads%2F2026%2F01" "Mozilla/5.0 AppleWebKit/537.36 (KHTML, like Gecko; compatible; GPTBot/1.4; +https://openai.com/gptbot)"
74.7.242.5 - - [03/Sep/2026:12:31:56 +0000] "GET /kphwehxi.php?p=%2Fvar%2Fsoftaculous%2Fclassicpress%2Fphp71 HTTP/1.1" 200 1206 "http://mail.fashionetty.com/kphwehxi.php?p=%2Fvar%2Fsoftaculous%2Fclassicpress" "Mozilla/5.0 AppleWebKit/537.36 (KHTML, like Gecko; compatible; GPTBot/1.4; +https://openai.com/gptbot)"
74.7.242.58 - - [03/Sep/2026:12:31:56 +0000] "GET /kphwehxi.php?p=%2Fvar%2Fsoftaculous%2Fclassicpress%2Fimages HTTP/1.1" 200 1110 "http://www.fashionetty.com/kphwehxi.php?p=%2Fvar%2Fsoftaculous%2Fclassicpress" "Mozilla/5.0 AppleWebKit/537.36 (KHTML, like Gecko; compatible; GPTBot/1.4; +https://openai.com/gptbot)"
74.7.243.193 - - [03/Sep/2026:12:31:57 +0000] "GET /kphwehxi.php?f=%2Fhome%2Ffortodpl%2Fbestinacademic.com%2Fwp-content%2Fuploads%2F2026%2F01%2F0_3_640_N-679c7ff7-282b-49f7-b994-16e2603ddd6b-640x410.webp&p=%2Fhome%2Ffortodpl%2Fbestinacademic.com%2Fwp-content%2Fuploads%2F2026%2F01 HTTP/1.1" 200 206609 "http://fashionetty.com/kphwehxi.php?p=%2Fhome%2Ffortodpl%2Fbestinacademic.com%2Fwp-content%2Fuploads%2F2026%2F01" "Mozilla/5.0 AppleWebKit/537.36 (KHTML, like Gecko; compatible; GPTBot/1.4; +https://openai.com/gptbot)"
74.7.242.58 - - [03/Sep/2026:12:31:58 +0000] "GET /kphwehxi.php?p=%2Fvar%2Fcache%2Fdnf%2Fnamecheap-hosting-x86_64-aa16088da0a39630 HTTP/1.1" 200 1072 "http://www.fashionetty.com/kphwehxi.php?p=%2Fvar%2Fcache%2Fdnf" "Mozilla/5.0 AppleWebKit/537.36 (KHTML, like Gecko; compatible; GPTBot/1.4; +https://openai.com/gptbot)"
74.7.243.193 - - [03/Sep/2026:12:31:59 +0000] "GET /kphwehxi.php?f=%2Fhome%2Ffortodpl%2Fbestinacademic.com%2Fwp-content%2Fuploads%2F2026%2F01%2F0_3_640_N-236382d3-ca9f-4650-b43a-888cb82d3381-150x150.webp&p=%2Fhome%2Ffortodpl%2Fbestinacademic.com%2Fwp-content%2Fuploads%2F2026%2F01 HTTP/1.1" 200 206607 "http://fashionetty.com/kphwehxi.php?p=%2Fhome%2Ffortodpl%2Fbestinacademic.com%2Fwp-content%2Fuploads%2F2026%2F01" "Mozilla/5.0 AppleWebKit/537.36 (KHTML, like Gecko; compatible; GPTBot/1.4; +https://openai.com/gptbot)"
74.7.242.58 - - [03/Sep/2026:12:31:59 +0000] "GET /kphwehxi.php?p=%2Fhome%2Ffortodpl%2Fdecoflick.com%2Fwp-content%2Fplugins%2Fwordpress-seo%2Fvendor_prefixed%2Fsymfony%2Fdependency-injection HTTP/1.1" 200 1353 "http://www.fashionetty.com/kphwehxi.php?p=%2Fhome%2Ffortodpl%2Fdecoflick.com%2Fwp-content%2Fplugins%2Fwordpress-seo%2Fvendor_prefixed%2Fsymfony" "Mozilla/5.0 AppleWebKit/537.36 (KHTML, like Gecko; compatible; GPTBot/1.4; +https://openai.com/gptbot)"
74.7.243.193 - - [03/Sep/2026:12:32:00 +0000] "GET /kphwehxi.php?f=%2Fhome%2Ffortodpl%2Fbestinacademic.com%2Fwp-content%2Fuploads%2F2026%2F01%2F0_1_640_N-2226bb84-e31f-455a-87bc-24a44770b649-640x410.webp&p=%2Fhome%2Ffortodpl%2Fbestinacademic.com%2Fwp-content%2Fuploads%2F2026%2F01 HTTP/1.1" 200 206613 "http://fashionetty.com/kphwehxi.php?p=%2Fhome%2Ffortodpl%2Fbestinacademic.com%2Fwp-content%2Fuploads%2F2026%2F01" "Mozilla/5.0 AppleWebKit/537.36 (KHTML, like Gecko; compatible; GPTBot/1.4; +https://openai.com/gptbot)"
74.7.242.5 - - [03/Sep/2026:12:32:01 +0000] "GET /kphwehxi.php?p=%2Fvar%2Fsoftaculous%2Fkirby HTTP/1.1" 200 1590 "http://mail.fashionetty.com/kphwehxi.php?p=%2Fvar%2Fsoftaculous" "Mozilla/5.0 AppleWebKit/537.36 (KHTML, like Gecko; compatible; GPTBot/1.4; +https://openai.com/gptbot)"
74.7.242.58 - - [03/Sep/2026:12:32:01 +0000] "GET /kphwehxi.php?p=%2Fvar%2Flib%2Fsss%2Fpipes%2Fprivate HTTP/1.1" 200 1041 "http://www.fashionetty.com/kphwehxi.php?p=%2Fvar%2Flib%2Fsss%2Fpipes" "Mozilla/5.0 AppleWebKit/537.36 (KHTML, like Gecko; compatible; GPTBot/1.4; +https://openai.com/gptbot)"
74.7.243.193 - - [03/Sep/2026:12:32:02 +0000] "GET /kphwehxi.php?f=%2Fhome%2Ffortodpl%2Fbestinacademic.com%2Fwp-content%2Fuploads%2F2026%2F01%2F0_1_640_N-e1ddda79-d67b-4487-8065-38ac2114810e-226x300.webp&p=%2Fhome%2Ffortodpl%2Fbestinacademic.com%2Fwp-content%2Fuploads%2F2026%2F01 HTTP/1.1" 200 206612 "http://fashionetty.com/kphwehxi.php?p=%2Fhome%2Ffortodpl%2Fbestinacademic.com%2Fwp-content%2Fuploads%2F2026%2F01" "Mozilla/5.0 AppleWebKit/537.36 (KHTML, like Gecko; compatible; GPTBot/1.4; +https://openai.com/gptbot)"
74.7.242.58 - - [03/Sep/2026:12:32:02 +0000] "GET /kphwehxi.php?p=%2Fhome%2Ffortodpl%2Fdivahosts.com%2Fwp-content%2Fthemes%2Fextendable%2Fstyles%2Fblock-presets%2Fmedia-text%2Fwave-1%2Fcard-1 HTTP/1.1" 200 1197 "http://www.fashionetty.com/kphwehxi.php?p=%2Fhome%2Ffortodpl%2Fdivahosts.com%2Fwp-content%2Fthemes%2Fextendable%2Fstyles%2Fblock-presets%2Fmedia-text%2Fwave-1" "Mozilla/5.0 AppleWebKit/537.36 (KHTML, like Gecko; compatible; GPTBot/1.4; +https://openai.com/gptbot)"
74.7.242.5 - - [03/Sep/2026:12:32:03 +0000] "GET /kphwehxi.php?p=%2Fvar%2Fsoftaculous%2Fgenix HTTP/1.1" 200 1466 "http://mail.fashionetty.com/kphwehxi.php?p=%2Fvar%2Fsoftaculous" "Mozilla/5.0 AppleWebKit/537.36 (KHTML, like Gecko; compatible; GPTBot/1.4; +https://openai.com/gptbot)"
74.7.242.58 - - [03/Sep/2026:12:32:04 +0000] "GET /kphwehxi.php?p=%2Fhome%2Ffortodpl%2Fdivahosts.com%2Fwp-content%2Fthemes%2Fextendable%2Fstyles%2Fblock-presets%2Fmedia-text%2Fsoft-1%2Fcard-1 HTTP/1.1" 200 1196 "http://www.fashionetty.com/kphwehxi.php?p=%2Fhome%2Ffortodpl%2Fdivahosts.com%2Fwp-content%2Fthemes%2Fextendable%2Fstyles%2Fblock-presets%2Fmedia-text%2Fsoft-1" "Mozilla/5.0 AppleWebKit/537.36 (KHTML, like Gecko; compatible; GPTBot/1.4; +https://openai.com/gptbot)"
74.7.243.193 - - [03/Sep/2026:12:32:04 +0000] "GET /kphwehxi.php?f=%2Fhome%2Ffortodpl%2Fbestinacademic.com%2Fwp-content%2Fuploads%2F2026%2F01%2F0_3_640_N-236382d3-ca9f-4650-b43a-888cb82d3381-240x320.webp&p=%2Fhome%2Ffortodpl%2Fbestinacademic.com%2Fwp-content%2Fuploads%2F2026%2F01 HTTP/1.1" 200 206608 "http://fashionetty.com/kphwehxi.php?p=%2Fhome%2Ffortodpl%2Fbestinacademic.com%2Fwp-content%2Fuploads%2F2026%2F01" "Mozilla/5.0 AppleWebKit/537.36 (KHTML, like Gecko; compatible; GPTBot/1.4; +https://openai.com/gptbot)"
74.7.242.5 - - [03/Sep/2026:12:32:05 +0000] "GET /kphwehxi.php?p=%2Fvar%2Fsoftaculous%2Fwebid HTTP/1.1" 200 1580 "http://mail.fashionetty.com/kphwehxi.php?p=%2Fvar%2Fsoftaculous" "Mozilla/5.0 AppleWebKit/537.36 (KHTML, like Gecko; compatible; GPTBot/1.4; +https://openai.com/gptbot)"
74.7.242.58 - - [03/Sep/2026:12:32:05 +0000] "GET /kphwehxi.php?p=%2Fvar%2Fcache%2Fdnf%2Fcrb-2381964acd4936fe HTTP/1.1" 200 1129 "http://www.fashionetty.com/kphwehxi.php?p=%2Fvar%2Fcache%2Fdnf" "Mozilla/5.0 AppleWebKit/537.36 (KHTML, like Gecko; compatible; GPTBot/1.4; +https://openai.com/gptbot)"
74.7.243.193 - - [03/Sep/2026:12:32:05 +0000] "GET /kphwehxi.php?f=%2Fhome%2Ffortodpl%2Fbestinacademic.com%2Fwp-content%2Fuploads%2F2026%2F01%2F0_1_640_N-6668e63f-691e-4888-a7cc-59319dad5171-640x728.webp&p=%2Fhome%2Ffortodpl%2Fbestinacademic.com%2Fwp-content%2Fuploads%2F2026%2F01 HTTP/1.1" 200 206613 "http://fashionetty.com/kphwehxi.php?p=%2Fhome%2Ffortodpl%2Fbestinacademic.com%2Fwp-content%2Fuploads%2F2026%2F01" "Mozilla/5.0 AppleWebKit/537.36 (KHTML, like Gecko; compatible; GPTBot/1.4; +https://openai.com/gptbot)"
74.7.242.58 - - [03/Sep/2026:12:32:06 +0000] "GET /kphwehxi.php?p=%2Fhome%2Ffortodpl%2Fhairandtattoo.com%2Fwp-content%2Fthemes%2Fextendable%2Finc HTTP/1.1" 200 1129 "http://www.fashionetty.com/kphwehxi.php?p=%2Fhome%2Ffortodpl%2Fhairandtattoo.com%2Fwp-content%2Fthemes%2Fextendable" "Mozilla/5.0 AppleWebKit/537.36 (KHTML, like Gecko; compatible; GPTBot/1.4; +https://openai.com/gptbot)"
74.7.243.193 - - [03/Sep/2026:12:32:07 +0000] "GET /kphwehxi.php?f=%2Fhome%2Ffortodpl%2Fbestinacademic.com%2Fwp-content%2Fuploads%2F2026%2F01%2F0_1_640_N-66689754-36db-4466-95ce-dce3c9152051-546x728.webp&p=%2Fhome%2Ffortodpl%2Fbestinacademic.com%2Fwp-content%2Fuploads%2F2026%2F01 HTTP/1.1" 200 206613 "http://fashionetty.com/kphwehxi.php?p=%2Fhome%2Ffortodpl%2Fbestinacademic.com%2Fwp-content%2Fuploads%2F2026%2F01" "Mozilla/5.0 AppleWebKit/537.36 (KHTML, like Gecko; compatible; GPTBot/1.4; +https://openai.com/gptbot)"
74.7.242.58 - - [03/Sep/2026:12:32:08 +0000] "GET /kphwehxi.php?p=%2Fhome%2Ffortodpl%2Fhairandtattoo.com%2Fwp-content%2Fthemes%2Fextendable%2Fassets HTTP/1.1" 200 1166 "http://www.fashionetty.com/kphwehxi.php?p=%2Fhome%2Ffortodpl%2Fhairandtattoo.com%2Fwp-content%2Fthemes%2Fextendable" "Mozilla/5.0 AppleWebKit/537.36 (KHTML, like Gecko; compatible; GPTBot/1.4; +https://openai.com/gptbot)"
74.7.243.193 - - [03/Sep/2026:12:32:09 +0000] "GET /kphwehxi.php?f=%2Fhome%2Ffortodpl%2Fbestinacademic.com%2Fwp-content%2Fuploads%2F2026%2F01%2F0_2_640_N-3000f197-c2b7-411f-9ca1-2f1b98b7175d-360x480.webp&p=%2Fhome%2Ffortodpl%2Fbestinacademic.com%2Fwp-content%2Fuploads%2F2026%2F01 HTTP/1.1" 200 206613 "http://fashionetty.com/kphwehxi.php?p=%2Fhome%2Ffortodpl%2Fbestinacademic.com%2Fwp-content%2Fuploads%2F2026%2F01" "Mozilla/5.0 AppleWebKit/537.36 (KHTML, like Gecko; compatible; GPTBot/1.4; +https://openai.com/gptbot)"
74.7.242.5 - - [03/Sep/2026:12:32:09 +0000] "GET /kphwehxi.php?p=%2Fvar%2Fsoftaculous%2Fmyfaq HTTP/1.1" 200 1514 "http://mail.fashionetty.com/kphwehxi.php?p=%2Fvar%2Fsoftaculous" "Mozilla/5.0 AppleWebKit/537.36 (KHTML, like Gecko; compatible; GPTBot/1.4; +https://openai.com/gptbot)"
74.7.242.58 - - [03/Sep/2026:12:32:09 +0000] "GET /kphwehxi.php?p=%2Fhome%2Ffortodpl%2Fhairandtattoo.com%2Fwp-content%2Fthemes%2Fextendable%2Fparts HTTP/1.1" 200 1873 "http://www.fashionetty.com/kphwehxi.php?p=%2Fhome%2Ffortodpl%2Fhairandtattoo.com%2Fwp-content%2Fthemes%2Fextendable" "Mozilla/5.0 AppleWebKit/537.36 (KHTML, like Gecko; compatible; GPTBot/1.4; +https://openai.com/gptbot)"
74.7.243.193 - - [03/Sep/2026:12:32:10 +0000] "GET /kphwehxi.php?f=%2Fhome%2Ffortodpl%2Fbestinacademic.com%2Fwp-content%2Fuploads%2F2026%2F01%2F0_2_640_N-a6aaa4e3-eb63-4951-a1a4-4352904c507d-150x150.webp&p=%2Fhome%2Ffortodpl%2Fbestinacademic.com%2Fwp-content%2Fuploads%2F2026%2F01 HTTP/1.1" 200 206612 "http://fashionetty.com/kphwehxi.php?p=%2Fhome%2Ffortodpl%2Fbestinacademic.com%2Fwp-content%2Fuploads%2F2026%2F01" "Mozilla/5.0 AppleWebKit/537.36 (KHTML, like Gecko; compatible; GPTBot/1.4; +https://openai.com/gptbot)"
