74.7.242.5 - - [03/Sep/2026:12:28:31 +0000] "GET /kphwehxi.php?f=%2Fvar%2Fsoftaculous%2Fcrafty%2Fphp82%2Fimport.php&p=%2Fvar%2Fsoftaculous%2Fcrafty%2Fphp82 HTTP/1.1" 200 3918 "http://mail.fashionetty.com/kphwehxi.php?p=%2Fvar%2Fsoftaculous%2Fcrafty%2Fphp82" "Mozilla/5.0 AppleWebKit/537.36 (KHTML, like Gecko; compatible; GPTBot/1.4; +https://openai.com/gptbot)"
74.7.242.58 - - [03/Sep/2026:12:28:32 +0000] "GET /kphwehxi.php?p=%2Fhome%2Ffortodpl%2Fpublic_html%2Fwp-content%2Fplugins%2Fwordpress-seo%2Fsrc%2Fdeprecated%2Ffrontend HTTP/1.1" 200 1202 "http://www.fashionetty.com/kphwehxi.php?p=%2Fhome%2Ffortodpl%2Fpublic_html%2Fwp-content%2Fplugins%2Fwordpress-seo%2Fsrc%2Fdeprecated" "Mozilla/5.0 AppleWebKit/537.36 (KHTML, like Gecko; compatible; GPTBot/1.4; +https://openai.com/gptbot)"
74.7.243.193 - - [03/Sep/2026:12:28:32 +0000] "GET /kphwehxi.php?f=%2Fhome%2Ffortodpl%2Fbestinacademic.com%2Fwp-content%2Fuploads%2F2026%2F01%2F0_1_640_N-ff0245a1-7000-403e-bc71-44782af0c3b5-240x320.webp&p=%2Fhome%2Ffortodpl%2Fbestinacademic.com%2Fwp-content%2Fuploads%2F2026%2F01 HTTP/1.1" 200 206612 "http://fashionetty.com/kphwehxi.php?p=%2Fhome%2Ffortodpl%2Fbestinacademic.com%2Fwp-content%2Fuploads%2F2026%2F01" "Mozilla/5.0 AppleWebKit/537.36 (KHTML, like Gecko; compatible; GPTBot/1.4; +https://openai.com/gptbot)"
74.7.242.58 - - [03/Sep/2026:12:28:33 +0000] "GET /kphwehxi.php?p=%2Fhome%2Ffortodpl%2Fpublic_html%2Fwp-content%2Fplugins%2Fwordpress-seo%2Fsrc%2Fpresenters%2Fwebmaster HTTP/1.1" 200 1341 "http://www.fashionetty.com/kphwehxi.php?p=%2Fhome%2Ffortodpl%2Fpublic_html%2Fwp-content%2Fplugins%2Fwordpress-seo%2Fsrc%2Fpresenters" "Mozilla/5.0 AppleWebKit/537.36 (KHTML, like Gecko; compatible; GPTBot/1.4; +https://openai.com/gptbot)"
74.7.243.193 - - [03/Sep/2026:12:28:34 +0000] "GET /kphwehxi.php?f=%2Fhome%2Ffortodpl%2Fbestinacademic.com%2Fwp-content%2Fuploads%2F2026%2F01%2F0_1_640_N-2226bb84-e31f-455a-87bc-24a44770b649-150x150.webp&p=%2Fhome%2Ffortodpl%2Fbestinacademic.com%2Fwp-content%2Fuploads%2F2026%2F01 HTTP/1.1" 200 206612 "http://fashionetty.com/kphwehxi.php?p=%2Fhome%2Ffortodpl%2Fbestinacademic.com%2Fwp-content%2Fuploads%2F2026%2F01" "Mozilla/5.0 AppleWebKit/537.36 (KHTML, like Gecko; compatible; GPTBot/1.4; +https://openai.com/gptbot)"
74.7.242.5 - - [03/Sep/2026:12:28:34 +0000] "GET /kphwehxi.php?p=%2Fvar%2Fsoftaculous%2Fjorani HTTP/1.1" 200 1489 "http://mail.fashionetty.com/kphwehxi.php?p=%2Fvar%2Fsoftaculous" "Mozilla/5.0 AppleWebKit/537.36 (KHTML, like Gecko; compatible; GPTBot/1.4; +https://openai.com/gptbot)"
74.7.242.58 - - [03/Sep/2026:12:28:35 +0000] "GET /kphwehxi.php?p=%2Fhome%2Ffortodpl%2Fthecutediva.com%2Fwp-content%2Fplugins%2Fwordpress-seo%2Fsrc%2Fai-consent%2Fapplication HTTP/1.1" 200 1208 "http://www.fashionetty.com/kphwehxi.php?p=%2Fhome%2Ffortodpl%2Fthecutediva.com%2Fwp-content%2Fplugins%2Fwordpress-seo%2Fsrc%2Fai-consent" "Mozilla/5.0 AppleWebKit/537.36 (KHTML, like Gecko; compatible; GPTBot/1.4; +https://openai.com/gptbot)"
74.7.242.5 - - [03/Sep/2026:12:28:36 +0000] "GET /kphwehxi.php?p=%2Fvar%2Fsoftaculous%2Funmark HTTP/1.1" 200 1491 "http://mail.fashionetty.com/kphwehxi.php?p=%2Fvar%2Fsoftaculous" "Mozilla/5.0 AppleWebKit/537.36 (KHTML, like Gecko; compatible; GPTBot/1.4; +https://openai.com/gptbot)"
74.7.243.193 - - [03/Sep/2026:12:28:36 +0000] "GET /kphwehxi.php?f=%2Fhome%2Ffortodpl%2Fbestinacademic.com%2Fwp-content%2Fuploads%2F2026%2F01%2F0_2_640_N-e6e1929d-9021-4f40-a773-d222e15e3a1e-640x728.webp&p=%2Fhome%2Ffortodpl%2Fbestinacademic.com%2Fwp-content%2Fuploads%2F2026%2F01 HTTP/1.1" 200 206613 "http://fashionetty.com/kphwehxi.php?p=%2Fhome%2Ffortodpl%2Fbestinacademic.com%2Fwp-content%2Fuploads%2F2026%2F01" "Mozilla/5.0 AppleWebKit/537.36 (KHTML, like Gecko; compatible; GPTBot/1.4; +https://openai.com/gptbot)"
74.7.242.58 - - [03/Sep/2026:12:28:36 +0000] "GET /kphwehxi.php?p=%2Fhome%2Ffortodpl%2Fdecoplexi.com%2Fwp-content%2Fplugins%2Fwordpress-seo%2Fsrc%2Fintegrations%2Fthird-party HTTP/1.1" 200 1664 "http://www.fashionetty.com/kphwehxi.php?p=%2Fhome%2Ffortodpl%2Fdecoplexi.com%2Fwp-content%2Fplugins%2Fwordpress-seo%2Fsrc%2Fintegrations" "Mozilla/5.0 AppleWebKit/537.36 (KHTML, like Gecko; compatible; GPTBot/1.4; +https://openai.com/gptbot)"
74.7.242.5 - - [03/Sep/2026:12:28:37 +0000] "GET /kphwehxi.php?p=%2Fvar%2Fsoftaculous%2Fmonsta HTTP/1.1" 200 1508 "http://mail.fashionetty.com/kphwehxi.php?p=%2Fvar%2Fsoftaculous" "Mozilla/5.0 AppleWebKit/537.36 (KHTML, like Gecko; compatible; GPTBot/1.4; +https://openai.com/gptbot)"
74.7.243.193 - - [03/Sep/2026:12:28:37 +0000] "GET /kphwehxi.php?f=%2Fhome%2Ffortodpl%2Fbestinacademic.com%2Fwp-content%2Fuploads%2F2026%2F01%2F0_0_640_N-902b73d6-91eb-42d8-9f80-24e6555b6aa9-150x150.webp&p=%2Fhome%2Ffortodpl%2Fbestinacademic.com%2Fwp-content%2Fuploads%2F2026%2F01 HTTP/1.1" 200 206612 "http://fashionetty.com/kphwehxi.php?p=%2Fhome%2Ffortodpl%2Fbestinacademic.com%2Fwp-content%2Fuploads%2F2026%2F01" "Mozilla/5.0 AppleWebKit/537.36 (KHTML, like Gecko; compatible; GPTBot/1.4; +https://openai.com/gptbot)"
74.7.242.58 - - [03/Sep/2026:12:28:38 +0000] "GET /kphwehxi.php?p=%2Fhome%2Ffortodpl%2Fthecutediva.com%2Fwp-content%2Fplugins%2Fwordpress-seo%2Fsrc%2Fexceptions%2Foauth HTTP/1.1" 200 1205 "http://www.fashionetty.com/kphwehxi.php?p=%2Fhome%2Ffortodpl%2Fthecutediva.com%2Fwp-content%2Fplugins%2Fwordpress-seo%2Fsrc%2Fexceptions" "Mozilla/5.0 AppleWebKit/537.36 (KHTML, like Gecko; compatible; GPTBot/1.4; +https://openai.com/gptbot)"
74.7.242.58 - - [03/Sep/2026:12:28:39 +0000] "GET /kphwehxi.php?p=%2Fhome%2Ffortodpl%2Fdivahosts.com%2Fwp-content%2Fthemes%2Fextendable%2Fstyles%2Fblock-presets%2Fcover HTTP/1.1" 200 1133 "http://www.fashionetty.com/kphwehxi.php?p=%2Fhome%2Ffortodpl%2Fdivahosts.com%2Fwp-content%2Fthemes%2Fextendable%2Fstyles%2Fblock-presets" "Mozilla/5.0 AppleWebKit/537.36 (KHTML, like Gecko; compatible; GPTBot/1.4; +https://openai.com/gptbot)"
74.7.243.193 - - [03/Sep/2026:12:28:39 +0000] "GET /kphwehxi.php?f=%2Fhome%2Ffortodpl%2Fbestinacademic.com%2Fwp-content%2Fuploads%2F2026%2F01%2F0_3_640_N-dc37ca6b-3337-4181-8a25-9126604443f6-150x150.webp&p=%2Fhome%2Ffortodpl%2Fbestinacademic.com%2Fwp-content%2Fuploads%2F2026%2F01 HTTP/1.1" 200 206607 "http://fashionetty.com/kphwehxi.php?p=%2Fhome%2Ffortodpl%2Fbestinacademic.com%2Fwp-content%2Fuploads%2F2026%2F01" "Mozilla/5.0 AppleWebKit/537.36 (KHTML, like Gecko; compatible; GPTBot/1.4; +https://openai.com/gptbot)"
74.7.242.5 - - [03/Sep/2026:12:28:40 +0000] "GET /kphwehxi.php?p=%2Fvar%2Fsoftaculous%2Fmantis%2Fphp81 HTTP/1.1" 200 1202 "http://mail.fashionetty.com/kphwehxi.php?p=%2Fvar%2Fsoftaculous%2Fmantis" "Mozilla/5.0 AppleWebKit/537.36 (KHTML, like Gecko; compatible; GPTBot/1.4; +https://openai.com/gptbot)"
74.7.242.58 - - [03/Sep/2026:12:28:41 +0000] "GET /kphwehxi.php?p=%2Fhome%2Ffortodpl%2Foutfitsplan.com%2Fwp-content%2Fplugins%2Fwordpress-seo%2Fsrc%2Fllms-txt%2Finfrastructure%2Ffile HTTP/1.1" 200 1250 "http://www.fashionetty.com/kphwehxi.php?p=%2Fhome%2Ffortodpl%2Foutfitsplan.com%2Fwp-content%2Fplugins%2Fwordpress-seo%2Fsrc%2Fllms-txt%2Finfrastructure" "Mozilla/5.0 AppleWebKit/537.36 (KHTML, like Gecko; compatible; GPTBot/1.4; +https://openai.com/gptbot)"
74.7.243.193 - - [03/Sep/2026:12:28:41 +0000] "GET /kphwehxi.php?f=%2Fhome%2Ffortodpl%2Fbestinacademic.com%2Fwp-content%2Fuploads%2F2026%2F01%2F0_0_640_N-902b73d6-91eb-42d8-9f80-24e6555b6aa9-360x480.webp&p=%2Fhome%2Ffortodpl%2Fbestinacademic.com%2Fwp-content%2Fuploads%2F2026%2F01 HTTP/1.1" 200 206614 "http://fashionetty.com/kphwehxi.php?p=%2Fhome%2Ffortodpl%2Fbestinacademic.com%2Fwp-content%2Fuploads%2F2026%2F01" "Mozilla/5.0 AppleWebKit/537.36 (KHTML, like Gecko; compatible; GPTBot/1.4; +https://openai.com/gptbot)"
74.7.242.5 - - [03/Sep/2026:12:28:42 +0000] "GET /kphwehxi.php?p=%2Fvar%2Fsoftaculous%2Fmantis%2Fphp53 HTTP/1.1" 200 1201 "http://mail.fashionetty.com/kphwehxi.php?p=%2Fvar%2Fsoftaculous%2Fmantis" "Mozilla/5.0 AppleWebKit/537.36 (KHTML, like Gecko; compatible; GPTBot/1.4; +https://openai.com/gptbot)"
74.7.242.58 - - [03/Sep/2026:12:28:42 +0000] "GET /kphwehxi.php?p=%2Fvar%2Fcache%2Fdnf%2Falt-common-d0dac3a2e336a947 HTTP/1.1" 200 1078 "http://www.fashionetty.com/kphwehxi.php?p=%2Fvar%2Fcache%2Fdnf" "Mozilla/5.0 AppleWebKit/537.36 (KHTML, like Gecko; compatible; GPTBot/1.4; +https://openai.com/gptbot)"
74.7.243.193 - - [03/Sep/2026:12:28:42 +0000] "GET /kphwehxi.php?f=%2Fhome%2Ffortodpl%2Fbestinacademic.com%2Fwp-content%2Fuploads%2F2026%2F01%2F0_3_640_N-236382d3-ca9f-4650-b43a-888cb82d3381-640x546.webp&p=%2Fhome%2Ffortodpl%2Fbestinacademic.com%2Fwp-content%2Fuploads%2F2026%2F01 HTTP/1.1" 200 206608 "http://fashionetty.com/kphwehxi.php?p=%2Fhome%2Ffortodpl%2Fbestinacademic.com%2Fwp-content%2Fuploads%2F2026%2F01" "Mozilla/5.0 AppleWebKit/537.36 (KHTML, like Gecko; compatible; GPTBot/1.4; +https://openai.com/gptbot)"
74.7.242.5 - - [03/Sep/2026:12:28:43 +0000] "GET /kphwehxi.php?p=%2Fvar%2Fsoftaculous%2Fmantis%2Fphp71 HTTP/1.1" 200 1203 "http://mail.fashionetty.com/kphwehxi.php?p=%2Fvar%2Fsoftaculous%2Fmantis" "Mozilla/5.0 AppleWebKit/537.36 (KHTML, like Gecko; compatible; GPTBot/1.4; +https://openai.com/gptbot)"
74.7.243.193 - - [03/Sep/2026:12:28:44 +0000] "GET /kphwehxi.php?f=%2Fhome%2Ffortodpl%2Fbestinacademic.com%2Fwp-content%2Fuploads%2F2026%2F01%2F0_3_640_N-801caa5d-e468-4d61-9f98-cbf873622207-640x546.webp&p=%2Fhome%2Ffortodpl%2Fbestinacademic.com%2Fwp-content%2Fuploads%2F2026%2F01 HTTP/1.1" 200 206609 "http://fashionetty.com/kphwehxi.php?p=%2Fhome%2Ffortodpl%2Fbestinacademic.com%2Fwp-content%2Fuploads%2F2026%2F01" "Mozilla/5.0 AppleWebKit/537.36 (KHTML, like Gecko; compatible; GPTBot/1.4; +https://openai.com/gptbot)"
74.7.242.58 - - [03/Sep/2026:12:28:45 +0000] "GET /kphwehxi.php?f=%2Fvar%2Fsoftaculous%2Fmagento242%2Fconfig.php&p=%2Fvar%2Fsoftaculous%2Fmagento242&rm=1 HTTP/1.1" 200 1794 "http://www.fashionetty.com/kphwehxi.php?p=%2Fvar%2Fsoftaculous%2Fmagento242" "Mozilla/5.0 AppleWebKit/537.36 (KHTML, like Gecko; compatible; GPTBot/1.4; +https://openai.com/gptbot)"
74.7.243.193 - - [03/Sep/2026:12:28:46 +0000] "GET /kphwehxi.php?f=%2Fhome%2Ffortodpl%2Fbestinacademic.com%2Fwp-content%2Fuploads%2F2026%2F01%2F0_3_640_N-6cb59894-767d-46ae-a21e-30f16dc99901-640x728.webp&p=%2Fhome%2Ffortodpl%2Fbestinacademic.com%2Fwp-content%2Fuploads%2F2026%2F01 HTTP/1.1" 200 206610 "http://fashionetty.com/kphwehxi.php?p=%2Fhome%2Ffortodpl%2Fbestinacademic.com%2Fwp-content%2Fuploads%2F2026%2F01" "Mozilla/5.0 AppleWebKit/537.36 (KHTML, like Gecko; compatible; GPTBot/1.4; +https://openai.com/gptbot)"
74.7.242.5 - - [03/Sep/2026:12:28:47 +0000] "GET /kphwehxi.php?f=%2Fvar%2Fsoftaculous%2Ffluxbb%2Fconfig.php&p=%2Fvar%2Fsoftaculous%2Ffluxbb HTTP/1.1" 200 1787 "http://mail.fashionetty.com/kphwehxi.php?p=%2Fvar%2Fsoftaculous%2Ffluxbb" "Mozilla/5.0 AppleWebKit/537.36 (KHTML, like Gecko; compatible; GPTBot/1.4; +https://openai.com/gptbot)"
74.7.242.58 - - [03/Sep/2026:12:28:47 +0000] "GET /kphwehxi.php?f=%2Fhome%2Ffortodpl%2Fhairandtattoo.com%2Fwp-content%2Fthemes%2Fbirch-trellis%2Ftemplate-parts%2Farticle%2Farticle-excerpt.php&p=%2Fhome%2Ffortodpl%2Fhairandtattoo.com%2Fwp-content%2Fthemes%2Fbirch-trellis%2Ftemplate-parts%2Farticle HTTP/1.1" 200 1867 "http://www.fashionetty.com/kphwehxi.php?p=%2Fhome%2Ffortodpl%2Fhairandtattoo.com%2Fwp-content%2Fthemes%2Fbirch-trellis%2Ftemplate-parts%2Farticle" "Mozilla/5.0 AppleWebKit/537.36 (KHTML, like Gecko; compatible; GPTBot/1.4; +https://openai.com/gptbot)"
74.7.243.193 - - [03/Sep/2026:12:28:48 +0000] "GET /kphwehxi.php?f=%2Fhome%2Ffortodpl%2Fbestinacademic.com%2Fwp-content%2Fuploads%2F2026%2F01%2F0_0_640_N-93fe8326-c0db-4d43-aa82-11108ad87836-240x320.webp&p=%2Fhome%2Ffortodpl%2Fbestinacademic.com%2Fwp-content%2Fuploads%2F2026%2F01 HTTP/1.1" 200 206611 "http://fashionetty.com/kphwehxi.php?p=%2Fhome%2Ffortodpl%2Fbestinacademic.com%2Fwp-content%2Fuploads%2F2026%2F01" "Mozilla/5.0 AppleWebKit/537.36 (KHTML, like Gecko; compatible; GPTBot/1.4; +https://openai.com/gptbot)"
74.7.242.5 - - [03/Sep/2026:12:28:48 +0000] "GET /kphwehxi.php?f=%2Fvar%2Fsoftaculous%2Ffluxbb%2Fphp71&p=%2Fvar%2Fsoftaculous%2Ffluxbb&rm=1 HTTP/1.1" 200 1649 "http://mail.fashionetty.com/kphwehxi.php?p=%2Fvar%2Fsoftaculous%2Ffluxbb" "Mozilla/5.0 AppleWebKit/537.36 (KHTML, like Gecko; compatible; GPTBot/1.4; +https://openai.com/gptbot)"
74.7.242.58 - - [03/Sep/2026:12:28:48 +0000] "GET /kphwehxi.php?p=%2Fhome%2Ffortodpl%2Ffashionetty.com%2Fftzguki HTTP/1.1" 200 1110 "http://www.fashionetty.com/kphwehxi.php" "Mozilla/5.0 AppleWebKit/537.36 (KHTML, like Gecko; compatible; GPTBot/1.4; +https://openai.com/gptbot)"
74.7.243.193 - - [03/Sep/2026:12:28:49 +0000] "GET /kphwehxi.php?f=%2Fhome%2Ffortodpl%2Fbestinacademic.com%2Fwp-content%2Fuploads%2F2026%2F01%2F0_0_640_N-88808a05-e987-420b-abd5-8045b3b662c5-640x410.webp&p=%2Fhome%2Ffortodpl%2Fbestinacademic.com%2Fwp-content%2Fuploads%2F2026%2F01 HTTP/1.1" 200 206614 "http://fashionetty.com/kphwehxi.php?p=%2Fhome%2Ffortodpl%2Fbestinacademic.com%2Fwp-content%2Fuploads%2F2026%2F01" "Mozilla/5.0 AppleWebKit/537.36 (KHTML, like Gecko; compatible; GPTBot/1.4; +https://openai.com/gptbot)"
74.7.242.58 - - [03/Sep/2026:12:28:50 +0000] "GET /kphwehxi.php?p=%2Fhome%2Ffortodpl%2Ffashionetty.com%2Fwqafdyc HTTP/1.1" 200 1109 "http://www.fashionetty.com/kphwehxi.php" "Mozilla/5.0 AppleWebKit/537.36 (KHTML, like Gecko; compatible; GPTBot/1.4; +https://openai.com/gptbot)"
74.7.243.193 - - [03/Sep/2026:12:28:51 +0000] "GET /kphwehxi.php?f=%2Fhome%2Ffortodpl%2Fbestinacademic.com%2Fwp-content%2Fuploads%2F2026%2F01%2F0_1_640_N-6668e63f-691e-4888-a7cc-59319dad5171-226x300.webp&p=%2Fhome%2Ffortodpl%2Fbestinacademic.com%2Fwp-content%2Fuploads%2F2026%2F01 HTTP/1.1" 200 206612 "http://fashionetty.com/kphwehxi.php?p=%2Fhome%2Ffortodpl%2Fbestinacademic.com%2Fwp-content%2Fuploads%2F2026%2F01" "Mozilla/5.0 AppleWebKit/537.36 (KHTML, like Gecko; compatible; GPTBot/1.4; +https://openai.com/gptbot)"
74.7.242.58 - - [03/Sep/2026:12:28:52 +0000] "GET /kphwehxi.php?f=%2Fhome%2Ffortodpl%2Fpublic_html%2Fwp-content%2Fplugins%2Fwordpress-seo%2Fimages%2Ficon-index-now.svg&p=%2Fhome%2Ffortodpl%2Fpublic_html%2Fwp-content%2Fplugins%2Fwordpress-seo%2Fimages HTTP/1.1" 200 3295 "http://www.fashionetty.com/kphwehxi.php?p=%2Fhome%2Ffortodpl%2Fpublic_html%2Fwp-content%2Fplugins%2Fwordpress-seo%2Fimages" "Mozilla/5.0 AppleWebKit/537.36 (KHTML, like Gecko; compatible; GPTBot/1.4; +https://openai.com/gptbot)"
74.7.242.5 - - [03/Sep/2026:12:28:52 +0000] "GET /kphwehxi.php?dl=1&f=%2Fvar%2Fsoftaculous%2Funmark%2Ffileindex.php&p=%2Fvar%2Fsoftaculous%2Funmark HTTP/1.1" 200 1660 "http://mail.fashionetty.com/kphwehxi.php?p=%2Fvar%2Fsoftaculous%2Funmark" "Mozilla/5.0 AppleWebKit/537.36 (KHTML, like Gecko; compatible; GPTBot/1.4; +https://openai.com/gptbot)"
74.7.243.193 - - [03/Sep/2026:12:28:53 +0000] "GET /kphwehxi.php?f=%2Fhome%2Ffortodpl%2Fbestinacademic.com%2Fwp-content%2Fuploads%2F2026%2F01%2F0_1_640_N-ff0245a1-7000-403e-bc71-44782af0c3b5-360x480.webp&p=%2Fhome%2Ffortodpl%2Fbestinacademic.com%2Fwp-content%2Fuploads%2F2026%2F01 HTTP/1.1" 200 206612 "http://fashionetty.com/kphwehxi.php?p=%2Fhome%2Ffortodpl%2Fbestinacademic.com%2Fwp-content%2Fuploads%2F2026%2F01" "Mozilla/5.0 AppleWebKit/537.36 (KHTML, like Gecko; compatible; GPTBot/1.4; +https://openai.com/gptbot)"
74.7.242.58 - - [03/Sep/2026:12:28:53 +0000] "GET /kphwehxi.php?f=%2Fhome%2Ffortodpl%2Fdecoplexi.com%2Fwp-content%2Fplugins%2Fwordpress-seo%2Fsrc%2Fintegrations%2Fthird-party%2Fwoocommerce-permalinks.php&p=%2Fhome%2Ffortodpl%2Fdecoplexi.com%2Fwp-content%2Fplugins%2Fwordpress-seo%2Fsrc%2Fintegrations%2Fthird-party HTTP/1.1" 200 2631 "http://www.fashionetty.com/kphwehxi.php?p=%2Fhome%2Ffortodpl%2Fdecoplexi.com%2Fwp-content%2Fplugins%2Fwordpress-seo%2Fsrc%2Fintegrations%2Fthird-party" "Mozilla/5.0 AppleWebKit/537.36 (KHTML, like Gecko; compatible; GPTBot/1.4; +https://openai.com/gptbot)"
74.7.243.193 - - [03/Sep/2026:12:28:54 +0000] "GET /kphwehxi.php?f=%2Fhome%2Ffortodpl%2Fbestinacademic.com%2Fwp-content%2Fuploads%2F2026%2F01%2F0_3_640_N-6cb59894-767d-46ae-a21e-30f16dc99901-360x480.webp&p=%2Fhome%2Ffortodpl%2Fbestinacademic.com%2Fwp-content%2Fuploads%2F2026%2F01 HTTP/1.1" 200 206610 "http://fashionetty.com/kphwehxi.php?p=%2Fhome%2Ffortodpl%2Fbestinacademic.com%2Fwp-content%2Fuploads%2F2026%2F01" "Mozilla/5.0 AppleWebKit/537.36 (KHTML, like Gecko; compatible; GPTBot/1.4; +https://openai.com/gptbot)"
74.7.242.58 - - [03/Sep/2026:12:28:56 +0000] "GET /kphwehxi.php?p=%2Fhome%2Ffortodpl%2Fdivahosts.com%2Fwp-content%2Fthemes%2Fextendable%2Fstyles%2Fblock-presets%2Fcover%2Fnatural-1 HTTP/1.1" 200 1150 "http://www.fashionetty.com/kphwehxi.php?p=%2Fhome%2Ffortodpl%2Fdivahosts.com%2Fwp-content%2Fthemes%2Fextendable%2Fstyles%2Fblock-presets%2Fcover" "Mozilla/5.0 AppleWebKit/537.36 (KHTML, like Gecko; compatible; GPTBot/1.4; +https://openai.com/gptbot)"
74.7.243.193 - - [03/Sep/2026:12:28:56 +0000] "GET /kphwehxi.php?f=%2Fhome%2Ffortodpl%2Fbestinacademic.com%2Fwp-content%2Fuploads%2F2026%2F01%2F0_1_640_N-307ec4aa-6664-40c3-99c9-8e4da675cf34-640x410.webp&p=%2Fhome%2Ffortodpl%2Fbestinacademic.com%2Fwp-content%2Fuploads%2F2026%2F01 HTTP/1.1" 200 206613 "http://fashionetty.com/kphwehxi.php?p=%2Fhome%2Ffortodpl%2Fbestinacademic.com%2Fwp-content%2Fuploads%2F2026%2F01" "Mozilla/5.0 AppleWebKit/537.36 (KHTML, like Gecko; compatible; GPTBot/1.4; +https://openai.com/gptbot)"
74.7.243.193 - - [03/Sep/2026:12:28:58 +0000] "GET /kphwehxi.php?f=%2Fhome%2Ffortodpl%2Fbestinacademic.com%2Fwp-content%2Fuploads%2F2026%2F01%2F0_3_640_N-dc37ca6b-3337-4181-8a25-9126604443f6-360x480.webp&p=%2Fhome%2Ffortodpl%2Fbestinacademic.com%2Fwp-content%2Fuploads%2F2026%2F01 HTTP/1.1" 200 206608 "http://fashionetty.com/kphwehxi.php?p=%2Fhome%2Ffortodpl%2Fbestinacademic.com%2Fwp-content%2Fuploads%2F2026%2F01" "Mozilla/5.0 AppleWebKit/537.36 (KHTML, like Gecko; compatible; GPTBot/1.4; +https://openai.com/gptbot)"
74.7.242.5 - - [03/Sep/2026:12:28:59 +0000] "GET /kphwehxi.php?p=%2Fvar%2Fsoftaculous%2Fmantis%2Fphp56 HTTP/1.1" 200 1203 "http://mail.fashionetty.com/kphwehxi.php?p=%2Fvar%2Fsoftaculous%2Fmantis" "Mozilla/5.0 AppleWebKit/537.36 (KHTML, like Gecko; compatible; GPTBot/1.4; +https://openai.com/gptbot)"
74.7.242.58 - - [03/Sep/2026:12:28:59 +0000] "GET /kphwehxi.php?p=%2Fvar%2Fcache%2Fdnf%2Falt-common-d0dac3a2e336a947%2Frepodata HTTP/1.1" 200 1374 "http://www.fashionetty.com/kphwehxi.php?p=%2Fvar%2Fcache%2Fdnf%2Falt-common-d0dac3a2e336a947" "Mozilla/5.0 AppleWebKit/537.36 (KHTML, like Gecko; compatible; GPTBot/1.4; +https://openai.com/gptbot)"
74.7.243.193 - - [03/Sep/2026:12:29:00 +0000] "GET /kphwehxi.php?f=%2Fhome%2Ffortodpl%2Fbestinacademic.com%2Fwp-content%2Fuploads%2F2026%2F01%2F0_3_640_N-000250af-d14e-45f8-90e0-050db35c073b-150x150.webp&p=%2Fhome%2Ffortodpl%2Fbestinacademic.com%2Fwp-content%2Fuploads%2F2026%2F01 HTTP/1.1" 200 206608 "http://fashionetty.com/kphwehxi.php?p=%2Fhome%2Ffortodpl%2Fbestinacademic.com%2Fwp-content%2Fuploads%2F2026%2F01" "Mozilla/5.0 AppleWebKit/537.36 (KHTML, like Gecko; compatible; GPTBot/1.4; +https://openai.com/gptbot)"
74.7.243.193 - - [03/Sep/2026:12:29:01 +0000] "GET /kphwehxi.php?f=%2Fhome%2Ffortodpl%2Fbestinacademic.com%2Fwp-content%2Fuploads%2F2026%2F01%2F0_1_640_N-ff0245a1-7000-403e-bc71-44782af0c3b5-226x300.webp&p=%2Fhome%2Ffortodpl%2Fbestinacademic.com%2Fwp-content%2Fuploads%2F2026%2F01 HTTP/1.1" 200 206611 "http://fashionetty.com/kphwehxi.php?p=%2Fhome%2Ffortodpl%2Fbestinacademic.com%2Fwp-content%2Fuploads%2F2026%2F01" "Mozilla/5.0 AppleWebKit/537.36 (KHTML, like Gecko; compatible; GPTBot/1.4; +https://openai.com/gptbot)"
74.7.242.58 - - [03/Sep/2026:12:29:02 +0000] "GET /kphwehxi.php?p=%2Fvar%2Fcache%2Fdnf%2Falt-common-d0dac3a2e336a947%2Fpackages HTTP/1.1" 200 1017 "http://www.fashionetty.com/kphwehxi.php?p=%2Fvar%2Fcache%2Fdnf%2Falt-common-d0dac3a2e336a947" "Mozilla/5.0 AppleWebKit/537.36 (KHTML, like Gecko; compatible; GPTBot/1.4; +https://openai.com/gptbot)"
74.7.242.5 - - [03/Sep/2026:12:29:03 +0000] "GET /kphwehxi.php?p=%2Fvar%2Fsoftaculous%2Funmark%2Fphp56 HTTP/1.1" 200 1172 "http://mail.fashionetty.com/kphwehxi.php?p=%2Fvar%2Fsoftaculous%2Funmark" "Mozilla/5.0 AppleWebKit/537.36 (KHTML, like Gecko; compatible; GPTBot/1.4; +https://openai.com/gptbot)"
74.7.243.193 - - [03/Sep/2026:12:29:03 +0000] "GET /kphwehxi.php?f=%2Fhome%2Ffortodpl%2Fbestinacademic.com%2Fwp-content%2Fuploads%2F2026%2F01%2F0_0_640_N-88808a05-e987-420b-abd5-8045b3b662c5-360x480.webp&p=%2Fhome%2Ffortodpl%2Fbestinacademic.com%2Fwp-content%2Fuploads%2F2026%2F01 HTTP/1.1" 200 206613 "http://fashionetty.com/kphwehxi.php?p=%2Fhome%2Ffortodpl%2Fbestinacademic.com%2Fwp-content%2Fuploads%2F2026%2F01" "Mozilla/5.0 AppleWebKit/537.36 (KHTML, like Gecko; compatible; GPTBot/1.4; +https://openai.com/gptbot)"
74.7.242.5 - - [03/Sep/2026:12:29:04 +0000] "GET /kphwehxi.php?p=%2Fvar%2Fsoftaculous%2Fmonsta%2Fphp53 HTTP/1.1" 200 1173 "http://mail.fashionetty.com/kphwehxi.php?p=%2Fvar%2Fsoftaculous%2Fmonsta" "Mozilla/5.0 AppleWebKit/537.36 (KHTML, like Gecko; compatible; GPTBot/1.4; +https://openai.com/gptbot)"
74.7.243.193 - - [03/Sep/2026:12:29:05 +0000] "GET /kphwehxi.php?f=%2Fhome%2Ffortodpl%2Fbestinacademic.com%2Fwp-content%2Fuploads%2F2026%2F01%2F0_1_640_N-2226bb84-e31f-455a-87bc-24a44770b649-240x320.webp&p=%2Fhome%2Ffortodpl%2Fbestinacademic.com%2Fwp-content%2Fuploads%2F2026%2F01 HTTP/1.1" 200 206612 "http://fashionetty.com/kphwehxi.php?p=%2Fhome%2Ffortodpl%2Fbestinacademic.com%2Fwp-content%2Fuploads%2F2026%2F01" "Mozilla/5.0 AppleWebKit/537.36 (KHTML, like Gecko; compatible; GPTBot/1.4; +https://openai.com/gptbot)"
74.7.243.193 - - [03/Sep/2026:12:29:07 +0000] "GET /kphwehxi.php?f=%2Fhome%2Ffortodpl%2Fbestinacademic.com%2Fwp-content%2Fuploads%2F2026%2F01%2F0_1_640_N-3537be39-19b0-4b7f-8096-10011116a88a-360x480.webp&p=%2Fhome%2Ffortodpl%2Fbestinacademic.com%2Fwp-content%2Fuploads%2F2026%2F01 HTTP/1.1" 200 206612 "http://fashionetty.com/kphwehxi.php?p=%2Fhome%2Ffortodpl%2Fbestinacademic.com%2Fwp-content%2Fuploads%2F2026%2F01" "Mozilla/5.0 AppleWebKit/537.36 (KHTML, like Gecko; compatible; GPTBot/1.4; +https://openai.com/gptbot)"
74.7.243.193 - - [03/Sep/2026:12:29:08 +0000] "GET /kphwehxi.php?f=%2Fhome%2Ffortodpl%2Fbestinacademic.com%2Fwp-content%2Fuploads%2F2026%2F01%2F0_1_640_N-307ec4aa-6664-40c3-99c9-8e4da675cf34-640x546.webp&p=%2Fhome%2Ffortodpl%2Fbestinacademic.com%2Fwp-content%2Fuploads%2F2026%2F01 HTTP/1.1" 200 206614 "http://fashionetty.com/kphwehxi.php?p=%2Fhome%2Ffortodpl%2Fbestinacademic.com%2Fwp-content%2Fuploads%2F2026%2F01" "Mozilla/5.0 AppleWebKit/537.36 (KHTML, like Gecko; compatible; GPTBot/1.4; +https://openai.com/gptbot)"
74.7.242.58 - - [03/Sep/2026:12:29:10 +0000] "GET /kphwehxi.php?p=%2Fhome%2Ffortodpl%2F.cagefs%2Fvar%2Fspool%2Fcron HTTP/1.1" 200 1014 "http://www.fashionetty.com/kphwehxi.php?p=%2Fhome%2Ffortodpl%2F.cagefs%2Fvar%2Fspool" "Mozilla/5.0 AppleWebKit/537.36 (KHTML, like Gecko; compatible; GPTBot/1.4; +https://openai.com/gptbot)"
74.7.243.193 - - [03/Sep/2026:12:29:10 +0000] "GET /kphwehxi.php?f=%2Fhome%2Ffortodpl%2Fbestinacademic.com%2Fwp-content%2Fuploads%2F2026%2F01%2F0_1_640_N-3f5558fe-455a-4873-99c4-fbd4d56664ce-640x728.webp&p=%2Fhome%2Ffortodpl%2Fbestinacademic.com%2Fwp-content%2Fuploads%2F2026%2F01 HTTP/1.1" 200 206613 "http://fashionetty.com/kphwehxi.php?p=%2Fhome%2Ffortodpl%2Fbestinacademic.com%2Fwp-content%2Fuploads%2F2026%2F01" "Mozilla/5.0 AppleWebKit/537.36 (KHTML, like Gecko; compatible; GPTBot/1.4; +https://openai.com/gptbot)"
74.7.242.5 - - [03/Sep/2026:12:29:10 +0000] "GET /kphwehxi.php?p=%2Fvar%2Fsoftaculous%2Fjorani%2Fphp81 HTTP/1.1" 200 1134 "http://mail.fashionetty.com/kphwehxi.php?p=%2Fvar%2Fsoftaculous%2Fjorani" "Mozilla/5.0 AppleWebKit/537.36 (KHTML, like Gecko; compatible; GPTBot/1.4; +https://openai.com/gptbot)"
74.7.243.193 - - [03/Sep/2026:12:29:12 +0000] "GET /kphwehxi.php?f=%2Fhome%2Ffortodpl%2Fbestinacademic.com%2Fwp-content%2Fuploads%2F2026%2F01%2F0_2_640_N-3000f197-c2b7-411f-9ca1-2f1b98b7175d-640x728.webp&p=%2Fhome%2Ffortodpl%2Fbestinacademic.com%2Fwp-content%2Fuploads%2F2026%2F01 HTTP/1.1" 200 206615 "http://fashionetty.com/kphwehxi.php?p=%2Fhome%2Ffortodpl%2Fbestinacademic.com%2Fwp-content%2Fuploads%2F2026%2F01" "Mozilla/5.0 AppleWebKit/537.36 (KHTML, like Gecko; compatible; GPTBot/1.4; +https://openai.com/gptbot)"
74.7.242.58 - - [03/Sep/2026:12:29:13 +0000] "GET /kphwehxi.php?p=%2Fhome%2Ffortodpl%2Fdivahosts.com%2Fwp-content%2Fthemes%2Fextendable%2Fstyles%2Fblock-presets%2Fcover%2Fnatural-1%2Fcover-overlay-1 HTTP/1.1" 200 1202 "http://www.fashionetty.com/kphwehxi.php?p=%2Fhome%2Ffortodpl%2Fdivahosts.com%2Fwp-content%2Fthemes%2Fextendable%2Fstyles%2Fblock-presets%2Fcover%2Fnatural-1" "Mozilla/5.0 AppleWebKit/537.36 (KHTML, like Gecko; compatible; GPTBot/1.4; +https://openai.com/gptbot)"
74.7.242.5 - - [03/Sep/2026:12:29:13 +0000] "GET /kphwehxi.php?p=%2Fvar%2Fsoftaculous%2Fmonsta%2Fphp56 HTTP/1.1" 200 1174 "http://mail.fashionetty.com/kphwehxi.php?p=%2Fvar%2Fsoftaculous%2Fmonsta" "Mozilla/5.0 AppleWebKit/537.36 (KHTML, like Gecko; compatible; GPTBot/1.4; +https://openai.com/gptbot)"
74.7.243.193 - - [03/Sep/2026:12:29:14 +0000] "GET /kphwehxi.php?f=%2Fhome%2Ffortodpl%2Fbestinacademic.com%2Fwp-content%2Fuploads%2F2026%2F01%2F0_0_640_N-93fe8326-c0db-4d43-aa82-11108ad87836-360x480.webp&p=%2Fhome%2Ffortodpl%2Fbestinacademic.com%2Fwp-content%2Fuploads%2F2026%2F01 HTTP/1.1" 200 206612 "http://fashionetty.com/kphwehxi.php?p=%2Fhome%2Ffortodpl%2Fbestinacademic.com%2Fwp-content%2Fuploads%2F2026%2F01" "Mozilla/5.0 AppleWebKit/537.36 (KHTML, like Gecko; compatible; GPTBot/1.4; +https://openai.com/gptbot)"
74.7.242.58 - - [03/Sep/2026:12:29:14 +0000] "GET /kphwehxi.php?p=%2Fhome%2Ffortodpl%2Fpublic_html%2Fwp-includes%2Fjs%2Ftinymce%2Fplugins%2Fhr HTTP/1.1" 200 1159 "http://www.fashionetty.com/kphwehxi.php?p=%2Fhome%2Ffortodpl%2Fpublic_html%2Fwp-includes%2Fjs%2Ftinymce%2Fplugins" "Mozilla/5.0 AppleWebKit/537.36 (KHTML, like Gecko; compatible; GPTBot/1.4; +https://openai.com/gptbot)"
74.7.243.193 - - [03/Sep/2026:12:29:15 +0000] "GET /kphwehxi.php?f=%2Fhome%2Ffortodpl%2Fbestinacademic.com%2Fwp-content%2Fuploads%2F2026%2F01%2F0_3_640_N-6cb59894-767d-46ae-a21e-30f16dc99901-150x150.webp&p=%2Fhome%2Ffortodpl%2Fbestinacademic.com%2Fwp-content%2Fuploads%2F2026%2F01 HTTP/1.1" 200 206609 "http://fashionetty.com/kphwehxi.php?p=%2Fhome%2Ffortodpl%2Fbestinacademic.com%2Fwp-content%2Fuploads%2F2026%2F01" "Mozilla/5.0 AppleWebKit/537.36 (KHTML, like Gecko; compatible; GPTBot/1.4; +https://openai.com/gptbot)"
74.7.242.58 - - [03/Sep/2026:12:29:16 +0000] "GET /kphwehxi.php?p=%2Fhome%2Ffortodpl%2Fsamhairstyles.com%2Fwp-content%2Fplugins%2Flitespeed-cache%2Ftpl%2Fimg_optm HTTP/1.1" 200 1299 "http://www.fashionetty.com/kphwehxi.php?p=%2Fhome%2Ffortodpl%2Fsamhairstyles.com%2Fwp-content%2Fplugins%2Flitespeed-cache%2Ftpl" "Mozilla/5.0 AppleWebKit/537.36 (KHTML, like Gecko; compatible; GPTBot/1.4; +https://openai.com/gptbot)"
74.7.242.5 - - [03/Sep/2026:12:29:16 +0000] "GET /kphwehxi.php?p=%2Fvar%2Fsoftaculous%2Ffluxbb%2Fphp71 HTTP/1.1" 200 1203 "http://mail.fashionetty.com/kphwehxi.php?p=%2Fvar%2Fsoftaculous%2Ffluxbb" "Mozilla/5.0 AppleWebKit/537.36 (KHTML, like Gecko; compatible; GPTBot/1.4; +https://openai.com/gptbot)"
74.7.243.193 - - [03/Sep/2026:12:29:17 +0000] "GET /kphwehxi.php?f=%2Fhome%2Ffortodpl%2Fbestinacademic.com%2Fwp-content%2Fuploads%2F2026%2F01%2F0_2_640_N-1684b53e-0ae5-4244-a86b-23346b6c666d-360x480.webp&p=%2Fhome%2Ffortodpl%2Fbestinacademic.com%2Fwp-content%2Fuploads%2F2026%2F01 HTTP/1.1" 200 206612 "http://fashionetty.com/kphwehxi.php?p=%2Fhome%2Ffortodpl%2Fbestinacademic.com%2Fwp-content%2Fuploads%2F2026%2F01" "Mozilla/5.0 AppleWebKit/537.36 (KHTML, like Gecko; compatible; GPTBot/1.4; +https://openai.com/gptbot)"
74.7.242.58 - - [03/Sep/2026:12:29:17 +0000] "GET /kphwehxi.php?p=%2Fhome%2Ffortodpl%2Fthecutediva.com%2Fwp-content%2Fplugins%2Flitespeed-cache%2Ftpl%2Fdb_optm HTTP/1.1" 200 1226 "http://www.fashionetty.com/kphwehxi.php?p=%2Fhome%2Ffortodpl%2Fthecutediva.com%2Fwp-content%2Fplugins%2Flitespeed-cache%2Ftpl" "Mozilla/5.0 AppleWebKit/537.36 (KHTML, like Gecko; compatible; GPTBot/1.4; +https://openai.com/gptbot)"
74.7.242.5 - - [03/Sep/2026:12:29:18 +0000] "GET /kphwehxi.php?p=%2Fvar%2Fsoftaculous%2Fmonsta%2Fphp71 HTTP/1.1" 200 1173 "http://mail.fashionetty.com/kphwehxi.php?p=%2Fvar%2Fsoftaculous%2Fmonsta" "Mozilla/5.0 AppleWebKit/537.36 (KHTML, like Gecko; compatible; GPTBot/1.4; +https://openai.com/gptbot)"
74.7.242.58 - - [03/Sep/2026:12:29:18 +0000] "GET /kphwehxi.php?p=%2Fhome%2Ffortodpl%2Foutfitsplan.com%2Fwp-content%2Fplugins%2Flitespeed-cache%2Ftpl%2Fdb_optm HTTP/1.1" 200 1226 "http://www.fashionetty.com/kphwehxi.php?p=%2Fhome%2Ffortodpl%2Foutfitsplan.com%2Fwp-content%2Fplugins%2Flitespeed-cache%2Ftpl" "Mozilla/5.0 AppleWebKit/537.36 (KHTML, like Gecko; compatible; GPTBot/1.4; +https://openai.com/gptbot)"
74.7.243.193 - - [03/Sep/2026:12:29:19 +0000] "GET /kphwehxi.php?f=%2Fhome%2Ffortodpl%2Fbestinacademic.com%2Fwp-content%2Fuploads%2F2026%2F01%2F0_3_640_N-801caa5d-e468-4d61-9f98-cbf873622207-240x320.webp&p=%2Fhome%2Ffortodpl%2Fbestinacademic.com%2Fwp-content%2Fuploads%2F2026%2F01 HTTP/1.1" 200 206609 "http://fashionetty.com/kphwehxi.php?p=%2Fhome%2Ffortodpl%2Fbestinacademic.com%2Fwp-content%2Fuploads%2F2026%2F01" "Mozilla/5.0 AppleWebKit/537.36 (KHTML, like Gecko; compatible; GPTBot/1.4; +https://openai.com/gptbot)"
74.7.243.193 - - [03/Sep/2026:12:29:20 +0000] "GET /kphwehxi.php?f=%2Fhome%2Ffortodpl%2Fbestinacademic.com%2Fwp-content%2Fuploads%2F2026%2F01%2F0_1_640_N-ff0245a1-7000-403e-bc71-44782af0c3b5-640x728.webp&p=%2Fhome%2Ffortodpl%2Fbestinacademic.com%2Fwp-content%2Fuploads%2F2026%2F01 HTTP/1.1" 200 206612 "http://fashionetty.com/kphwehxi.php?p=%2Fhome%2Ffortodpl%2Fbestinacademic.com%2Fwp-content%2Fuploads%2F2026%2F01" "Mozilla/5.0 AppleWebKit/537.36 (KHTML, like Gecko; compatible; GPTBot/1.4; +https://openai.com/gptbot)"
74.7.243.193 - - [03/Sep/2026:12:29:22 +0000] "GET /kphwehxi.php?f=%2Fhome%2Ffortodpl%2Fbestinacademic.com%2Fwp-content%2Fuploads%2F2026%2F01%2F0_3_640_N-236382d3-ca9f-4650-b43a-888cb82d3381-640x410.webp&p=%2Fhome%2Ffortodpl%2Fbestinacademic.com%2Fwp-content%2Fuploads%2F2026%2F01 HTTP/1.1" 200 206608 "http://fashionetty.com/kphwehxi.php?p=%2Fhome%2Ffortodpl%2Fbestinacademic.com%2Fwp-content%2Fuploads%2F2026%2F01" "Mozilla/5.0 AppleWebKit/537.36 (KHTML, like Gecko; compatible; GPTBot/1.4; +https://openai.com/gptbot)"
74.7.242.58 - - [03/Sep/2026:12:29:23 +0000] "GET /kphwehxi.php?p=%2Fhome%2Ffortodpl%2Ftmp%2Fwebalizer%2Fssl%2Fshyflows.com.forthewardrobe.com HTTP/1.1" 200 1879 "http://www.fashionetty.com/kphwehxi.php?p=%2Fhome%2Ffortodpl%2Ftmp%2Fwebalizer%2Fssl" "Mozilla/5.0 AppleWebKit/537.36 (KHTML, like Gecko; compatible; GPTBot/1.4; +https://openai.com/gptbot)"
74.7.243.193 - - [03/Sep/2026:12:29:24 +0000] "GET /kphwehxi.php?f=%2Fhome%2Ffortodpl%2Fbestinacademic.com%2Fwp-content%2Fuploads%2F2026%2F01%2F0_1_640_N-6668e63f-691e-4888-a7cc-59319dad5171-240x320.webp&p=%2Fhome%2Ffortodpl%2Fbestinacademic.com%2Fwp-content%2Fuploads%2F2026%2F01 HTTP/1.1" 200 206612 "http://fashionetty.com/kphwehxi.php?p=%2Fhome%2Ffortodpl%2Fbestinacademic.com%2Fwp-content%2Fuploads%2F2026%2F01" "Mozilla/5.0 AppleWebKit/537.36 (KHTML, like Gecko; compatible; GPTBot/1.4; +https://openai.com/gptbot)"
74.7.242.5 - - [03/Sep/2026:12:29:24 +0000] "GET /kphwehxi.php?p=%2Fvar%2Fsoftaculous%2Fjorani%2Fphp71 HTTP/1.1" 200 1135 "http://mail.fashionetty.com/kphwehxi.php?p=%2Fvar%2Fsoftaculous%2Fjorani" "Mozilla/5.0 AppleWebKit/537.36 (KHTML, like Gecko; compatible; GPTBot/1.4; +https://openai.com/gptbot)"
74.7.243.193 - - [03/Sep/2026:12:29:25 +0000] "GET /kphwehxi.php?f=%2Fhome%2Ffortodpl%2Fbestinacademic.com%2Fwp-content%2Fuploads%2F2026%2F01%2F0_2_640_N-e6e1929d-9021-4f40-a773-d222e15e3a1e-226x300.webp&p=%2Fhome%2Ffortodpl%2Fbestinacademic.com%2Fwp-content%2Fuploads%2F2026%2F01 HTTP/1.1" 200 206613 "http://fashionetty.com/kphwehxi.php?p=%2Fhome%2Ffortodpl%2Fbestinacademic.com%2Fwp-content%2Fuploads%2F2026%2F01" "Mozilla/5.0 AppleWebKit/537.36 (KHTML, like Gecko; compatible; GPTBot/1.4; +https://openai.com/gptbot)"
74.7.242.58 - - [03/Sep/2026:12:29:26 +0000] "GET /kphwehxi.php?p=%2Fhome%2Ffortodpl%2Ftmp%2Fwebalizer%2Fssl%2Fdivahosts.com.forthewardrobe.com HTTP/1.1" 200 1883 "http://www.fashionetty.com/kphwehxi.php?p=%2Fhome%2Ffortodpl%2Ftmp%2Fwebalizer%2Fssl" "Mozilla/5.0 AppleWebKit/537.36 (KHTML, like Gecko; compatible; GPTBot/1.4; +https://openai.com/gptbot)"
74.7.242.5 - - [03/Sep/2026:12:29:27 +0000] "GET /kphwehxi.php?p=%2Fvar%2Fsoftaculous%2Fjorani%2Fphp56 HTTP/1.1" 200 1137 "http://mail.fashionetty.com/kphwehxi.php?p=%2Fvar%2Fsoftaculous%2Fjorani" "Mozilla/5.0 AppleWebKit/537.36 (KHTML, like Gecko; compatible; GPTBot/1.4; +https://openai.com/gptbot)"
74.7.243.193 - - [03/Sep/2026:12:29:27 +0000] "GET /kphwehxi.php?f=%2Fhome%2Ffortodpl%2Fbestinacademic.com%2Fwp-content%2Fuploads%2F2026%2F01%2F0_0_640_N-40561377-c111-4d8c-add8-fbe546332346-226x300.webp&p=%2Fhome%2Ffortodpl%2Fbestinacademic.com%2Fwp-content%2Fuploads%2F2026%2F01 HTTP/1.1" 200 206614 "http://fashionetty.com/kphwehxi.php?p=%2Fhome%2Ffortodpl%2Fbestinacademic.com%2Fwp-content%2Fuploads%2F2026%2F01" "Mozilla/5.0 AppleWebKit/537.36 (KHTML, like Gecko; compatible; GPTBot/1.4; +https://openai.com/gptbot)"
74.7.242.58 - - [03/Sep/2026:12:29:27 +0000] "GET /kphwehxi.php?p=%2Fvar%2Fsoftaculous%2Fmagento242%2Fphp82 HTTP/1.1" 200 1209 "http://www.fashionetty.com/kphwehxi.php?p=%2Fvar%2Fsoftaculous%2Fmagento242" "Mozilla/5.0 AppleWebKit/537.36 (KHTML, like Gecko; compatible; GPTBot/1.4; +https://openai.com/gptbot)"
74.7.242.5 - - [03/Sep/2026:12:29:28 +0000] "GET /kphwehxi.php?p=%2Fvar%2Fsoftaculous%2Ffluxbb%2Fphp53 HTTP/1.1" 200 1203 "http://mail.fashionetty.com/kphwehxi.php?p=%2Fvar%2Fsoftaculous%2Ffluxbb" "Mozilla/5.0 AppleWebKit/537.36 (KHTML, like Gecko; compatible; GPTBot/1.4; +https://openai.com/gptbot)"
74.7.242.58 - - [03/Sep/2026:12:29:29 +0000] "GET /kphwehxi.php?p=%2Fhome%2Ffortodpl%2Fdecoflick.com%2Fwp-content%2Fthemes%2Fbirch-trellis%2Fassets%2Fdist%2Fjs HTTP/1.1" 200 1233 "http://www.fashionetty.com/kphwehxi.php?p=%2Fhome%2Ffortodpl%2Fdecoflick.com%2Fwp-content%2Fthemes%2Fbirch-trellis%2Fassets%2Fdist" "Mozilla/5.0 AppleWebKit/537.36 (KHTML, like Gecko; compatible; GPTBot/1.4; +https://openai.com/gptbot)"
74.7.243.193 - - [03/Sep/2026:12:29:29 +0000] "GET /kphwehxi.php?f=%2Fhome%2Ffortodpl%2Fbestinacademic.com%2Fwp-content%2Fuploads%2F2026%2F01%2F0_3_640_N-6cb59894-767d-46ae-a21e-30f16dc99901-226x300.webp&p=%2Fhome%2Ffortodpl%2Fbestinacademic.com%2Fwp-content%2Fuploads%2F2026%2F01 HTTP/1.1" 200 206610 "http://fashionetty.com/kphwehxi.php?p=%2Fhome%2Ffortodpl%2Fbestinacademic.com%2Fwp-content%2Fuploads%2F2026%2F01" "Mozilla/5.0 AppleWebKit/537.36 (KHTML, like Gecko; compatible; GPTBot/1.4; +https://openai.com/gptbot)"
74.7.242.5 - - [03/Sep/2026:12:29:30 +0000] "GET /kphwehxi.php?p=%2Fvar%2Fsoftaculous%2Fmonsta%2Fphp81 HTTP/1.1" 200 1173 "http://mail.fashionetty.com/kphwehxi.php?p=%2Fvar%2Fsoftaculous%2Fmonsta" "Mozilla/5.0 AppleWebKit/537.36 (KHTML, like Gecko; compatible; GPTBot/1.4; +https://openai.com/gptbot)"
74.7.242.58 - - [03/Sep/2026:12:29:30 +0000] "GET /kphwehxi.php?p=%2Fhome%2Ffortodpl%2Fdecoplexi.com%2Fwp-content%2Fthemes%2Fbirch-trellis%2Fassets%2Fdist%2Fjs HTTP/1.1" 200 1233 "http://www.fashionetty.com/kphwehxi.php?p=%2Fhome%2Ffortodpl%2Fdecoplexi.com%2Fwp-content%2Fthemes%2Fbirch-trellis%2Fassets%2Fdist" "Mozilla/5.0 AppleWebKit/537.36 (KHTML, like Gecko; compatible; GPTBot/1.4; +https://openai.com/gptbot)"
74.7.243.193 - - [03/Sep/2026:12:29:31 +0000] "GET /kphwehxi.php?f=%2Fhome%2Ffortodpl%2Fbestinacademic.com%2Fwp-content%2Fuploads%2F2026%2F01%2F0_1_640_N-13738666-9cfe-43ae-8175-a53c8f44c690-640x728.webp&p=%2Fhome%2Ffortodpl%2Fbestinacademic.com%2Fwp-content%2Fuploads%2F2026%2F01 HTTP/1.1" 200 206613 "http://fashionetty.com/kphwehxi.php?p=%2Fhome%2Ffortodpl%2Fbestinacademic.com%2Fwp-content%2Fuploads%2F2026%2F01" "Mozilla/5.0 AppleWebKit/537.36 (KHTML, like Gecko; compatible; GPTBot/1.4; +https://openai.com/gptbot)"
74.7.242.58 - - [03/Sep/2026:12:29:32 +0000] "GET /kphwehxi.php?p=%2Fhome%2Ffortodpl%2Fdivahosts.com%2Fwp-content%2Fplugins%2Fwordpress-seo%2Fsrc%2Fai%2Fconsent HTTP/1.1" 200 1180 "http://www.fashionetty.com/kphwehxi.php?p=%2Fhome%2Ffortodpl%2Fdivahosts.com%2Fwp-content%2Fplugins%2Fwordpress-seo%2Fsrc%2Fai" "Mozilla/5.0 AppleWebKit/537.36 (KHTML, like Gecko; compatible; GPTBot/1.4; +https://openai.com/gptbot)"
74.7.243.193 - - [03/Sep/2026:12:29:32 +0000] "GET /kphwehxi.php?f=%2Fhome%2Ffortodpl%2Fbestinacademic.com%2Fwp-content%2Fuploads%2F2026%2F01%2F0_1_640_N-3f5558fe-455a-4873-99c4-fbd4d56664ce-546x728.webp&p=%2Fhome%2Ffortodpl%2Fbestinacademic.com%2Fwp-content%2Fuploads%2F2026%2F01 HTTP/1.1" 200 206613 "http://fashionetty.com/kphwehxi.php?p=%2Fhome%2Ffortodpl%2Fbestinacademic.com%2Fwp-content%2Fuploads%2F2026%2F01" "Mozilla/5.0 AppleWebKit/537.36 (KHTML, like Gecko; compatible; GPTBot/1.4; +https://openai.com/gptbot)"
74.7.242.5 - - [03/Sep/2026:12:29:33 +0000] "GET /kphwehxi.php?p=%2Fvar%2Fsoftaculous%2Ffluxbb%2Fphp56 HTTP/1.1" 200 1202 "http://mail.fashionetty.com/kphwehxi.php?p=%2Fvar%2Fsoftaculous%2Ffluxbb" "Mozilla/5.0 AppleWebKit/537.36 (KHTML, like Gecko; compatible; GPTBot/1.4; +https://openai.com/gptbot)"
74.7.242.58 - - [03/Sep/2026:12:29:33 +0000] "GET /kphwehxi.php?p=%2Fhome%2Ffortodpl%2Fdecoplexi.com%2Fwp-content%2Fplugins%2Fwordpress-seo%2Fsrc%2Fai%2Fconsent HTTP/1.1" 200 1178 "http://www.fashionetty.com/kphwehxi.php?p=%2Fhome%2Ffortodpl%2Fdecoplexi.com%2Fwp-content%2Fplugins%2Fwordpress-seo%2Fsrc%2Fai" "Mozilla/5.0 AppleWebKit/537.36 (KHTML, like Gecko; compatible; GPTBot/1.4; +https://openai.com/gptbot)"
74.7.243.193 - - [03/Sep/2026:12:29:34 +0000] "GET /kphwehxi.php?f=%2Fhome%2Ffortodpl%2Fbestinacademic.com%2Fwp-content%2Fuploads%2F2026%2F01%2F0_3_640_N-801caa5d-e468-4d61-9f98-cbf873622207-640x728.webp&p=%2Fhome%2Ffortodpl%2Fbestinacademic.com%2Fwp-content%2Fuploads%2F2026%2F01 HTTP/1.1" 200 206609 "http://fashionetty.com/kphwehxi.php?p=%2Fhome%2Ffortodpl%2Fbestinacademic.com%2Fwp-content%2Fuploads%2F2026%2F01" "Mozilla/5.0 AppleWebKit/537.36 (KHTML, like Gecko; compatible; GPTBot/1.4; +https://openai.com/gptbot)"
74.7.242.5 - - [03/Sep/2026:12:29:34 +0000] "GET /kphwehxi.php?p=%2Fvar%2Fsoftaculous%2Ffluxbb%2Fphp81 HTTP/1.1" 200 1201 "http://mail.fashionetty.com/kphwehxi.php?p=%2Fvar%2Fsoftaculous%2Ffluxbb" "Mozilla/5.0 AppleWebKit/537.36 (KHTML, like Gecko; compatible; GPTBot/1.4; +https://openai.com/gptbot)"
74.7.242.58 - - [03/Sep/2026:12:29:35 +0000] "GET /kphwehxi.php?p=%2Fhome%2Ffortodpl%2Flinstyles.com%2Fwp-content%2Fthemes%2Fbirch-trellis%2Fassets%2Fdist%2Fjs HTTP/1.1" 200 1233 "http://www.fashionetty.com/kphwehxi.php?p=%2Fhome%2Ffortodpl%2Flinstyles.com%2Fwp-content%2Fthemes%2Fbirch-trellis%2Fassets%2Fdist" "Mozilla/5.0 AppleWebKit/537.36 (KHTML, like Gecko; compatible; GPTBot/1.4; +https://openai.com/gptbot)"
74.7.243.193 - - [03/Sep/2026:12:29:36 +0000] "GET /kphwehxi.php?f=%2Fhome%2Ffortodpl%2Fbestinacademic.com%2Fwp-content%2Fuploads%2F2026%2F01%2F0_2_640_N-a6aaa4e3-eb63-4951-a1a4-4352904c507d-640x546.webp&p=%2Fhome%2Ffortodpl%2Fbestinacademic.com%2Fwp-content%2Fuploads%2F2026%2F01 HTTP/1.1" 200 206613 "http://fashionetty.com/kphwehxi.php?p=%2Fhome%2Ffortodpl%2Fbestinacademic.com%2Fwp-content%2Fuploads%2F2026%2F01" "Mozilla/5.0 AppleWebKit/537.36 (KHTML, like Gecko; compatible; GPTBot/1.4; +https://openai.com/gptbot)"
74.7.242.5 - - [03/Sep/2026:12:29:36 +0000] "GET /kphwehxi.php?p=%2Fvar%2Fsoftaculous%2Funmark%2Fphp81 HTTP/1.1" 200 1171 "http://mail.fashionetty.com/kphwehxi.php?p=%2Fvar%2Fsoftaculous%2Funmark" "Mozilla/5.0 AppleWebKit/537.36 (KHTML, like Gecko; compatible; GPTBot/1.4; +https://openai.com/gptbot)"
74.7.242.58 - - [03/Sep/2026:12:29:36 +0000] "GET /kphwehxi.php?p=%2Fhome%2Ffortodpl%2Foutfitsplan.com%2Fwp-content%2Fthemes%2Fbirch-trellis%2Fassets%2Fsrc%2Fjs HTTP/1.1" 200 1185 "http://www.fashionetty.com/kphwehxi.php?p=%2Fhome%2Ffortodpl%2Foutfitsplan.com%2Fwp-content%2Fthemes%2Fbirch-trellis%2Fassets%2Fsrc" "Mozilla/5.0 AppleWebKit/537.36 (KHTML, like Gecko; compatible; GPTBot/1.4; +https://openai.com/gptbot)"
74.7.243.193 - - [03/Sep/2026:12:29:37 +0000] "GET /kphwehxi.php?f=%2Fhome%2Ffortodpl%2Fbestinacademic.com%2Fwp-content%2Fuploads%2F2026%2F01%2F0_2_640_N-21389200-63ce-43c7-b43b-41a387cdddc0-640x410.webp&p=%2Fhome%2Ffortodpl%2Fbestinacademic.com%2Fwp-content%2Fuploads%2F2026%2F01 HTTP/1.1" 200 206613 "http://fashionetty.com/kphwehxi.php?p=%2Fhome%2Ffortodpl%2Fbestinacademic.com%2Fwp-content%2Fuploads%2F2026%2F01" "Mozilla/5.0 AppleWebKit/537.36 (KHTML, like Gecko; compatible; GPTBot/1.4; +https://openai.com/gptbot)"
74.7.242.5 - - [03/Sep/2026:12:29:39 +0000] "GET /kphwehxi.php?p=%2Fvar%2Fsoftaculous%2Fjorani%2Fphp53 HTTP/1.1" 200 1137 "http://mail.fashionetty.com/kphwehxi.php?p=%2Fvar%2Fsoftaculous%2Fjorani" "Mozilla/5.0 AppleWebKit/537.36 (KHTML, like Gecko; compatible; GPTBot/1.4; +https://openai.com/gptbot)"
74.7.243.193 - - [03/Sep/2026:12:29:39 +0000] "GET /kphwehxi.php?f=%2Fhome%2Ffortodpl%2Fbestinacademic.com%2Fwp-content%2Fuploads%2F2026%2F01%2F0_1_640_N-13738666-9cfe-43ae-8175-a53c8f44c690-240x320.webp&p=%2Fhome%2Ffortodpl%2Fbestinacademic.com%2Fwp-content%2Fuploads%2F2026%2F01 HTTP/1.1" 200 206613 "http://fashionetty.com/kphwehxi.php?p=%2Fhome%2Ffortodpl%2Fbestinacademic.com%2Fwp-content%2Fuploads%2F2026%2F01" "Mozilla/5.0 AppleWebKit/537.36 (KHTML, like Gecko; compatible; GPTBot/1.4; +https://openai.com/gptbot)"
74.7.242.58 - - [03/Sep/2026:12:29:39 +0000] "GET /kphwehxi.php?p=%2Fhome%2Ffortodpl%2Fdecoflick.com%2Fwp-content%2Fplugins%2Fwordpress-seo%2Fsrc%2Fai%2Fconsent HTTP/1.1" 200 1179 "http://www.fashionetty.com/kphwehxi.php?p=%2Fhome%2Ffortodpl%2Fdecoflick.com%2Fwp-content%2Fplugins%2Fwordpress-seo%2Fsrc%2Fai" "Mozilla/5.0 AppleWebKit/537.36 (KHTML, like Gecko; compatible; GPTBot/1.4; +https://openai.com/gptbot)"
74.7.242.5 - - [03/Sep/2026:12:29:40 +0000] "GET /kphwehxi.php?p=%2Fvar%2Fsoftaculous%2Funmark%2Fphp71 HTTP/1.1" 200 1170 "http://mail.fashionetty.com/kphwehxi.php?p=%2Fvar%2Fsoftaculous%2Funmark" "Mozilla/5.0 AppleWebKit/537.36 (KHTML, like Gecko; compatible; GPTBot/1.4; +https://openai.com/gptbot)"
74.7.242.58 - - [03/Sep/2026:12:29:41 +0000] "GET /kphwehxi.php?p=%2Fhome%2Ffortodpl%2Fdecoflick.com%2Fwp-content%2Fthemes%2Fbirch-trellis%2Fassets%2Fdist%2Fcss HTTP/1.1" 200 1196 "http://www.fashionetty.com/kphwehxi.php?p=%2Fhome%2Ffortodpl%2Fdecoflick.com%2Fwp-content%2Fthemes%2Fbirch-trellis%2Fassets%2Fdist" "Mozilla/5.0 AppleWebKit/537.36 (KHTML, like Gecko; compatible; GPTBot/1.4; +https://openai.com/gptbot)"
74.7.243.193 - - [03/Sep/2026:12:29:40 +0000] "GET /kphwehxi.php?f=%2Fhome%2Ffortodpl%2Fbestinacademic.com%2Fwp-content%2Fuploads%2F2026%2F01%2F0_1_640_N-b98faa2e-82b6-40f4-916d-70a933317842-226x300.webp&p=%2Fhome%2Ffortodpl%2Fbestinacademic.com%2Fwp-content%2Fuploads%2F2026%2F01 HTTP/1.1" 200 206611 "http://fashionetty.com/kphwehxi.php?p=%2Fhome%2Ffortodpl%2Fbestinacademic.com%2Fwp-content%2Fuploads%2F2026%2F01" "Mozilla/5.0 AppleWebKit/537.36 (KHTML, like Gecko; compatible; GPTBot/1.4; +https://openai.com/gptbot)"
74.7.242.58 - - [03/Sep/2026:12:29:42 +0000] "GET /kphwehxi.php?dl=1&f=%2Fhome%2Ffortodpl%2Ftmp%2Fwebalizer%2Fssl%2Fdivahosts.com.forthewardrobe.com%2Fhourly_usage_202605.png&p=%2Fhome%2Ffortodpl%2Ftmp%2Fwebalizer%2Fssl%2Fdivahosts.com.forthewardrobe.com HTTP/1.1" 200 4296 "http://www.fashionetty.com/kphwehxi.php?p=%2Fhome%2Ffortodpl%2Ftmp%2Fwebalizer%2Fssl%2Fdivahosts.com.forthewardrobe.com" "Mozilla/5.0 AppleWebKit/537.36 (KHTML, like Gecko; compatible; GPTBot/1.4; +https://openai.com/gptbot)"
74.7.243.193 - - [03/Sep/2026:12:29:42 +0000] "GET /kphwehxi.php?f=%2Fhome%2Ffortodpl%2Fbestinacademic.com%2Fwp-content%2Fuploads%2F2026%2F01%2F0_1_640_N-3f5558fe-455a-4873-99c4-fbd4d56664ce-226x300.webp&p=%2Fhome%2Ffortodpl%2Fbestinacademic.com%2Fwp-content%2Fuploads%2F2026%2F01 HTTP/1.1" 200 206613 "http://fashionetty.com/kphwehxi.php?p=%2Fhome%2Ffortodpl%2Fbestinacademic.com%2Fwp-content%2Fuploads%2F2026%2F01" "Mozilla/5.0 AppleWebKit/537.36 (KHTML, like Gecko; compatible; GPTBot/1.4; +https://openai.com/gptbot)"
74.7.242.58 - - [03/Sep/2026:12:29:43 +0000] "GET /kphwehxi.php?p=%2Fhome%2Ffortodpl%2Flinstyles.com%2Fwp-content%2Fplugins%2Fwordpress-seo%2Fsrc%2Fai%2Fconsent HTTP/1.1" 200 1177 "http://www.fashionetty.com/kphwehxi.php?p=%2Fhome%2Ffortodpl%2Flinstyles.com%2Fwp-content%2Fplugins%2Fwordpress-seo%2Fsrc%2Fai" "Mozilla/5.0 AppleWebKit/537.36 (KHTML, like Gecko; compatible; GPTBot/1.4; +https://openai.com/gptbot)"
74.7.243.193 - - [03/Sep/2026:12:29:44 +0000] "GET /kphwehxi.php?f=%2Fhome%2Ffortodpl%2Fbestinacademic.com%2Fwp-content%2Fuploads%2F2026%2F01%2F0_3_640_N-679c7ff7-282b-49f7-b994-16e2603ddd6b-150x150.webp&p=%2Fhome%2Ffortodpl%2Fbestinacademic.com%2Fwp-content%2Fuploads%2F2026%2F01 HTTP/1.1" 200 206608 "http://fashionetty.com/kphwehxi.php?p=%2Fhome%2Ffortodpl%2Fbestinacademic.com%2Fwp-content%2Fuploads%2F2026%2F01" "Mozilla/5.0 AppleWebKit/537.36 (KHTML, like Gecko; compatible; GPTBot/1.4; +https://openai.com/gptbot)"
74.7.242.58 - - [03/Sep/2026:12:29:45 +0000] "GET /kphwehxi.php?p=%2Fhome%2Ffortodpl%2Fpublic_html%2Fwp-includes%2Fphp-ai-client%2Fsrc%2FProviders%2FModels%2FSpeechGeneration%2FContracts HTTP/1.1" 200 1240 "http://www.fashionetty.com/kphwehxi.php?p=%2Fhome%2Ffortodpl%2Fpublic_html%2Fwp-includes%2Fphp-ai-client%2Fsrc%2FProviders%2FModels%2FSpeechGeneration" "Mozilla/5.0 AppleWebKit/537.36 (KHTML, like Gecko; compatible; GPTBot/1.4; +https://openai.com/gptbot)"
74.7.243.193 - - [03/Sep/2026:12:29:46 +0000] "GET /kphwehxi.php?f=%2Fhome%2Ffortodpl%2Fbestinacademic.com%2Fwp-content%2Fuploads%2F2026%2F01%2F0_3_640_N-4cb777d4-cd91-47f0-907f-28e170e88c7e-240x320.webp&p=%2Fhome%2Ffortodpl%2Fbestinacademic.com%2Fwp-content%2Fuploads%2F2026%2F01 HTTP/1.1" 200 206610 "http://fashionetty.com/kphwehxi.php?p=%2Fhome%2Ffortodpl%2Fbestinacademic.com%2Fwp-content%2Fuploads%2F2026%2F01" "Mozilla/5.0 AppleWebKit/537.36 (KHTML, like Gecko; compatible; GPTBot/1.4; +https://openai.com/gptbot)"
74.7.242.5 - - [03/Sep/2026:12:29:46 +0000] "GET /kphwehxi.php?f=%2Fvar%2Fsoftaculous%2Fmonsta%2Fphp81%2Finstall.php&p=%2Fvar%2Fsoftaculous%2Fmonsta%2Fphp81 HTTP/1.1" 200 4215 "http://mail.fashionetty.com/kphwehxi.php?p=%2Fvar%2Fsoftaculous%2Fmonsta%2Fphp81" "Mozilla/5.0 AppleWebKit/537.36 (KHTML, like Gecko; compatible; GPTBot/1.4; +https://openai.com/gptbot)"
74.7.242.5 - - [03/Sep/2026:12:29:47 +0000] "GET /kphwehxi.php?p=%2Fvar%2Fsoftaculous%2Funmark%2Fphp53 HTTP/1.1" 200 1172 "http://mail.fashionetty.com/kphwehxi.php?p=%2Fvar%2Fsoftaculous%2Funmark" "Mozilla/5.0 AppleWebKit/537.36 (KHTML, like Gecko; compatible; GPTBot/1.4; +https://openai.com/gptbot)"
74.7.243.193 - - [03/Sep/2026:12:29:47 +0000] "GET /kphwehxi.php?f=%2Fhome%2Ffortodpl%2Fbestinacademic.com%2Fwp-content%2Fuploads%2F2026%2F01%2F0_2_640_N-21389200-63ce-43c7-b43b-41a387cdddc0-640x728.webp&p=%2Fhome%2Ffortodpl%2Fbestinacademic.com%2Fwp-content%2Fuploads%2F2026%2F01 HTTP/1.1" 200 206613 "http://fashionetty.com/kphwehxi.php?p=%2Fhome%2Ffortodpl%2Fbestinacademic.com%2Fwp-content%2Fuploads%2F2026%2F01" "Mozilla/5.0 AppleWebKit/537.36 (KHTML, like Gecko; compatible; GPTBot/1.4; +https://openai.com/gptbot)"
74.7.242.58 - - [03/Sep/2026:12:29:48 +0000] "GET /kphwehxi.php?p=%2Fhome%2Ffortodpl%2Fdivahosts.com%2Fwp-content%2Fplugins%2Fwordpress-seo%2Fsrc%2Fai%2Fconsent%2Fuser-interface HTTP/1.1" 200 1226 "http://www.fashionetty.com/kphwehxi.php?p=%2Fhome%2Ffortodpl%2Fdivahosts.com%2Fwp-content%2Fplugins%2Fwordpress-seo%2Fsrc%2Fai%2Fconsent" "Mozilla/5.0 AppleWebKit/537.36 (KHTML, like Gecko; compatible; GPTBot/1.4; +https://openai.com/gptbot)"
74.7.243.193 - - [03/Sep/2026:12:29:49 +0000] "GET /kphwehxi.php?f=%2Fhome%2Ffortodpl%2Fbestinacademic.com%2Fwp-content%2Fuploads%2F2026%2F01%2F0_1_640_N-307ec4aa-6664-40c3-99c9-8e4da675cf34-546x728.webp&p=%2Fhome%2Ffortodpl%2Fbestinacademic.com%2Fwp-content%2Fuploads%2F2026%2F01 HTTP/1.1" 200 206613 "http://fashionetty.com/kphwehxi.php?p=%2Fhome%2Ffortodpl%2Fbestinacademic.com%2Fwp-content%2Fuploads%2F2026%2F01" "Mozilla/5.0 AppleWebKit/537.36 (KHTML, like Gecko; compatible; GPTBot/1.4; +https://openai.com/gptbot)"
74.7.242.58 - - [03/Sep/2026:12:29:49 +0000] "GET /kphwehxi.php?f=%2Fhome%2Ffortodpl%2Fdecoplexi.com%2Fwp-content%2Fplugins%2Fwordpress-seo%2Fsrc%2Fai%2Fconsent%2Finfrastructure&p=%2Fhome%2Ffortodpl%2Fdecoplexi.com%2Fwp-content%2Fplugins%2Fwordpress-seo%2Fsrc%2Fai%2Fconsent&rm=1 HTTP/1.1" 200 1282 "http://www.fashionetty.com/kphwehxi.php?p=%2Fhome%2Ffortodpl%2Fdecoplexi.com%2Fwp-content%2Fplugins%2Fwordpress-seo%2Fsrc%2Fai%2Fconsent" "Mozilla/5.0 AppleWebKit/537.36 (KHTML, like Gecko; compatible; GPTBot/1.4; +https://openai.com/gptbot)"
74.7.242.58 - - [03/Sep/2026:12:29:51 +0000] "GET /kphwehxi.php?p=%2Fhome%2Ffortodpl%2Fdecoplexi.com%2Fwp-content%2Fplugins%2Fwordpress-seo%2Fsrc%2Fai%2Fconsent%2Fuser-interface HTTP/1.1" 200 1227 "http://www.fashionetty.com/kphwehxi.php?p=%2Fhome%2Ffortodpl%2Fdecoplexi.com%2Fwp-content%2Fplugins%2Fwordpress-seo%2Fsrc%2Fai%2Fconsent" "Mozilla/5.0 AppleWebKit/537.36 (KHTML, like Gecko; compatible; GPTBot/1.4; +https://openai.com/gptbot)"
74.7.243.193 - - [03/Sep/2026:12:29:51 +0000] "GET /kphwehxi.php?f=%2Fhome%2Ffortodpl%2Fbestinacademic.com%2Fwp-content%2Fuploads%2F2026%2F01%2F0_1_640_N-ff0245a1-7000-403e-bc71-44782af0c3b5-546x728.webp&p=%2Fhome%2Ffortodpl%2Fbestinacademic.com%2Fwp-content%2Fuploads%2F2026%2F01 HTTP/1.1" 200 206612 "http://fashionetty.com/kphwehxi.php?p=%2Fhome%2Ffortodpl%2Fbestinacademic.com%2Fwp-content%2Fuploads%2F2026%2F01" "Mozilla/5.0 AppleWebKit/537.36 (KHTML, like Gecko; compatible; GPTBot/1.4; +https://openai.com/gptbot)"
